[INFO] fetching crate gdnative 0.11.3...
[INFO] testing gdnative-0.11.3 against nightly-2024-10-28+rustflags=-Zrandomize-layout for randomize-layout
[INFO] extracting crate gdnative 0.11.3 into /workspace/builds/worker-1-tc2/source
[INFO] validating manifest of crates.io crate gdnative 0.11.3 on toolchain nightly-2024-10-28
[INFO] running `Command { std: CARGO_HOME="/workspace/cargo-home" RUSTUP_HOME="/workspace/rustup-home" "/workspace/cargo-home/bin/cargo" "+nightly-2024-10-28" "metadata" "--manifest-path" "Cargo.toml" "--no-deps", kill_on_drop: false }`
[INFO] started tweaking crates.io crate gdnative 0.11.3
[INFO] finished tweaking crates.io crate gdnative 0.11.3
[INFO] tweaked toml for crates.io crate gdnative 0.11.3 written to /workspace/builds/worker-1-tc2/source/Cargo.toml
[INFO] running `Command { std: CARGO_HOME="/workspace/cargo-home" RUSTUP_HOME="/workspace/rustup-home" "/workspace/cargo-home/bin/cargo" "+nightly-2024-10-28" "generate-lockfile" "--manifest-path" "Cargo.toml", kill_on_drop: false }`
[INFO] [stderr]     Updating crates.io index
[INFO] [stderr]      Locking 103 packages to latest compatible versions
[INFO] running `Command { std: CARGO_HOME="/workspace/cargo-home" RUSTUP_HOME="/workspace/rustup-home" "/workspace/cargo-home/bin/cargo" "+nightly-2024-10-28" "fetch" "--manifest-path" "Cargo.toml", kill_on_drop: false }`
[INFO] running `Command { std: "docker" "create" "-v" "/var/lib/crater-agent-workspace/builds/worker-1-tc2/target:/opt/rustwide/target:rw,Z" "-v" "/var/lib/crater-agent-workspace/builds/worker-1-tc2/source:/opt/rustwide/workdir:ro,Z" "-v" "/var/lib/crater-agent-workspace/cargo-home:/opt/rustwide/cargo-home:ro,Z" "-v" "/var/lib/crater-agent-workspace/rustup-home:/opt/rustwide/rustup-home:ro,Z" "-e" "SOURCE_DIR=/opt/rustwide/workdir" "-e" "CARGO_TARGET_DIR=/opt/rustwide/target" "-e" "CARGO_HOME=/opt/rustwide/cargo-home" "-e" "RUSTUP_HOME=/opt/rustwide/rustup-home" "-w" "/opt/rustwide/workdir" "-m" "1610612736" "--user" "0:0" "--network" "none" "ghcr.io/rust-lang/crates-build-env/linux@sha256:4a844ea9eb2546a2d2c7022eacef16ef2e8229c7fbb2c7d4d55a9ceca922f72d" "/opt/rustwide/cargo-home/bin/cargo" "+nightly-2024-10-28" "metadata" "--no-deps" "--format-version=1", kill_on_drop: false }`
[INFO] [stdout] cb62232acf9ea4e0e9292e063456fb71bbcf6c3bf990cb832870bfee847f77b9
[INFO] running `Command { std: "docker" "start" "-a" "cb62232acf9ea4e0e9292e063456fb71bbcf6c3bf990cb832870bfee847f77b9", kill_on_drop: false }`
[INFO] running `Command { std: "docker" "inspect" "cb62232acf9ea4e0e9292e063456fb71bbcf6c3bf990cb832870bfee847f77b9", kill_on_drop: false }`
[INFO] running `Command { std: "docker" "rm" "-f" "cb62232acf9ea4e0e9292e063456fb71bbcf6c3bf990cb832870bfee847f77b9", kill_on_drop: false }`
[INFO] [stdout] cb62232acf9ea4e0e9292e063456fb71bbcf6c3bf990cb832870bfee847f77b9
[INFO] running `Command { std: "docker" "create" "-v" "/var/lib/crater-agent-workspace/builds/worker-1-tc2/target:/opt/rustwide/target:rw,Z" "-v" "/var/lib/crater-agent-workspace/builds/worker-1-tc2/source:/opt/rustwide/workdir:ro,Z" "-v" "/var/lib/crater-agent-workspace/cargo-home:/opt/rustwide/cargo-home:ro,Z" "-v" "/var/lib/crater-agent-workspace/rustup-home:/opt/rustwide/rustup-home:ro,Z" "-e" "SOURCE_DIR=/opt/rustwide/workdir" "-e" "CARGO_TARGET_DIR=/opt/rustwide/target" "-e" "CARGO_INCREMENTAL=0" "-e" "RUST_BACKTRACE=full" "-e" "RUSTFLAGS=--cap-lints=forbid -Zrandomize-layout" "-e" "RUSTDOCFLAGS=--cap-lints=forbid" "-e" "CARGO_HOME=/opt/rustwide/cargo-home" "-e" "RUSTUP_HOME=/opt/rustwide/rustup-home" "-w" "/opt/rustwide/workdir" "-m" "1610612736" "--user" "0:0" "--network" "none" "ghcr.io/rust-lang/crates-build-env/linux@sha256:4a844ea9eb2546a2d2c7022eacef16ef2e8229c7fbb2c7d4d55a9ceca922f72d" "/opt/rustwide/cargo-home/bin/cargo" "+nightly-2024-10-28" "build" "--frozen" "--message-format=json", kill_on_drop: false }`
[INFO] [stdout] 080c582837748ef3c0a3ad1384a1ac1ff201e30cae94785162053adb2193bec7
[INFO] running `Command { std: "docker" "start" "-a" "080c582837748ef3c0a3ad1384a1ac1ff201e30cae94785162053adb2193bec7", kill_on_drop: false }`
[INFO] [stderr]    Compiling syn v1.0.109
[INFO] [stderr]    Compiling glob v0.3.1
[INFO] [stderr]    Compiling regex-automata v0.4.8
[INFO] [stderr]    Compiling minimal-lexical v0.2.1
[INFO] [stderr]    Compiling libloading v0.8.5
[INFO] [stderr]    Compiling bindgen v0.63.0
[INFO] [stderr]    Compiling mini-internal v0.1.40
[INFO] [stderr]    Compiling equivalent v1.0.1
[INFO] [stderr]    Compiling rustc-hash v1.1.0
[INFO] [stderr]    Compiling peeking_take_while v0.1.2
[INFO] [stderr]    Compiling lazycell v1.3.0
[INFO] [stderr]    Compiling indexmap v2.6.0
[INFO] [stderr]    Compiling toml_datetime v0.6.8
[INFO] [stderr]    Compiling num-traits v0.2.19
[INFO] [stderr]    Compiling nom v7.1.3
[INFO] [stderr]    Compiling winnow v0.5.40
[INFO] [stderr]    Compiling clang-sys v1.8.1
[INFO] [stderr]    Compiling xmlparser v0.13.6
[INFO] [stderr]    Compiling miniserde v0.1.40
[INFO] [stderr]    Compiling roxmltree v0.17.0
[INFO] [stderr]    Compiling indexmap v1.9.3
[INFO] [stderr]    Compiling unindent v0.2.3
[INFO] [stderr]    Compiling smallvec v1.13.2
[INFO] [stderr]    Compiling parking_lot_core v0.9.10
[INFO] [stderr]    Compiling getrandom v0.2.15
[INFO] [stderr]    Compiling hashbrown v0.12.3
[INFO] [stderr]    Compiling zerocopy v0.7.35
[INFO] [stderr]    Compiling regex v1.11.1
[INFO] [stderr]    Compiling approx v0.5.1
[INFO] [stderr]    Compiling toml_edit v0.19.15
[INFO] [stderr]    Compiling ahash v0.8.11
[INFO] [stderr]    Compiling parking_lot v0.12.3
[INFO] [stderr]    Compiling cexpr v0.6.0
[INFO] [stderr]    Compiling atomic-take v1.1.0
[INFO] [stderr]    Compiling glam v0.22.0
[INFO] [stderr]    Compiling gdnative_bindings_generator v0.11.3
[INFO] [stderr]    Compiling proc-macro-crate v1.3.1
[INFO] [stderr]    Compiling gdnative-bindings v0.11.3
[INFO] [stderr]    Compiling gdnative-derive v0.11.3
[INFO] [stderr]    Compiling gdnative-impl-proc-macros v0.11.3
[INFO] [stderr]    Compiling gdnative-sys v0.11.3
[INFO] [stderr]    Compiling gdnative-core v0.11.3
[INFO] [stderr]    Compiling gdnative v0.11.3 (/opt/rustwide/workdir)
[INFO] [stderr]     Finished `dev` profile [unoptimized + debuginfo] target(s) in 56.24s
[INFO] running `Command { std: "docker" "inspect" "080c582837748ef3c0a3ad1384a1ac1ff201e30cae94785162053adb2193bec7", kill_on_drop: false }`
[INFO] running `Command { std: "docker" "rm" "-f" "080c582837748ef3c0a3ad1384a1ac1ff201e30cae94785162053adb2193bec7", kill_on_drop: false }`
[INFO] [stdout] 080c582837748ef3c0a3ad1384a1ac1ff201e30cae94785162053adb2193bec7
[INFO] running `Command { std: "docker" "create" "-v" "/var/lib/crater-agent-workspace/builds/worker-1-tc2/target:/opt/rustwide/target:rw,Z" "-v" "/var/lib/crater-agent-workspace/builds/worker-1-tc2/source:/opt/rustwide/workdir:ro,Z" "-v" "/var/lib/crater-agent-workspace/cargo-home:/opt/rustwide/cargo-home:ro,Z" "-v" "/var/lib/crater-agent-workspace/rustup-home:/opt/rustwide/rustup-home:ro,Z" "-e" "SOURCE_DIR=/opt/rustwide/workdir" "-e" "CARGO_TARGET_DIR=/opt/rustwide/target" "-e" "CARGO_INCREMENTAL=0" "-e" "RUST_BACKTRACE=full" "-e" "RUSTFLAGS=--cap-lints=forbid -Zrandomize-layout" "-e" "RUSTDOCFLAGS=--cap-lints=forbid" "-e" "CARGO_HOME=/opt/rustwide/cargo-home" "-e" "RUSTUP_HOME=/opt/rustwide/rustup-home" "-w" "/opt/rustwide/workdir" "-m" "1610612736" "--user" "0:0" "--network" "none" "ghcr.io/rust-lang/crates-build-env/linux@sha256:4a844ea9eb2546a2d2c7022eacef16ef2e8229c7fbb2c7d4d55a9ceca922f72d" "/opt/rustwide/cargo-home/bin/cargo" "+nightly-2024-10-28" "test" "--frozen" "--no-run" "--message-format=json", kill_on_drop: false }`
[INFO] [stdout] 43d3da1a454395e3df4e63ddb234ba0de58a340b6f74b44a37c95704e7d7ec0f
[INFO] running `Command { std: "docker" "start" "-a" "43d3da1a454395e3df4e63ddb234ba0de58a340b6f74b44a37c95704e7d7ec0f", kill_on_drop: false }`
[INFO] [stderr]    Compiling glob v0.3.1
[INFO] [stderr]    Compiling toml_datetime v0.6.8
[INFO] [stderr]    Compiling nom v7.1.3
[INFO] [stderr]    Compiling miniserde v0.1.40
[INFO] [stderr]    Compiling serde_spanned v0.6.8
[INFO] [stderr]    Compiling target-triple v0.1.3
[INFO] [stderr]    Compiling serde_derive v1.0.214
[INFO] [stderr]    Compiling termcolor v1.4.1
[INFO] [stderr]    Compiling toml_edit v0.19.15
[INFO] [stderr]    Compiling toml_edit v0.22.22
[INFO] [stderr]    Compiling gdnative_bindings_generator v0.11.3
[INFO] [stderr]    Compiling clang-sys v1.8.1
[INFO] [stderr]    Compiling bindgen v0.63.0
[INFO] [stderr]    Compiling gdnative-bindings v0.11.3
[INFO] [stderr]    Compiling toml v0.8.19
[INFO] [stderr]    Compiling proc-macro-crate v1.3.1
[INFO] [stderr]    Compiling cexpr v0.6.0
[INFO] [stderr]    Compiling gdnative-derive v0.11.3
[INFO] [stderr]    Compiling trybuild v1.0.101
[INFO] [stderr]    Compiling gdnative-sys v0.11.3
[INFO] [stderr]    Compiling gdnative-core v0.11.3
[INFO] [stderr]    Compiling gdnative v0.11.3 (/opt/rustwide/workdir)
[INFO] [stderr]     Finished `test` profile [unoptimized + debuginfo] target(s) in 34.86s
[INFO] running `Command { std: "docker" "inspect" "43d3da1a454395e3df4e63ddb234ba0de58a340b6f74b44a37c95704e7d7ec0f", kill_on_drop: false }`
[INFO] running `Command { std: "docker" "rm" "-f" "43d3da1a454395e3df4e63ddb234ba0de58a340b6f74b44a37c95704e7d7ec0f", kill_on_drop: false }`
[INFO] [stdout] 43d3da1a454395e3df4e63ddb234ba0de58a340b6f74b44a37c95704e7d7ec0f
[INFO] running `Command { std: "docker" "create" "-v" "/var/lib/crater-agent-workspace/builds/worker-1-tc2/target:/opt/rustwide/target:rw,Z" "-v" "/var/lib/crater-agent-workspace/builds/worker-1-tc2/source:/opt/rustwide/workdir:ro,Z" "-v" "/var/lib/crater-agent-workspace/cargo-home:/opt/rustwide/cargo-home:ro,Z" "-v" "/var/lib/crater-agent-workspace/rustup-home:/opt/rustwide/rustup-home:ro,Z" "-e" "SOURCE_DIR=/opt/rustwide/workdir" "-e" "CARGO_TARGET_DIR=/opt/rustwide/target" "-e" "CARGO_INCREMENTAL=0" "-e" "RUST_BACKTRACE=full" "-e" "RUSTFLAGS=--cap-lints=forbid -Zrandomize-layout" "-e" "RUSTDOCFLAGS=--cap-lints=forbid" "-e" "CARGO_HOME=/opt/rustwide/cargo-home" "-e" "RUSTUP_HOME=/opt/rustwide/rustup-home" "-w" "/opt/rustwide/workdir" "-m" "1610612736" "--user" "0:0" "--network" "none" "ghcr.io/rust-lang/crates-build-env/linux@sha256:4a844ea9eb2546a2d2c7022eacef16ef2e8229c7fbb2c7d4d55a9ceca922f72d" "/opt/rustwide/cargo-home/bin/cargo" "+nightly-2024-10-28" "test" "--frozen", kill_on_drop: false }`
[INFO] [stdout] ba6a3460231ffa26b72c0bae046a9b582355e5f9f4a81ea750afd66337d82522
[INFO] running `Command { std: "docker" "start" "-a" "ba6a3460231ffa26b72c0bae046a9b582355e5f9f4a81ea750afd66337d82522", kill_on_drop: false }`
[INFO] [stderr]     Finished `test` profile [unoptimized + debuginfo] target(s) in 0.08s
[INFO] [stderr]      Running unittests src/lib.rs (/opt/rustwide/target/debug/deps/gdnative-5942eba4990b74ad)
[INFO] [stdout] 
[INFO] [stdout] running 0 tests
[INFO] [stdout] 
[INFO] [stdout] test result: ok. 0 passed; 0 failed; 0 ignored; 0 measured; 0 filtered out; finished in 0.00s
[INFO] [stdout] 
[INFO] [stderr]      Running tests/ui.rs (/opt/rustwide/target/debug/deps/ui-52b98ded234909ac)
[INFO] [stdout] 
[INFO] [stdout] running 1 test
[INFO] [stderr]    Compiling proc-macro2 v1.0.89
[INFO] [stderr]    Compiling unicode-ident v1.0.13
[INFO] [stderr]    Compiling libc v0.2.161
[INFO] [stderr]    Compiling autocfg v1.4.0
[INFO] [stderr]    Compiling syn v1.0.109
[INFO] [stderr]    Compiling regex-syntax v0.8.5
[INFO] [stderr]    Compiling glob v0.3.1
[INFO] [stderr]    Compiling ryu v1.0.18
[INFO] [stderr]    Compiling itoa v1.0.11
[INFO] [stderr]    Compiling memchr v2.7.4
[INFO] [stderr]    Compiling cfg-if v1.0.0
[INFO] [stderr]    Compiling minimal-lexical v0.2.1
[INFO] [stderr]    Compiling libloading v0.8.5
[INFO] [stderr]    Compiling clang-sys v1.8.1
[INFO] [stderr]    Compiling semver v1.0.23
[INFO] [stderr]    Compiling nom v7.1.3
[INFO] [stderr]    Compiling bindgen v0.63.0
[INFO] [stderr]    Compiling quote v1.0.37
[INFO] [stderr]    Compiling syn v2.0.86
[INFO] [stderr]    Compiling lazycell v1.3.0
[INFO] [stderr]    Compiling rustc-hash v1.1.0
[INFO] [stderr]    Compiling hashbrown v0.15.0
[INFO] [stderr]    Compiling bitflags v1.3.2
[INFO] [stderr]    Compiling equivalent v1.0.1
[INFO] [stderr]    Compiling peeking_take_while v0.1.2
[INFO] [stderr]    Compiling shlex v1.3.0
[INFO] [stderr]    Compiling lazy_static v1.5.0
[INFO] [stderr]    Compiling num-traits v0.2.19
[INFO] [stderr]    Compiling lock_api v0.4.12
[INFO] [stderr]    Compiling regex-automata v0.4.8
[INFO] [stderr]    Compiling toml_datetime v0.6.8
[INFO] [stderr]    Compiling indexmap v2.6.0
[INFO] [stderr]    Compiling xmlparser v0.13.6
[INFO] [stderr]    Compiling cexpr v0.6.0
[INFO] [stderr]    Compiling version_check v0.9.5
[INFO] [stderr]    Compiling parking_lot_core v0.9.10
[INFO] [stderr]    Compiling winnow v0.5.40
[INFO] [stderr]    Compiling ahash v0.8.11
[INFO] [stderr]    Compiling regex v1.11.1
[INFO] [stderr]    Compiling roxmltree v0.17.0
[INFO] [stderr]    Compiling indexmap v1.9.3
[INFO] [stderr]    Compiling unindent v0.2.3
[INFO] [stderr]    Compiling once_cell v1.20.2
[INFO] [stderr]    Compiling scopeguard v1.2.0
[INFO] [stderr]    Compiling smallvec v1.13.2
[INFO] [stderr]    Compiling heck v0.4.1
[INFO] [stderr]    Compiling getrandom v0.2.15
[INFO] [stderr]    Compiling zerocopy v0.7.35
[INFO] [stderr]    Compiling hashbrown v0.12.3
[INFO] [stderr]    Compiling mini-internal v0.1.40
[INFO] [stderr]    Compiling toml_edit v0.19.15
[INFO] [stderr]    Compiling approx v0.5.1
[INFO] [stderr]    Compiling parking_lot v0.12.3
[INFO] [stderr]    Compiling glam v0.22.0
[INFO] [stderr]    Compiling miniserde v0.1.40
[INFO] [stderr]    Compiling atomic-take v1.1.0
[INFO] [stderr]    Compiling rustversion v1.0.18
[INFO] [stderr]    Compiling gdnative_bindings_generator v0.11.3
[INFO] [stderr]    Compiling proc-macro-crate v1.3.1
[INFO] [stderr]    Compiling gdnative-impl-proc-macros v0.11.3
[INFO] [stderr]    Compiling gdnative-bindings v0.11.3
[INFO] [stderr]    Compiling gdnative-derive v0.11.3
[INFO] [stderr]    Compiling gdnative-sys v0.11.3
[INFO] [stderr]    Compiling gdnative-core v0.11.3
[INFO] [stderr]    Compiling gdnative v0.11.3 (/opt/rustwide/workdir)
[INFO] [stderr]    Compiling gdnative-tests v0.0.0 (/opt/rustwide/target/tests/trybuild/gdnative)
[INFO] [stderr]     Finished `dev` profile [unoptimized + debuginfo] target(s) in 55.10s
[INFO] [stderr] 
[INFO] [stderr] 
[INFO] [stderr] test tests/ui/derive_pass.rs [should pass] ... ok
[INFO] [stderr] test tests/ui/derive_property_basic.rs [should pass] ... ok
[INFO] [stderr] test tests/ui/derive_no_inherit.rs [should pass] ... ok
[INFO] [stderr] test tests/ui/derive_fail_inherit_param.rs [should fail to compile] ... ok
[INFO] [stderr] test tests/ui/derive_fail_lifetime.rs [should fail to compile] ... mismatch
[INFO] [stderr] 
[INFO] [stderr] EXPECTED:
[INFO] [stderr] ┈┈┈┈┈┈┈┈┈┈┈┈┈┈┈┈┈┈┈┈┈┈┈┈┈┈┈┈┈┈┈┈┈┈┈┈┈┈┈┈┈┈┈┈┈┈┈┈┈┈┈┈┈┈┈┈┈┈┈┈
[INFO] [stderr] error[E0478]: lifetime bound not satisfied
[INFO] [stderr]  --> tests/ui/derive_fail_lifetime.rs:3:10
[INFO] [stderr]   |
[INFO] [stderr] 3 | #[derive(NativeClass)]
[INFO] [stderr]   |          ^^^^^^^^^^^
[INFO] [stderr]   |
[INFO] [stderr] note: lifetime parameter instantiated with the lifetime `'a` as defined here
[INFO] [stderr]  --> tests/ui/derive_fail_lifetime.rs:4:12
[INFO] [stderr]   |
[INFO] [stderr] 4 | struct Foo<'a> {
[INFO] [stderr]   |            ^^
[INFO] [stderr]   = note: but lifetime parameter must outlive the static lifetime
[INFO] [stderr]   = note: this error originates in the derive macro `NativeClass` (in Nightly builds, run with -Z macro-backtrace for more info)
[INFO] [stderr] ┈┈┈┈┈┈┈┈┈┈┈┈┈┈┈┈┈┈┈┈┈┈┈┈┈┈┈┈┈┈┈┈┈┈┈┈┈┈┈┈┈┈┈┈┈┈┈┈┈┈┈┈┈┈┈┈┈┈┈┈
[INFO] [stderr] 
[INFO] [stderr] ACTUAL OUTPUT:
[INFO] [stderr] ┈┈┈┈┈┈┈┈┈┈┈┈┈┈┈┈┈┈┈┈┈┈┈┈┈┈┈┈┈┈┈┈┈┈┈┈┈┈┈┈┈┈┈┈┈┈┈┈┈┈┈┈┈┈┈┈┈┈┈┈
[INFO] [stderr] error[E0478]: lifetime bound not satisfied
[INFO] [stderr]  --> tests/ui/derive_fail_lifetime.rs:3:10
[INFO] [stderr]   |
[INFO] [stderr] 3 | #[derive(NativeClass)]
[INFO] [stderr]   |          ^^^^^^^^^^^
[INFO] [stderr]   |
[INFO] [stderr] note: lifetime parameter instantiated with the lifetime `'a` as defined here
[INFO] [stderr]  --> tests/ui/derive_fail_lifetime.rs:4:12
[INFO] [stderr]   |
[INFO] [stderr] 4 | struct Foo<'a> {
[INFO] [stderr]   |            ^^
[INFO] [stderr]   = note: but lifetime parameter must outlive the static lifetime
[INFO] [stderr]   = note: this error originates in the derive macro `NativeClass` (in Nightly builds, run with -Z macro-backtrace for more info)
[INFO] [stderr] 
[INFO] [stderr] error[E0495]: cannot infer an appropriate lifetime for lifetime parameter `'a` due to conflicting requirements
[INFO] [stderr]  --> tests/ui/derive_fail_lifetime.rs:4:8
[INFO] [stderr]   |
[INFO] [stderr] 4 | struct Foo<'a> {
[INFO] [stderr]   |        ^^^^^^^
[INFO] [stderr]   |
[INFO] [stderr] note: first, the lifetime cannot outlive the lifetime `'a` as defined here...
[INFO] [stderr]  --> tests/ui/derive_fail_lifetime.rs:4:12
[INFO] [stderr]   |
[INFO] [stderr] 4 | struct Foo<'a> {
[INFO] [stderr]   |            ^^
[INFO] [stderr] note: ...so that the types are compatible
[INFO] [stderr]  --> tests/ui/derive_fail_lifetime.rs:4:8
[INFO] [stderr]   |
[INFO] [stderr] 4 | struct Foo<'a> {
[INFO] [stderr]   |        ^^^^^^^
[INFO] [stderr]   = note: expected `<Foo<'a> as gdnative::prelude::NativeClass>`
[INFO] [stderr]              found `<Foo<'_> as gdnative::prelude::NativeClass>`
[INFO] [stderr]   = note: but, the lifetime must be valid for the static lifetime...
[INFO] [stderr] note: ...so that the declared lifetime parameter bounds are satisfied
[INFO] [stderr]  --> tests/ui/derive_fail_lifetime.rs:4:8
[INFO] [stderr]   |
[INFO] [stderr] 4 | struct Foo<'a> {
[INFO] [stderr]   |        ^^^^^^^
[INFO] [stderr] 
[INFO] [stderr] error[E0477]: the type `Foo<'_>` does not fulfill the required lifetime
[INFO] [stderr]  --> tests/ui/derive_fail_lifetime.rs:3:10
[INFO] [stderr]   |
[INFO] [stderr] 3 | #[derive(NativeClass)]
[INFO] [stderr]   |          ^^^^^^^^^^^
[INFO] [stderr]   |
[INFO] [stderr] note: type must satisfy the static lifetime as required by this binding
[INFO] [stderr]  --> $CARGO/gdnative-core-0.11.3/src/export/class.rs
[INFO] [stderr]   |
[INFO] [stderr]   |     type UserData: UserData<Target = Self>;
[INFO] [stderr]   |                             ^^^^^^^^^^^^^
[INFO] [stderr]   = note: this error originates in the derive macro `NativeClass` (in Nightly builds, run with -Z macro-backtrace for more info)
[INFO] [stderr] 
[INFO] [stderr] error[E0495]: cannot infer an appropriate lifetime for lifetime parameter `'a` due to conflicting requirements
[INFO] [stderr]  --> tests/ui/derive_fail_lifetime.rs:3:10
[INFO] [stderr]   |
[INFO] [stderr] 3 | #[derive(NativeClass)]
[INFO] [stderr]   |          ^^^^^^^^^^^
[INFO] [stderr]   |
[INFO] [stderr] note: first, the lifetime cannot outlive the lifetime `'a` as defined here...
[INFO] [stderr]  --> tests/ui/derive_fail_lifetime.rs:4:12
[INFO] [stderr]   |
[INFO] [stderr] 4 | struct Foo<'a> {
[INFO] [stderr]   |            ^^
[INFO] [stderr] note: ...so that the types are compatible
[INFO] [stderr]  --> tests/ui/derive_fail_lifetime.rs:3:10
[INFO] [stderr]   |
[INFO] [stderr] 3 | #[derive(NativeClass)]
[INFO] [stderr]   |          ^^^^^^^^^^^
[INFO] [stderr]   = note: expected `<Foo<'a> as gdnative::prelude::NativeClass>`
[INFO] [stderr]              found `<Foo<'_> as gdnative::prelude::NativeClass>`
[INFO] [stderr]   = note: but, the lifetime must be valid for the static lifetime...
[INFO] [stderr] note: ...so that the declared lifetime parameter bounds are satisfied
[INFO] [stderr]  --> tests/ui/derive_fail_lifetime.rs:3:10
[INFO] [stderr]   |
[INFO] [stderr] 3 | #[derive(NativeClass)]
[INFO] [stderr]   |          ^^^^^^^^^^^
[INFO] [stderr]   = note: this error originates in the derive macro `NativeClass` (in Nightly builds, run with -Z macro-backtrace for more info)
[INFO] [stderr] 
[INFO] [stderr] error[E0477]: the type `Foo<'_>` does not fulfill the required lifetime
[INFO] [stderr]  --> tests/ui/derive_fail_lifetime.rs:3:10
[INFO] [stderr]   |
[INFO] [stderr] 3 | #[derive(NativeClass)]
[INFO] [stderr]   |          ^^^^^^^^^^^
[INFO] [stderr]   |
[INFO] [stderr]   = note: type must satisfy the static lifetime
[INFO] [stderr]   = note: this error originates in the derive macro `NativeClass` (in Nightly builds, run with -Z macro-backtrace for more info)
[INFO] [stderr] 
[INFO] [stderr] error[E0277]: the trait bound `&gdnative_bindings::Node: OwnerArg<'_, Reference, Shared>` is not satisfied
[INFO] [stderr]  --> tests/ui/derive_fail_lifetime.rs:3:10
[INFO] [stderr]   |
[INFO] [stderr] 3 | #[derive(NativeClass)]
[INFO] [stderr]   |          ^^^^^^^^^^^ the trait `OwnerArg<'_, Reference, Shared>` is not implemented for `&gdnative_bindings::Node`
[INFO] [stderr]   |
[INFO] [stderr]   = help: the following other types implement trait `OwnerArg<'a, T, Own>`:
[INFO] [stderr]             &'a T
[INFO] [stderr]             TRef<'a, T, Own>
[INFO] [stderr]   = note: this error originates in the derive macro `NativeClass` (in Nightly builds, run with -Z macro-backtrace for more info)
[INFO] [stderr] ┈┈┈┈┈┈┈┈┈┈┈┈┈┈┈┈┈┈┈┈┈┈┈┈┈┈┈┈┈┈┈┈┈┈┈┈┈┈┈┈┈┈┈┈┈┈┈┈┈┈┈┈┈┈┈┈┈┈┈┈
[INFO] [stderr] note: If the actual output is the correct output you can bless it by rerunning
[INFO] [stderr]       your test with the environment variable TRYBUILD=overwrite
[INFO] [stderr] 
[INFO] [stderr] test tests/ui/derive_fail_methods_list.rs [should fail to compile] ... ok
[INFO] [stderr] test tests/ui/derive_fail_methods_missing_new.rs [should fail to compile] ... mismatch
[INFO] [stderr] 
[INFO] [stderr] EXPECTED:
[INFO] [stderr] ┈┈┈┈┈┈┈┈┈┈┈┈┈┈┈┈┈┈┈┈┈┈┈┈┈┈┈┈┈┈┈┈┈┈┈┈┈┈┈┈┈┈┈┈┈┈┈┈┈┈┈┈┈┈┈┈┈┈┈┈
[INFO] [stderr] error[E0599]: no function or associated item named `new` found for struct `Foo` in the current scope
[INFO] [stderr]  --> $DIR/derive_fail_methods_missing_new.rs:3:10
[INFO] [stderr]   |
[INFO] [stderr] 3 | #[derive(NativeClass)]
[INFO] [stderr]   |          ^^^^^^^^^^^ function or associated item not found in `Foo`
[INFO] [stderr] 4 | #[inherit(Node)]
[INFO] [stderr] 5 | struct Foo {}
[INFO] [stderr]   | ---------- function or associated item `new` not found for this struct
[INFO] [stderr]   |
[INFO] [stderr]   = help: items from traits can only be used if the trait is implemented and in scope
[INFO] [stderr]   = note: the following traits define an item `new`, perhaps you need to implement one of them:
[INFO] [stderr]           candidate #1: `UserData`
[INFO] [stderr]           candidate #2: `PtrWrapper`
[INFO] [stderr]           candidate #3: `gdnative::prelude::GodotObject`
[INFO] [stderr]           candidate #4: `parking_lot_core::thread_parker::ThreadParkerT`
[INFO] [stderr]           candidate #5: `ahash::HashMapExt`
[INFO] [stderr]           candidate #6: `ahash::HashSetExt`
[INFO] [stderr]   = note: this error originates in the derive macro `NativeClass` (in Nightly builds, run with -Z macro-backtrace for more info)
[INFO] [stderr] ┈┈┈┈┈┈┈┈┈┈┈┈┈┈┈┈┈┈┈┈┈┈┈┈┈┈┈┈┈┈┈┈┈┈┈┈┈┈┈┈┈┈┈┈┈┈┈┈┈┈┈┈┈┈┈┈┈┈┈┈
[INFO] [stderr] 
[INFO] [stderr] ACTUAL OUTPUT:
[INFO] [stderr] ┈┈┈┈┈┈┈┈┈┈┈┈┈┈┈┈┈┈┈┈┈┈┈┈┈┈┈┈┈┈┈┈┈┈┈┈┈┈┈┈┈┈┈┈┈┈┈┈┈┈┈┈┈┈┈┈┈┈┈┈
[INFO] [stderr] error[E0599]: no function or associated item named `new` found for struct `Foo` in the current scope
[INFO] [stderr]  --> tests/ui/derive_fail_methods_missing_new.rs:3:10
[INFO] [stderr]   |
[INFO] [stderr] 3 | #[derive(NativeClass)]
[INFO] [stderr]   |          ^^^^^^^^^^^ function or associated item not found in `Foo`
[INFO] [stderr] 4 | #[inherit(Node)]
[INFO] [stderr] 5 | struct Foo {}
[INFO] [stderr]   | ---------- function or associated item `new` not found for this struct
[INFO] [stderr]   |
[INFO] [stderr]   = help: items from traits can only be used if the trait is implemented and in scope
[INFO] [stderr]   = note: the following traits define an item `new`, perhaps you need to implement one of them:
[INFO] [stderr]           candidate #1: `PtrWrapper`
[INFO] [stderr]           candidate #2: `UserData`
[INFO] [stderr]           candidate #3: `ahash::HashMapExt`
[INFO] [stderr]           candidate #4: `ahash::HashSetExt`
[INFO] [stderr]           candidate #5: `gdnative::prelude::GodotObject`
[INFO] [stderr]           candidate #6: `parking_lot_core::thread_parker::ThreadParkerT`
[INFO] [stderr]   = note: this error originates in the derive macro `NativeClass` (in Nightly builds, run with -Z macro-backtrace for more info)
[INFO] [stderr] ┈┈┈┈┈┈┈┈┈┈┈┈┈┈┈┈┈┈┈┈┈┈┈┈┈┈┈┈┈┈┈┈┈┈┈┈┈┈┈┈┈┈┈┈┈┈┈┈┈┈┈┈┈┈┈┈┈┈┈┈
[INFO] [stderr] note: If the actual output is the correct output you can bless it by rerunning
[INFO] [stderr]       your test with the environment variable TRYBUILD=overwrite
[INFO] [stderr] 
[INFO] [stderr] test tests/ui/derive_fail_methods_param.rs [should fail to compile] ... ok
[INFO] [stderr] test tests/ui/derive_fail_methods_special_args.rs [should fail to compile] ... mismatch
[INFO] [stderr] 
[INFO] [stderr] EXPECTED:
[INFO] [stderr] ┈┈┈┈┈┈┈┈┈┈┈┈┈┈┈┈┈┈┈┈┈┈┈┈┈┈┈┈┈┈┈┈┈┈┈┈┈┈┈┈┈┈┈┈┈┈┈┈┈┈┈┈┈┈┈┈┈┈┈┈
[INFO] [stderr] error: the method receiver cannot be optional (instead, remove the argument entirely)
[INFO] [stderr]   --> tests/ui/derive_fail_methods_special_args.rs:14:25
[INFO] [stderr]    |
[INFO] [stderr] 14 |     async fn optional(#[opt] self, #[base] #[opt] _base: &Node, #[async_ctx] #[opt] ctx: ()) {}
[INFO] [stderr]    |                         ^^^
[INFO] [stderr] 
[INFO] [stderr] error: the base/owner object cannot be optional (instead, remove the argument entirely)
[INFO] [stderr]   --> tests/ui/derive_fail_methods_special_args.rs:14:46
[INFO] [stderr]    |
[INFO] [stderr] 14 |     async fn optional(#[opt] self, #[base] #[opt] _base: &Node, #[async_ctx] #[opt] ctx: ()) {}
[INFO] [stderr]    |                                              ^^^
[INFO] [stderr] 
[INFO] [stderr] error: the async context cannot be optional (instead, remove the argument entirely)
[INFO] [stderr]   --> tests/ui/derive_fail_methods_special_args.rs:14:80
[INFO] [stderr]    |
[INFO] [stderr] 14 |     async fn optional(#[opt] self, #[base] #[opt] _base: &Node, #[async_ctx] #[opt] ctx: ()) {}
[INFO] [stderr]    |                                                                                ^^^
[INFO] [stderr] 
[INFO] [stderr] error: the method receiver cannot also be the base/owner object
[INFO] [stderr]   --> tests/ui/derive_fail_methods_special_args.rs:17:16
[INFO] [stderr]    |
[INFO] [stderr] 17 |     fn based(#[base] self, #[base] _base: &Node, #[base] #[base] _basil: &Node, #[base] #[base] #[base] _basin: &Node) {}
[INFO] [stderr]    |                ^^^^
[INFO] [stderr] 
[INFO] [stderr] error: duplicate attribute
[INFO] [stderr]   --> tests/ui/derive_fail_methods_special_args.rs:17:60
[INFO] [stderr]    |
[INFO] [stderr] 17 |     fn based(#[base] self, #[base] _base: &Node, #[base] #[base] _basil: &Node, #[base] #[base] #[base] _basin: &Node) {}
[INFO] [stderr]    |                                                            ^^^^
[INFO] [stderr] 
[INFO] [stderr] error: the special parameter base/owner object must only be declared once (the same parameter is already defined at #1)
[INFO] [stderr]   --> tests/ui/derive_fail_methods_special_args.rs:17:66
[INFO] [stderr]    |
[INFO] [stderr] 17 |     fn based(#[base] self, #[base] _base: &Node, #[base] #[base] _basil: &Node, #[base] #[base] #[base] _basin: &Node) {}
[INFO] [stderr]    |                                                                  ^^^^^^
[INFO] [stderr] 
[INFO] [stderr] error: duplicate attribute
[INFO] [stderr]   --> tests/ui/derive_fail_methods_special_args.rs:17:91
[INFO] [stderr]    |
[INFO] [stderr] 17 |     fn based(#[base] self, #[base] _base: &Node, #[base] #[base] _basil: &Node, #[base] #[base] #[base] _basin: &Node) {}
[INFO] [stderr]    |                                                                                           ^^^^
[INFO] [stderr] 
[INFO] [stderr] error: duplicate attribute
[INFO] [stderr]   --> tests/ui/derive_fail_methods_special_args.rs:17:99
[INFO] [stderr]    |
[INFO] [stderr] 17 |     fn based(#[base] self, #[base] _base: &Node, #[base] #[base] _basil: &Node, #[base] #[base] #[base] _basin: &Node) {}
[INFO] [stderr]    |                                                                                                   ^^^^
[INFO] [stderr] 
[INFO] [stderr] error: the special parameter base/owner object must only be declared once (the same parameter is already defined at #1)
[INFO] [stderr]   --> tests/ui/derive_fail_methods_special_args.rs:17:105
[INFO] [stderr]    |
[INFO] [stderr] 17 |     fn based(#[base] self, #[base] _base: &Node, #[base] #[base] _basil: &Node, #[base] #[base] #[base] _basin: &Node) {}
[INFO] [stderr]    |                                                                                                         ^^^^^^
[INFO] [stderr] 
[INFO] [stderr] error: the async context is only available to async methods
[INFO] [stderr]   --> tests/ui/derive_fail_methods_special_args.rs:20:32
[INFO] [stderr]    |
[INFO] [stderr] 20 |     fn sync(self, #[async_ctx] ctx: ()) {}
[INFO] [stderr]    |                                ^^^
[INFO] [stderr] ┈┈┈┈┈┈┈┈┈┈┈┈┈┈┈┈┈┈┈┈┈┈┈┈┈┈┈┈┈┈┈┈┈┈┈┈┈┈┈┈┈┈┈┈┈┈┈┈┈┈┈┈┈┈┈┈┈┈┈┈
[INFO] [stderr] 
[INFO] [stderr] ACTUAL OUTPUT:
[INFO] [stderr] ┈┈┈┈┈┈┈┈┈┈┈┈┈┈┈┈┈┈┈┈┈┈┈┈┈┈┈┈┈┈┈┈┈┈┈┈┈┈┈┈┈┈┈┈┈┈┈┈┈┈┈┈┈┈┈┈┈┈┈┈
[INFO] [stderr] error: the method receiver cannot be optional (instead, remove the argument entirely)
[INFO] [stderr]   --> tests/ui/derive_fail_methods_special_args.rs:14:25
[INFO] [stderr]    |
[INFO] [stderr] 14 |     async fn optional(#[opt] self, #[base] #[opt] _base: &Node, #[async_ctx] #[opt] ctx: ()) {}
[INFO] [stderr]    |                         ^^^
[INFO] [stderr] 
[INFO] [stderr] error: the base/owner object cannot be optional (instead, remove the argument entirely)
[INFO] [stderr]   --> tests/ui/derive_fail_methods_special_args.rs:14:46
[INFO] [stderr]    |
[INFO] [stderr] 14 |     async fn optional(#[opt] self, #[base] #[opt] _base: &Node, #[async_ctx] #[opt] ctx: ()) {}
[INFO] [stderr]    |                                              ^^^
[INFO] [stderr] 
[INFO] [stderr] error: the async context cannot be optional (instead, remove the argument entirely)
[INFO] [stderr]   --> tests/ui/derive_fail_methods_special_args.rs:14:80
[INFO] [stderr]    |
[INFO] [stderr] 14 |     async fn optional(#[opt] self, #[base] #[opt] _base: &Node, #[async_ctx] #[opt] ctx: ()) {}
[INFO] [stderr]    |                                                                                ^^^
[INFO] [stderr] 
[INFO] [stderr] error: the method receiver cannot also be the base/owner object
[INFO] [stderr]   --> tests/ui/derive_fail_methods_special_args.rs:17:16
[INFO] [stderr]    |
[INFO] [stderr] 17 |     fn based(#[base] self, #[base] _base: &Node, #[base] #[base] _basil: &Node, #[base] #[base] #[base] _basin: &Node) {}
[INFO] [stderr]    |                ^^^^
[INFO] [stderr] 
[INFO] [stderr] error: duplicate attribute
[INFO] [stderr]   --> tests/ui/derive_fail_methods_special_args.rs:17:60
[INFO] [stderr]    |
[INFO] [stderr] 17 |     fn based(#[base] self, #[base] _base: &Node, #[base] #[base] _basil: &Node, #[base] #[base] #[base] _basin: &Node) {}
[INFO] [stderr]    |                                                            ^^^^
[INFO] [stderr] 
[INFO] [stderr] error: the special parameter base/owner object must only be declared once (the same parameter is already defined at #1)
[INFO] [stderr]   --> tests/ui/derive_fail_methods_special_args.rs:17:66
[INFO] [stderr]    |
[INFO] [stderr] 17 |     fn based(#[base] self, #[base] _base: &Node, #[base] #[base] _basil: &Node, #[base] #[base] #[base] _basin: &Node) {}
[INFO] [stderr]    |                                                                  ^^^^^^^^^^^^^
[INFO] [stderr] 
[INFO] [stderr] error: duplicate attribute
[INFO] [stderr]   --> tests/ui/derive_fail_methods_special_args.rs:17:91
[INFO] [stderr]    |
[INFO] [stderr] 17 |     fn based(#[base] self, #[base] _base: &Node, #[base] #[base] _basil: &Node, #[base] #[base] #[base] _basin: &Node) {}
[INFO] [stderr]    |                                                                                           ^^^^
[INFO] [stderr] 
[INFO] [stderr] error: duplicate attribute
[INFO] [stderr]   --> tests/ui/derive_fail_methods_special_args.rs:17:99
[INFO] [stderr]    |
[INFO] [stderr] 17 |     fn based(#[base] self, #[base] _base: &Node, #[base] #[base] _basil: &Node, #[base] #[base] #[base] _basin: &Node) {}
[INFO] [stderr]    |                                                                                                   ^^^^
[INFO] [stderr] 
[INFO] [stderr] error: the special parameter base/owner object must only be declared once (the same parameter is already defined at #1)
[INFO] [stderr]   --> tests/ui/derive_fail_methods_special_args.rs:17:105
[INFO] [stderr]    |
[INFO] [stderr] 17 |     fn based(#[base] self, #[base] _base: &Node, #[base] #[base] _basil: &Node, #[base] #[base] #[base] _basin: &Node) {}
[INFO] [stderr]    |                                                                                                         ^^^^^^^^^^^^^
[INFO] [stderr] 
[INFO] [stderr] error: the async context is only available to async methods
[INFO] [stderr]   --> tests/ui/derive_fail_methods_special_args.rs:20:32
[INFO] [stderr]    |
[INFO] [stderr] 20 |     fn sync(self, #[async_ctx] ctx: ()) {}
[INFO] [stderr]    |                                ^^^^^^^
[INFO] [stderr] 
[INFO] [stderr] warning: unused variable: `ctx`
[INFO] [stderr]   --> tests/ui/derive_fail_methods_special_args.rs:14:85
[INFO] [stderr]    |
[INFO] [stderr] 14 |     async fn optional(#[opt] self, #[base] #[opt] _base: &Node, #[async_ctx] #[opt] ctx: ()) {}
[INFO] [stderr]    |                                                                                     ^^^ help: if this is intentional, prefix it with an underscore: `_ctx`
[INFO] [stderr]    |
[INFO] [stderr]    = note: `#[warn(unused_variables)]` on by default
[INFO] [stderr] 
[INFO] [stderr] warning: unused variable: `ctx`
[INFO] [stderr]   --> tests/ui/derive_fail_methods_special_args.rs:20:32
[INFO] [stderr]    |
[INFO] [stderr] 20 |     fn sync(self, #[async_ctx] ctx: ()) {}
[INFO] [stderr]    |                                ^^^ help: if this is intentional, prefix it with an underscore: `_ctx`
[INFO] [stderr] ┈┈┈┈┈┈┈┈┈┈┈┈┈┈┈┈┈┈┈┈┈┈┈┈┈┈┈┈┈┈┈┈┈┈┈┈┈┈┈┈┈┈┈┈┈┈┈┈┈┈┈┈┈┈┈┈┈┈┈┈
[INFO] [stderr] note: If the actual output is the correct output you can bless it by rerunning
[INFO] [stderr]       your test with the environment variable TRYBUILD=overwrite
[INFO] [stderr] 
[INFO] [stderr] test tests/ui/derive_fail_methods.rs [should fail to compile] ... mismatch
[INFO] [stderr] 
[INFO] [stderr] EXPECTED:
[INFO] [stderr] ┈┈┈┈┈┈┈┈┈┈┈┈┈┈┈┈┈┈┈┈┈┈┈┈┈┈┈┈┈┈┈┈┈┈┈┈┈┈┈┈┈┈┈┈┈┈┈┈┈┈┈┈┈┈┈┈┈┈┈┈
[INFO] [stderr] error: cannot find attribute `method` in this scope
[INFO] [stderr]   --> tests/ui/derive_fail_methods.rs:12:7
[INFO] [stderr]    |
[INFO] [stderr] 12 |     #[method]
[INFO] [stderr]    |       ^^^^^^ help: an attribute macro with a similar name exists: `methods`
[INFO] [stderr]    |
[INFO] [stderr]   ::: $WORKSPACE/gdnative-derive/src/lib.rs
[INFO] [stderr]    |
[INFO] [stderr]    | pub fn methods(meta: TokenStream, input: TokenStream) -> TokenStream {
[INFO] [stderr]    | -------------------------------------------------------------------- similarly named attribute macro `methods` defined here
[INFO] [stderr] ┈┈┈┈┈┈┈┈┈┈┈┈┈┈┈┈┈┈┈┈┈┈┈┈┈┈┈┈┈┈┈┈┈┈┈┈┈┈┈┈┈┈┈┈┈┈┈┈┈┈┈┈┈┈┈┈┈┈┈┈
[INFO] [stderr] 
[INFO] [stderr] ACTUAL OUTPUT:
[INFO] [stderr] ┈┈┈┈┈┈┈┈┈┈┈┈┈┈┈┈┈┈┈┈┈┈┈┈┈┈┈┈┈┈┈┈┈┈┈┈┈┈┈┈┈┈┈┈┈┈┈┈┈┈┈┈┈┈┈┈┈┈┈┈
[INFO] [stderr] error: cannot find attribute `method` in this scope
[INFO] [stderr]   --> tests/ui/derive_fail_methods.rs:12:7
[INFO] [stderr]    |
[INFO] [stderr] 12 |     #[method]
[INFO] [stderr]    |       ^^^^^^ help: an attribute macro with a similar name exists: `methods`
[INFO] [stderr]    |
[INFO] [stderr]   ::: $CARGO/gdnative-derive-0.11.3/src/lib.rs
[INFO] [stderr]    |
[INFO] [stderr]    | pub fn methods(meta: TokenStream, input: TokenStream) -> TokenStream {
[INFO] [stderr]    | -------------------------------------------------------------------- similarly named attribute macro `methods` defined here
[INFO] [stderr] ┈┈┈┈┈┈┈┈┈┈┈┈┈┈┈┈┈┈┈┈┈┈┈┈┈┈┈┈┈┈┈┈┈┈┈┈┈┈┈┈┈┈┈┈┈┈┈┈┈┈┈┈┈┈┈┈┈┈┈┈
[INFO] [stderr] note: If the actual output is the correct output you can bless it by rerunning
[INFO] [stderr]       your test with the environment variable TRYBUILD=overwrite
[INFO] [stderr] 
[INFO] [stderr] test tests/ui/derive_fail_property_empty_hint.rs [should fail to compile] ... ok
[INFO] [stderr] test tests/ui/derive_fail_property_hint.rs [should fail to compile] ... mismatch
[INFO] [stderr] 
[INFO] [stderr] EXPECTED:
[INFO] [stderr] ┈┈┈┈┈┈┈┈┈┈┈┈┈┈┈┈┈┈┈┈┈┈┈┈┈┈┈┈┈┈┈┈┈┈┈┈┈┈┈┈┈┈┈┈┈┈┈┈┈┈┈┈┈┈┈┈┈┈┈┈
[INFO] [stderr] error[E0271]: type mismatch resolving `<String as Export>::Hint == ()`
[INFO] [stderr]  --> $DIR/derive_fail_property_hint.rs:5:19
[INFO] [stderr]   |
[INFO] [stderr] 5 | #[derive(Default, NativeClass)]
[INFO] [stderr]   |                   ^^^^^^^^^^^ expected enum `StringHint`, found `()`
[INFO] [stderr]   |
[INFO] [stderr]   = note: this error originates in the derive macro `NativeClass` (in Nightly builds, run with -Z macro-backtrace for more info)
[INFO] [stderr] ┈┈┈┈┈┈┈┈┈┈┈┈┈┈┈┈┈┈┈┈┈┈┈┈┈┈┈┈┈┈┈┈┈┈┈┈┈┈┈┈┈┈┈┈┈┈┈┈┈┈┈┈┈┈┈┈┈┈┈┈
[INFO] [stderr] 
[INFO] [stderr] ACTUAL OUTPUT:
[INFO] [stderr] ┈┈┈┈┈┈┈┈┈┈┈┈┈┈┈┈┈┈┈┈┈┈┈┈┈┈┈┈┈┈┈┈┈┈┈┈┈┈┈┈┈┈┈┈┈┈┈┈┈┈┈┈┈┈┈┈┈┈┈┈
[INFO] [stderr] error[E0271]: type mismatch resolving `<String as Export>::Hint == ()`
[INFO] [stderr]  --> tests/ui/derive_fail_property_hint.rs:5:19
[INFO] [stderr]   |
[INFO] [stderr] 5 | #[derive(Default, NativeClass)]
[INFO] [stderr]   |                   ^^^^^^^^^^^ expected `()`, found `StringHint`
[INFO] [stderr]   |
[INFO] [stderr]   = note: this error originates in the derive macro `NativeClass` (in Nightly builds, run with -Z macro-backtrace for more info)
[INFO] [stderr] ┈┈┈┈┈┈┈┈┈┈┈┈┈┈┈┈┈┈┈┈┈┈┈┈┈┈┈┈┈┈┈┈┈┈┈┈┈┈┈┈┈┈┈┈┈┈┈┈┈┈┈┈┈┈┈┈┈┈┈┈
[INFO] [stderr] note: If the actual output is the correct output you can bless it by rerunning
[INFO] [stderr]       your test with the environment variable TRYBUILD=overwrite
[INFO] [stderr] 
[INFO] [stderr] test tests/ui/derive_fail_userdata.rs [should fail to compile] ... ok
[INFO] [stderr] test tests/ui/variant_pass.rs [should pass] ... ok
[INFO] [stderr] test tests/ui/to_variant_fail_01.rs [should fail to compile] ... ok
[INFO] [stdout] test ui_tests has been running for over 60 seconds
[INFO] [stderr] test tests/ui/to_variant_fail_02.rs [should fail to compile] ... mismatch
[INFO] [stderr] 
[INFO] [stderr] EXPECTED:
[INFO] [stderr] ┈┈┈┈┈┈┈┈┈┈┈┈┈┈┈┈┈┈┈┈┈┈┈┈┈┈┈┈┈┈┈┈┈┈┈┈┈┈┈┈┈┈┈┈┈┈┈┈┈┈┈┈┈┈┈┈┈┈┈┈
[INFO] [stderr] error: Invalid syntax
[INFO] [stderr] expecting #[variant(...)]. See documentation:
[INFO] [stderr] https://docs.rs/gdnative/0.9.0/gdnative/core_types/trait.ToVariant.html#field-attributes
[INFO] [stderr]  --> $DIR/to_variant_fail_02.rs:6:15
[INFO] [stderr]   |
[INFO] [stderr] 6 |     #[variant(baz::quux)]
[INFO] [stderr]   |               ^^^^^^^^^
[INFO] [stderr] ┈┈┈┈┈┈┈┈┈┈┈┈┈┈┈┈┈┈┈┈┈┈┈┈┈┈┈┈┈┈┈┈┈┈┈┈┈┈┈┈┈┈┈┈┈┈┈┈┈┈┈┈┈┈┈┈┈┈┈┈
[INFO] [stderr] 
[INFO] [stderr] ACTUAL OUTPUT:
[INFO] [stderr] ┈┈┈┈┈┈┈┈┈┈┈┈┈┈┈┈┈┈┈┈┈┈┈┈┈┈┈┈┈┈┈┈┈┈┈┈┈┈┈┈┈┈┈┈┈┈┈┈┈┈┈┈┈┈┈┈┈┈┈┈
[INFO] [stderr] error: Invalid syntax
[INFO] [stderr]            expecting #[variant(...)]. See documentation:
[INFO] [stderr]            https://docs.rs/gdnative/0.9.0/gdnative/core_types/trait.ToVariant.html#field-attributes
[INFO] [stderr]  --> tests/ui/to_variant_fail_02.rs:6:15
[INFO] [stderr]   |
[INFO] [stderr] 6 |     #[variant(baz::quux)]
[INFO] [stderr]   |               ^^^^^^^^^
[INFO] [stderr] ┈┈┈┈┈┈┈┈┈┈┈┈┈┈┈┈┈┈┈┈┈┈┈┈┈┈┈┈┈┈┈┈┈┈┈┈┈┈┈┈┈┈┈┈┈┈┈┈┈┈┈┈┈┈┈┈┈┈┈┈
[INFO] [stderr] note: If the actual output is the correct output you can bless it by rerunning
[INFO] [stderr]       your test with the environment variable TRYBUILD=overwrite
[INFO] [stderr] 
[INFO] [stderr] test tests/ui/to_variant_fail_03.rs [should fail to compile] ... mismatch
[INFO] [stderr] 
[INFO] [stderr] EXPECTED:
[INFO] [stderr] ┈┈┈┈┈┈┈┈┈┈┈┈┈┈┈┈┈┈┈┈┈┈┈┈┈┈┈┈┈┈┈┈┈┈┈┈┈┈┈┈┈┈┈┈┈┈┈┈┈┈┈┈┈┈┈┈┈┈┈┈
[INFO] [stderr] error: Found baz::quux, expected one of:
[INFO] [stderr]     to_variant_with, from_variant_with, with, skip_to_variant, skip_from_variant, skip
[INFO] [stderr]  --> $DIR/to_variant_fail_03.rs:6:15
[INFO] [stderr]   |
[INFO] [stderr] 6 |     #[variant(baz::quux = "path::to::function")]
[INFO] [stderr]   |               ^^^^^^^^^
[INFO] [stderr] ┈┈┈┈┈┈┈┈┈┈┈┈┈┈┈┈┈┈┈┈┈┈┈┈┈┈┈┈┈┈┈┈┈┈┈┈┈┈┈┈┈┈┈┈┈┈┈┈┈┈┈┈┈┈┈┈┈┈┈┈
[INFO] [stderr] 
[INFO] [stderr] ACTUAL OUTPUT:
[INFO] [stderr] ┈┈┈┈┈┈┈┈┈┈┈┈┈┈┈┈┈┈┈┈┈┈┈┈┈┈┈┈┈┈┈┈┈┈┈┈┈┈┈┈┈┈┈┈┈┈┈┈┈┈┈┈┈┈┈┈┈┈┈┈
[INFO] [stderr] error: Found baz::quux, expected one of:
[INFO] [stderr]            to_variant_with, from_variant_with, with, skip_to_variant, skip_from_variant, skip
[INFO] [stderr]  --> tests/ui/to_variant_fail_03.rs:6:15
[INFO] [stderr]   |
[INFO] [stderr] 6 |     #[variant(baz::quux = "path::to::function")]
[INFO] [stderr]   |               ^^^^^^^^^
[INFO] [stderr] ┈┈┈┈┈┈┈┈┈┈┈┈┈┈┈┈┈┈┈┈┈┈┈┈┈┈┈┈┈┈┈┈┈┈┈┈┈┈┈┈┈┈┈┈┈┈┈┈┈┈┈┈┈┈┈┈┈┈┈┈
[INFO] [stderr] note: If the actual output is the correct output you can bless it by rerunning
[INFO] [stderr]       your test with the environment variable TRYBUILD=overwrite
[INFO] [stderr] 
[INFO] [stderr] test tests/ui/to_variant_fail_04.rs [should fail to compile] ... ok
[INFO] [stderr] test tests/ui/to_variant_fail_05.rs [should fail to compile] ... ok
[INFO] [stderr] test tests/ui/to_variant_fail_06.rs [should fail to compile] ... ok
[INFO] [stderr] test tests/ui/to_variant_fail_07.rs [should fail to compile] ... ok
[INFO] [stderr] test tests/ui/to_variant_fail_08.rs [should fail to compile] ... ok
[INFO] [stderr] test tests/ui/to_variant_fail_09.rs [should fail to compile] ... ok
[INFO] [stderr] test tests/ui/from_variant_fail_01.rs [should fail to compile] ... ok
[INFO] [stderr] test tests/ui/from_variant_fail_02.rs [should fail to compile] ... mismatch
[INFO] [stderr] 
[INFO] [stderr] EXPECTED:
[INFO] [stderr] ┈┈┈┈┈┈┈┈┈┈┈┈┈┈┈┈┈┈┈┈┈┈┈┈┈┈┈┈┈┈┈┈┈┈┈┈┈┈┈┈┈┈┈┈┈┈┈┈┈┈┈┈┈┈┈┈┈┈┈┈
[INFO] [stderr] error: Invalid syntax
[INFO] [stderr] expecting #[variant(...)]. See documentation:
[INFO] [stderr] https://docs.rs/gdnative/0.9.0/gdnative/core_types/trait.ToVariant.html#field-attributes
[INFO] [stderr]  --> $DIR/from_variant_fail_02.rs:6:15
[INFO] [stderr]   |
[INFO] [stderr] 6 |     #[variant(baz::quux)]
[INFO] [stderr]   |               ^^^^^^^^^
[INFO] [stderr] ┈┈┈┈┈┈┈┈┈┈┈┈┈┈┈┈┈┈┈┈┈┈┈┈┈┈┈┈┈┈┈┈┈┈┈┈┈┈┈┈┈┈┈┈┈┈┈┈┈┈┈┈┈┈┈┈┈┈┈┈
[INFO] [stderr] 
[INFO] [stderr] ACTUAL OUTPUT:
[INFO] [stderr] ┈┈┈┈┈┈┈┈┈┈┈┈┈┈┈┈┈┈┈┈┈┈┈┈┈┈┈┈┈┈┈┈┈┈┈┈┈┈┈┈┈┈┈┈┈┈┈┈┈┈┈┈┈┈┈┈┈┈┈┈
[INFO] [stderr] error: Invalid syntax
[INFO] [stderr]            expecting #[variant(...)]. See documentation:
[INFO] [stderr]            https://docs.rs/gdnative/0.9.0/gdnative/core_types/trait.ToVariant.html#field-attributes
[INFO] [stderr]  --> tests/ui/from_variant_fail_02.rs:6:15
[INFO] [stderr]   |
[INFO] [stderr] 6 |     #[variant(baz::quux)]
[INFO] [stderr]   |               ^^^^^^^^^
[INFO] [stderr] ┈┈┈┈┈┈┈┈┈┈┈┈┈┈┈┈┈┈┈┈┈┈┈┈┈┈┈┈┈┈┈┈┈┈┈┈┈┈┈┈┈┈┈┈┈┈┈┈┈┈┈┈┈┈┈┈┈┈┈┈
[INFO] [stderr] note: If the actual output is the correct output you can bless it by rerunning
[INFO] [stderr]       your test with the environment variable TRYBUILD=overwrite
[INFO] [stderr] 
[INFO] [stderr] test tests/ui/from_variant_fail_03.rs [should fail to compile] ... mismatch
[INFO] [stderr] 
[INFO] [stderr] EXPECTED:
[INFO] [stderr] ┈┈┈┈┈┈┈┈┈┈┈┈┈┈┈┈┈┈┈┈┈┈┈┈┈┈┈┈┈┈┈┈┈┈┈┈┈┈┈┈┈┈┈┈┈┈┈┈┈┈┈┈┈┈┈┈┈┈┈┈
[INFO] [stderr] error: Found baz::quux, expected one of:
[INFO] [stderr]     to_variant_with, from_variant_with, with, skip_to_variant, skip_from_variant, skip
[INFO] [stderr]  --> $DIR/from_variant_fail_03.rs:6:15
[INFO] [stderr]   |
[INFO] [stderr] 6 |     #[variant(baz::quux = "path::to::function")]
[INFO] [stderr]   |               ^^^^^^^^^
[INFO] [stderr] ┈┈┈┈┈┈┈┈┈┈┈┈┈┈┈┈┈┈┈┈┈┈┈┈┈┈┈┈┈┈┈┈┈┈┈┈┈┈┈┈┈┈┈┈┈┈┈┈┈┈┈┈┈┈┈┈┈┈┈┈
[INFO] [stderr] 
[INFO] [stderr] ACTUAL OUTPUT:
[INFO] [stderr] ┈┈┈┈┈┈┈┈┈┈┈┈┈┈┈┈┈┈┈┈┈┈┈┈┈┈┈┈┈┈┈┈┈┈┈┈┈┈┈┈┈┈┈┈┈┈┈┈┈┈┈┈┈┈┈┈┈┈┈┈
[INFO] [stderr] error: Found baz::quux, expected one of:
[INFO] [stderr]            to_variant_with, from_variant_with, with, skip_to_variant, skip_from_variant, skip
[INFO] [stderr]  --> tests/ui/from_variant_fail_03.rs:6:15
[INFO] [stderr]   |
[INFO] [stderr] 6 |     #[variant(baz::quux = "path::to::function")]
[INFO] [stderr]   |               ^^^^^^^^^
[INFO] [stderr] ┈┈┈┈┈┈┈┈┈┈┈┈┈┈┈┈┈┈┈┈┈┈┈┈┈┈┈┈┈┈┈┈┈┈┈┈┈┈┈┈┈┈┈┈┈┈┈┈┈┈┈┈┈┈┈┈┈┈┈┈
[INFO] [stderr] note: If the actual output is the correct output you can bless it by rerunning
[INFO] [stderr]       your test with the environment variable TRYBUILD=overwrite
[INFO] [stderr] 
[INFO] [stderr] test tests/ui/from_variant_fail_04.rs [should fail to compile] ... ok
[INFO] [stderr] test tests/ui/from_variant_fail_05.rs [should fail to compile] ... ok
[INFO] [stderr] test tests/ui/from_variant_fail_06.rs [should fail to compile] ... ok
[INFO] [stderr] test tests/ui/from_variant_fail_07.rs [should fail to compile] ... ok
[INFO] [stderr] test tests/ui/from_variant_fail_08.rs [should fail to compile] ... ok
[INFO] [stderr] test tests/ui/from_variant_fail_09.rs [should fail to compile] ... ok
[INFO] [stderr] 
[INFO] [stderr] 
[INFO] [stdout] test ui_tests ... FAILED
[INFO] [stdout] 
[INFO] [stdout] failures:
[INFO] [stdout] 
[INFO] [stdout] ---- ui_tests stdout ----
[INFO] [stdout] thread 'ui_tests' panicked at /opt/rustwide/cargo-home/registry/src/index.crates.io-6f17d22bba15001f/trybuild-1.0.101/src/run.rs:101:13:
[INFO] [stdout] 9 of 32 tests failed
[INFO] [stdout] stack backtrace:
[INFO] [stdout]    0:     0x599bcd21c13a - std::backtrace_rs::backtrace::libunwind::trace::h207520d6e9873551
[INFO] [stdout]                                at /rustc/df4ca44d3fbc9301ee17f30f4d474e6ae4b05252/library/std/src/../../backtrace/src/backtrace/libunwind.rs:116:5
[INFO] [stdout]    1:     0x599bcd21c13a - std::backtrace_rs::backtrace::trace_unsynchronized::h2ed7433f370e3eca
[INFO] [stdout]                                at /rustc/df4ca44d3fbc9301ee17f30f4d474e6ae4b05252/library/std/src/../../backtrace/src/backtrace/mod.rs:66:5
[INFO] [stdout]    2:     0x599bcd21c13a - std::sys::backtrace::_print_fmt::h916fac51166b18d7
[INFO] [stdout]                                at /rustc/df4ca44d3fbc9301ee17f30f4d474e6ae4b05252/library/std/src/sys/backtrace.rs:66:9
[INFO] [stdout]    3:     0x599bcd21c13a - <std::sys::backtrace::BacktraceLock::print::DisplayBacktrace as core::fmt::Display>::fmt::ha0a4c9b8ce3802e6
[INFO] [stdout]                                at /rustc/df4ca44d3fbc9301ee17f30f4d474e6ae4b05252/library/std/src/sys/backtrace.rs:39:26
[INFO] [stdout]    4:     0x599bcd2465e3 - core::fmt::rt::Argument::fmt::h4cfc8587d52b3eb5
[INFO] [stdout]                                at /rustc/df4ca44d3fbc9301ee17f30f4d474e6ae4b05252/library/core/src/fmt/rt.rs:177:76
[INFO] [stdout]    5:     0x599bcd2465e3 - core::fmt::write::h522cc39e5b36ae9f
[INFO] [stdout]                                at /rustc/df4ca44d3fbc9301ee17f30f4d474e6ae4b05252/library/core/src/fmt/mod.rs:1190:21
[INFO] [stdout]    6:     0x599bcd218173 - std::io::Write::write_fmt::h7d3c26752da97734
[INFO] [stdout]                                at /rustc/df4ca44d3fbc9301ee17f30f4d474e6ae4b05252/library/std/src/io/mod.rs:1839:15
[INFO] [stdout]    7:     0x599bcd21bf82 - std::sys::backtrace::BacktraceLock::print::h4b9e00b29e9c0942
[INFO] [stdout]                                at /rustc/df4ca44d3fbc9301ee17f30f4d474e6ae4b05252/library/std/src/sys/backtrace.rs:42:9
[INFO] [stdout]    8:     0x599bcd21dbca - std::panicking::default_hook::{{closure}}::hb59b88280d0324d9
[INFO] [stdout]                                at /rustc/df4ca44d3fbc9301ee17f30f4d474e6ae4b05252/library/std/src/panicking.rs:268:22
[INFO] [stdout]    9:     0x599bcd21d9d4 - std::panicking::default_hook::he1dd496665be4a29
[INFO] [stdout]                                at /rustc/df4ca44d3fbc9301ee17f30f4d474e6ae4b05252/library/std/src/panicking.rs:292:9
[INFO] [stdout]   10:     0x599bcd1e46c9 - <alloc::boxed::Box<F,A> as core::ops::function::Fn<Args>>::call::h4ff71de18744e1dc
[INFO] [stdout]                                at /rustc/df4ca44d3fbc9301ee17f30f4d474e6ae4b05252/library/alloc/src/boxed.rs:2468:9
[INFO] [stdout]   11:     0x599bcd1e46c9 - test::test_main::{{closure}}::hcf7c055ce117aa81
[INFO] [stdout]                                at /rustc/df4ca44d3fbc9301ee17f30f4d474e6ae4b05252/library/test/src/lib.rs:133:21
[INFO] [stdout]   12:     0x599bcd21e2c8 - <alloc::boxed::Box<F,A> as core::ops::function::Fn<Args>>::call::h1d66c6bbd60c9692
[INFO] [stdout]                                at /rustc/df4ca44d3fbc9301ee17f30f4d474e6ae4b05252/library/alloc/src/boxed.rs:2468:9
[INFO] [stdout]   13:     0x599bcd21e2c8 - std::panicking::rust_panic_with_hook::h2ff17fe8f26dfcf8
[INFO] [stdout]                                at /rustc/df4ca44d3fbc9301ee17f30f4d474e6ae4b05252/library/std/src/panicking.rs:809:13
[INFO] [stdout]   14:     0x599bcd21e08a - std::panicking::begin_panic_handler::{{closure}}::h4fad77951c07e101
[INFO] [stdout]                                at /rustc/df4ca44d3fbc9301ee17f30f4d474e6ae4b05252/library/std/src/panicking.rs:674:13
[INFO] [stdout]   15:     0x599bcd21c619 - std::sys::backtrace::__rust_end_short_backtrace::hb1a25b3da5d0ea08
[INFO] [stdout]                                at /rustc/df4ca44d3fbc9301ee17f30f4d474e6ae4b05252/library/std/src/sys/backtrace.rs:170:18
[INFO] [stdout]   16:     0x599bcd21dd1c - rust_begin_unwind
[INFO] [stdout]                                at /rustc/df4ca44d3fbc9301ee17f30f4d474e6ae4b05252/library/std/src/panicking.rs:665:5
[INFO] [stdout]   17:     0x599bcd244990 - core::panicking::panic_fmt::ha9db07b529f9b256
[INFO] [stdout]                                at /rustc/df4ca44d3fbc9301ee17f30f4d474e6ae4b05252/library/core/src/panicking.rs:75:14
[INFO] [stdout]   18:     0x599bccf02c6f - trybuild::run::<impl trybuild::Runner>::run::ha7da5d541260533f
[INFO] [stdout]                                at /opt/rustwide/cargo-home/registry/src/index.crates.io-6f17d22bba15001f/trybuild-1.0.101/src/run.rs:101:13
[INFO] [stdout]   19:     0x599bccf08188 - <trybuild::TestCases as core::ops::drop::Drop>::drop::h94c5a88d31ccf352
[INFO] [stdout]                                at /opt/rustwide/cargo-home/registry/src/index.crates.io-6f17d22bba15001f/trybuild-1.0.101/src/lib.rs:340:13
[INFO] [stdout]   20:     0x599bccef38d7 - core::ptr::drop_in_place<trybuild::TestCases>::h847f16c1a4503cdf
[INFO] [stdout]                                at /rustc/df4ca44d3fbc9301ee17f30f4d474e6ae4b05252/library/core/src/ptr/mod.rs:521:1
[INFO] [stdout]   21:     0x599bccef4406 - ui::ui_tests::hc808c578b5edd7a7
[INFO] [stdout]                                at /opt/rustwide/workdir/tests/ui.rs:42:1
[INFO] [stdout]   22:     0x599bccef40f7 - ui::ui_tests::{{closure}}::hb45bfc41d7454ec1
[INFO] [stdout]                                at /opt/rustwide/workdir/tests/ui.rs:2:14
[INFO] [stdout]   23:     0x599bccef3836 - core::ops::function::FnOnce::call_once::h3ba28a2a9798ad1f
[INFO] [stdout]                                at /rustc/df4ca44d3fbc9301ee17f30f4d474e6ae4b05252/library/core/src/ops/function.rs:250:5
[INFO] [stdout]   24:     0x599bcd1e8f9b - core::ops::function::FnOnce::call_once::h22c3ba5715e93f05
[INFO] [stdout]                                at /rustc/df4ca44d3fbc9301ee17f30f4d474e6ae4b05252/library/core/src/ops/function.rs:250:5
[INFO] [stdout]   25:     0x599bcd1e8f9b - test::__rust_begin_short_backtrace::h8e82d8113d0da17f
[INFO] [stdout]                                at /rustc/df4ca44d3fbc9301ee17f30f4d474e6ae4b05252/library/test/src/lib.rs:621:18
[INFO] [stdout]   26:     0x599bcd1e8917 - test::run_test_in_process::{{closure}}::h33235f4f20b7b7c7
[INFO] [stdout]                                at /rustc/df4ca44d3fbc9301ee17f30f4d474e6ae4b05252/library/test/src/lib.rs:644:60
[INFO] [stdout]   27:     0x599bcd1e8917 - <core::panic::unwind_safe::AssertUnwindSafe<F> as core::ops::function::FnOnce<()>>::call_once::hb5043206310c586f
[INFO] [stdout]                                at /rustc/df4ca44d3fbc9301ee17f30f4d474e6ae4b05252/library/core/src/panic/unwind_safe.rs:272:9
[INFO] [stdout]   28:     0x599bcd1e8917 - std::panicking::try::do_call::h9ad4731a60ab23e2
[INFO] [stdout]                                at /rustc/df4ca44d3fbc9301ee17f30f4d474e6ae4b05252/library/std/src/panicking.rs:557:40
[INFO] [stdout]   29:     0x599bcd1e8917 - std::panicking::try::h3824d23db772a716
[INFO] [stdout]                                at /rustc/df4ca44d3fbc9301ee17f30f4d474e6ae4b05252/library/std/src/panicking.rs:520:19
[INFO] [stdout]   30:     0x599bcd1e8917 - std::panic::catch_unwind::h5afd514605fde46b
[INFO] [stdout]                                at /rustc/df4ca44d3fbc9301ee17f30f4d474e6ae4b05252/library/std/src/panic.rs:358:14
[INFO] [stdout]   31:     0x599bcd1e8917 - test::run_test_in_process::h0d5cbfa7067d1720
[INFO] [stdout]                                at /rustc/df4ca44d3fbc9301ee17f30f4d474e6ae4b05252/library/test/src/lib.rs:644:27
[INFO] [stdout]   32:     0x599bcd1e8917 - test::run_test::{{closure}}::h708eb8872708115d
[INFO] [stdout]                                at /rustc/df4ca44d3fbc9301ee17f30f4d474e6ae4b05252/library/test/src/lib.rs:565:43
[INFO] [stdout]   33:     0x599bcd1ac034 - test::run_test::{{closure}}::h392c51cee94713ab
[INFO] [stdout]                                at /rustc/df4ca44d3fbc9301ee17f30f4d474e6ae4b05252/library/test/src/lib.rs:595:41
[INFO] [stdout]   34:     0x599bcd1ac034 - std::sys::backtrace::__rust_begin_short_backtrace::h2f40290710935a8b
[INFO] [stdout]                                at /rustc/df4ca44d3fbc9301ee17f30f4d474e6ae4b05252/library/std/src/sys/backtrace.rs:154:18
[INFO] [stdout]   35:     0x599bcd1af7de - std::thread::Builder::spawn_unchecked_::{{closure}}::{{closure}}::h3fd968d89053a903
[INFO] [stdout]                                at /rustc/df4ca44d3fbc9301ee17f30f4d474e6ae4b05252/library/std/src/thread/mod.rs:541:17
[INFO] [stdout]   36:     0x599bcd1af7de - <core::panic::unwind_safe::AssertUnwindSafe<F> as core::ops::function::FnOnce<()>>::call_once::h743f637ba4229880
[INFO] [stdout]                                at /rustc/df4ca44d3fbc9301ee17f30f4d474e6ae4b05252/library/core/src/panic/unwind_safe.rs:272:9
[INFO] [stdout]   37:     0x599bcd1af7de - std::panicking::try::do_call::h07440897322525a6
[INFO] [stdout]                                at /rustc/df4ca44d3fbc9301ee17f30f4d474e6ae4b05252/library/std/src/panicking.rs:557:40
[INFO] [stdout]   38:     0x599bcd1af7de - std::panicking::try::he5a2e00188156637
[INFO] [stdout]                                at /rustc/df4ca44d3fbc9301ee17f30f4d474e6ae4b05252/library/std/src/panicking.rs:520:19
[INFO] [stdout]   39:     0x599bcd1af7de - std::panic::catch_unwind::hbaf3cae49b3c6433
[INFO] [stdout]                                at /rustc/df4ca44d3fbc9301ee17f30f4d474e6ae4b05252/library/std/src/panic.rs:358:14
[INFO] [stdout]   40:     0x599bcd1af7de - std::thread::Builder::spawn_unchecked_::{{closure}}::h8e141ea224820bce
[INFO] [stdout]                                at /rustc/df4ca44d3fbc9301ee17f30f4d474e6ae4b05252/library/std/src/thread/mod.rs:540:30
[INFO] [stdout]   41:     0x599bcd1af7de - core::ops::function::FnOnce::call_once{{vtable.shim}}::h90d312fedd7b8ea8
[INFO] [stdout]                                at /rustc/df4ca44d3fbc9301ee17f30f4d474e6ae4b05252/library/core/src/ops/function.rs:250:5
[INFO] [stdout]   42:     0x599bcd22308b - <alloc::boxed::Box<F,A> as core::ops::function::FnOnce<Args>>::call_once::h69aa08ddb6adb8b6
[INFO] [stdout]                                at /rustc/df4ca44d3fbc9301ee17f30f4d474e6ae4b05252/library/alloc/src/boxed.rs:2454:9
[INFO] [stdout]   43:     0x599bcd22308b - <alloc::boxed::Box<F,A> as core::ops::function::FnOnce<Args>>::call_once::h5aa36efdb79c806f
[INFO] [stdout]                                at /rustc/df4ca44d3fbc9301ee17f30f4d474e6ae4b05252/library/alloc/src/boxed.rs:2454:9
[INFO] [stdout]   44:     0x599bcd22308b - std::sys::pal::unix::thread::Thread::new::thread_start::h6cd80a1b4be5158d
[INFO] [stdout]                                at /rustc/df4ca44d3fbc9301ee17f30f4d474e6ae4b05252/library/std/src/sys/pal/unix/thread.rs:105:17
[INFO] [stdout]   45:     0x7b738cdfaac3 - <unknown>
[INFO] [stdout]   46:     0x7b738ce8ba04 - clone
[INFO] [stdout]   47:                0x0 - <unknown>
[INFO] [stdout] 
[INFO] [stdout] 
[INFO] [stdout] failures:
[INFO] [stdout]     ui_tests
[INFO] [stdout] 
[INFO] [stdout] test result: FAILED. 0 passed; 1 failed; 0 ignored; 0 measured; 0 filtered out; finished in 63.16s
[INFO] [stdout] 
[INFO] [stderr] error: test failed, to rerun pass `--test ui`
[INFO] running `Command { std: "docker" "inspect" "ba6a3460231ffa26b72c0bae046a9b582355e5f9f4a81ea750afd66337d82522", kill_on_drop: false }`
[INFO] running `Command { std: "docker" "rm" "-f" "ba6a3460231ffa26b72c0bae046a9b582355e5f9f4a81ea750afd66337d82522", kill_on_drop: false }`
[INFO] [stdout] ba6a3460231ffa26b72c0bae046a9b582355e5f9f4a81ea750afd66337d82522
