[INFO] fetching crate gcalc 0.4.0...
[INFO] testing gcalc-0.4.0 against nightly-2024-10-28 for randomize-layout
[INFO] extracting crate gcalc 0.4.0 into /workspace/builds/worker-2-tc1/source
[INFO] validating manifest of crates.io crate gcalc 0.4.0 on toolchain nightly-2024-10-28
[INFO] running `Command { std: CARGO_HOME="/workspace/cargo-home" RUSTUP_HOME="/workspace/rustup-home" "/workspace/cargo-home/bin/cargo" "+nightly-2024-10-28" "metadata" "--manifest-path" "Cargo.toml" "--no-deps", kill_on_drop: false }`
[INFO] started tweaking crates.io crate gcalc 0.4.0
[INFO] finished tweaking crates.io crate gcalc 0.4.0
[INFO] tweaked toml for crates.io crate gcalc 0.4.0 written to /workspace/builds/worker-2-tc1/source/Cargo.toml
[INFO] crate crates.io crate gcalc 0.4.0 already has a lockfile, it will not be regenerated
[INFO] running `Command { std: CARGO_HOME="/workspace/cargo-home" RUSTUP_HOME="/workspace/rustup-home" "/workspace/cargo-home/bin/cargo" "+nightly-2024-10-28" "fetch" "--manifest-path" "Cargo.toml", kill_on_drop: false }`
[INFO] [stderr]     Updating crates.io index
[INFO] [stderr]  Downloading crates ...
[INFO] [stderr]   Downloaded papergrid v0.1.23
[INFO] [stderr]   Downloaded tabled_derive v0.1.8
[INFO] [stderr]   Downloaded plotters-svg v0.3.1
[INFO] [stderr]   Downloaded plotters-backend v0.3.2
[INFO] [stderr]   Downloaded dcsv v0.2.0
[INFO] [stderr]   Downloaded cindex v0.5.1
[INFO] [stderr]   Downloaded tabled v0.3.0
[INFO] [stderr]   Downloaded clap v3.2.8
[INFO] running `Command { std: "docker" "create" "-v" "/var/lib/crater-agent-workspace/builds/worker-2-tc1/target:/opt/rustwide/target:rw,Z" "-v" "/var/lib/crater-agent-workspace/builds/worker-2-tc1/source:/opt/rustwide/workdir:ro,Z" "-v" "/var/lib/crater-agent-workspace/cargo-home:/opt/rustwide/cargo-home:ro,Z" "-v" "/var/lib/crater-agent-workspace/rustup-home:/opt/rustwide/rustup-home:ro,Z" "-e" "SOURCE_DIR=/opt/rustwide/workdir" "-e" "CARGO_TARGET_DIR=/opt/rustwide/target" "-e" "CARGO_HOME=/opt/rustwide/cargo-home" "-e" "RUSTUP_HOME=/opt/rustwide/rustup-home" "-w" "/opt/rustwide/workdir" "-m" "1610612736" "--user" "0:0" "--network" "none" "ghcr.io/rust-lang/crates-build-env/linux@sha256:4a844ea9eb2546a2d2c7022eacef16ef2e8229c7fbb2c7d4d55a9ceca922f72d" "/opt/rustwide/cargo-home/bin/cargo" "+nightly-2024-10-28" "metadata" "--no-deps" "--format-version=1", kill_on_drop: false }`
[INFO] [stdout] f8949887c90c2c315d6382df454d1190c09d537258d5f1d21db155605c321e85
[INFO] running `Command { std: "docker" "start" "-a" "f8949887c90c2c315d6382df454d1190c09d537258d5f1d21db155605c321e85", kill_on_drop: false }`
[INFO] running `Command { std: "docker" "inspect" "f8949887c90c2c315d6382df454d1190c09d537258d5f1d21db155605c321e85", kill_on_drop: false }`
[INFO] running `Command { std: "docker" "rm" "-f" "f8949887c90c2c315d6382df454d1190c09d537258d5f1d21db155605c321e85", kill_on_drop: false }`
[INFO] [stdout] f8949887c90c2c315d6382df454d1190c09d537258d5f1d21db155605c321e85
[INFO] running `Command { std: "docker" "create" "-v" "/var/lib/crater-agent-workspace/builds/worker-2-tc1/target:/opt/rustwide/target:rw,Z" "-v" "/var/lib/crater-agent-workspace/builds/worker-2-tc1/source:/opt/rustwide/workdir:ro,Z" "-v" "/var/lib/crater-agent-workspace/cargo-home:/opt/rustwide/cargo-home:ro,Z" "-v" "/var/lib/crater-agent-workspace/rustup-home:/opt/rustwide/rustup-home:ro,Z" "-e" "SOURCE_DIR=/opt/rustwide/workdir" "-e" "CARGO_TARGET_DIR=/opt/rustwide/target" "-e" "CARGO_INCREMENTAL=0" "-e" "RUST_BACKTRACE=full" "-e" "RUSTFLAGS=--cap-lints=forbid" "-e" "RUSTDOCFLAGS=--cap-lints=forbid" "-e" "CARGO_HOME=/opt/rustwide/cargo-home" "-e" "RUSTUP_HOME=/opt/rustwide/rustup-home" "-w" "/opt/rustwide/workdir" "-m" "1610612736" "--user" "0:0" "--network" "none" "ghcr.io/rust-lang/crates-build-env/linux@sha256:4a844ea9eb2546a2d2c7022eacef16ef2e8229c7fbb2c7d4d55a9ceca922f72d" "/opt/rustwide/cargo-home/bin/cargo" "+nightly-2024-10-28" "build" "--frozen" "--message-format=json", kill_on_drop: false }`
[INFO] [stdout] 1d1c21fee69c2c79605bcd622f39e00956da5cae4f08fdca3b77e7b2ced67692
[INFO] running `Command { std: "docker" "start" "-a" "1d1c21fee69c2c79605bcd622f39e00956da5cae4f08fdca3b77e7b2ced67692", kill_on_drop: false }`
[INFO] [stderr]    Compiling proc-macro2 v1.0.36
[INFO] [stderr]    Compiling memchr v2.4.1
[INFO] [stderr]    Compiling unicode-xid v0.2.2
[INFO] [stderr]    Compiling syn v1.0.86
[INFO] [stderr]    Compiling regex-syntax v0.6.25
[INFO] [stderr]    Compiling serde_derive v1.0.136
[INFO] [stderr]    Compiling serde v1.0.136
[INFO] [stderr]    Compiling quote v1.0.15
[INFO] [stderr]    Compiling aho-corasick v0.7.18
[INFO] [stderr]    Compiling regex v1.5.4
[INFO] [stderr]    Compiling dcsv v0.2.0
[INFO] [stderr]    Compiling cindex v0.5.1
[INFO] [stderr]    Compiling gcalc v0.4.0 (/opt/rustwide/workdir)
[INFO] [stdout] warning: unused import: `std::iter::FromIterator`
[INFO] [stdout]  --> src/calc.rs:3:5
[INFO] [stdout]   |
[INFO] [stdout] 3 | use std::iter::FromIterator;
[INFO] [stdout]   |     ^^^^^^^^^^^^^^^^^^^^^^^
[INFO] [stdout]   |
[INFO] [stdout]   = note: `#[warn(unused_imports)]` on by default
[INFO] [stdout] 
[INFO] [stdout] 
[INFO] [stdout] warning: field `value` is never read
[INFO] [stdout]   --> src/models.rs:19:9
[INFO] [stdout]    |
[INFO] [stdout] 15 | pub(crate) struct Qualficiation {
[INFO] [stdout]    |                   ------------- field in this struct
[INFO] [stdout] ...
[INFO] [stdout] 19 |     pub value: f32,
[INFO] [stdout]    |         ^^^^^
[INFO] [stdout]    |
[INFO] [stdout]    = note: `#[warn(dead_code)]` on by default
[INFO] [stdout] 
[INFO] [stdout] 
[INFO] [stdout] warning: struct `FormatRecord` is never constructed
[INFO] [stdout]   --> src/models.rs:41:19
[INFO] [stdout]    |
[INFO] [stdout] 41 | pub(crate) struct FormatRecord {
[INFO] [stdout]    |                   ^^^^^^^^^^^^
[INFO] [stdout] 
[INFO] [stdout] 
[INFO] [stdout] warning: associated function `from_record` is never used
[INFO] [stdout]   --> src/models.rs:50:12
[INFO] [stdout]    |
[INFO] [stdout] 49 | impl FormatRecord {
[INFO] [stdout]    | ----------------- associated function in this implementation
[INFO] [stdout] 50 |     pub fn from_record(record: &Record) -> Self {
[INFO] [stdout]    |            ^^^^^^^^^^^
[INFO] [stdout] 
[INFO] [stdout] 
[INFO] [stderr]     Finished `dev` profile [unoptimized + debuginfo] target(s) in 6.38s
[INFO] running `Command { std: "docker" "inspect" "1d1c21fee69c2c79605bcd622f39e00956da5cae4f08fdca3b77e7b2ced67692", kill_on_drop: false }`
[INFO] running `Command { std: "docker" "rm" "-f" "1d1c21fee69c2c79605bcd622f39e00956da5cae4f08fdca3b77e7b2ced67692", kill_on_drop: false }`
[INFO] [stdout] 1d1c21fee69c2c79605bcd622f39e00956da5cae4f08fdca3b77e7b2ced67692
[INFO] running `Command { std: "docker" "create" "-v" "/var/lib/crater-agent-workspace/builds/worker-2-tc1/target:/opt/rustwide/target:rw,Z" "-v" "/var/lib/crater-agent-workspace/builds/worker-2-tc1/source:/opt/rustwide/workdir:ro,Z" "-v" "/var/lib/crater-agent-workspace/cargo-home:/opt/rustwide/cargo-home:ro,Z" "-v" "/var/lib/crater-agent-workspace/rustup-home:/opt/rustwide/rustup-home:ro,Z" "-e" "SOURCE_DIR=/opt/rustwide/workdir" "-e" "CARGO_TARGET_DIR=/opt/rustwide/target" "-e" "CARGO_INCREMENTAL=0" "-e" "RUST_BACKTRACE=full" "-e" "RUSTFLAGS=--cap-lints=forbid" "-e" "RUSTDOCFLAGS=--cap-lints=forbid" "-e" "CARGO_HOME=/opt/rustwide/cargo-home" "-e" "RUSTUP_HOME=/opt/rustwide/rustup-home" "-w" "/opt/rustwide/workdir" "-m" "1610612736" "--user" "0:0" "--network" "none" "ghcr.io/rust-lang/crates-build-env/linux@sha256:4a844ea9eb2546a2d2c7022eacef16ef2e8229c7fbb2c7d4d55a9ceca922f72d" "/opt/rustwide/cargo-home/bin/cargo" "+nightly-2024-10-28" "test" "--frozen" "--no-run" "--message-format=json", kill_on_drop: false }`
[INFO] [stdout] ea8aef74c18e5396307477fb121cb2c24dd9778be699df3d1b55f2f3489a4805
[INFO] running `Command { std: "docker" "start" "-a" "ea8aef74c18e5396307477fb121cb2c24dd9778be699df3d1b55f2f3489a4805", kill_on_drop: false }`
[INFO] [stdout] warning: unused import: `std::iter::FromIterator`
[INFO] [stdout]  --> src/calc.rs:3:5
[INFO] [stdout]   |
[INFO] [stdout] 3 | use std::iter::FromIterator;
[INFO] [stdout]   |     ^^^^^^^^^^^^^^^^^^^^^^^
[INFO] [stdout]   |
[INFO] [stdout]   = note: `#[warn(unused_imports)]` on by default
[INFO] [stdout] 
[INFO] [stdout] 
[INFO] [stderr]    Compiling gcalc v0.4.0 (/opt/rustwide/workdir)
[INFO] [stdout] warning: field `value` is never read
[INFO] [stdout]   --> src/models.rs:19:9
[INFO] [stdout]    |
[INFO] [stdout] 15 | pub(crate) struct Qualficiation {
[INFO] [stdout]    |                   ------------- field in this struct
[INFO] [stdout] ...
[INFO] [stdout] 19 |     pub value: f32,
[INFO] [stdout]    |         ^^^^^
[INFO] [stdout]    |
[INFO] [stdout]    = note: `#[warn(dead_code)]` on by default
[INFO] [stdout] 
[INFO] [stdout] 
[INFO] [stdout] warning: struct `FormatRecord` is never constructed
[INFO] [stdout]   --> src/models.rs:41:19
[INFO] [stdout]    |
[INFO] [stdout] 41 | pub(crate) struct FormatRecord {
[INFO] [stdout]    |                   ^^^^^^^^^^^^
[INFO] [stdout] 
[INFO] [stdout] 
[INFO] [stdout] warning: associated function `from_record` is never used
[INFO] [stdout]   --> src/models.rs:50:12
[INFO] [stdout]    |
[INFO] [stdout] 49 | impl FormatRecord {
[INFO] [stdout]    | ----------------- associated function in this implementation
[INFO] [stdout] 50 |     pub fn from_record(record: &Record) -> Self {
[INFO] [stdout]    |            ^^^^^^^^^^^
[INFO] [stdout] 
[INFO] [stdout] 
[INFO] [stdout] warning: unused import: `std::iter::FromIterator`
[INFO] [stdout]  --> src/calc.rs:3:5
[INFO] [stdout]   |
[INFO] [stdout] 3 | use std::iter::FromIterator;
[INFO] [stdout]   |     ^^^^^^^^^^^^^^^^^^^^^^^
[INFO] [stdout]   |
[INFO] [stdout]   = note: `#[warn(unused_imports)]` on by default
[INFO] [stdout] 
[INFO] [stdout] 
[INFO] [stdout] warning: field `value` is never read
[INFO] [stdout]   --> src/models.rs:19:9
[INFO] [stdout]    |
[INFO] [stdout] 15 | pub(crate) struct Qualficiation {
[INFO] [stdout]    |                   ------------- field in this struct
[INFO] [stdout] ...
[INFO] [stdout] 19 |     pub value: f32,
[INFO] [stdout]    |         ^^^^^
[INFO] [stdout]    |
[INFO] [stdout]    = note: `#[warn(dead_code)]` on by default
[INFO] [stdout] 
[INFO] [stdout] 
[INFO] [stdout] warning: struct `FormatRecord` is never constructed
[INFO] [stdout]   --> src/models.rs:41:19
[INFO] [stdout]    |
[INFO] [stdout] 41 | pub(crate) struct FormatRecord {
[INFO] [stdout]    |                   ^^^^^^^^^^^^
[INFO] [stdout] 
[INFO] [stdout] 
[INFO] [stdout] warning: associated function `from_record` is never used
[INFO] [stdout]   --> src/models.rs:50:12
[INFO] [stdout]    |
[INFO] [stdout] 49 | impl FormatRecord {
[INFO] [stdout]    | ----------------- associated function in this implementation
[INFO] [stdout] 50 |     pub fn from_record(record: &Record) -> Self {
[INFO] [stdout]    |            ^^^^^^^^^^^
[INFO] [stdout] 
[INFO] [stdout] 
[INFO] [stderr]     Finished `test` profile [unoptimized + debuginfo] target(s) in 0.21s
[INFO] running `Command { std: "docker" "inspect" "ea8aef74c18e5396307477fb121cb2c24dd9778be699df3d1b55f2f3489a4805", kill_on_drop: false }`
[INFO] running `Command { std: "docker" "rm" "-f" "ea8aef74c18e5396307477fb121cb2c24dd9778be699df3d1b55f2f3489a4805", kill_on_drop: false }`
[INFO] [stdout] ea8aef74c18e5396307477fb121cb2c24dd9778be699df3d1b55f2f3489a4805
[INFO] running `Command { std: "docker" "create" "-v" "/var/lib/crater-agent-workspace/builds/worker-2-tc1/target:/opt/rustwide/target:rw,Z" "-v" "/var/lib/crater-agent-workspace/builds/worker-2-tc1/source:/opt/rustwide/workdir:ro,Z" "-v" "/var/lib/crater-agent-workspace/cargo-home:/opt/rustwide/cargo-home:ro,Z" "-v" "/var/lib/crater-agent-workspace/rustup-home:/opt/rustwide/rustup-home:ro,Z" "-e" "SOURCE_DIR=/opt/rustwide/workdir" "-e" "CARGO_TARGET_DIR=/opt/rustwide/target" "-e" "CARGO_INCREMENTAL=0" "-e" "RUST_BACKTRACE=full" "-e" "RUSTFLAGS=--cap-lints=forbid" "-e" "RUSTDOCFLAGS=--cap-lints=forbid" "-e" "CARGO_HOME=/opt/rustwide/cargo-home" "-e" "RUSTUP_HOME=/opt/rustwide/rustup-home" "-w" "/opt/rustwide/workdir" "-m" "1610612736" "--user" "0:0" "--network" "none" "ghcr.io/rust-lang/crates-build-env/linux@sha256:4a844ea9eb2546a2d2c7022eacef16ef2e8229c7fbb2c7d4d55a9ceca922f72d" "/opt/rustwide/cargo-home/bin/cargo" "+nightly-2024-10-28" "test" "--frozen", kill_on_drop: false }`
[INFO] [stdout] bce86649474db5dc7dca5e73bf4ce9c6a64633e3c77165ea3645a3d082264a77
[INFO] running `Command { std: "docker" "start" "-a" "bce86649474db5dc7dca5e73bf4ce9c6a64633e3c77165ea3645a3d082264a77", kill_on_drop: false }`
[INFO] [stderr] warning: unused import: `std::iter::FromIterator`
[INFO] [stderr]  --> src/calc.rs:3:5
[INFO] [stderr]   |
[INFO] [stderr] 3 | use std::iter::FromIterator;
[INFO] [stderr]   |     ^^^^^^^^^^^^^^^^^^^^^^^
[INFO] [stderr]   |
[INFO] [stderr]   = note: `#[warn(unused_imports)]` on by default
[INFO] [stderr] 
[INFO] [stderr] warning: field `value` is never read
[INFO] [stderr]   --> src/models.rs:19:9
[INFO] [stderr]    |
[INFO] [stderr] 15 | pub(crate) struct Qualficiation {
[INFO] [stderr]    |                   ------------- field in this struct
[INFO] [stderr] ...
[INFO] [stderr] 19 |     pub value: f32,
[INFO] [stderr]    |         ^^^^^
[INFO] [stderr]    |
[INFO] [stderr]    = note: `#[warn(dead_code)]` on by default
[INFO] [stderr] 
[INFO] [stderr] warning: struct `FormatRecord` is never constructed
[INFO] [stderr]   --> src/models.rs:41:19
[INFO] [stderr]    |
[INFO] [stderr] 41 | pub(crate) struct FormatRecord {
[INFO] [stderr]    |                   ^^^^^^^^^^^^
[INFO] [stderr] 
[INFO] [stderr] warning: associated function `from_record` is never used
[INFO] [stderr]   --> src/models.rs:50:12
[INFO] [stderr]    |
[INFO] [stderr] 49 | impl FormatRecord {
[INFO] [stderr]    | ----------------- associated function in this implementation
[INFO] [stderr] 50 |     pub fn from_record(record: &Record) -> Self {
[INFO] [stderr]    |            ^^^^^^^^^^^
[INFO] [stderr] 
[INFO] [stderr] warning: `gcalc` (lib) generated 4 warnings (run `cargo fix --lib -p gcalc` to apply 1 suggestion)
[INFO] [stderr] warning: `gcalc` (lib test) generated 4 warnings (4 duplicates)
[INFO] [stderr]     Finished `test` profile [unoptimized + debuginfo] target(s) in 0.02s
[INFO] [stderr]      Running unittests src/lib.rs (/opt/rustwide/target/debug/deps/gcalc-1c63cae5774a0b97)
[INFO] [stdout] 
[INFO] [stdout] running 0 tests
[INFO] [stdout] 
[INFO] [stdout] test result: ok. 0 passed; 0 failed; 0 ignored; 0 measured; 0 filtered out; finished in 0.00s
[INFO] [stdout] 
[INFO] [stderr]      Running unittests src/bin.rs (/opt/rustwide/target/debug/deps/gcalc-43af3a770c6ce53b)
[INFO] [stdout] 
[INFO] [stdout] running 0 tests
[INFO] [stdout] 
[INFO] [stdout] test result: ok. 0 passed; 0 failed; 0 ignored; 0 measured; 0 filtered out; finished in 0.00s
[INFO] [stdout] 
[INFO] [stderr]    Doc-tests gcalc
[INFO] [stdout] 
[INFO] [stdout] running 1 test
[INFO] [stdout] test src/lib.rs - (line 7) ... FAILED
[INFO] [stdout] 
[INFO] [stdout] failures:
[INFO] [stdout] 
[INFO] [stdout] ---- src/lib.rs - (line 7) stdout ----
[INFO] [stdout] Test executable failed (exit status: 101).
[INFO] [stdout] 
[INFO] [stdout] stderr:
[INFO] [stdout] File "file_to_write_values.csv" cannot be used as output redirection.
[INFO] [stdout] thread 'main' panicked at src/lib.rs:13:34:
[INFO] [stdout] Failed to calculate: StdIo(Os { code: 30, kind: ReadOnlyFilesystem, message: "Read-only file system" })
[INFO] [stdout] stack backtrace:
[INFO] [stdout]    0:     0x56a0511c8dba - std::backtrace_rs::backtrace::libunwind::trace::h207520d6e9873551
[INFO] [stdout]                                at /rustc/df4ca44d3fbc9301ee17f30f4d474e6ae4b05252/library/std/src/../../backtrace/src/backtrace/libunwind.rs:116:5
[INFO] [stdout]    1:     0x56a0511c8dba - std::backtrace_rs::backtrace::trace_unsynchronized::h2ed7433f370e3eca
[INFO] [stdout]                                at /rustc/df4ca44d3fbc9301ee17f30f4d474e6ae4b05252/library/std/src/../../backtrace/src/backtrace/mod.rs:66:5
[INFO] [stdout]    2:     0x56a0511c8dba - std::sys::backtrace::_print_fmt::h916fac51166b18d7
[INFO] [stdout]                                at /rustc/df4ca44d3fbc9301ee17f30f4d474e6ae4b05252/library/std/src/sys/backtrace.rs:66:9
[INFO] [stdout]    3:     0x56a0511c8dba - <std::sys::backtrace::BacktraceLock::print::DisplayBacktrace as core::fmt::Display>::fmt::ha0a4c9b8ce3802e6
[INFO] [stdout]                                at /rustc/df4ca44d3fbc9301ee17f30f4d474e6ae4b05252/library/std/src/sys/backtrace.rs:39:26
[INFO] [stdout]    4:     0x56a0511ebe33 - core::fmt::rt::Argument::fmt::h4cfc8587d52b3eb5
[INFO] [stdout]                                at /rustc/df4ca44d3fbc9301ee17f30f4d474e6ae4b05252/library/core/src/fmt/rt.rs:177:76
[INFO] [stdout]    5:     0x56a0511ebe33 - core::fmt::write::h522cc39e5b36ae9f
[INFO] [stdout]                                at /rustc/df4ca44d3fbc9301ee17f30f4d474e6ae4b05252/library/core/src/fmt/mod.rs:1190:21
[INFO] [stdout]    6:     0x56a0511c6533 - std::io::Write::write_fmt::hf1c1dcc8cc1287f0
[INFO] [stdout]                                at /rustc/df4ca44d3fbc9301ee17f30f4d474e6ae4b05252/library/std/src/io/mod.rs:1839:15
[INFO] [stdout]    7:     0x56a0511c8c02 - std::sys::backtrace::BacktraceLock::print::h4b9e00b29e9c0942
[INFO] [stdout]                                at /rustc/df4ca44d3fbc9301ee17f30f4d474e6ae4b05252/library/std/src/sys/backtrace.rs:42:9
[INFO] [stdout]    8:     0x56a0511c9bcc - std::panicking::default_hook::{{closure}}::hb59b88280d0324d9
[INFO] [stdout]                                at /rustc/df4ca44d3fbc9301ee17f30f4d474e6ae4b05252/library/std/src/panicking.rs:268:22
[INFO] [stdout]    9:     0x56a0511c9a12 - std::panicking::default_hook::he1dd496665be4a29
[INFO] [stdout]                                at /rustc/df4ca44d3fbc9301ee17f30f4d474e6ae4b05252/library/std/src/panicking.rs:295:9
[INFO] [stdout]   10:     0x56a0511ca1c7 - std::panicking::rust_panic_with_hook::h2ff17fe8f26dfcf8
[INFO] [stdout]                                at /rustc/df4ca44d3fbc9301ee17f30f4d474e6ae4b05252/library/std/src/panicking.rs:801:13
[INFO] [stdout]   11:     0x56a0511ca05a - std::panicking::begin_panic_handler::{{closure}}::h4fad77951c07e101
[INFO] [stdout]                                at /rustc/df4ca44d3fbc9301ee17f30f4d474e6ae4b05252/library/std/src/panicking.rs:674:13
[INFO] [stdout]   12:     0x56a0511c9299 - std::sys::backtrace::__rust_end_short_backtrace::hb1a25b3da5d0ea08
[INFO] [stdout]                                at /rustc/df4ca44d3fbc9301ee17f30f4d474e6ae4b05252/library/std/src/sys/backtrace.rs:170:18
[INFO] [stdout]   13:     0x56a0511c9cec - rust_begin_unwind
[INFO] [stdout]                                at /rustc/df4ca44d3fbc9301ee17f30f4d474e6ae4b05252/library/std/src/panicking.rs:665:5
[INFO] [stdout]   14:     0x56a0511ea800 - core::panicking::panic_fmt::ha9db07b529f9b256
[INFO] [stdout]                                at /rustc/df4ca44d3fbc9301ee17f30f4d474e6ae4b05252/library/core/src/panicking.rs:75:14
[INFO] [stdout]   15:     0x56a0511eac86 - core::result::unwrap_failed::h5e8218e4d4338b8a
[INFO] [stdout]                                at /rustc/df4ca44d3fbc9301ee17f30f4d474e6ae4b05252/library/core/src/result.rs:1698:5
[INFO] [stdout]   16:     0x56a05102836c - core::result::Result<T,E>::expect::hf0a350f4b28aa3fb
[INFO] [stdout]   17:     0x56a051028c81 - rust_out::main::_doctest_main_src_lib_rs_7_0::h830c10adb983d4d3
[INFO] [stdout]   18:     0x56a051028af6 - rust_out::main::ha213a30daa5df4da
[INFO] [stdout]   19:     0x56a0510281d3 - core::ops::function::FnOnce::call_once::hf7edf7132571051c
[INFO] [stdout]   20:     0x56a051028126 - std::sys::backtrace::__rust_begin_short_backtrace::h32fd822fd2ba4079
[INFO] [stdout]   21:     0x56a051028109 - std::rt::lang_start::{{closure}}::h4039a1c394ed4f7c
[INFO] [stdout]   22:     0x56a0511c3467 - core::ops::function::impls::<impl core::ops::function::FnOnce<A> for &F>::call_once::hd87d66b906e0ccaf
[INFO] [stdout]                                at /rustc/df4ca44d3fbc9301ee17f30f4d474e6ae4b05252/library/core/src/ops/function.rs:284:13
[INFO] [stdout]   23:     0x56a0511c3467 - std::panicking::try::do_call::hae3703de71fc9e3a
[INFO] [stdout]                                at /rustc/df4ca44d3fbc9301ee17f30f4d474e6ae4b05252/library/std/src/panicking.rs:557:40
[INFO] [stdout]   24:     0x56a0511c3467 - std::panicking::try::h1178330e9a2b2645
[INFO] [stdout]                                at /rustc/df4ca44d3fbc9301ee17f30f4d474e6ae4b05252/library/std/src/panicking.rs:520:19
[INFO] [stdout]   25:     0x56a0511c3467 - std::panic::catch_unwind::h0acf49d2305d32ad
[INFO] [stdout]                                at /rustc/df4ca44d3fbc9301ee17f30f4d474e6ae4b05252/library/std/src/panic.rs:358:14
[INFO] [stdout]   26:     0x56a0511c3467 - std::rt::lang_start_internal::{{closure}}::h2d95182d798177be
[INFO] [stdout]                                at /rustc/df4ca44d3fbc9301ee17f30f4d474e6ae4b05252/library/std/src/rt.rs:174:48
[INFO] [stdout]   27:     0x56a0511c3467 - std::panicking::try::do_call::hb506f5bfe11fd30c
[INFO] [stdout]                                at /rustc/df4ca44d3fbc9301ee17f30f4d474e6ae4b05252/library/std/src/panicking.rs:557:40
[INFO] [stdout]   28:     0x56a0511c3467 - std::panicking::try::h54d825c46bd0fa95
[INFO] [stdout]                                at /rustc/df4ca44d3fbc9301ee17f30f4d474e6ae4b05252/library/std/src/panicking.rs:520:19
[INFO] [stdout]   29:     0x56a0511c3467 - std::panic::catch_unwind::hffbb0ad20c4e9fac
[INFO] [stdout]                                at /rustc/df4ca44d3fbc9301ee17f30f4d474e6ae4b05252/library/std/src/panic.rs:358:14
[INFO] [stdout]   30:     0x56a0511c3467 - std::rt::lang_start_internal::h52c291ef1962c925
[INFO] [stdout]                                at /rustc/df4ca44d3fbc9301ee17f30f4d474e6ae4b05252/library/std/src/rt.rs:174:20
[INFO] [stdout]   31:     0x56a0510280e7 - std::rt::lang_start::h8c6075cd6f225ba1
[INFO] [stdout]   32:     0x56a051028d35 - main
[INFO] [stdout]   33:     0x7babd175fd90 - <unknown>
[INFO] [stdout]   34:     0x7babd175fe40 - __libc_start_main
[INFO] [stdout]   35:     0x56a051027ff5 - _start
[INFO] [stdout]   36:                0x0 - <unknown>
[INFO] [stdout] 
[INFO] [stdout] 
[INFO] [stdout] 
[INFO] [stdout] failures:
[INFO] [stdout]     src/lib.rs - (line 7)
[INFO] [stdout] 
[INFO] [stdout] test result: FAILED. 0 passed; 1 failed; 0 ignored; 0 measured; 0 filtered out; finished in 0.16s
[INFO] [stdout] 
[INFO] [stderr] error: doctest failed, to rerun pass `--doc`
[INFO] running `Command { std: "docker" "inspect" "bce86649474db5dc7dca5e73bf4ce9c6a64633e3c77165ea3645a3d082264a77", kill_on_drop: false }`
[INFO] running `Command { std: "docker" "rm" "-f" "bce86649474db5dc7dca5e73bf4ce9c6a64633e3c77165ea3645a3d082264a77", kill_on_drop: false }`
[INFO] [stdout] bce86649474db5dc7dca5e73bf4ce9c6a64633e3c77165ea3645a3d082264a77
