[INFO] fetching crate gargoyle 0.1.5...
[INFO] testing gargoyle-0.1.5 against nightly-2024-10-28+rustflags=-Zrandomize-layout for randomize-layout
[INFO] extracting crate gargoyle 0.1.5 into /workspace/builds/worker-5-tc2/source
[INFO] validating manifest of crates.io crate gargoyle 0.1.5 on toolchain nightly-2024-10-28
[INFO] running `Command { std: CARGO_HOME="/workspace/cargo-home" RUSTUP_HOME="/workspace/rustup-home" "/workspace/cargo-home/bin/cargo" "+nightly-2024-10-28" "metadata" "--manifest-path" "Cargo.toml" "--no-deps", kill_on_drop: false }`
[INFO] started tweaking crates.io crate gargoyle 0.1.5
[INFO] finished tweaking crates.io crate gargoyle 0.1.5
[INFO] tweaked toml for crates.io crate gargoyle 0.1.5 written to /workspace/builds/worker-5-tc2/source/Cargo.toml
[INFO] running `Command { std: CARGO_HOME="/workspace/cargo-home" RUSTUP_HOME="/workspace/rustup-home" "/workspace/cargo-home/bin/cargo" "+nightly-2024-10-28" "generate-lockfile" "--manifest-path" "Cargo.toml", kill_on_drop: false }`
[INFO] [stderr]     Updating crates.io index
[INFO] [stderr]      Locking 7 packages to latest compatible versions
[INFO] running `Command { std: CARGO_HOME="/workspace/cargo-home" RUSTUP_HOME="/workspace/rustup-home" "/workspace/cargo-home/bin/cargo" "+nightly-2024-10-28" "fetch" "--manifest-path" "Cargo.toml", kill_on_drop: false }`
[INFO] running `Command { std: "docker" "create" "-v" "/var/lib/crater-agent-workspace/builds/worker-5-tc2/target:/opt/rustwide/target:rw,Z" "-v" "/var/lib/crater-agent-workspace/builds/worker-5-tc2/source:/opt/rustwide/workdir:ro,Z" "-v" "/var/lib/crater-agent-workspace/cargo-home:/opt/rustwide/cargo-home:ro,Z" "-v" "/var/lib/crater-agent-workspace/rustup-home:/opt/rustwide/rustup-home:ro,Z" "-e" "SOURCE_DIR=/opt/rustwide/workdir" "-e" "CARGO_TARGET_DIR=/opt/rustwide/target" "-e" "CARGO_HOME=/opt/rustwide/cargo-home" "-e" "RUSTUP_HOME=/opt/rustwide/rustup-home" "-w" "/opt/rustwide/workdir" "-m" "1610612736" "--user" "0:0" "--network" "none" "ghcr.io/rust-lang/crates-build-env/linux@sha256:4a844ea9eb2546a2d2c7022eacef16ef2e8229c7fbb2c7d4d55a9ceca922f72d" "/opt/rustwide/cargo-home/bin/cargo" "+nightly-2024-10-28" "metadata" "--no-deps" "--format-version=1", kill_on_drop: false }`
[INFO] [stdout] 8ceb7bf5fff06b1fae7e6d2f994ccd85c256903f0694f31c3845a618380b86a8
[INFO] running `Command { std: "docker" "start" "-a" "8ceb7bf5fff06b1fae7e6d2f994ccd85c256903f0694f31c3845a618380b86a8", kill_on_drop: false }`
[INFO] running `Command { std: "docker" "inspect" "8ceb7bf5fff06b1fae7e6d2f994ccd85c256903f0694f31c3845a618380b86a8", kill_on_drop: false }`
[INFO] running `Command { std: "docker" "rm" "-f" "8ceb7bf5fff06b1fae7e6d2f994ccd85c256903f0694f31c3845a618380b86a8", kill_on_drop: false }`
[INFO] [stdout] 8ceb7bf5fff06b1fae7e6d2f994ccd85c256903f0694f31c3845a618380b86a8
[INFO] running `Command { std: "docker" "create" "-v" "/var/lib/crater-agent-workspace/builds/worker-5-tc2/target:/opt/rustwide/target:rw,Z" "-v" "/var/lib/crater-agent-workspace/builds/worker-5-tc2/source:/opt/rustwide/workdir:ro,Z" "-v" "/var/lib/crater-agent-workspace/cargo-home:/opt/rustwide/cargo-home:ro,Z" "-v" "/var/lib/crater-agent-workspace/rustup-home:/opt/rustwide/rustup-home:ro,Z" "-e" "SOURCE_DIR=/opt/rustwide/workdir" "-e" "CARGO_TARGET_DIR=/opt/rustwide/target" "-e" "CARGO_INCREMENTAL=0" "-e" "RUST_BACKTRACE=full" "-e" "RUSTFLAGS=--cap-lints=forbid -Zrandomize-layout" "-e" "RUSTDOCFLAGS=--cap-lints=forbid" "-e" "CARGO_HOME=/opt/rustwide/cargo-home" "-e" "RUSTUP_HOME=/opt/rustwide/rustup-home" "-w" "/opt/rustwide/workdir" "-m" "1610612736" "--user" "0:0" "--network" "none" "ghcr.io/rust-lang/crates-build-env/linux@sha256:4a844ea9eb2546a2d2c7022eacef16ef2e8229c7fbb2c7d4d55a9ceca922f72d" "/opt/rustwide/cargo-home/bin/cargo" "+nightly-2024-10-28" "build" "--frozen" "--message-format=json", kill_on_drop: false }`
[INFO] [stdout] 9e5004fa9b1ece2c31fbf76cc60027bb27005c989b3b38592b67ce70717e5a8a
[INFO] running `Command { std: "docker" "start" "-a" "9e5004fa9b1ece2c31fbf76cc60027bb27005c989b3b38592b67ce70717e5a8a", kill_on_drop: false }`
[INFO] [stderr]    Compiling gargoyle v0.1.5 (/opt/rustwide/workdir)
[INFO] [stderr]     Finished `dev` profile [unoptimized + debuginfo] target(s) in 0.12s
[INFO] running `Command { std: "docker" "inspect" "9e5004fa9b1ece2c31fbf76cc60027bb27005c989b3b38592b67ce70717e5a8a", kill_on_drop: false }`
[INFO] running `Command { std: "docker" "rm" "-f" "9e5004fa9b1ece2c31fbf76cc60027bb27005c989b3b38592b67ce70717e5a8a", kill_on_drop: false }`
[INFO] [stdout] 9e5004fa9b1ece2c31fbf76cc60027bb27005c989b3b38592b67ce70717e5a8a
[INFO] running `Command { std: "docker" "create" "-v" "/var/lib/crater-agent-workspace/builds/worker-5-tc2/target:/opt/rustwide/target:rw,Z" "-v" "/var/lib/crater-agent-workspace/builds/worker-5-tc2/source:/opt/rustwide/workdir:ro,Z" "-v" "/var/lib/crater-agent-workspace/cargo-home:/opt/rustwide/cargo-home:ro,Z" "-v" "/var/lib/crater-agent-workspace/rustup-home:/opt/rustwide/rustup-home:ro,Z" "-e" "SOURCE_DIR=/opt/rustwide/workdir" "-e" "CARGO_TARGET_DIR=/opt/rustwide/target" "-e" "CARGO_INCREMENTAL=0" "-e" "RUST_BACKTRACE=full" "-e" "RUSTFLAGS=--cap-lints=forbid -Zrandomize-layout" "-e" "RUSTDOCFLAGS=--cap-lints=forbid" "-e" "CARGO_HOME=/opt/rustwide/cargo-home" "-e" "RUSTUP_HOME=/opt/rustwide/rustup-home" "-w" "/opt/rustwide/workdir" "-m" "1610612736" "--user" "0:0" "--network" "none" "ghcr.io/rust-lang/crates-build-env/linux@sha256:4a844ea9eb2546a2d2c7022eacef16ef2e8229c7fbb2c7d4d55a9ceca922f72d" "/opt/rustwide/cargo-home/bin/cargo" "+nightly-2024-10-28" "test" "--frozen" "--no-run" "--message-format=json", kill_on_drop: false }`
[INFO] [stdout] bd5fbb9b20a79e3047f2e6f05fef38588ef6cf0205eeec3a40606b6d02c3531e
[INFO] running `Command { std: "docker" "start" "-a" "bd5fbb9b20a79e3047f2e6f05fef38588ef6cf0205eeec3a40606b6d02c3531e", kill_on_drop: false }`
[INFO] [stderr]    Compiling gargoyle v0.1.5 (/opt/rustwide/workdir)
[INFO] [stderr]     Finished `test` profile [unoptimized + debuginfo] target(s) in 0.15s
[INFO] running `Command { std: "docker" "inspect" "bd5fbb9b20a79e3047f2e6f05fef38588ef6cf0205eeec3a40606b6d02c3531e", kill_on_drop: false }`
[INFO] running `Command { std: "docker" "rm" "-f" "bd5fbb9b20a79e3047f2e6f05fef38588ef6cf0205eeec3a40606b6d02c3531e", kill_on_drop: false }`
[INFO] [stdout] bd5fbb9b20a79e3047f2e6f05fef38588ef6cf0205eeec3a40606b6d02c3531e
[INFO] running `Command { std: "docker" "create" "-v" "/var/lib/crater-agent-workspace/builds/worker-5-tc2/target:/opt/rustwide/target:rw,Z" "-v" "/var/lib/crater-agent-workspace/builds/worker-5-tc2/source:/opt/rustwide/workdir:ro,Z" "-v" "/var/lib/crater-agent-workspace/cargo-home:/opt/rustwide/cargo-home:ro,Z" "-v" "/var/lib/crater-agent-workspace/rustup-home:/opt/rustwide/rustup-home:ro,Z" "-e" "SOURCE_DIR=/opt/rustwide/workdir" "-e" "CARGO_TARGET_DIR=/opt/rustwide/target" "-e" "CARGO_INCREMENTAL=0" "-e" "RUST_BACKTRACE=full" "-e" "RUSTFLAGS=--cap-lints=forbid -Zrandomize-layout" "-e" "RUSTDOCFLAGS=--cap-lints=forbid" "-e" "CARGO_HOME=/opt/rustwide/cargo-home" "-e" "RUSTUP_HOME=/opt/rustwide/rustup-home" "-w" "/opt/rustwide/workdir" "-m" "1610612736" "--user" "0:0" "--network" "none" "ghcr.io/rust-lang/crates-build-env/linux@sha256:4a844ea9eb2546a2d2c7022eacef16ef2e8229c7fbb2c7d4d55a9ceca922f72d" "/opt/rustwide/cargo-home/bin/cargo" "+nightly-2024-10-28" "test" "--frozen", kill_on_drop: false }`
[INFO] [stdout] 746afa2e4834a95350e57d6895ff0a3d124e43534b76016c4c6fe0e5ead4a546
[INFO] running `Command { std: "docker" "start" "-a" "746afa2e4834a95350e57d6895ff0a3d124e43534b76016c4c6fe0e5ead4a546", kill_on_drop: false }`
[INFO] [stderr]     Finished `test` profile [unoptimized + debuginfo] target(s) in 0.01s
[INFO] [stderr]      Running unittests src/lib.rs (/opt/rustwide/target/debug/deps/gargoyle-265c17f5f88d0895)
[INFO] [stdout] 
[INFO] [stdout] running 0 tests
[INFO] [stdout] 
[INFO] [stdout] test result: ok. 0 passed; 0 failed; 0 ignored; 0 measured; 0 filtered out; finished in 0.00s
[INFO] [stdout] 
[INFO] [stderr]    Doc-tests gargoyle
[INFO] [stdout] 
[INFO] [stdout] running 3 tests
[INFO] [stdout] test src/schedule.rs - schedule::Schedule (line 28) ... FAILED
[INFO] [stdout] test src/notify.rs - notify::Notify (line 6) ... FAILED
[INFO] [stdout] test src/monitor.rs - monitor::Monitor (line 17) ... FAILED
[INFO] [stdout] 
[INFO] [stdout] failures:
[INFO] [stdout] 
[INFO] [stdout] ---- src/schedule.rs - schedule::Schedule (line 28) stdout ----
[INFO] [stdout] error[E0432]: unresolved import `gargoyle::modules`
[INFO] [stdout]  --> src/schedule.rs:32:16
[INFO] [stdout]   |
[INFO] [stdout] 7 | use gargoyle::{modules::{monitor, notify}, Schedule};
[INFO] [stdout]   |                ^^^^^^^ could not find `modules` in `gargoyle`
[INFO] [stdout] 
[INFO] [stdout] error: aborting due to 1 previous error
[INFO] [stdout] 
[INFO] [stdout] For more information about this error, try `rustc --explain E0432`.
[INFO] [stdout] Couldn't compile the test.
[INFO] [stdout] ---- src/notify.rs - notify::Notify (line 6) stdout ----
[INFO] [stdout] error[E0433]: failed to resolve: use of undeclared crate or module `lettre`
[INFO] [stdout]  --> src/notify.rs:8:5
[INFO] [stdout]   |
[INFO] [stdout] 5 | use lettre::{
[INFO] [stdout]   |     ^^^^^^ use of undeclared crate or module `lettre`
[INFO] [stdout] 
[INFO] [stdout] error[E0432]: unresolved import `lettre`
[INFO] [stdout]  --> src/notify.rs:8:5
[INFO] [stdout]   |
[INFO] [stdout] 5 | use lettre::{
[INFO] [stdout]   |     ^^^^^^ use of undeclared crate or module `lettre`
[INFO] [stdout] 
[INFO] [stdout] error: aborting due to 2 previous errors
[INFO] [stdout] 
[INFO] [stdout] Some errors have detailed explanations: E0432, E0433.
[INFO] [stdout] For more information about an error, try `rustc --explain E0432`.
[INFO] [stdout] Couldn't compile the test.
[INFO] [stdout] ---- src/monitor.rs - monitor::Monitor (line 17) stdout ----
[INFO] [stdout] error[E0433]: failed to resolve: use of undeclared crate or module `reqwest`
[INFO] [stdout]  --> src/monitor.rs:20:9
[INFO] [stdout]   |
[INFO] [stdout] 6 | pub use reqwest::blocking::Client;
[INFO] [stdout]   |         ^^^^^^^ use of undeclared crate or module `reqwest`
[INFO] [stdout] 
[INFO] [stdout] error[E0533]: expected value, found struct variant `Action::Notify`
[INFO] [stdout]   --> src/monitor.rs:51:21
[INFO] [stdout]    |
[INFO] [stdout] 37 |                     Action::Notify(Some(format!("Failed to get {} - {}", self.url, response.status())))
[INFO] [stdout]    |                     ^^^^^^^^^^^^^^ not a value
[INFO] [stdout]    |
[INFO] [stdout] help: you might have meant to create a new value of the struct
[INFO] [stdout]    |
[INFO] [stdout] 37 |                     Action::Notify { diagnostic: /* value */ }
[INFO] [stdout]    |                                    ~~~~~~~~~~~~~~~~~~~~~~~~~~~
[INFO] [stdout] 
[INFO] [stdout] error[E0533]: expected value, found struct variant `Action::Notify`
[INFO] [stdout]   --> src/monitor.rs:57:17
[INFO] [stdout]    |
[INFO] [stdout] 43 |                 Action::Notify(Some(format!("Failed to connect to {}", self.url)))
[INFO] [stdout]    |                 ^^^^^^^^^^^^^^ not a value
[INFO] [stdout]    |
[INFO] [stdout] help: you might have meant to create a new value of the struct
[INFO] [stdout]    |
[INFO] [stdout] 43 |                 Action::Notify { diagnostic: /* value */ }
[INFO] [stdout]    |                                ~~~~~~~~~~~~~~~~~~~~~~~~~~~
[INFO] [stdout] 
[INFO] [stdout] error: aborting due to 3 previous errors
[INFO] [stdout] 
[INFO] [stdout] Some errors have detailed explanations: E0433, E0533.
[INFO] [stdout] For more information about an error, try `rustc --explain E0433`.
[INFO] [stdout] Couldn't compile the test.
[INFO] [stdout] 
[INFO] [stdout] failures:
[INFO] [stdout]     src/monitor.rs - monitor::Monitor (line 17)
[INFO] [stdout]     src/notify.rs - notify::Notify (line 6)
[INFO] [stdout]     src/schedule.rs - schedule::Schedule (line 28)
[INFO] [stdout] 
[INFO] [stdout] test result: FAILED. 0 passed; 3 failed; 0 ignored; 0 measured; 0 filtered out; finished in 0.04s
[INFO] [stdout] 
[INFO] [stderr] error: doctest failed, to rerun pass `--doc`
[INFO] running `Command { std: "docker" "inspect" "746afa2e4834a95350e57d6895ff0a3d124e43534b76016c4c6fe0e5ead4a546", kill_on_drop: false }`
[INFO] running `Command { std: "docker" "rm" "-f" "746afa2e4834a95350e57d6895ff0a3d124e43534b76016c4c6fe0e5ead4a546", kill_on_drop: false }`
[INFO] [stdout] 746afa2e4834a95350e57d6895ff0a3d124e43534b76016c4c6fe0e5ead4a546
