[INFO] fetching crate garden-lang 0.17.0...
[INFO] testing garden-lang-0.17.0 against nightly-2024-10-28 for randomize-layout
[INFO] extracting crate garden-lang 0.17.0 into /workspace/builds/worker-6-tc1/source
[INFO] validating manifest of crates.io crate garden-lang 0.17.0 on toolchain nightly-2024-10-28
[INFO] running `Command { std: CARGO_HOME="/workspace/cargo-home" RUSTUP_HOME="/workspace/rustup-home" "/workspace/cargo-home/bin/cargo" "+nightly-2024-10-28" "metadata" "--manifest-path" "Cargo.toml" "--no-deps", kill_on_drop: false }`
[INFO] started tweaking crates.io crate garden-lang 0.17.0
[INFO] finished tweaking crates.io crate garden-lang 0.17.0
[INFO] tweaked toml for crates.io crate garden-lang 0.17.0 written to /workspace/builds/worker-6-tc1/source/Cargo.toml
[INFO] crate crates.io crate garden-lang 0.17.0 already has a lockfile, it will not be regenerated
[INFO] running `Command { std: CARGO_HOME="/workspace/cargo-home" RUSTUP_HOME="/workspace/rustup-home" "/workspace/cargo-home/bin/cargo" "+nightly-2024-10-28" "fetch" "--manifest-path" "Cargo.toml", kill_on_drop: false }`
[INFO] [stderr]     Updating crates.io index
[INFO] [stderr]  Downloading crates ...
[INFO] [stderr]   Downloaded ctrlc v3.4.4
[INFO] [stderr]   Downloaded goldentests v1.1.1
[INFO] [stderr]   Downloaded garden-lang-parser v0.17.0
[INFO] [stderr]   Downloaded line-numbers v0.2.2
[INFO] [stderr]   Downloaded assert_cmd v2.0.14
[INFO] [stderr]   Downloaded similar v2.5.0
[INFO] [stderr]   Downloaded owo-colors v4.0.0
[INFO] [stderr]   Downloaded rustyline v10.1.1
[INFO] running `Command { std: "docker" "create" "-v" "/var/lib/crater-agent-workspace/builds/worker-6-tc1/target:/opt/rustwide/target:rw,Z" "-v" "/var/lib/crater-agent-workspace/builds/worker-6-tc1/source:/opt/rustwide/workdir:ro,Z" "-v" "/var/lib/crater-agent-workspace/cargo-home:/opt/rustwide/cargo-home:ro,Z" "-v" "/var/lib/crater-agent-workspace/rustup-home:/opt/rustwide/rustup-home:ro,Z" "-e" "SOURCE_DIR=/opt/rustwide/workdir" "-e" "CARGO_TARGET_DIR=/opt/rustwide/target" "-e" "CARGO_HOME=/opt/rustwide/cargo-home" "-e" "RUSTUP_HOME=/opt/rustwide/rustup-home" "-w" "/opt/rustwide/workdir" "-m" "1610612736" "--user" "0:0" "--network" "none" "ghcr.io/rust-lang/crates-build-env/linux@sha256:4a844ea9eb2546a2d2c7022eacef16ef2e8229c7fbb2c7d4d55a9ceca922f72d" "/opt/rustwide/cargo-home/bin/cargo" "+nightly-2024-10-28" "metadata" "--no-deps" "--format-version=1", kill_on_drop: false }`
[INFO] [stdout] 6cf87469ab105215eb542caf3bcd0852c86828a74888c9fd3536052cafd963a2
[INFO] running `Command { std: "docker" "start" "-a" "6cf87469ab105215eb542caf3bcd0852c86828a74888c9fd3536052cafd963a2", kill_on_drop: false }`
[INFO] running `Command { std: "docker" "inspect" "6cf87469ab105215eb542caf3bcd0852c86828a74888c9fd3536052cafd963a2", kill_on_drop: false }`
[INFO] running `Command { std: "docker" "rm" "-f" "6cf87469ab105215eb542caf3bcd0852c86828a74888c9fd3536052cafd963a2", kill_on_drop: false }`
[INFO] [stdout] 6cf87469ab105215eb542caf3bcd0852c86828a74888c9fd3536052cafd963a2
[INFO] running `Command { std: "docker" "create" "-v" "/var/lib/crater-agent-workspace/builds/worker-6-tc1/target:/opt/rustwide/target:rw,Z" "-v" "/var/lib/crater-agent-workspace/builds/worker-6-tc1/source:/opt/rustwide/workdir:ro,Z" "-v" "/var/lib/crater-agent-workspace/cargo-home:/opt/rustwide/cargo-home:ro,Z" "-v" "/var/lib/crater-agent-workspace/rustup-home:/opt/rustwide/rustup-home:ro,Z" "-e" "SOURCE_DIR=/opt/rustwide/workdir" "-e" "CARGO_TARGET_DIR=/opt/rustwide/target" "-e" "CARGO_INCREMENTAL=0" "-e" "RUST_BACKTRACE=full" "-e" "RUSTFLAGS=--cap-lints=forbid" "-e" "RUSTDOCFLAGS=--cap-lints=forbid" "-e" "CARGO_HOME=/opt/rustwide/cargo-home" "-e" "RUSTUP_HOME=/opt/rustwide/rustup-home" "-w" "/opt/rustwide/workdir" "-m" "1610612736" "--user" "0:0" "--network" "none" "ghcr.io/rust-lang/crates-build-env/linux@sha256:4a844ea9eb2546a2d2c7022eacef16ef2e8229c7fbb2c7d4d55a9ceca922f72d" "/opt/rustwide/cargo-home/bin/cargo" "+nightly-2024-10-28" "build" "--frozen" "--message-format=json", kill_on_drop: false }`
[INFO] [stdout] f4ce5e662f182e55065a7f84baa9a415be3589f0c62b3e15344673c2cc635c7d
[INFO] running `Command { std: "docker" "start" "-a" "f4ce5e662f182e55065a7f84baa9a415be3589f0c62b3e15344673c2cc635c7d", kill_on_drop: false }`
[INFO] [stderr]    Compiling proc-macro2 v1.0.82
[INFO] [stderr]    Compiling libc v0.2.154
[INFO] [stderr]    Compiling bitflags v2.5.0
[INFO] [stderr]    Compiling utf8parse v0.2.1
[INFO] [stderr]    Compiling memchr v2.7.2
[INFO] [stderr]    Compiling rustix v0.38.34
[INFO] [stderr]    Compiling serde v1.0.202
[INFO] [stderr]    Compiling autocfg v1.3.0
[INFO] [stderr]    Compiling syn v1.0.109
[INFO] [stderr]    Compiling rustversion v1.0.17
[INFO] [stderr]    Compiling cfg_aliases v0.1.1
[INFO] [stderr]    Compiling nix v0.28.0
[INFO] [stderr]    Compiling anstyle-parse v0.2.4
[INFO] [stderr]    Compiling linux-raw-sys v0.4.13
[INFO] [stderr]    Compiling num-traits v0.2.19
[INFO] [stderr]    Compiling is_terminal_polyfill v1.70.0
[INFO] [stderr]    Compiling colorchoice v1.0.1
[INFO] [stderr]    Compiling regex-syntax v0.8.3
[INFO] [stderr]    Compiling smallvec v1.13.2
[INFO] [stderr]    Compiling anstyle-query v1.0.3
[INFO] [stderr]    Compiling anstyle v1.0.7
[INFO] [stderr]    Compiling aho-corasick v1.1.3
[INFO] [stderr]    Compiling nibble_vec v0.1.0
[INFO] [stderr]    Compiling quote v1.0.36
[INFO] [stderr]    Compiling syn v2.0.63
[INFO] [stderr]    Compiling anstream v0.6.14
[INFO] [stderr]    Compiling heck v0.4.1
[INFO] [stderr]    Compiling serde_json v1.0.117
[INFO] [stderr]    Compiling bitflags v1.3.2
[INFO] [stderr]    Compiling clap_lex v0.7.0
[INFO] [stderr]    Compiling is_ci v1.2.0
[INFO] [stderr]    Compiling heck v0.5.0
[INFO] [stderr]    Compiling endian-type v0.1.2
[INFO] [stderr]    Compiling dirs-sys-next v0.1.2
[INFO] [stderr]    Compiling is-terminal v0.4.12
[INFO] [stderr]    Compiling strsim v0.11.1
[INFO] [stderr]    Compiling regex-automata v0.4.6
[INFO] [stderr]    Compiling clap_builder v4.5.2
[INFO] [stderr]    Compiling dirs-next v2.0.0
[INFO] [stderr]    Compiling supports-color v2.1.0
[INFO] [stderr]    Compiling radix_trie v0.2.1
[INFO] [stderr]    Compiling fd-lock v3.0.13
[INFO] [stderr]    Compiling nix v0.25.1
[INFO] [stderr]    Compiling unicode-width v0.1.12
[INFO] [stderr]    Compiling unicode-segmentation v1.11.0
[INFO] [stderr]    Compiling regex v1.10.4
[INFO] [stderr]    Compiling strum v0.24.1
[INFO] [stderr]    Compiling either v1.11.0
[INFO] [stderr]    Compiling line-numbers v0.2.2
[INFO] [stderr]    Compiling strum_macros v0.24.3
[INFO] [stderr]    Compiling ryu v1.0.18
[INFO] [stderr]    Compiling itertools v0.11.0
[INFO] [stderr]    Compiling ordered-float v3.9.2
[INFO] [stderr]    Compiling ctrlc v3.4.4
[INFO] [stderr]    Compiling owo-colors v4.0.0
[INFO] [stderr]    Compiling humantime v2.1.0
[INFO] [stderr]    Compiling rustyline v10.1.1
[INFO] [stderr]    Compiling serde_derive v1.0.202
[INFO] [stderr]    Compiling clap_derive v4.5.4
[INFO] [stderr]    Compiling strsim v0.10.0
[INFO] [stderr]    Compiling clap v4.5.4
[INFO] [stderr]    Compiling garden-lang-parser v0.17.0
[INFO] [stderr]    Compiling garden-lang v0.17.0 (/opt/rustwide/workdir)
[INFO] [stderr]     Finished `dev` profile [unoptimized + debuginfo] target(s) in 32.77s
[INFO] running `Command { std: "docker" "inspect" "f4ce5e662f182e55065a7f84baa9a415be3589f0c62b3e15344673c2cc635c7d", kill_on_drop: false }`
[INFO] running `Command { std: "docker" "rm" "-f" "f4ce5e662f182e55065a7f84baa9a415be3589f0c62b3e15344673c2cc635c7d", kill_on_drop: false }`
[INFO] [stdout] f4ce5e662f182e55065a7f84baa9a415be3589f0c62b3e15344673c2cc635c7d
[INFO] running `Command { std: "docker" "create" "-v" "/var/lib/crater-agent-workspace/builds/worker-6-tc1/target:/opt/rustwide/target:rw,Z" "-v" "/var/lib/crater-agent-workspace/builds/worker-6-tc1/source:/opt/rustwide/workdir:ro,Z" "-v" "/var/lib/crater-agent-workspace/cargo-home:/opt/rustwide/cargo-home:ro,Z" "-v" "/var/lib/crater-agent-workspace/rustup-home:/opt/rustwide/rustup-home:ro,Z" "-e" "SOURCE_DIR=/opt/rustwide/workdir" "-e" "CARGO_TARGET_DIR=/opt/rustwide/target" "-e" "CARGO_INCREMENTAL=0" "-e" "RUST_BACKTRACE=full" "-e" "RUSTFLAGS=--cap-lints=forbid" "-e" "RUSTDOCFLAGS=--cap-lints=forbid" "-e" "CARGO_HOME=/opt/rustwide/cargo-home" "-e" "RUSTUP_HOME=/opt/rustwide/rustup-home" "-w" "/opt/rustwide/workdir" "-m" "1610612736" "--user" "0:0" "--network" "none" "ghcr.io/rust-lang/crates-build-env/linux@sha256:4a844ea9eb2546a2d2c7022eacef16ef2e8229c7fbb2c7d4d55a9ceca922f72d" "/opt/rustwide/cargo-home/bin/cargo" "+nightly-2024-10-28" "test" "--frozen" "--no-run" "--message-format=json", kill_on_drop: false }`
[INFO] [stdout] e49db6aa0cfcb5ede05b3675ad0996dd72bebb41434223c2bf44d2484423eb84
[INFO] running `Command { std: "docker" "start" "-a" "e49db6aa0cfcb5ede05b3675ad0996dd72bebb41434223c2bf44d2484423eb84", kill_on_drop: false }`
[INFO] [stderr]    Compiling crossbeam-utils v0.8.19
[INFO] [stderr]    Compiling regex-automata v0.4.6
[INFO] [stderr]    Compiling rayon-core v1.12.1
[INFO] [stderr]    Compiling doc-comment v0.3.3
[INFO] [stderr]    Compiling predicates-core v1.0.6
[INFO] [stderr]    Compiling termtree v0.4.1
[INFO] [stderr]    Compiling assert_cmd v2.0.14
[INFO] [stderr]    Compiling difflib v0.4.0
[INFO] [stderr]    Compiling predicates-tree v1.0.9
[INFO] [stderr]    Compiling colored v2.1.0
[INFO] [stderr]    Compiling wait-timeout v0.2.0
[INFO] [stderr]    Compiling similar v2.5.0
[INFO] [stderr]    Compiling predicates v3.1.0
[INFO] [stderr]    Compiling shlex v1.3.0
[INFO] [stderr]    Compiling crossbeam-epoch v0.9.18
[INFO] [stderr]    Compiling crossbeam-deque v0.8.5
[INFO] [stderr]    Compiling rayon v1.10.0
[INFO] [stderr]    Compiling regex v1.10.4
[INFO] [stderr]    Compiling bstr v1.9.1
[INFO] [stderr]    Compiling garden-lang-parser v0.17.0
[INFO] [stderr]    Compiling goldentests v1.1.1
[INFO] [stderr]    Compiling garden-lang v0.17.0 (/opt/rustwide/workdir)
[INFO] [stderr]     Finished `test` profile [unoptimized + debuginfo] target(s) in 7.53s
[INFO] running `Command { std: "docker" "inspect" "e49db6aa0cfcb5ede05b3675ad0996dd72bebb41434223c2bf44d2484423eb84", kill_on_drop: false }`
[INFO] running `Command { std: "docker" "rm" "-f" "e49db6aa0cfcb5ede05b3675ad0996dd72bebb41434223c2bf44d2484423eb84", kill_on_drop: false }`
[INFO] [stdout] e49db6aa0cfcb5ede05b3675ad0996dd72bebb41434223c2bf44d2484423eb84
[INFO] running `Command { std: "docker" "create" "-v" "/var/lib/crater-agent-workspace/builds/worker-6-tc1/target:/opt/rustwide/target:rw,Z" "-v" "/var/lib/crater-agent-workspace/builds/worker-6-tc1/source:/opt/rustwide/workdir:ro,Z" "-v" "/var/lib/crater-agent-workspace/cargo-home:/opt/rustwide/cargo-home:ro,Z" "-v" "/var/lib/crater-agent-workspace/rustup-home:/opt/rustwide/rustup-home:ro,Z" "-e" "SOURCE_DIR=/opt/rustwide/workdir" "-e" "CARGO_TARGET_DIR=/opt/rustwide/target" "-e" "CARGO_INCREMENTAL=0" "-e" "RUST_BACKTRACE=full" "-e" "RUSTFLAGS=--cap-lints=forbid" "-e" "RUSTDOCFLAGS=--cap-lints=forbid" "-e" "CARGO_HOME=/opt/rustwide/cargo-home" "-e" "RUSTUP_HOME=/opt/rustwide/rustup-home" "-w" "/opt/rustwide/workdir" "-m" "1610612736" "--user" "0:0" "--network" "none" "ghcr.io/rust-lang/crates-build-env/linux@sha256:4a844ea9eb2546a2d2c7022eacef16ef2e8229c7fbb2c7d4d55a9ceca922f72d" "/opt/rustwide/cargo-home/bin/cargo" "+nightly-2024-10-28" "test" "--frozen", kill_on_drop: false }`
[INFO] [stdout] a1a4109897f1a9454e7412b0efab1b53057d39bc1ec9acd28318538ab5c5c714
[INFO] running `Command { std: "docker" "start" "-a" "a1a4109897f1a9454e7412b0efab1b53057d39bc1ec9acd28318538ab5c5c714", kill_on_drop: false }`
[INFO] [stderr]     Finished `test` profile [unoptimized + debuginfo] target(s) in 0.09s
[INFO] [stderr]      Running unittests src/main.rs (/opt/rustwide/target/debug/deps/garden-30835ba823cd8197)
[INFO] [stdout] 
[INFO] [stdout] running 56 tests
[INFO] [stdout] test commands::tests::test_help_takes_argument ... ok
[INFO] [stdout] test commands::tests::test_parse_command ... ok
[INFO] [stdout] test commands::tests::test_parse_command_trim ... ok
[INFO] [stdout] test commands::tests::test_parse_command_with_args ... ok
[INFO] [stdout] test eval::tests::test_eval_add ... ok
[INFO] [stdout] test eval::tests::test_eval_block ... ok
[INFO] [stdout] test eval::tests::test_eval_block_scope_should_not_leak ... ok
[INFO] [stdout] test eval::tests::test_eval_call_closure_immediately ... ok
[INFO] [stdout] test eval::tests::test_eval_call_second_arg ... ok
[INFO] [stdout] test eval::tests::test_eval_call ... ok
[INFO] [stdout] test eval::tests::test_eval_call_with_arg ... ok
[INFO] [stdout] test eval::tests::test_eval_call_bad_arity ... ok
[INFO] [stdout] test eval::tests::test_eval_empty ... ok
[INFO] [stdout] test eval::tests::test_eval_correct_return_type ... ok
[INFO] [stdout] test eval::tests::test_eval_empty_test ... ok
[INFO] [stdout] test eval::tests::test_eval_if ... ok
[INFO] [stdout] test eval::tests::test_eval_equality ... ok
[INFO] [stdout] test eval::tests::test_eval_less_than ... ok
[INFO] [stdout] test eval::tests::test_eval_env_after_call ... ok
[INFO] [stdout] test eval::tests::test_eval_let ... ok
[INFO] [stdout] test eval::tests::test_eval_if_block_scope ... ok
[INFO] [stdout] test eval::tests::test_eval_less_than_or_equal ... ok
[INFO] [stdout] test eval::tests::test_eval_list_get ... ok
[INFO] [stdout] test eval::tests::test_eval_list_append ... ok
[INFO] [stdout] test eval::tests::test_eval_list_get_empty ... ok
[INFO] [stdout] test eval::tests::test_eval_list_get_out_of_bounds ... ok
[INFO] [stdout] test eval::tests::test_eval_local_underscore_not_bound ... ok
[INFO] [stdout] test eval::tests::test_eval_list_length ... ok
[INFO] [stdout] test eval::tests::test_eval_list_literal ... ok
[INFO] [stdout] test eval::tests::test_eval_local_underscore_repeated ... ok
[INFO] [stdout] test eval::tests::test_eval_persist_env ... ok
[INFO] [stdout] test eval::tests::test_eval_match ... ok
[INFO] [stdout] test eval::tests::test_eval_return ... ok
[INFO] [stdout] test eval::tests::test_eval_method_call ... ok
[INFO] [stdout] test eval::tests::test_eval_method_call_bad_airty ... ok
[INFO] [stdout] test eval::tests::test_eval_multiple_exprs ... ok
[INFO] [stdout] test eval::tests::test_eval_string_length ... ok
[INFO] [stdout] test eval::tests::test_eval_underscore_param_not_bound ... ok
[INFO] [stdout] test eval::tests::test_eval_return_closure_and_call ... ok
[INFO] [stdout] test eval::tests::test_eval_string_substring ... ok
[INFO] [stdout] test tests::test_checks ... FAILED
[INFO] [stdout] test tests::test_completion ... FAILED
[INFO] [stdout] test tests::test_eval_up_to ... FAILED
[INFO] [stdout] test tests::test_go_to_def ... FAILED
[INFO] [stdout] test tests::test_hover ... FAILED
[INFO] [stdout] test tests::test_json_session ... FAILED
[INFO] [stdout] test tests::test_parser ... FAILED
[INFO] [stdout] test tests::test_runtime ... FAILED
[INFO] [stdout] test eval::tests::test_eval_while ... ok
[INFO] [stdout] test eval::tests::test_eval_wrong_return_type ... ok
[INFO] [stdout] test eval::tests::test_eval_wrong_argument_type ... ok
[INFO] [stdout] test eval::tests::test_eval_while_block_scope_does_not_leak ... ok
[INFO] [stdout] test eval::tests::test_eval_wrong_return_type_early_return ... ok
[INFO] [stdout] test values::tests::test_display_value_for_string_with_doublequote ... ok
[INFO] [stdout] test tests::test_prelude_unit_tests ... ok
[INFO] [stdout] test tests::test_prelude_check ... ok
[INFO] [stdout] 
[INFO] [stdout] failures:
[INFO] [stdout] 
[INFO] [stdout] ---- tests::test_checks stdout ----
[INFO] [stdout] the given test path 'src/check_test_files' does not exist
[INFO] [stdout] Error: MissingTests("src/check_test_files")
[INFO] [stdout] 
[INFO] [stdout] ---- tests::test_completion stdout ----
[INFO] [stdout] the given test path 'src/complete_test_files' does not exist
[INFO] [stdout] Error: MissingTests("src/complete_test_files")
[INFO] [stdout] 
[INFO] [stdout] ---- tests::test_eval_up_to stdout ----
[INFO] [stdout] the given test path 'src/eval_up_to_test_files' does not exist
[INFO] [stdout] Error: MissingTests("src/eval_up_to_test_files")
[INFO] [stdout] 
[INFO] [stdout] ---- tests::test_go_to_def stdout ----
[INFO] [stdout] the given test path 'src/go_to_def_test_files' does not exist
[INFO] [stdout] Error: MissingTests("src/go_to_def_test_files")
[INFO] [stdout] 
[INFO] [stdout] ---- tests::test_hover stdout ----
[INFO] [stdout] the given test path 'src/hover_test_files' does not exist
[INFO] [stdout] Error: MissingTests("src/hover_test_files")
[INFO] [stdout] 
[INFO] [stdout] ---- tests::test_json_session stdout ----
[INFO] [stdout] the given test path 'src/json_test_files' does not exist
[INFO] [stdout] Error: MissingTests("src/json_test_files")
[INFO] [stdout] 
[INFO] [stdout] ---- tests::test_parser stdout ----
[INFO] [stdout] the given test path 'src/parser_test_files' does not exist
[INFO] [stdout] Error: MissingTests("src/parser_test_files")
[INFO] [stdout] 
[INFO] [stdout] ---- tests::test_runtime stdout ----
[INFO] [stdout] the given test path 'src/runtime_test_files' does not exist
[INFO] [stdout] Error: MissingTests("src/runtime_test_files")
[INFO] [stdout] 
[INFO] [stdout] 
[INFO] [stdout] failures:
[INFO] [stdout]     tests::test_checks
[INFO] [stdout]     tests::test_completion
[INFO] [stdout]     tests::test_eval_up_to
[INFO] [stdout]     tests::test_go_to_def
[INFO] [stdout]     tests::test_hover
[INFO] [stdout]     tests::test_json_session
[INFO] [stdout]     tests::test_parser
[INFO] [stdout]     tests::test_runtime
[INFO] [stdout] 
[INFO] [stdout] test result: FAILED. 48 passed; 8 failed; 0 ignored; 0 measured; 0 filtered out; finished in 0.46s
[INFO] [stdout] 
[INFO] [stderr] error: test failed, to rerun pass `--bin garden`
[INFO] running `Command { std: "docker" "inspect" "a1a4109897f1a9454e7412b0efab1b53057d39bc1ec9acd28318538ab5c5c714", kill_on_drop: false }`
[INFO] running `Command { std: "docker" "rm" "-f" "a1a4109897f1a9454e7412b0efab1b53057d39bc1ec9acd28318538ab5c5c714", kill_on_drop: false }`
[INFO] [stdout] a1a4109897f1a9454e7412b0efab1b53057d39bc1ec9acd28318538ab5c5c714
