[INFO] fetching crate gamai_macros 0.1.39...
[INFO] testing gamai_macros-0.1.39 against nightly-2024-10-28 for randomize-layout
[INFO] extracting crate gamai_macros 0.1.39 into /workspace/builds/worker-6-tc1/source
[INFO] validating manifest of crates.io crate gamai_macros 0.1.39 on toolchain nightly-2024-10-28
[INFO] running `Command { std: CARGO_HOME="/workspace/cargo-home" RUSTUP_HOME="/workspace/rustup-home" "/workspace/cargo-home/bin/cargo" "+nightly-2024-10-28" "metadata" "--manifest-path" "Cargo.toml" "--no-deps", kill_on_drop: false }`
[INFO] started tweaking crates.io crate gamai_macros 0.1.39
[INFO] finished tweaking crates.io crate gamai_macros 0.1.39
[INFO] tweaked toml for crates.io crate gamai_macros 0.1.39 written to /workspace/builds/worker-6-tc1/source/Cargo.toml
[INFO] running `Command { std: CARGO_HOME="/workspace/cargo-home" RUSTUP_HOME="/workspace/rustup-home" "/workspace/cargo-home/bin/cargo" "+nightly-2024-10-28" "generate-lockfile" "--manifest-path" "Cargo.toml", kill_on_drop: false }`
[INFO] [stderr]     Updating crates.io index
[INFO] [stderr]      Locking 5 packages to latest compatible versions
[INFO] running `Command { std: CARGO_HOME="/workspace/cargo-home" RUSTUP_HOME="/workspace/rustup-home" "/workspace/cargo-home/bin/cargo" "+nightly-2024-10-28" "fetch" "--manifest-path" "Cargo.toml", kill_on_drop: false }`
[INFO] running `Command { std: "docker" "create" "-v" "/var/lib/crater-agent-workspace/builds/worker-6-tc1/target:/opt/rustwide/target:rw,Z" "-v" "/var/lib/crater-agent-workspace/builds/worker-6-tc1/source:/opt/rustwide/workdir:ro,Z" "-v" "/var/lib/crater-agent-workspace/cargo-home:/opt/rustwide/cargo-home:ro,Z" "-v" "/var/lib/crater-agent-workspace/rustup-home:/opt/rustwide/rustup-home:ro,Z" "-e" "SOURCE_DIR=/opt/rustwide/workdir" "-e" "CARGO_TARGET_DIR=/opt/rustwide/target" "-e" "CARGO_HOME=/opt/rustwide/cargo-home" "-e" "RUSTUP_HOME=/opt/rustwide/rustup-home" "-w" "/opt/rustwide/workdir" "-m" "1610612736" "--user" "0:0" "--network" "none" "ghcr.io/rust-lang/crates-build-env/linux@sha256:4a844ea9eb2546a2d2c7022eacef16ef2e8229c7fbb2c7d4d55a9ceca922f72d" "/opt/rustwide/cargo-home/bin/cargo" "+nightly-2024-10-28" "metadata" "--no-deps" "--format-version=1", kill_on_drop: false }`
[INFO] [stdout] dea713a01e28a26a233f9e0e1449e117c697f5760f478259dcde36439f571fa2
[INFO] running `Command { std: "docker" "start" "-a" "dea713a01e28a26a233f9e0e1449e117c697f5760f478259dcde36439f571fa2", kill_on_drop: false }`
[INFO] running `Command { std: "docker" "inspect" "dea713a01e28a26a233f9e0e1449e117c697f5760f478259dcde36439f571fa2", kill_on_drop: false }`
[INFO] running `Command { std: "docker" "rm" "-f" "dea713a01e28a26a233f9e0e1449e117c697f5760f478259dcde36439f571fa2", kill_on_drop: false }`
[INFO] [stdout] dea713a01e28a26a233f9e0e1449e117c697f5760f478259dcde36439f571fa2
[INFO] running `Command { std: "docker" "create" "-v" "/var/lib/crater-agent-workspace/builds/worker-6-tc1/target:/opt/rustwide/target:rw,Z" "-v" "/var/lib/crater-agent-workspace/builds/worker-6-tc1/source:/opt/rustwide/workdir:ro,Z" "-v" "/var/lib/crater-agent-workspace/cargo-home:/opt/rustwide/cargo-home:ro,Z" "-v" "/var/lib/crater-agent-workspace/rustup-home:/opt/rustwide/rustup-home:ro,Z" "-e" "SOURCE_DIR=/opt/rustwide/workdir" "-e" "CARGO_TARGET_DIR=/opt/rustwide/target" "-e" "CARGO_INCREMENTAL=0" "-e" "RUST_BACKTRACE=full" "-e" "RUSTFLAGS=--cap-lints=forbid" "-e" "RUSTDOCFLAGS=--cap-lints=forbid" "-e" "CARGO_HOME=/opt/rustwide/cargo-home" "-e" "RUSTUP_HOME=/opt/rustwide/rustup-home" "-w" "/opt/rustwide/workdir" "-m" "1610612736" "--user" "0:0" "--network" "none" "ghcr.io/rust-lang/crates-build-env/linux@sha256:4a844ea9eb2546a2d2c7022eacef16ef2e8229c7fbb2c7d4d55a9ceca922f72d" "/opt/rustwide/cargo-home/bin/cargo" "+nightly-2024-10-28" "build" "--frozen" "--message-format=json", kill_on_drop: false }`
[INFO] [stdout] 5a5f51b73fe8f60d56c89ea77e478681db6044f0d0e19cb2796917913505b8fe
[INFO] running `Command { std: "docker" "start" "-a" "5a5f51b73fe8f60d56c89ea77e478681db6044f0d0e19cb2796917913505b8fe", kill_on_drop: false }`
[INFO] [stderr]    Compiling anyhow v1.0.92
[INFO] [stderr]    Compiling syn v2.0.86
[INFO] [stderr]    Compiling gamai_macros v0.1.39 (/opt/rustwide/workdir)
[INFO] [stderr]     Finished `dev` profile [unoptimized + debuginfo] target(s) in 2.58s
[INFO] running `Command { std: "docker" "inspect" "5a5f51b73fe8f60d56c89ea77e478681db6044f0d0e19cb2796917913505b8fe", kill_on_drop: false }`
[INFO] running `Command { std: "docker" "rm" "-f" "5a5f51b73fe8f60d56c89ea77e478681db6044f0d0e19cb2796917913505b8fe", kill_on_drop: false }`
[INFO] [stdout] 5a5f51b73fe8f60d56c89ea77e478681db6044f0d0e19cb2796917913505b8fe
[INFO] running `Command { std: "docker" "create" "-v" "/var/lib/crater-agent-workspace/builds/worker-6-tc1/target:/opt/rustwide/target:rw,Z" "-v" "/var/lib/crater-agent-workspace/builds/worker-6-tc1/source:/opt/rustwide/workdir:ro,Z" "-v" "/var/lib/crater-agent-workspace/cargo-home:/opt/rustwide/cargo-home:ro,Z" "-v" "/var/lib/crater-agent-workspace/rustup-home:/opt/rustwide/rustup-home:ro,Z" "-e" "SOURCE_DIR=/opt/rustwide/workdir" "-e" "CARGO_TARGET_DIR=/opt/rustwide/target" "-e" "CARGO_INCREMENTAL=0" "-e" "RUST_BACKTRACE=full" "-e" "RUSTFLAGS=--cap-lints=forbid" "-e" "RUSTDOCFLAGS=--cap-lints=forbid" "-e" "CARGO_HOME=/opt/rustwide/cargo-home" "-e" "RUSTUP_HOME=/opt/rustwide/rustup-home" "-w" "/opt/rustwide/workdir" "-m" "1610612736" "--user" "0:0" "--network" "none" "ghcr.io/rust-lang/crates-build-env/linux@sha256:4a844ea9eb2546a2d2c7022eacef16ef2e8229c7fbb2c7d4d55a9ceca922f72d" "/opt/rustwide/cargo-home/bin/cargo" "+nightly-2024-10-28" "test" "--frozen" "--no-run" "--message-format=json", kill_on_drop: false }`
[INFO] [stdout] 95d6074384f8d587b5aad243554d67a8515b19df1660031828b8a7e508e7258c
[INFO] running `Command { std: "docker" "start" "-a" "95d6074384f8d587b5aad243554d67a8515b19df1660031828b8a7e508e7258c", kill_on_drop: false }`
[INFO] [stderr]    Compiling gamai_macros v0.1.39 (/opt/rustwide/workdir)
[INFO] [stderr]     Finished `test` profile [unoptimized + debuginfo] target(s) in 0.41s
[INFO] running `Command { std: "docker" "inspect" "95d6074384f8d587b5aad243554d67a8515b19df1660031828b8a7e508e7258c", kill_on_drop: false }`
[INFO] running `Command { std: "docker" "rm" "-f" "95d6074384f8d587b5aad243554d67a8515b19df1660031828b8a7e508e7258c", kill_on_drop: false }`
[INFO] [stdout] 95d6074384f8d587b5aad243554d67a8515b19df1660031828b8a7e508e7258c
[INFO] running `Command { std: "docker" "create" "-v" "/var/lib/crater-agent-workspace/builds/worker-6-tc1/target:/opt/rustwide/target:rw,Z" "-v" "/var/lib/crater-agent-workspace/builds/worker-6-tc1/source:/opt/rustwide/workdir:ro,Z" "-v" "/var/lib/crater-agent-workspace/cargo-home:/opt/rustwide/cargo-home:ro,Z" "-v" "/var/lib/crater-agent-workspace/rustup-home:/opt/rustwide/rustup-home:ro,Z" "-e" "SOURCE_DIR=/opt/rustwide/workdir" "-e" "CARGO_TARGET_DIR=/opt/rustwide/target" "-e" "CARGO_INCREMENTAL=0" "-e" "RUST_BACKTRACE=full" "-e" "RUSTFLAGS=--cap-lints=forbid" "-e" "RUSTDOCFLAGS=--cap-lints=forbid" "-e" "CARGO_HOME=/opt/rustwide/cargo-home" "-e" "RUSTUP_HOME=/opt/rustwide/rustup-home" "-w" "/opt/rustwide/workdir" "-m" "1610612736" "--user" "0:0" "--network" "none" "ghcr.io/rust-lang/crates-build-env/linux@sha256:4a844ea9eb2546a2d2c7022eacef16ef2e8229c7fbb2c7d4d55a9ceca922f72d" "/opt/rustwide/cargo-home/bin/cargo" "+nightly-2024-10-28" "test" "--frozen", kill_on_drop: false }`
[INFO] [stdout] 8f18735923a4619cfb95dc324c051a744aaaba837855e9ba8b5416f945283cdb
[INFO] running `Command { std: "docker" "start" "-a" "8f18735923a4619cfb95dc324c051a744aaaba837855e9ba8b5416f945283cdb", kill_on_drop: false }`
[INFO] [stderr]     Finished `test` profile [unoptimized + debuginfo] target(s) in 0.01s
[INFO] [stderr]      Running unittests src/lib.rs (/opt/rustwide/target/debug/deps/gamai_macros-34f422cd1e6b4c9c)
[INFO] [stdout] 
[INFO] [stdout] running 0 tests
[INFO] [stdout] 
[INFO] [stdout] test result: ok. 0 passed; 0 failed; 0 ignored; 0 measured; 0 filtered out; finished in 0.00s
[INFO] [stdout] 
[INFO] [stderr]    Doc-tests gamai_macros
[INFO] [stdout] 
[INFO] [stdout] running 2 tests
[INFO] [stdout] test src/lib.rs - action (line 46) ... FAILED
[INFO] [stdout] test src/lib.rs - action (line 24) ... FAILED
[INFO] [stdout] 
[INFO] [stdout] failures:
[INFO] [stdout] 
[INFO] [stdout] ---- src/lib.rs - action (line 46) stdout ----
[INFO] [stdout] error[E0412]: cannot find type `Query` in this scope
[INFO] [stdout]  --> src/lib.rs:47:32
[INFO] [stdout]   |
[INFO] [stdout] 3 | fn sync_always_pass(mut query: Query<(Option<&mut Score>, Option<AlwaysPass>), With<AlwaysPass>>) {
[INFO] [stdout]   |                                ^^^^^ not found in this scope
[INFO] [stdout] 
[INFO] [stdout] error[E0412]: cannot find type `Score` in this scope
[INFO] [stdout]  --> src/lib.rs:47:51
[INFO] [stdout]   |
[INFO] [stdout] 3 | fn sync_always_pass(mut query: Query<(Option<&mut Score>, Option<AlwaysPass>), With<AlwaysPass>>) {
[INFO] [stdout]   |                                                   ^^^^^ not found in this scope
[INFO] [stdout]   |
[INFO] [stdout] help: you might be missing a type parameter
[INFO] [stdout]   |
[INFO] [stdout] 3 | fn sync_always_pass<Score>(mut query: Query<(Option<&mut Score>, Option<AlwaysPass>), With<AlwaysPass>>) {
[INFO] [stdout]   |                    +++++++
[INFO] [stdout] 
[INFO] [stdout] error[E0412]: cannot find type `AlwaysPass` in this scope
[INFO] [stdout]  --> src/lib.rs:47:66
[INFO] [stdout]   |
[INFO] [stdout] 3 | fn sync_always_pass(mut query: Query<(Option<&mut Score>, Option<AlwaysPass>), With<AlwaysPass>>) {
[INFO] [stdout]   |                                                                  ^^^^^^^^^^ not found in this scope
[INFO] [stdout]   |
[INFO] [stdout] help: you might be missing a type parameter
[INFO] [stdout]   |
[INFO] [stdout] 3 | fn sync_always_pass<AlwaysPass>(mut query: Query<(Option<&mut Score>, Option<AlwaysPass>), With<AlwaysPass>>) {
[INFO] [stdout]   |                    ++++++++++++
[INFO] [stdout] 
[INFO] [stdout] error[E0412]: cannot find type `With` in this scope
[INFO] [stdout]  --> src/lib.rs:47:80
[INFO] [stdout]   |
[INFO] [stdout] 3 | fn sync_always_pass(mut query: Query<(Option<&mut Score>, Option<AlwaysPass>), With<AlwaysPass>>) {
[INFO] [stdout]   |                                                                                ^^^^ not found in this scope
[INFO] [stdout] 
[INFO] [stdout] error[E0412]: cannot find type `AlwaysPass` in this scope
[INFO] [stdout]  --> src/lib.rs:47:85
[INFO] [stdout]   |
[INFO] [stdout] 3 | fn sync_always_pass(mut query: Query<(Option<&mut Score>, Option<AlwaysPass>), With<AlwaysPass>>) {
[INFO] [stdout]   |                                                                                     ^^^^^^^^^^ not found in this scope
[INFO] [stdout]   |
[INFO] [stdout] help: you might be missing a type parameter
[INFO] [stdout]   |
[INFO] [stdout] 3 | fn sync_always_pass<AlwaysPass>(mut query: Query<(Option<&mut Score>, Option<AlwaysPass>), With<AlwaysPass>>) {
[INFO] [stdout]   |                    ++++++++++++
[INFO] [stdout] 
[INFO] [stdout] error: aborting due to 5 previous errors
[INFO] [stdout] 
[INFO] [stdout] For more information about this error, try `rustc --explain E0412`.
[INFO] [stdout] Couldn't compile the test.
[INFO] [stdout] ---- src/lib.rs - action (line 24) stdout ----
[INFO] [stdout] error: cannot find attribute `action` in this scope
[INFO] [stdout]  --> src/lib.rs:28:3
[INFO] [stdout]   |
[INFO] [stdout] 6 | #[action(always_pass)]
[INFO] [stdout]   |   ^^^^^^
[INFO] [stdout]   |
[INFO] [stdout] help: consider importing this attribute macro
[INFO] [stdout]   |
[INFO] [stdout] 5 + use gamai_macros::action;
[INFO] [stdout]   |
[INFO] [stdout] 
[INFO] [stdout] error: cannot find attribute `shared` in this scope
[INFO] [stdout]  --> src/lib.rs:30:4
[INFO] [stdout]   |
[INFO] [stdout] 8 |     #[shared]
[INFO] [stdout]   |       ^^^^^^
[INFO] [stdout] 
[INFO] [stdout] error[E0412]: cannot find type `Score` in this scope
[INFO] [stdout]  --> src/lib.rs:31:10
[INFO] [stdout]   |
[INFO] [stdout] 9 |   score: Score,
[INFO] [stdout]   |          ^^^^^ not found in this scope
[INFO] [stdout] 
[INFO] [stdout] error[E0412]: cannot find type `Query` in this scope
[INFO] [stdout]   --> src/lib.rs:35:26
[INFO] [stdout]    |
[INFO] [stdout] 13 | fn always_pass(entities: Query<&mut AlwaysPass, With<Running>>) {
[INFO] [stdout]    |                          ^^^^^ not found in this scope
[INFO] [stdout] 
[INFO] [stdout] error[E0412]: cannot find type `With` in this scope
[INFO] [stdout]   --> src/lib.rs:35:49
[INFO] [stdout]    |
[INFO] [stdout] 13 | fn always_pass(entities: Query<&mut AlwaysPass, With<Running>>) {
[INFO] [stdout]    |                                                 ^^^^ not found in this scope
[INFO] [stdout] 
[INFO] [stdout] error[E0412]: cannot find type `Running` in this scope
[INFO] [stdout]   --> src/lib.rs:35:54
[INFO] [stdout]    |
[INFO] [stdout] 13 | fn always_pass(entities: Query<&mut AlwaysPass, With<Running>>) {
[INFO] [stdout]    |                                                      ^^^^^^^ not found in this scope
[INFO] [stdout]    |
[INFO] [stdout] help: you might be missing a type parameter
[INFO] [stdout]    |
[INFO] [stdout] 13 | fn always_pass<Running>(entities: Query<&mut AlwaysPass, With<Running>>) {
[INFO] [stdout]    |               +++++++++
[INFO] [stdout] 
[INFO] [stdout] error[E0433]: failed to resolve: use of undeclared type `Score`
[INFO] [stdout]   --> src/lib.rs:38:17
[INFO] [stdout]    |
[INFO] [stdout] 16 |       node.score = Score::Pass;
[INFO] [stdout]    |                    ^^^^^ use of undeclared type `Score`
[INFO] [stdout] 
[INFO] [stdout] error: aborting due to 7 previous errors
[INFO] [stdout] 
[INFO] [stdout] Some errors have detailed explanations: E0412, E0433.
[INFO] [stdout] For more information about an error, try `rustc --explain E0412`.
[INFO] [stdout] Couldn't compile the test.
[INFO] [stdout] 
[INFO] [stdout] failures:
[INFO] [stdout]     src/lib.rs - action (line 24)
[INFO] [stdout]     src/lib.rs - action (line 46)
[INFO] [stdout] 
[INFO] [stdout] test result: FAILED. 0 passed; 2 failed; 0 ignored; 0 measured; 0 filtered out; finished in 0.06s
[INFO] [stdout] 
[INFO] [stderr] error: doctest failed, to rerun pass `--doc`
[INFO] running `Command { std: "docker" "inspect" "8f18735923a4619cfb95dc324c051a744aaaba837855e9ba8b5416f945283cdb", kill_on_drop: false }`
[INFO] running `Command { std: "docker" "rm" "-f" "8f18735923a4619cfb95dc324c051a744aaaba837855e9ba8b5416f945283cdb", kill_on_drop: false }`
[INFO] [stdout] 8f18735923a4619cfb95dc324c051a744aaaba837855e9ba8b5416f945283cdb
