[INFO] fetching crate gabriel2 1.5.0...
[INFO] testing gabriel2-1.5.0 against nightly-2024-10-28 for randomize-layout
[INFO] extracting crate gabriel2 1.5.0 into /workspace/builds/worker-0-tc1/source
[INFO] validating manifest of crates.io crate gabriel2 1.5.0 on toolchain nightly-2024-10-28
[INFO] running `Command { std: CARGO_HOME="/workspace/cargo-home" RUSTUP_HOME="/workspace/rustup-home" "/workspace/cargo-home/bin/cargo" "+nightly-2024-10-28" "metadata" "--manifest-path" "Cargo.toml" "--no-deps", kill_on_drop: false }`
[INFO] started tweaking crates.io crate gabriel2 1.5.0
[INFO] finished tweaking crates.io crate gabriel2 1.5.0
[INFO] tweaked toml for crates.io crate gabriel2 1.5.0 written to /workspace/builds/worker-0-tc1/source/Cargo.toml
[INFO] running `Command { std: CARGO_HOME="/workspace/cargo-home" RUSTUP_HOME="/workspace/rustup-home" "/workspace/cargo-home/bin/cargo" "+nightly-2024-10-28" "generate-lockfile" "--manifest-path" "Cargo.toml", kill_on_drop: false }`
[INFO] [stderr]     Updating crates.io index
[INFO] [stderr]      Locking 69 packages to latest compatible versions
[INFO] running `Command { std: CARGO_HOME="/workspace/cargo-home" RUSTUP_HOME="/workspace/rustup-home" "/workspace/cargo-home/bin/cargo" "+nightly-2024-10-28" "fetch" "--manifest-path" "Cargo.toml", kill_on_drop: false }`
[INFO] running `Command { std: "docker" "create" "-v" "/var/lib/crater-agent-workspace/builds/worker-0-tc1/target:/opt/rustwide/target:rw,Z" "-v" "/var/lib/crater-agent-workspace/builds/worker-0-tc1/source:/opt/rustwide/workdir:ro,Z" "-v" "/var/lib/crater-agent-workspace/cargo-home:/opt/rustwide/cargo-home:ro,Z" "-v" "/var/lib/crater-agent-workspace/rustup-home:/opt/rustwide/rustup-home:ro,Z" "-e" "SOURCE_DIR=/opt/rustwide/workdir" "-e" "CARGO_TARGET_DIR=/opt/rustwide/target" "-e" "CARGO_HOME=/opt/rustwide/cargo-home" "-e" "RUSTUP_HOME=/opt/rustwide/rustup-home" "-w" "/opt/rustwide/workdir" "-m" "1610612736" "--user" "0:0" "--network" "none" "ghcr.io/rust-lang/crates-build-env/linux@sha256:4a844ea9eb2546a2d2c7022eacef16ef2e8229c7fbb2c7d4d55a9ceca922f72d" "/opt/rustwide/cargo-home/bin/cargo" "+nightly-2024-10-28" "metadata" "--no-deps" "--format-version=1", kill_on_drop: false }`
[INFO] [stdout] a7ddb82809e85bd0850555edde386dd0a6430f10d80ba01dfd64a38fc742247f
[INFO] running `Command { std: "docker" "start" "-a" "a7ddb82809e85bd0850555edde386dd0a6430f10d80ba01dfd64a38fc742247f", kill_on_drop: false }`
[INFO] running `Command { std: "docker" "inspect" "a7ddb82809e85bd0850555edde386dd0a6430f10d80ba01dfd64a38fc742247f", kill_on_drop: false }`
[INFO] running `Command { std: "docker" "rm" "-f" "a7ddb82809e85bd0850555edde386dd0a6430f10d80ba01dfd64a38fc742247f", kill_on_drop: false }`
[INFO] [stdout] a7ddb82809e85bd0850555edde386dd0a6430f10d80ba01dfd64a38fc742247f
[INFO] running `Command { std: "docker" "create" "-v" "/var/lib/crater-agent-workspace/builds/worker-0-tc1/target:/opt/rustwide/target:rw,Z" "-v" "/var/lib/crater-agent-workspace/builds/worker-0-tc1/source:/opt/rustwide/workdir:ro,Z" "-v" "/var/lib/crater-agent-workspace/cargo-home:/opt/rustwide/cargo-home:ro,Z" "-v" "/var/lib/crater-agent-workspace/rustup-home:/opt/rustwide/rustup-home:ro,Z" "-e" "SOURCE_DIR=/opt/rustwide/workdir" "-e" "CARGO_TARGET_DIR=/opt/rustwide/target" "-e" "CARGO_INCREMENTAL=0" "-e" "RUST_BACKTRACE=full" "-e" "RUSTFLAGS=--cap-lints=forbid" "-e" "RUSTDOCFLAGS=--cap-lints=forbid" "-e" "CARGO_HOME=/opt/rustwide/cargo-home" "-e" "RUSTUP_HOME=/opt/rustwide/rustup-home" "-w" "/opt/rustwide/workdir" "-m" "1610612736" "--user" "0:0" "--network" "none" "ghcr.io/rust-lang/crates-build-env/linux@sha256:4a844ea9eb2546a2d2c7022eacef16ef2e8229c7fbb2c7d4d55a9ceca922f72d" "/opt/rustwide/cargo-home/bin/cargo" "+nightly-2024-10-28" "build" "--frozen" "--message-format=json", kill_on_drop: false }`
[INFO] [stdout] 43925fcbc876a769e8f5b4703086eb3d76c33394fd58782138b8bb93c96ec5c9
[INFO] running `Command { std: "docker" "start" "-a" "43925fcbc876a769e8f5b4703086eb3d76c33394fd58782138b8bb93c96ec5c9", kill_on_drop: false }`
[INFO] [stderr]    Compiling futures-sink v0.3.31
[INFO] [stderr]    Compiling futures-task v0.3.31
[INFO] [stderr]    Compiling regex-automata v0.4.8
[INFO] [stderr]    Compiling futures-io v0.3.31
[INFO] [stderr]    Compiling syn v2.0.86
[INFO] [stderr]    Compiling virtue v0.0.13
[INFO] [stderr]    Compiling signal-hook-registry v1.4.2
[INFO] [stderr]    Compiling futures-channel v0.3.31
[INFO] [stderr]    Compiling bincode_derive v2.0.0-rc.3
[INFO] [stderr]    Compiling bincode v2.0.0-rc.3
[INFO] [stderr]    Compiling regex v1.11.1
[INFO] [stderr]    Compiling env_filter v0.1.2
[INFO] [stderr]    Compiling env_logger v0.11.5
[INFO] [stderr]    Compiling futures-macro v0.3.31
[INFO] [stderr]    Compiling async-stream-impl v0.3.6
[INFO] [stderr]    Compiling tokio-macros v2.4.0
[INFO] [stderr]    Compiling async-stream v0.3.6
[INFO] [stderr]    Compiling tokio v1.41.0
[INFO] [stderr]    Compiling futures-util v0.3.31
[INFO] [stderr]    Compiling futures-executor v0.3.31
[INFO] [stderr]    Compiling futures v0.3.31
[INFO] [stderr]    Compiling gabriel2 v1.5.0 (/opt/rustwide/workdir)
[INFO] [stderr]     Finished `dev` profile [unoptimized + debuginfo] target(s) in 9.49s
[INFO] running `Command { std: "docker" "inspect" "43925fcbc876a769e8f5b4703086eb3d76c33394fd58782138b8bb93c96ec5c9", kill_on_drop: false }`
[INFO] running `Command { std: "docker" "rm" "-f" "43925fcbc876a769e8f5b4703086eb3d76c33394fd58782138b8bb93c96ec5c9", kill_on_drop: false }`
[INFO] [stdout] 43925fcbc876a769e8f5b4703086eb3d76c33394fd58782138b8bb93c96ec5c9
[INFO] running `Command { std: "docker" "create" "-v" "/var/lib/crater-agent-workspace/builds/worker-0-tc1/target:/opt/rustwide/target:rw,Z" "-v" "/var/lib/crater-agent-workspace/builds/worker-0-tc1/source:/opt/rustwide/workdir:ro,Z" "-v" "/var/lib/crater-agent-workspace/cargo-home:/opt/rustwide/cargo-home:ro,Z" "-v" "/var/lib/crater-agent-workspace/rustup-home:/opt/rustwide/rustup-home:ro,Z" "-e" "SOURCE_DIR=/opt/rustwide/workdir" "-e" "CARGO_TARGET_DIR=/opt/rustwide/target" "-e" "CARGO_INCREMENTAL=0" "-e" "RUST_BACKTRACE=full" "-e" "RUSTFLAGS=--cap-lints=forbid" "-e" "RUSTDOCFLAGS=--cap-lints=forbid" "-e" "CARGO_HOME=/opt/rustwide/cargo-home" "-e" "RUSTUP_HOME=/opt/rustwide/rustup-home" "-w" "/opt/rustwide/workdir" "-m" "1610612736" "--user" "0:0" "--network" "none" "ghcr.io/rust-lang/crates-build-env/linux@sha256:4a844ea9eb2546a2d2c7022eacef16ef2e8229c7fbb2c7d4d55a9ceca922f72d" "/opt/rustwide/cargo-home/bin/cargo" "+nightly-2024-10-28" "test" "--frozen" "--no-run" "--message-format=json", kill_on_drop: false }`
[INFO] [stdout] adeb794738dee59cf02a7775b8a707f6600ee03f06336a898d674da0c907cfee
[INFO] running `Command { std: "docker" "start" "-a" "adeb794738dee59cf02a7775b8a707f6600ee03f06336a898d674da0c907cfee", kill_on_drop: false }`
[INFO] [stderr]    Compiling gabriel2 v1.5.0 (/opt/rustwide/workdir)
[INFO] [stderr]     Finished `test` profile [unoptimized + debuginfo] target(s) in 0.93s
[INFO] running `Command { std: "docker" "inspect" "adeb794738dee59cf02a7775b8a707f6600ee03f06336a898d674da0c907cfee", kill_on_drop: false }`
[INFO] running `Command { std: "docker" "rm" "-f" "adeb794738dee59cf02a7775b8a707f6600ee03f06336a898d674da0c907cfee", kill_on_drop: false }`
[INFO] [stdout] adeb794738dee59cf02a7775b8a707f6600ee03f06336a898d674da0c907cfee
[INFO] running `Command { std: "docker" "create" "-v" "/var/lib/crater-agent-workspace/builds/worker-0-tc1/target:/opt/rustwide/target:rw,Z" "-v" "/var/lib/crater-agent-workspace/builds/worker-0-tc1/source:/opt/rustwide/workdir:ro,Z" "-v" "/var/lib/crater-agent-workspace/cargo-home:/opt/rustwide/cargo-home:ro,Z" "-v" "/var/lib/crater-agent-workspace/rustup-home:/opt/rustwide/rustup-home:ro,Z" "-e" "SOURCE_DIR=/opt/rustwide/workdir" "-e" "CARGO_TARGET_DIR=/opt/rustwide/target" "-e" "CARGO_INCREMENTAL=0" "-e" "RUST_BACKTRACE=full" "-e" "RUSTFLAGS=--cap-lints=forbid" "-e" "RUSTDOCFLAGS=--cap-lints=forbid" "-e" "CARGO_HOME=/opt/rustwide/cargo-home" "-e" "RUSTUP_HOME=/opt/rustwide/rustup-home" "-w" "/opt/rustwide/workdir" "-m" "1610612736" "--user" "0:0" "--network" "none" "ghcr.io/rust-lang/crates-build-env/linux@sha256:4a844ea9eb2546a2d2c7022eacef16ef2e8229c7fbb2c7d4d55a9ceca922f72d" "/opt/rustwide/cargo-home/bin/cargo" "+nightly-2024-10-28" "test" "--frozen", kill_on_drop: false }`
[INFO] [stdout] 9fe04d8f121ecf30e80a780b13dee52833c22f8101d94d1a8bfd2806510dff8a
[INFO] running `Command { std: "docker" "start" "-a" "9fe04d8f121ecf30e80a780b13dee52833c22f8101d94d1a8bfd2806510dff8a", kill_on_drop: false }`
[INFO] [stderr]     Finished `test` profile [unoptimized + debuginfo] target(s) in 0.04s
[INFO] [stderr]      Running unittests src/lib.rs (/opt/rustwide/target/debug/deps/gabriel2-3b63c6705892af19)
[INFO] [stdout] 
[INFO] [stdout] running 0 tests
[INFO] [stdout] 
[INFO] [stdout] test result: ok. 0 passed; 0 failed; 0 ignored; 0 measured; 0 filtered out; finished in 0.00s
[INFO] [stdout] 
[INFO] [stderr]    Doc-tests gabriel2
[INFO] [stdout] 
[INFO] [stdout] running 9 tests
[INFO] [stdout] test src/lib.rs - (line 181) ... FAILED
[INFO] [stdout] test src/lib.rs - (line 225) ... FAILED
[INFO] [stdout] test src/lib.rs - (line 152) ... FAILED
[INFO] [stdout] test src/lib.rs - (line 198) ... FAILED
[INFO] [stdout] test src/lib.rs - (line 265) ... FAILED
[INFO] [stdout] test src/lib.rs - (line 99) ... FAILED
[INFO] [stdout] test src/lib.rs - (line 35) ... FAILED
[INFO] [stdout] test src/lib.rs - (line 135) ... FAILED
[INFO] [stdout] test src/lib.rs - (line 160) ... FAILED
[INFO] [stdout] 
[INFO] [stdout] failures:
[INFO] [stdout] 
[INFO] [stdout] ---- src/lib.rs - (line 181) stdout ----
[INFO] [stdout] error: expected one of `!`, `.`, `::`, `;`, `?`, `{`, `}`, or an operator, found `Ping`
[INFO] [stdout]  --> src/lib.rs:182:10
[INFO] [stdout]   |
[INFO] [stdout] 3 | Received Ping
[INFO] [stdout]   |          ^^^^ expected one of 8 possible tokens
[INFO] [stdout] 
[INFO] [stdout] error: aborting due to 1 previous error
[INFO] [stdout] 
[INFO] [stdout] Couldn't compile the test.
[INFO] [stdout] ---- src/lib.rs - (line 225) stdout ----
[INFO] [stdout] error[E0433]: failed to resolve: could not find `echo` in the crate root
[INFO] [stdout]   --> src/lib.rs:238:49
[INFO] [stdout]    |
[INFO] [stdout] 14 |     let echo_ref = ActorRef::new("echo", crate::echo::EchoActor {}, state, 100000).await?;
[INFO] [stdout]    |                                                 ^^^^ could not find `echo` in the crate root
[INFO] [stdout] 
[INFO] [stdout] error[E0412]: cannot find type `EchoError` in this scope
[INFO] [stdout]  --> src/lib.rs:227:31
[INFO] [stdout]   |
[INFO] [stdout] 3 | async fn main() -> Result<(), EchoError> {
[INFO] [stdout]   |                               ^^^^^^^^^ not found in this scope
[INFO] [stdout] 
[INFO] [stdout] error[E0422]: cannot find struct, variant or union type `EchoState` in this scope
[INFO] [stdout]  --> src/lib.rs:228:17
[INFO] [stdout]   |
[INFO] [stdout] 4 |     let state = EchoState {
[INFO] [stdout]   |                 ^^^^^^^^^ not found in this scope
[INFO] [stdout] 
[INFO] [stdout] error[E0433]: failed to resolve: use of undeclared type `ActorRef`
[INFO] [stdout]   --> src/lib.rs:238:20
[INFO] [stdout]    |
[INFO] [stdout] 14 |     let echo_ref = ActorRef::new("echo", crate::echo::EchoActor {}, state, 100000).await?;
[INFO] [stdout]    |                    ^^^^^^^^ use of undeclared type `ActorRef`
[INFO] [stdout]    |
[INFO] [stdout] help: consider importing this struct
[INFO] [stdout]    |
[INFO] [stdout] 2  + use gabriel2::ActorRef;
[INFO] [stdout]    |
[INFO] [stdout] 
[INFO] [stdout] error[E0412]: cannot find type `Arc` in this scope
[INFO] [stdout]   --> src/lib.rs:240:20
[INFO] [stdout]    |
[INFO] [stdout] 16 |     let event_bus: Arc<EventBus<EventElement>> = Arc::new(EventBus::new());
[INFO] [stdout]    |                    ^^^ not found in this scope
[INFO] [stdout]    |
[INFO] [stdout] help: consider importing this struct
[INFO] [stdout]    |
[INFO] [stdout] 2  + use std::sync::Arc;
[INFO] [stdout]    |
[INFO] [stdout] 
[INFO] [stdout] error[E0412]: cannot find type `EventBus` in this scope
[INFO] [stdout]   --> src/lib.rs:240:24
[INFO] [stdout]    |
[INFO] [stdout] 16 |     let event_bus: Arc<EventBus<EventElement>> = Arc::new(EventBus::new());
[INFO] [stdout]    |                        ^^^^^^^^ not found in this scope
[INFO] [stdout]    |
[INFO] [stdout] help: consider importing this struct
[INFO] [stdout]    |
[INFO] [stdout] 2  + use gabriel2::broadcast::EventBus;
[INFO] [stdout]    |
[INFO] [stdout] 
[INFO] [stdout] error[E0433]: failed to resolve: use of undeclared type `Arc`
[INFO] [stdout]   --> src/lib.rs:240:50
[INFO] [stdout]    |
[INFO] [stdout] 16 |     let event_bus: Arc<EventBus<EventElement>> = Arc::new(EventBus::new());
[INFO] [stdout]    |                                                  ^^^ use of undeclared type `Arc`
[INFO] [stdout]    |
[INFO] [stdout] help: consider importing this struct
[INFO] [stdout]    |
[INFO] [stdout] 2  + use std::sync::Arc;
[INFO] [stdout]    |
[INFO] [stdout] 
[INFO] [stdout] error[E0433]: failed to resolve: use of undeclared type `EventBus`
[INFO] [stdout]   --> src/lib.rs:240:59
[INFO] [stdout]    |
[INFO] [stdout] 16 |     let event_bus: Arc<EventBus<EventElement>> = Arc::new(EventBus::new());
[INFO] [stdout]    |                                                           ^^^^^^^^ use of undeclared type `EventBus`
[INFO] [stdout]    |
[INFO] [stdout] help: consider importing this struct
[INFO] [stdout]    |
[INFO] [stdout] 2  + use gabriel2::broadcast::EventBus;
[INFO] [stdout]    |
[INFO] [stdout] 
[INFO] [stdout] error[E0433]: failed to resolve: use of undeclared type `EchoMessage`
[INFO] [stdout]   --> src/lib.rs:246:43
[INFO] [stdout]    |
[INFO] [stdout] 22 |                     let _ = echo_ref.send(EchoMessage::Ping).await;
[INFO] [stdout]    |                                           ^^^^^^^^^^^ use of undeclared type `EchoMessage`
[INFO] [stdout] 
[INFO] [stdout] error: aborting due to 9 previous errors
[INFO] [stdout] 
[INFO] [stdout] Some errors have detailed explanations: E0412, E0422, E0433.
[INFO] [stdout] For more information about an error, try `rustc --explain E0412`.
[INFO] [stdout] Couldn't compile the test.
[INFO] [stdout] ---- src/lib.rs - (line 152) stdout ----
[INFO] [stdout] error: expected one of `!`, `.`, `::`, `;`, `?`, `{`, `}`, or an operator, found `Ping`
[INFO] [stdout]  --> src/lib.rs:153:10
[INFO] [stdout]   |
[INFO] [stdout] 3 | Received Ping
[INFO] [stdout]   |          ^^^^ expected one of 8 possible tokens
[INFO] [stdout] 
[INFO] [stdout] error: aborting due to 1 previous error
[INFO] [stdout] 
[INFO] [stdout] Couldn't compile the test.
[INFO] [stdout] ---- src/lib.rs - (line 198) stdout ----
[INFO] [stdout] error[E0433]: failed to resolve: could not find `echo` in the crate root
[INFO] [stdout]  --> src/lib.rs:205:49
[INFO] [stdout]   |
[INFO] [stdout] 8 |     let echo_ref = ActorRef::new("echo", crate::echo::EchoActor {}, state, 100000).await?;
[INFO] [stdout]   |                                                 ^^^^ could not find `echo` in the crate root
[INFO] [stdout] 
[INFO] [stdout] error[E0412]: cannot find type `EchoError` in this scope
[INFO] [stdout]  --> src/lib.rs:200:31
[INFO] [stdout]   |
[INFO] [stdout] 3 | async fn main() -> Result<(), EchoError> {
[INFO] [stdout]   |                               ^^^^^^^^^ not found in this scope
[INFO] [stdout] 
[INFO] [stdout] error[E0422]: cannot find struct, variant or union type `EchoState` in this scope
[INFO] [stdout]  --> src/lib.rs:201:17
[INFO] [stdout]   |
[INFO] [stdout] 4 |     let state = EchoState {
[INFO] [stdout]   |                 ^^^^^^^^^ not found in this scope
[INFO] [stdout] 
[INFO] [stdout] error[E0433]: failed to resolve: use of undeclared type `ActorRef`
[INFO] [stdout]  --> src/lib.rs:205:20
[INFO] [stdout]   |
[INFO] [stdout] 8 |     let echo_ref = ActorRef::new("echo", crate::echo::EchoActor {}, state, 100000).await?;
[INFO] [stdout]   |                    ^^^^^^^^ use of undeclared type `ActorRef`
[INFO] [stdout]   |
[INFO] [stdout] help: consider importing this struct
[INFO] [stdout]   |
[INFO] [stdout] 2 + use gabriel2::ActorRef;
[INFO] [stdout]   |
[INFO] [stdout] 
[INFO] [stdout] error[E0433]: failed to resolve: use of undeclared type `ActorServer`
[INFO] [stdout]  --> src/lib.rs:206:23
[INFO] [stdout]   |
[INFO] [stdout] 9 |     let echo_server = ActorServer::new("echo_server", "127.0.0.1", 9001, echo_ref).await?;
[INFO] [stdout]   |                       ^^^^^^^^^^^ use of undeclared type `ActorServer`
[INFO] [stdout]   |
[INFO] [stdout] help: consider importing this struct
[INFO] [stdout]   |
[INFO] [stdout] 2 + use gabriel2::remote::ActorServer;
[INFO] [stdout]   |
[INFO] [stdout] 
[INFO] [stdout] error[E0412]: cannot find type `Arc` in this scope
[INFO] [stdout]   --> src/lib.rs:207:22
[INFO] [stdout]    |
[INFO] [stdout] 10 |     let echo_client: Arc<ActorClient<EchoActor, EchoMessage, EchoState, EchoResponse, EchoError >> = ActorClient::new("echo_client", "127...
[INFO] [stdout]    |                      ^^^ not found in this scope
[INFO] [stdout]    |
[INFO] [stdout] help: consider importing this struct
[INFO] [stdout]    |
[INFO] [stdout] 2  + use std::sync::Arc;
[INFO] [stdout]    |
[INFO] [stdout] 
[INFO] [stdout] error[E0412]: cannot find type `ActorClient` in this scope
[INFO] [stdout]   --> src/lib.rs:207:26
[INFO] [stdout]    |
[INFO] [stdout] 10 |     let echo_client: Arc<ActorClient<EchoActor, EchoMessage, EchoState, EchoResponse, EchoError >> = ActorClient::new("echo_client", "127...
[INFO] [stdout]    |                          ^^^^^^^^^^^ not found in this scope
[INFO] [stdout]    |
[INFO] [stdout] help: consider importing this struct
[INFO] [stdout]    |
[INFO] [stdout] 2  + use gabriel2::remote::ActorClient;
[INFO] [stdout]    |
[INFO] [stdout] 
[INFO] [stdout] error[E0412]: cannot find type `EchoActor` in this scope
[INFO] [stdout]   --> src/lib.rs:207:38
[INFO] [stdout]    |
[INFO] [stdout] 10 |     let echo_client: Arc<ActorClient<EchoActor, EchoMessage, EchoState, EchoResponse, EchoError >> = ActorClient::new("echo_client", "127...
[INFO] [stdout]    |                                      ^^^^^^^^^ not found in this scope
[INFO] [stdout] 
[INFO] [stdout] error[E0412]: cannot find type `EchoMessage` in this scope
[INFO] [stdout]   --> src/lib.rs:207:49
[INFO] [stdout]    |
[INFO] [stdout] 10 |     let echo_client: Arc<ActorClient<EchoActor, EchoMessage, EchoState, EchoResponse, EchoError >> = ActorClient::new("echo_client", "127...
[INFO] [stdout]    |                                                 ^^^^^^^^^^^ not found in this scope
[INFO] [stdout] 
[INFO] [stdout] error[E0412]: cannot find type `EchoState` in this scope
[INFO] [stdout]   --> src/lib.rs:207:62
[INFO] [stdout]    |
[INFO] [stdout] 10 |     let echo_client: Arc<ActorClient<EchoActor, EchoMessage, EchoState, EchoResponse, EchoError >> = ActorClient::new("echo_client", "127...
[INFO] [stdout]    |                                                              ^^^^^^^^^ not found in this scope
[INFO] [stdout] 
[INFO] [stdout] error[E0412]: cannot find type `EchoResponse` in this scope
[INFO] [stdout]   --> src/lib.rs:207:73
[INFO] [stdout]    |
[INFO] [stdout] 10 |     let echo_client: Arc<ActorClient<EchoActor, EchoMessage, EchoState, EchoResponse, EchoError >> = ActorClient::new("echo_client", "127...
[INFO] [stdout]    |                                                                         ^^^^^^^^^^^^ not found in this scope
[INFO] [stdout] 
[INFO] [stdout] error[E0412]: cannot find type `EchoError` in this scope
[INFO] [stdout]   --> src/lib.rs:207:87
[INFO] [stdout]    |
[INFO] [stdout] 10 |     let echo_client: Arc<ActorClient<EchoActor, EchoMessage, EchoState, EchoResponse, EchoError >> = ActorClient::new("echo_client", "127...
[INFO] [stdout]    |                                                                                       ^^^^^^^^^ not found in this scope
[INFO] [stdout] 
[INFO] [stdout] error[E0433]: failed to resolve: use of undeclared type `ActorClient`
[INFO] [stdout]   --> src/lib.rs:207:102
[INFO] [stdout]    |
[INFO] [stdout] 10 | ...e, EchoState, EchoResponse, EchoError >> = ActorClient::new("echo_client", "127.0.0.1", 9001).await?;
[INFO] [stdout]    |                                               ^^^^^^^^^^^ use of undeclared type `ActorClient`
[INFO] [stdout]    |
[INFO] [stdout] help: consider importing this struct
[INFO] [stdout]    |
[INFO] [stdout] 2  + use gabriel2::remote::ActorClient;
[INFO] [stdout]    |
[INFO] [stdout] 
[INFO] [stdout] error[E0433]: failed to resolve: use of undeclared type `EchoMessage`
[INFO] [stdout]   --> src/lib.rs:210:22
[INFO] [stdout]    |
[INFO] [stdout] 13 |     echo_client.send(EchoMessage::Ping).await?;
[INFO] [stdout]    |                      ^^^^^^^^^^^ use of undeclared type `EchoMessage`
[INFO] [stdout] 
[INFO] [stdout] error[E0433]: failed to resolve: use of undeclared type `EchoMessage`
[INFO] [stdout]   --> src/lib.rs:213:32
[INFO] [stdout]    |
[INFO] [stdout] 16 |     let pong = echo_client.ask(EchoMessage::Ping).await?;
[INFO] [stdout]    |                                ^^^^^^^^^^^ use of undeclared type `EchoMessage`
[INFO] [stdout] 
[INFO] [stdout] error: aborting due to 15 previous errors
[INFO] [stdout] 
[INFO] [stdout] Some errors have detailed explanations: E0412, E0422, E0433.
[INFO] [stdout] For more information about an error, try `rustc --explain E0412`.
[INFO] [stdout] Couldn't compile the test.
[INFO] [stdout] ---- src/lib.rs - (line 265) stdout ----
[INFO] [stdout] error[E0412]: cannot find type `EchoError` in this scope
[INFO] [stdout]  --> src/lib.rs:267:31
[INFO] [stdout]   |
[INFO] [stdout] 3 | async fn main() -> Result<(), EchoError> {
[INFO] [stdout]   |                               ^^^^^^^^^ not found in this scope
[INFO] [stdout] 
[INFO] [stdout] error[E0412]: cannot find type `Arc` in this scope
[INFO] [stdout]  --> src/lib.rs:268:29
[INFO] [stdout]   |
[INFO] [stdout] 4 |     let echo_load_balancer: Arc<LoadBalancer<EchoActor, EchoMessage, EchoState, EchoResponse, EchoError>> =
[INFO] [stdout]   |                             ^^^ not found in this scope
[INFO] [stdout]   |
[INFO] [stdout] help: consider importing this struct
[INFO] [stdout]   |
[INFO] [stdout] 2 + use std::sync::Arc;
[INFO] [stdout]   |
[INFO] [stdout] 
[INFO] [stdout] error[E0412]: cannot find type `LoadBalancer` in this scope
[INFO] [stdout]  --> src/lib.rs:268:33
[INFO] [stdout]   |
[INFO] [stdout] 4 |     let echo_load_balancer: Arc<LoadBalancer<EchoActor, EchoMessage, EchoState, EchoResponse, EchoError>> =
[INFO] [stdout]   |                                 ^^^^^^^^^^^^ not found in this scope
[INFO] [stdout]   |
[INFO] [stdout] help: consider importing this struct
[INFO] [stdout]   |
[INFO] [stdout] 2 + use gabriel2::balancer::LoadBalancer;
[INFO] [stdout]   |
[INFO] [stdout] 
[INFO] [stdout] error[E0412]: cannot find type `EchoActor` in this scope
[INFO] [stdout]  --> src/lib.rs:268:46
[INFO] [stdout]   |
[INFO] [stdout] 4 |     let echo_load_balancer: Arc<LoadBalancer<EchoActor, EchoMessage, EchoState, EchoResponse, EchoError>> =
[INFO] [stdout]   |                                              ^^^^^^^^^ not found in this scope
[INFO] [stdout] 
[INFO] [stdout] error[E0412]: cannot find type `EchoMessage` in this scope
[INFO] [stdout]  --> src/lib.rs:268:57
[INFO] [stdout]   |
[INFO] [stdout] 4 |     let echo_load_balancer: Arc<LoadBalancer<EchoActor, EchoMessage, EchoState, EchoResponse, EchoError>> =
[INFO] [stdout]   |                                                         ^^^^^^^^^^^ not found in this scope
[INFO] [stdout] 
[INFO] [stdout] error[E0412]: cannot find type `EchoState` in this scope
[INFO] [stdout]  --> src/lib.rs:268:70
[INFO] [stdout]   |
[INFO] [stdout] 4 |     let echo_load_balancer: Arc<LoadBalancer<EchoActor, EchoMessage, EchoState, EchoResponse, EchoError>> =
[INFO] [stdout]   |                                                                      ^^^^^^^^^ not found in this scope
[INFO] [stdout] 
[INFO] [stdout] error[E0412]: cannot find type `EchoResponse` in this scope
[INFO] [stdout]  --> src/lib.rs:268:81
[INFO] [stdout]   |
[INFO] [stdout] 4 |     let echo_load_balancer: Arc<LoadBalancer<EchoActor, EchoMessage, EchoState, EchoResponse, EchoError>> =
[INFO] [stdout]   |                                                                                 ^^^^^^^^^^^^ not found in this scope
[INFO] [stdout] 
[INFO] [stdout] error[E0412]: cannot find type `EchoError` in this scope
[INFO] [stdout]  --> src/lib.rs:268:95
[INFO] [stdout]   |
[INFO] [stdout] 4 |     let echo_load_balancer: Arc<LoadBalancer<EchoActor, EchoMessage, EchoState, EchoResponse, EchoError>> =
[INFO] [stdout]   |                                                                                               ^^^^^^^^^ not found in this scope
[INFO] [stdout] 
[INFO] [stdout] error[E0433]: failed to resolve: use of undeclared type `LoadBalancer`
[INFO] [stdout]  --> src/lib.rs:269:9
[INFO] [stdout]   |
[INFO] [stdout] 5 |         LoadBalancer::new("echo_load_balancer", 10, |id: usize| {
[INFO] [stdout]   |         ^^^^^^^^^^^^ use of undeclared type `LoadBalancer`
[INFO] [stdout]   |
[INFO] [stdout] help: consider importing this struct
[INFO] [stdout]   |
[INFO] [stdout] 2 + use gabriel2::balancer::LoadBalancer;
[INFO] [stdout]   |
[INFO] [stdout] 
[INFO] [stdout] error[E0412]: cannot find type `Arc` in this scope
[INFO] [stdout]  --> src/lib.rs:271:27
[INFO] [stdout]   |
[INFO] [stdout] 7 |                 let user: Arc<
[INFO] [stdout]   |                           ^^^ not found in this scope
[INFO] [stdout]   |
[INFO] [stdout] help: consider importing this struct
[INFO] [stdout]   |
[INFO] [stdout] 2 + use std::sync::Arc;
[INFO] [stdout]   |
[INFO] [stdout] 
[INFO] [stdout] error[E0412]: cannot find type `ActorRef` in this scope
[INFO] [stdout]  --> src/lib.rs:272:21
[INFO] [stdout]   |
[INFO] [stdout] 8 |                     ActorRef<EchoActor, EchoMessage, EchoState, EchoResponse, EchoError>,
[INFO] [stdout]   |                     ^^^^^^^^ not found in this scope
[INFO] [stdout]   |
[INFO] [stdout] help: consider importing this struct
[INFO] [stdout]   |
[INFO] [stdout] 2 + use gabriel2::ActorRef;
[INFO] [stdout]   |
[INFO] [stdout] 
[INFO] [stdout] error[E0412]: cannot find type `EchoActor` in this scope
[INFO] [stdout]  --> src/lib.rs:272:30
[INFO] [stdout]   |
[INFO] [stdout] 8 |                     ActorRef<EchoActor, EchoMessage, EchoState, EchoResponse, EchoError>,
[INFO] [stdout]   |                              ^^^^^^^^^ not found in this scope
[INFO] [stdout] 
[INFO] [stdout] error[E0412]: cannot find type `EchoMessage` in this scope
[INFO] [stdout]  --> src/lib.rs:272:41
[INFO] [stdout]   |
[INFO] [stdout] 8 |                     ActorRef<EchoActor, EchoMessage, EchoState, EchoResponse, EchoError>,
[INFO] [stdout]   |                                         ^^^^^^^^^^^ not found in this scope
[INFO] [stdout] 
[INFO] [stdout] error[E0412]: cannot find type `EchoState` in this scope
[INFO] [stdout]  --> src/lib.rs:272:54
[INFO] [stdout]   |
[INFO] [stdout] 8 |                     ActorRef<EchoActor, EchoMessage, EchoState, EchoResponse, EchoError>,
[INFO] [stdout]   |                                                      ^^^^^^^^^ not found in this scope
[INFO] [stdout] 
[INFO] [stdout] error[E0412]: cannot find type `EchoResponse` in this scope
[INFO] [stdout]  --> src/lib.rs:272:65
[INFO] [stdout]   |
[INFO] [stdout] 8 |                     ActorRef<EchoActor, EchoMessage, EchoState, EchoResponse, EchoError>,
[INFO] [stdout]   |                                                                 ^^^^^^^^^^^^ not found in this scope
[INFO] [stdout] 
[INFO] [stdout] error[E0412]: cannot find type `EchoError` in this scope
[INFO] [stdout]  --> src/lib.rs:272:79
[INFO] [stdout]   |
[INFO] [stdout] 8 |                     ActorRef<EchoActor, EchoMessage, EchoState, EchoResponse, EchoError>,
[INFO] [stdout]   |                                                                               ^^^^^^^^^ not found in this scope
[INFO] [stdout] 
[INFO] [stdout] error[E0433]: failed to resolve: use of undeclared type `ActorRef`
[INFO] [stdout]  --> src/lib.rs:273:21
[INFO] [stdout]   |
[INFO] [stdout] 9 |                 > = ActorRef::new(
[INFO] [stdout]   |                     ^^^^^^^^ use of undeclared type `ActorRef`
[INFO] [stdout]   |
[INFO] [stdout] help: consider importing this struct
[INFO] [stdout]   |
[INFO] [stdout] 2 + use gabriel2::ActorRef;
[INFO] [stdout]   |
[INFO] [stdout] 
[INFO] [stdout] error[E0422]: cannot find struct, variant or union type `EchoActor` in this scope
[INFO] [stdout]   --> src/lib.rs:275:21
[INFO] [stdout]    |
[INFO] [stdout] 11 |                     EchoActor {},
[INFO] [stdout]    |                     ^^^^^^^^^ not found in this scope
[INFO] [stdout] 
[INFO] [stdout] error[E0422]: cannot find struct, variant or union type `EchoState` in this scope
[INFO] [stdout]   --> src/lib.rs:276:21
[INFO] [stdout]    |
[INFO] [stdout] 12 |                     EchoState { counter: 0 },
[INFO] [stdout]    |                     ^^^^^^^^^ not found in this scope
[INFO] [stdout] 
[INFO] [stdout] error[E0433]: failed to resolve: use of undeclared type `EchoMessage`
[INFO] [stdout]   --> src/lib.rs:287:33
[INFO] [stdout]    |
[INFO] [stdout] 23 |         echo_load_balancer.send(EchoMessage::Ping).await?;
[INFO] [stdout]    |                                 ^^^^^^^^^^^ use of undeclared type `EchoMessage`
[INFO] [stdout] 
[INFO] [stdout] error: aborting due to 20 previous errors
[INFO] [stdout] 
[INFO] [stdout] Some errors have detailed explanations: E0412, E0422, E0433.
[INFO] [stdout] For more information about an error, try `rustc --explain E0412`.
[INFO] [stdout] Couldn't compile the test.
[INFO] [stdout] ---- src/lib.rs - (line 99) stdout ----
[INFO] [stdout] error[E0412]: cannot find type `EchoError` in this scope
[INFO] [stdout]  --> src/lib.rs:101:31
[INFO] [stdout]   |
[INFO] [stdout] 3 | async fn main() -> Result<(), EchoError> {
[INFO] [stdout]   |                               ^^^^^^^^^ not found in this scope
[INFO] [stdout] 
[INFO] [stdout] error[E0422]: cannot find struct, variant or union type `EchoState` in this scope
[INFO] [stdout]  --> src/lib.rs:102:17
[INFO] [stdout]   |
[INFO] [stdout] 4 |     let state = EchoState {
[INFO] [stdout]   |                 ^^^^^^^^^ not found in this scope
[INFO] [stdout] 
[INFO] [stdout] error[E0433]: failed to resolve: use of undeclared type `ActorRef`
[INFO] [stdout]  --> src/lib.rs:106:20
[INFO] [stdout]   |
[INFO] [stdout] 8 |     let echo_ref = ActorRef::new("echo", EchoActor {}, state, 100000).await?;
[INFO] [stdout]   |                    ^^^^^^^^ use of undeclared type `ActorRef`
[INFO] [stdout]   |
[INFO] [stdout] help: consider importing this struct
[INFO] [stdout]   |
[INFO] [stdout] 2 + use gabriel2::ActorRef;
[INFO] [stdout]   |
[INFO] [stdout] 
[INFO] [stdout] error[E0422]: cannot find struct, variant or union type `EchoActor` in this scope
[INFO] [stdout]  --> src/lib.rs:106:42
[INFO] [stdout]   |
[INFO] [stdout] 8 |     let echo_ref = ActorRef::new("echo", EchoActor {}, state, 100000).await?;
[INFO] [stdout]   |                                          ^^^^^^^^^ not found in this scope
[INFO] [stdout] 
[INFO] [stdout] error[E0433]: failed to resolve: use of undeclared type `EchoMessage`
[INFO] [stdout]   --> src/lib.rs:109:19
[INFO] [stdout]    |
[INFO] [stdout] 11 |     echo_ref.send(EchoMessage::Ping).await?;
[INFO] [stdout]    |                   ^^^^^^^^^^^ use of undeclared type `EchoMessage`
[INFO] [stdout] 
[INFO] [stdout] error[E0433]: failed to resolve: use of undeclared type `EchoMessage`
[INFO] [stdout]   --> src/lib.rs:112:29
[INFO] [stdout]    |
[INFO] [stdout] 14 |     let pong = echo_ref.ask(EchoMessage::Ping).await?;
[INFO] [stdout]    |                             ^^^^^^^^^^^ use of undeclared type `EchoMessage`
[INFO] [stdout] 
[INFO] [stdout] error: aborting due to 6 previous errors
[INFO] [stdout] 
[INFO] [stdout] Some errors have detailed explanations: E0412, E0422, E0433.
[INFO] [stdout] For more information about an error, try `rustc --explain E0412`.
[INFO] [stdout] Couldn't compile the test.
[INFO] [stdout] ---- src/lib.rs - (line 35) stdout ----
[INFO] [stdout] error[E0432]: unresolved import `derive_more`
[INFO] [stdout]  --> src/lib.rs:41:5
[INFO] [stdout]   |
[INFO] [stdout] 9 | use derive_more::{Display, Error};
[INFO] [stdout]   |     ^^^^^^^^^^^ use of undeclared crate or module `derive_more`
[INFO] [stdout] 
[INFO] [stdout] error: cannot find attribute `display` in this scope
[INFO] [stdout]   --> src/lib.rs:64:7
[INFO] [stdout]    |
[INFO] [stdout] 32 |     #[display(fmt = "Unknown error")]
[INFO] [stdout]    |       ^^^^^^^
[INFO] [stdout] 
[INFO] [stdout] error[E0277]: the trait bound `EchoError: std::error::Error` is not satisfied
[INFO] [stdout]    --> src/lib.rs:79:18
[INFO] [stdout]     |
[INFO] [stdout] 47  |     type Error = EchoError;
[INFO] [stdout]     |                  ^^^^^^^^^ the trait `std::error::Error` is not implemented for `EchoError`
[INFO] [stdout]     |
[INFO] [stdout] note: required by a bound in `gabriel2::Handler::Error`
[INFO] [stdout]    --> /opt/rustwide/workdir/src/lib.rs:106:24
[INFO] [stdout]     |
[INFO] [stdout] 106 |     type Error: SSSD + std::error::Error + From<std::io::Error>;
[INFO] [stdout]     |                        ^^^^^^^^^^^^^^^^^ required by this bound in `Handler::Error`
[INFO] [stdout] 
[INFO] [stdout] error: aborting due to 3 previous errors
[INFO] [stdout] 
[INFO] [stdout] Some errors have detailed explanations: E0277, E0432.
[INFO] [stdout] For more information about an error, try `rustc --explain E0277`.
[INFO] [stdout] Couldn't compile the test.
[INFO] [stdout] ---- src/lib.rs - (line 135) stdout ----
[INFO] [stdout] error[E0433]: failed to resolve: could not find `echo` in the crate root
[INFO] [stdout]  --> src/lib.rs:142:49
[INFO] [stdout]   |
[INFO] [stdout] 8 |     let echo_ref = ActorRef::new("echo", crate::echo::EchoActor {}, state, 100000).await?;
[INFO] [stdout]   |                                                 ^^^^ could not find `echo` in the crate root
[INFO] [stdout] 
[INFO] [stdout] error[E0412]: cannot find type `EchoError` in this scope
[INFO] [stdout]  --> src/lib.rs:137:31
[INFO] [stdout]   |
[INFO] [stdout] 3 | async fn main() -> Result<(), EchoError> {
[INFO] [stdout]   |                               ^^^^^^^^^ not found in this scope
[INFO] [stdout] 
[INFO] [stdout] error[E0422]: cannot find struct, variant or union type `EchoState` in this scope
[INFO] [stdout]  --> src/lib.rs:138:17
[INFO] [stdout]   |
[INFO] [stdout] 4 |     let state = EchoState {
[INFO] [stdout]   |                 ^^^^^^^^^ not found in this scope
[INFO] [stdout] 
[INFO] [stdout] error[E0433]: failed to resolve: use of undeclared type `ActorRef`
[INFO] [stdout]  --> src/lib.rs:142:20
[INFO] [stdout]   |
[INFO] [stdout] 8 |     let echo_ref = ActorRef::new("echo", crate::echo::EchoActor {}, state, 100000).await?;
[INFO] [stdout]   |                    ^^^^^^^^ use of undeclared type `ActorRef`
[INFO] [stdout]   |
[INFO] [stdout] help: consider importing this struct
[INFO] [stdout]   |
[INFO] [stdout] 2 + use gabriel2::ActorRef;
[INFO] [stdout]   |
[INFO] [stdout] 
[INFO] [stdout] error[E0433]: failed to resolve: use of undeclared type `ActorSink`
[INFO] [stdout]  --> src/lib.rs:143:21
[INFO] [stdout]   |
[INFO] [stdout] 9 |     let echo_sink = ActorSink::sink(echo_ref.clone());
[INFO] [stdout]   |                     ^^^^^^^^^ use of undeclared type `ActorSink`
[INFO] [stdout]   |
[INFO] [stdout] help: consider importing this struct
[INFO] [stdout]   |
[INFO] [stdout] 2 + use gabriel2::sink_stream::ActorSink;
[INFO] [stdout]   |
[INFO] [stdout] 
[INFO] [stdout] error[E0433]: failed to resolve: use of undeclared type `EchoMessage`
[INFO] [stdout]   --> src/lib.rs:144:53
[INFO] [stdout]    |
[INFO] [stdout] 10 |     let message_stream = futures::stream::iter(vec![EchoMessage::Ping, EchoMessage::Ping, EchoMessage::Ping]).map(Ok);
[INFO] [stdout]    |                                                     ^^^^^^^^^^^ use of undeclared type `EchoMessage`
[INFO] [stdout] 
[INFO] [stdout] error[E0433]: failed to resolve: use of undeclared type `EchoMessage`
[INFO] [stdout]   --> src/lib.rs:144:72
[INFO] [stdout]    |
[INFO] [stdout] 10 |     let message_stream = futures::stream::iter(vec![EchoMessage::Ping, EchoMessage::Ping, EchoMessage::Ping]).map(Ok);
[INFO] [stdout]    |                                                                        ^^^^^^^^^^^ use of undeclared type `EchoMessage`
[INFO] [stdout] 
[INFO] [stdout] error[E0433]: failed to resolve: use of undeclared type `EchoMessage`
[INFO] [stdout]   --> src/lib.rs:144:91
[INFO] [stdout]    |
[INFO] [stdout] 10 |     let message_stream = futures::stream::iter(vec![EchoMessage::Ping, EchoMessage::Ping, EchoMessage::Ping]).map(Ok);
[INFO] [stdout]    |                                                                                           ^^^^^^^^^^^ use of undeclared type `EchoMessage`
[INFO] [stdout] 
[INFO] [stdout] error[E0599]: the method `map` exists for struct `Iter<IntoIter<_, _>>`, but its trait bounds were not satisfied
[INFO] [stdout]   --> src/lib.rs:144:111
[INFO] [stdout]    |
[INFO] [stdout] 10 |     let message_stream = futures::stream::iter(vec![EchoMessage::Ping, EchoMessage::Ping, EchoMessage::Ping]).map(Ok);
[INFO] [stdout]    |                                                                                                               ^^^
[INFO] [stdout]    |
[INFO] [stdout]   ::: /opt/rustwide/cargo-home/registry/src/index.crates.io-6f17d22bba15001f/futures-util-0.3.31/src/stream/iter.rs:9:1
[INFO] [stdout]    |
[INFO] [stdout] 9  | pub struct Iter<I> {
[INFO] [stdout]    | ------------------ doesn't satisfy `_: Iterator`
[INFO] [stdout]    |
[INFO] [stdout]    = note: the following trait bounds were not satisfied:
[INFO] [stdout]            `futures::stream::Iter<std::vec::IntoIter<_, _>>: Iterator`
[INFO] [stdout]            which is required by `&mut futures::stream::Iter<std::vec::IntoIter<_, _>>: Iterator`
[INFO] [stdout]    = help: items from traits can only be used if the trait is in scope
[INFO] [stdout] help: trait `StreamExt` which provides `map` is implemented but not in scope; perhaps you want to import it
[INFO] [stdout]    |
[INFO] [stdout] 2  + use futures::StreamExt;
[INFO] [stdout]    |
[INFO] [stdout] 
[INFO] [stdout] error: aborting due to 9 previous errors
[INFO] [stdout] 
[INFO] [stdout] Some errors have detailed explanations: E0412, E0422, E0433, E0599.
[INFO] [stdout] For more information about an error, try `rustc --explain E0412`.
[INFO] [stdout] Couldn't compile the test.
[INFO] [stdout] ---- src/lib.rs - (line 160) stdout ----
[INFO] [stdout] error[E0433]: failed to resolve: could not find `echo` in the crate root
[INFO] [stdout]  --> src/lib.rs:167:49
[INFO] [stdout]   |
[INFO] [stdout] 8 |     let echo_ref = ActorRef::new("echo", crate::echo::EchoActor {}, state, 100000).await?;
[INFO] [stdout]   |                                                 ^^^^ could not find `echo` in the crate root
[INFO] [stdout] 
[INFO] [stdout] error[E0412]: cannot find type `EchoError` in this scope
[INFO] [stdout]  --> src/lib.rs:162:31
[INFO] [stdout]   |
[INFO] [stdout] 3 | async fn main() -> Result<(), EchoError> {
[INFO] [stdout]   |                               ^^^^^^^^^ not found in this scope
[INFO] [stdout] 
[INFO] [stdout] error[E0422]: cannot find struct, variant or union type `EchoState` in this scope
[INFO] [stdout]  --> src/lib.rs:163:17
[INFO] [stdout]   |
[INFO] [stdout] 4 |     let state = EchoState {
[INFO] [stdout]   |                 ^^^^^^^^^ not found in this scope
[INFO] [stdout] 
[INFO] [stdout] error[E0433]: failed to resolve: use of undeclared type `ActorRef`
[INFO] [stdout]  --> src/lib.rs:167:20
[INFO] [stdout]   |
[INFO] [stdout] 8 |     let echo_ref = ActorRef::new("echo", crate::echo::EchoActor {}, state, 100000).await?;
[INFO] [stdout]   |                    ^^^^^^^^ use of undeclared type `ActorRef`
[INFO] [stdout]   |
[INFO] [stdout] help: consider importing this struct
[INFO] [stdout]   |
[INFO] [stdout] 2 + use gabriel2::ActorRef;
[INFO] [stdout]   |
[INFO] [stdout] 
[INFO] [stdout] error[E0433]: failed to resolve: use of undeclared type `ActorSink`
[INFO] [stdout]  --> src/lib.rs:168:36
[INFO] [stdout]   |
[INFO] [stdout] 9 |     let (echo_sink, echo_stream) = ActorSink::sink_stream(echo_ref.clone());
[INFO] [stdout]   |                                    ^^^^^^^^^ use of undeclared type `ActorSink`
[INFO] [stdout]   |
[INFO] [stdout] help: consider importing this struct
[INFO] [stdout]   |
[INFO] [stdout] 2 + use gabriel2::sink_stream::ActorSink;
[INFO] [stdout]   |
[INFO] [stdout] 
[INFO] [stdout] error[E0433]: failed to resolve: use of undeclared type `EchoMessage`
[INFO] [stdout]   --> src/lib.rs:169:53
[INFO] [stdout]    |
[INFO] [stdout] 10 |     let message_stream = futures::stream::iter(vec![EchoMessage::Ping, EchoMessage::Ping, EchoMessage::Ping]).map(Ok);
[INFO] [stdout]    |                                                     ^^^^^^^^^^^ use of undeclared type `EchoMessage`
[INFO] [stdout] 
[INFO] [stdout] error[E0433]: failed to resolve: use of undeclared type `EchoMessage`
[INFO] [stdout]   --> src/lib.rs:169:72
[INFO] [stdout]    |
[INFO] [stdout] 10 |     let message_stream = futures::stream::iter(vec![EchoMessage::Ping, EchoMessage::Ping, EchoMessage::Ping]).map(Ok);
[INFO] [stdout]    |                                                                        ^^^^^^^^^^^ use of undeclared type `EchoMessage`
[INFO] [stdout] 
[INFO] [stdout] error[E0433]: failed to resolve: use of undeclared type `EchoMessage`
[INFO] [stdout]   --> src/lib.rs:169:91
[INFO] [stdout]    |
[INFO] [stdout] 10 |     let message_stream = futures::stream::iter(vec![EchoMessage::Ping, EchoMessage::Ping, EchoMessage::Ping]).map(Ok);
[INFO] [stdout]    |                                                                                           ^^^^^^^^^^^ use of undeclared type `EchoMessage`
[INFO] [stdout] 
[INFO] [stdout] error[E0599]: the method `map` exists for struct `Iter<IntoIter<_, _>>`, but its trait bounds were not satisfied
[INFO] [stdout]   --> src/lib.rs:169:111
[INFO] [stdout]    |
[INFO] [stdout] 10 |     let message_stream = futures::stream::iter(vec![EchoMessage::Ping, EchoMessage::Ping, EchoMessage::Ping]).map(Ok);
[INFO] [stdout]    |                                                                                                               ^^^
[INFO] [stdout]    |
[INFO] [stdout]   ::: /opt/rustwide/cargo-home/registry/src/index.crates.io-6f17d22bba15001f/futures-util-0.3.31/src/stream/iter.rs:9:1
[INFO] [stdout]    |
[INFO] [stdout] 9  | pub struct Iter<I> {
[INFO] [stdout]    | ------------------ doesn't satisfy `_: Iterator`
[INFO] [stdout]    |
[INFO] [stdout]    = note: the following trait bounds were not satisfied:
[INFO] [stdout]            `futures::stream::Iter<std::vec::IntoIter<_, _>>: Iterator`
[INFO] [stdout]            which is required by `&mut futures::stream::Iter<std::vec::IntoIter<_, _>>: Iterator`
[INFO] [stdout]    = help: items from traits can only be used if the trait is in scope
[INFO] [stdout] help: trait `StreamExt` which provides `map` is implemented but not in scope; perhaps you want to import it
[INFO] [stdout]    |
[INFO] [stdout] 2  + use futures::StreamExt;
[INFO] [stdout]    |
[INFO] [stdout] 
[INFO] [stdout] error: aborting due to 9 previous errors
[INFO] [stdout] 
[INFO] [stdout] Some errors have detailed explanations: E0412, E0422, E0433, E0599.
[INFO] [stdout] For more information about an error, try `rustc --explain E0412`.
[INFO] [stdout] Couldn't compile the test.
[INFO] [stdout] 
[INFO] [stdout] failures:
[INFO] [stdout]     src/lib.rs - (line 135)
[INFO] [stdout]     src/lib.rs - (line 152)
[INFO] [stdout]     src/lib.rs - (line 160)
[INFO] [stdout]     src/lib.rs - (line 181)
[INFO] [stdout]     src/lib.rs - (line 198)
[INFO] [stdout]     src/lib.rs - (line 225)
[INFO] [stdout]     src/lib.rs - (line 265)
[INFO] [stdout]     src/lib.rs - (line 35)
[INFO] [stdout]     src/lib.rs - (line 99)
[INFO] [stdout] 
[INFO] [stdout] test result: FAILED. 0 passed; 9 failed; 0 ignored; 0 measured; 0 filtered out; finished in 0.48s
[INFO] [stdout] 
[INFO] [stderr] error: doctest failed, to rerun pass `--doc`
[INFO] running `Command { std: "docker" "inspect" "9fe04d8f121ecf30e80a780b13dee52833c22f8101d94d1a8bfd2806510dff8a", kill_on_drop: false }`
[INFO] running `Command { std: "docker" "rm" "-f" "9fe04d8f121ecf30e80a780b13dee52833c22f8101d94d1a8bfd2806510dff8a", kill_on_drop: false }`
[INFO] [stdout] 9fe04d8f121ecf30e80a780b13dee52833c22f8101d94d1a8bfd2806510dff8a
