[INFO] fetching crate gabi 0.2.6...
[INFO] testing gabi-0.2.6 against nightly-2024-10-28+rustflags=-Zrandomize-layout for randomize-layout
[INFO] extracting crate gabi 0.2.6 into /workspace/builds/worker-4-tc2/source
[INFO] validating manifest of crates.io crate gabi 0.2.6 on toolchain nightly-2024-10-28
[INFO] running `Command { std: CARGO_HOME="/workspace/cargo-home" RUSTUP_HOME="/workspace/rustup-home" "/workspace/cargo-home/bin/cargo" "+nightly-2024-10-28" "metadata" "--manifest-path" "Cargo.toml" "--no-deps", kill_on_drop: false }`
[INFO] started tweaking crates.io crate gabi 0.2.6
[INFO] finished tweaking crates.io crate gabi 0.2.6
[INFO] tweaked toml for crates.io crate gabi 0.2.6 written to /workspace/builds/worker-4-tc2/source/Cargo.toml
[INFO] crate crates.io crate gabi 0.2.6 already has a lockfile, it will not be regenerated
[INFO] running `Command { std: CARGO_HOME="/workspace/cargo-home" RUSTUP_HOME="/workspace/rustup-home" "/workspace/cargo-home/bin/cargo" "+nightly-2024-10-28" "fetch" "--manifest-path" "Cargo.toml", kill_on_drop: false }`
[INFO] running `Command { std: "docker" "create" "-v" "/var/lib/crater-agent-workspace/builds/worker-4-tc2/target:/opt/rustwide/target:rw,Z" "-v" "/var/lib/crater-agent-workspace/builds/worker-4-tc2/source:/opt/rustwide/workdir:ro,Z" "-v" "/var/lib/crater-agent-workspace/cargo-home:/opt/rustwide/cargo-home:ro,Z" "-v" "/var/lib/crater-agent-workspace/rustup-home:/opt/rustwide/rustup-home:ro,Z" "-e" "SOURCE_DIR=/opt/rustwide/workdir" "-e" "CARGO_TARGET_DIR=/opt/rustwide/target" "-e" "CARGO_HOME=/opt/rustwide/cargo-home" "-e" "RUSTUP_HOME=/opt/rustwide/rustup-home" "-w" "/opt/rustwide/workdir" "-m" "1610612736" "--user" "0:0" "--network" "none" "ghcr.io/rust-lang/crates-build-env/linux@sha256:4a844ea9eb2546a2d2c7022eacef16ef2e8229c7fbb2c7d4d55a9ceca922f72d" "/opt/rustwide/cargo-home/bin/cargo" "+nightly-2024-10-28" "metadata" "--no-deps" "--format-version=1", kill_on_drop: false }`
[INFO] [stdout] bc25312f142e0e32eac2ff232135d1b79b0a282818cd2494112657a87db34b42
[INFO] running `Command { std: "docker" "start" "-a" "bc25312f142e0e32eac2ff232135d1b79b0a282818cd2494112657a87db34b42", kill_on_drop: false }`
[INFO] running `Command { std: "docker" "inspect" "bc25312f142e0e32eac2ff232135d1b79b0a282818cd2494112657a87db34b42", kill_on_drop: false }`
[INFO] running `Command { std: "docker" "rm" "-f" "bc25312f142e0e32eac2ff232135d1b79b0a282818cd2494112657a87db34b42", kill_on_drop: false }`
[INFO] [stdout] bc25312f142e0e32eac2ff232135d1b79b0a282818cd2494112657a87db34b42
[INFO] running `Command { std: "docker" "create" "-v" "/var/lib/crater-agent-workspace/builds/worker-4-tc2/target:/opt/rustwide/target:rw,Z" "-v" "/var/lib/crater-agent-workspace/builds/worker-4-tc2/source:/opt/rustwide/workdir:ro,Z" "-v" "/var/lib/crater-agent-workspace/cargo-home:/opt/rustwide/cargo-home:ro,Z" "-v" "/var/lib/crater-agent-workspace/rustup-home:/opt/rustwide/rustup-home:ro,Z" "-e" "SOURCE_DIR=/opt/rustwide/workdir" "-e" "CARGO_TARGET_DIR=/opt/rustwide/target" "-e" "CARGO_INCREMENTAL=0" "-e" "RUST_BACKTRACE=full" "-e" "RUSTFLAGS=--cap-lints=forbid -Zrandomize-layout" "-e" "RUSTDOCFLAGS=--cap-lints=forbid" "-e" "CARGO_HOME=/opt/rustwide/cargo-home" "-e" "RUSTUP_HOME=/opt/rustwide/rustup-home" "-w" "/opt/rustwide/workdir" "-m" "1610612736" "--user" "0:0" "--network" "none" "ghcr.io/rust-lang/crates-build-env/linux@sha256:4a844ea9eb2546a2d2c7022eacef16ef2e8229c7fbb2c7d4d55a9ceca922f72d" "/opt/rustwide/cargo-home/bin/cargo" "+nightly-2024-10-28" "build" "--frozen" "--message-format=json", kill_on_drop: false }`
[INFO] [stdout] cb3d47cf5362e8d07d7f7217213efbddd2bce25877b577a4ba56967ee84cdaf5
[INFO] running `Command { std: "docker" "start" "-a" "cb3d47cf5362e8d07d7f7217213efbddd2bce25877b577a4ba56967ee84cdaf5", kill_on_drop: false }`
[INFO] [stderr]    Compiling gabi v0.2.6 (/opt/rustwide/workdir)
[INFO] [stderr]     Finished `dev` profile [unoptimized + debuginfo] target(s) in 0.28s
[INFO] running `Command { std: "docker" "inspect" "cb3d47cf5362e8d07d7f7217213efbddd2bce25877b577a4ba56967ee84cdaf5", kill_on_drop: false }`
[INFO] running `Command { std: "docker" "rm" "-f" "cb3d47cf5362e8d07d7f7217213efbddd2bce25877b577a4ba56967ee84cdaf5", kill_on_drop: false }`
[INFO] [stdout] cb3d47cf5362e8d07d7f7217213efbddd2bce25877b577a4ba56967ee84cdaf5
[INFO] running `Command { std: "docker" "create" "-v" "/var/lib/crater-agent-workspace/builds/worker-4-tc2/target:/opt/rustwide/target:rw,Z" "-v" "/var/lib/crater-agent-workspace/builds/worker-4-tc2/source:/opt/rustwide/workdir:ro,Z" "-v" "/var/lib/crater-agent-workspace/cargo-home:/opt/rustwide/cargo-home:ro,Z" "-v" "/var/lib/crater-agent-workspace/rustup-home:/opt/rustwide/rustup-home:ro,Z" "-e" "SOURCE_DIR=/opt/rustwide/workdir" "-e" "CARGO_TARGET_DIR=/opt/rustwide/target" "-e" "CARGO_INCREMENTAL=0" "-e" "RUST_BACKTRACE=full" "-e" "RUSTFLAGS=--cap-lints=forbid -Zrandomize-layout" "-e" "RUSTDOCFLAGS=--cap-lints=forbid" "-e" "CARGO_HOME=/opt/rustwide/cargo-home" "-e" "RUSTUP_HOME=/opt/rustwide/rustup-home" "-w" "/opt/rustwide/workdir" "-m" "1610612736" "--user" "0:0" "--network" "none" "ghcr.io/rust-lang/crates-build-env/linux@sha256:4a844ea9eb2546a2d2c7022eacef16ef2e8229c7fbb2c7d4d55a9ceca922f72d" "/opt/rustwide/cargo-home/bin/cargo" "+nightly-2024-10-28" "test" "--frozen" "--no-run" "--message-format=json", kill_on_drop: false }`
[INFO] [stdout] edfa00c7fc9039582f0496d1eaf5af01791a7de6b3861bcdf660e4dd068db687
[INFO] running `Command { std: "docker" "start" "-a" "edfa00c7fc9039582f0496d1eaf5af01791a7de6b3861bcdf660e4dd068db687", kill_on_drop: false }`
[INFO] [stderr]    Compiling gabi v0.2.6 (/opt/rustwide/workdir)
[INFO] [stderr]     Finished `test` profile [unoptimized + debuginfo] target(s) in 0.79s
[INFO] running `Command { std: "docker" "inspect" "edfa00c7fc9039582f0496d1eaf5af01791a7de6b3861bcdf660e4dd068db687", kill_on_drop: false }`
[INFO] running `Command { std: "docker" "rm" "-f" "edfa00c7fc9039582f0496d1eaf5af01791a7de6b3861bcdf660e4dd068db687", kill_on_drop: false }`
[INFO] [stdout] edfa00c7fc9039582f0496d1eaf5af01791a7de6b3861bcdf660e4dd068db687
[INFO] running `Command { std: "docker" "create" "-v" "/var/lib/crater-agent-workspace/builds/worker-4-tc2/target:/opt/rustwide/target:rw,Z" "-v" "/var/lib/crater-agent-workspace/builds/worker-4-tc2/source:/opt/rustwide/workdir:ro,Z" "-v" "/var/lib/crater-agent-workspace/cargo-home:/opt/rustwide/cargo-home:ro,Z" "-v" "/var/lib/crater-agent-workspace/rustup-home:/opt/rustwide/rustup-home:ro,Z" "-e" "SOURCE_DIR=/opt/rustwide/workdir" "-e" "CARGO_TARGET_DIR=/opt/rustwide/target" "-e" "CARGO_INCREMENTAL=0" "-e" "RUST_BACKTRACE=full" "-e" "RUSTFLAGS=--cap-lints=forbid -Zrandomize-layout" "-e" "RUSTDOCFLAGS=--cap-lints=forbid" "-e" "CARGO_HOME=/opt/rustwide/cargo-home" "-e" "RUSTUP_HOME=/opt/rustwide/rustup-home" "-w" "/opt/rustwide/workdir" "-m" "1610612736" "--user" "0:0" "--network" "none" "ghcr.io/rust-lang/crates-build-env/linux@sha256:4a844ea9eb2546a2d2c7022eacef16ef2e8229c7fbb2c7d4d55a9ceca922f72d" "/opt/rustwide/cargo-home/bin/cargo" "+nightly-2024-10-28" "test" "--frozen", kill_on_drop: false }`
[INFO] [stdout] ec9e3ea62c5ba1aebb211b2dc53b97362295f9733166482e0353682a3db191c3
[INFO] running `Command { std: "docker" "start" "-a" "ec9e3ea62c5ba1aebb211b2dc53b97362295f9733166482e0353682a3db191c3", kill_on_drop: false }`
[INFO] [stderr]     Finished `test` profile [unoptimized + debuginfo] target(s) in 0.01s
[INFO] [stderr]      Running unittests src/lib.rs (/opt/rustwide/target/debug/deps/gabi-cf705419dbafc8f0)
[INFO] [stdout] 
[INFO] [stdout] running 16 tests
[INFO] [stdout] test test::test_config_alignment ... ok
[INFO] [stdout] test test::test_display_bytes_bi ... ok
[INFO] [stdout] test test::test_display_exabytes ... ok
[INFO] [stdout] test test::test_display_gibibytes ... ok
[INFO] [stdout] test test::test_display_exbibytes ... ok
[INFO] [stdout] test test::test_display_kilobytes ... ok
[INFO] [stdout] test test::test_display_megabytes ... ok
[INFO] [stdout] test test::test_display_mebibytes ... ok
[INFO] [stdout] test test::test_display_bytes_ga ... ok
[INFO] [stdout] test test::test_display_pebibytes ... ok
[INFO] [stdout] test test::test_display_petabytes ... ok
[INFO] [stdout] test test::test_config_precision ... ok
[INFO] [stdout] test test::test_display_terabytes ... ok
[INFO] [stdout] test test::test_display_tebibytes ... ok
[INFO] [stdout] test test::test_display_gigabytes ... ok
[INFO] [stdout] test test::test_display_kibibytes ... ok
[INFO] [stdout] 
[INFO] [stdout] test result: ok. 16 passed; 0 failed; 0 ignored; 0 measured; 0 filtered out; finished in 0.01s
[INFO] [stdout] 
[INFO] [stderr]    Doc-tests gabi
[INFO] [stdout] 
[INFO] [stdout] running 2 tests
[INFO] [stdout] test src/lib.rs - (line 19) ... FAILED
[INFO] [stdout] test src/lib.rs - (line 7) ... FAILED
[INFO] [stdout] 
[INFO] [stdout] failures:
[INFO] [stdout] 
[INFO] [stdout] ---- src/lib.rs - (line 19) stdout ----
[INFO] [stdout] error[E0425]: cannot find value `bb` in this scope
[INFO] [stdout]  --> src/lib.rs:20:1
[INFO] [stdout]   |
[INFO] [stdout] 3 | bb.set_precision(1);
[INFO] [stdout]   | ^^ not found in this scope
[INFO] [stdout] 
[INFO] [stdout] error[E0425]: cannot find value `b` in this scope
[INFO] [stdout]  --> src/lib.rs:21:16
[INFO] [stdout]   |
[INFO] [stdout] 4 | println!("{}", b);  //  Prints "5.3 KB"
[INFO] [stdout]   |                ^ not found in this scope
[INFO] [stdout] 
[INFO] [stdout] error: aborting due to 2 previous errors
[INFO] [stdout] 
[INFO] [stdout] For more information about this error, try `rustc --explain E0425`.
[INFO] [stdout] Couldn't compile the test.
[INFO] [stdout] ---- src/lib.rs - (line 7) stdout ----
[INFO] [stdout] error[E0433]: failed to resolve: use of undeclared type `BytesConfig`
[INFO] [stdout]  --> src/lib.rs:8:14
[INFO] [stdout]   |
[INFO] [stdout] 3 | let mut bb = BytesConfig::default();
[INFO] [stdout]   |              ^^^^^^^^^^^ use of undeclared type `BytesConfig`
[INFO] [stdout]   |
[INFO] [stdout] help: consider importing this struct
[INFO] [stdout]   |
[INFO] [stdout] 2 + use gabi::BytesConfig;
[INFO] [stdout]   |
[INFO] [stdout] 
[INFO] [stdout] error: aborting due to 1 previous error
[INFO] [stdout] 
[INFO] [stdout] For more information about this error, try `rustc --explain E0433`.
[INFO] [stdout] Couldn't compile the test.
[INFO] [stdout] 
[INFO] [stdout] failures:
[INFO] [stdout]     src/lib.rs - (line 19)
[INFO] [stdout]     src/lib.rs - (line 7)
[INFO] [stdout] 
[INFO] [stdout] test result: FAILED. 0 passed; 2 failed; 0 ignored; 0 measured; 0 filtered out; finished in 0.14s
[INFO] [stdout] 
[INFO] [stderr] error: doctest failed, to rerun pass `--doc`
[INFO] running `Command { std: "docker" "inspect" "ec9e3ea62c5ba1aebb211b2dc53b97362295f9733166482e0353682a3db191c3", kill_on_drop: false }`
[INFO] running `Command { std: "docker" "rm" "-f" "ec9e3ea62c5ba1aebb211b2dc53b97362295f9733166482e0353682a3db191c3", kill_on_drop: false }`
[INFO] [stdout] ec9e3ea62c5ba1aebb211b2dc53b97362295f9733166482e0353682a3db191c3
