[INFO] fetching crate futures-buffered 0.2.9...
[INFO] testing futures-buffered-0.2.9 against nightly-2024-10-28 for randomize-layout
[INFO] extracting crate futures-buffered 0.2.9 into /workspace/builds/worker-1-tc1/source
[INFO] validating manifest of crates.io crate futures-buffered 0.2.9 on toolchain nightly-2024-10-28
[INFO] running `Command { std: CARGO_HOME="/workspace/cargo-home" RUSTUP_HOME="/workspace/rustup-home" "/workspace/cargo-home/bin/cargo" "+nightly-2024-10-28" "metadata" "--manifest-path" "Cargo.toml" "--no-deps", kill_on_drop: false }`
[INFO] started tweaking crates.io crate futures-buffered 0.2.9
[INFO] removed 0 missing tests
[INFO] finished tweaking crates.io crate futures-buffered 0.2.9
[INFO] tweaked toml for crates.io crate futures-buffered 0.2.9 written to /workspace/builds/worker-1-tc1/source/Cargo.toml
[INFO] running `Command { std: CARGO_HOME="/workspace/cargo-home" RUSTUP_HOME="/workspace/rustup-home" "/workspace/cargo-home/bin/cargo" "+nightly-2024-10-28" "generate-lockfile" "--manifest-path" "Cargo.toml", kill_on_drop: false }`
[INFO] [stderr]     Updating crates.io index
[INFO] [stderr]      Locking 195 packages to latest compatible versions
[INFO] running `Command { std: CARGO_HOME="/workspace/cargo-home" RUSTUP_HOME="/workspace/rustup-home" "/workspace/cargo-home/bin/cargo" "+nightly-2024-10-28" "fetch" "--manifest-path" "Cargo.toml", kill_on_drop: false }`
[INFO] [stderr]  Downloading crates ...
[INFO] [stderr]   Downloaded divan v0.1.15
[INFO] [stderr]   Downloaded diatomic-waker v0.2.3
[INFO] [stderr]   Downloaded futures-test v0.3.31
[INFO] [stderr]   Downloaded divan-macros v0.1.15
[INFO] running `Command { std: "docker" "create" "-v" "/var/lib/crater-agent-workspace/builds/worker-1-tc1/target:/opt/rustwide/target:rw,Z" "-v" "/var/lib/crater-agent-workspace/builds/worker-1-tc1/source:/opt/rustwide/workdir:ro,Z" "-v" "/var/lib/crater-agent-workspace/cargo-home:/opt/rustwide/cargo-home:ro,Z" "-v" "/var/lib/crater-agent-workspace/rustup-home:/opt/rustwide/rustup-home:ro,Z" "-e" "SOURCE_DIR=/opt/rustwide/workdir" "-e" "CARGO_TARGET_DIR=/opt/rustwide/target" "-e" "CARGO_HOME=/opt/rustwide/cargo-home" "-e" "RUSTUP_HOME=/opt/rustwide/rustup-home" "-w" "/opt/rustwide/workdir" "-m" "1610612736" "--user" "0:0" "--network" "none" "ghcr.io/rust-lang/crates-build-env/linux@sha256:4a844ea9eb2546a2d2c7022eacef16ef2e8229c7fbb2c7d4d55a9ceca922f72d" "/opt/rustwide/cargo-home/bin/cargo" "+nightly-2024-10-28" "metadata" "--no-deps" "--format-version=1", kill_on_drop: false }`
[INFO] [stdout] 8871eab645bec1effbf842890d6fdade55e5177afba6e91edba9a44886375949
[INFO] running `Command { std: "docker" "start" "-a" "8871eab645bec1effbf842890d6fdade55e5177afba6e91edba9a44886375949", kill_on_drop: false }`
[INFO] running `Command { std: "docker" "inspect" "8871eab645bec1effbf842890d6fdade55e5177afba6e91edba9a44886375949", kill_on_drop: false }`
[INFO] running `Command { std: "docker" "rm" "-f" "8871eab645bec1effbf842890d6fdade55e5177afba6e91edba9a44886375949", kill_on_drop: false }`
[INFO] [stdout] 8871eab645bec1effbf842890d6fdade55e5177afba6e91edba9a44886375949
[INFO] running `Command { std: "docker" "create" "-v" "/var/lib/crater-agent-workspace/builds/worker-1-tc1/target:/opt/rustwide/target:rw,Z" "-v" "/var/lib/crater-agent-workspace/builds/worker-1-tc1/source:/opt/rustwide/workdir:ro,Z" "-v" "/var/lib/crater-agent-workspace/cargo-home:/opt/rustwide/cargo-home:ro,Z" "-v" "/var/lib/crater-agent-workspace/rustup-home:/opt/rustwide/rustup-home:ro,Z" "-e" "SOURCE_DIR=/opt/rustwide/workdir" "-e" "CARGO_TARGET_DIR=/opt/rustwide/target" "-e" "CARGO_INCREMENTAL=0" "-e" "RUST_BACKTRACE=full" "-e" "RUSTFLAGS=--cap-lints=forbid" "-e" "RUSTDOCFLAGS=--cap-lints=forbid" "-e" "CARGO_HOME=/opt/rustwide/cargo-home" "-e" "RUSTUP_HOME=/opt/rustwide/rustup-home" "-w" "/opt/rustwide/workdir" "-m" "1610612736" "--user" "0:0" "--network" "none" "ghcr.io/rust-lang/crates-build-env/linux@sha256:4a844ea9eb2546a2d2c7022eacef16ef2e8229c7fbb2c7d4d55a9ceca922f72d" "/opt/rustwide/cargo-home/bin/cargo" "+nightly-2024-10-28" "build" "--frozen" "--message-format=json", kill_on_drop: false }`
[INFO] [stdout] 974dc7d33d20e7460c83c49e2ab1f79e332ee69ba0a9fe1224294210e34f701c
[INFO] running `Command { std: "docker" "start" "-a" "974dc7d33d20e7460c83c49e2ab1f79e332ee69ba0a9fe1224294210e34f701c", kill_on_drop: false }`
[INFO] [stderr]    Compiling pin-project-lite v0.2.15
[INFO] [stderr]    Compiling cordyceps v0.3.2
[INFO] [stderr]    Compiling futures-core v0.3.31
[INFO] [stderr]    Compiling diatomic-waker v0.2.3
[INFO] [stderr]    Compiling futures-buffered v0.2.9 (/opt/rustwide/workdir)
[INFO] [stderr]     Finished `dev` profile [unoptimized + debuginfo] target(s) in 0.47s
[INFO] running `Command { std: "docker" "inspect" "974dc7d33d20e7460c83c49e2ab1f79e332ee69ba0a9fe1224294210e34f701c", kill_on_drop: false }`
[INFO] running `Command { std: "docker" "rm" "-f" "974dc7d33d20e7460c83c49e2ab1f79e332ee69ba0a9fe1224294210e34f701c", kill_on_drop: false }`
[INFO] [stdout] 974dc7d33d20e7460c83c49e2ab1f79e332ee69ba0a9fe1224294210e34f701c
[INFO] running `Command { std: "docker" "create" "-v" "/var/lib/crater-agent-workspace/builds/worker-1-tc1/target:/opt/rustwide/target:rw,Z" "-v" "/var/lib/crater-agent-workspace/builds/worker-1-tc1/source:/opt/rustwide/workdir:ro,Z" "-v" "/var/lib/crater-agent-workspace/cargo-home:/opt/rustwide/cargo-home:ro,Z" "-v" "/var/lib/crater-agent-workspace/rustup-home:/opt/rustwide/rustup-home:ro,Z" "-e" "SOURCE_DIR=/opt/rustwide/workdir" "-e" "CARGO_TARGET_DIR=/opt/rustwide/target" "-e" "CARGO_INCREMENTAL=0" "-e" "RUST_BACKTRACE=full" "-e" "RUSTFLAGS=--cap-lints=forbid" "-e" "RUSTDOCFLAGS=--cap-lints=forbid" "-e" "CARGO_HOME=/opt/rustwide/cargo-home" "-e" "RUSTUP_HOME=/opt/rustwide/rustup-home" "-w" "/opt/rustwide/workdir" "-m" "1610612736" "--user" "0:0" "--network" "none" "ghcr.io/rust-lang/crates-build-env/linux@sha256:4a844ea9eb2546a2d2c7022eacef16ef2e8229c7fbb2c7d4d55a9ceca922f72d" "/opt/rustwide/cargo-home/bin/cargo" "+nightly-2024-10-28" "test" "--frozen" "--no-run" "--message-format=json", kill_on_drop: false }`
[INFO] [stdout] b1375a4f7dc039b4d882d85c6ddcfdd8627db2ee6bb9f3eb1bf7cc0cb36a6e89
[INFO] running `Command { std: "docker" "start" "-a" "b1375a4f7dc039b4d882d85c6ddcfdd8627db2ee6bb9f3eb1bf7cc0cb36a6e89", kill_on_drop: false }`
[INFO] [stderr]    Compiling proc-macro2 v1.0.89
[INFO] [stderr]    Compiling unicode-ident v1.0.13
[INFO] [stderr]    Compiling libc v0.2.161
[INFO] [stderr]    Compiling autocfg v1.4.0
[INFO] [stderr]    Compiling cfg-if v1.0.0
[INFO] [stderr]    Compiling futures-core v0.3.31
[INFO] [stderr]    Compiling futures-sink v0.3.31
[INFO] [stderr]    Compiling bytes v1.8.0
[INFO] [stderr]    Compiling shlex v1.3.0
[INFO] [stderr]    Compiling parking_lot_core v0.9.10
[INFO] [stderr]    Compiling bitflags v2.6.0
[INFO] [stderr]    Compiling scopeguard v1.2.0
[INFO] [stderr]    Compiling vcpkg v0.2.15
[INFO] [stderr]    Compiling once_cell v1.20.2
[INFO] [stderr]    Compiling pkg-config v0.3.31
[INFO] [stderr]    Compiling smallvec v1.13.2
[INFO] [stderr]    Compiling pin-utils v0.1.0
[INFO] [stderr]    Compiling futures-channel v0.3.31
[INFO] [stderr]    Compiling futures-task v0.3.31
[INFO] [stderr]    Compiling memchr v2.7.4
[INFO] [stderr]    Compiling itoa v1.0.11
[INFO] [stderr]    Compiling cc v1.1.31
[INFO] [stderr]    Compiling futures-io v0.3.31
[INFO] [stderr]    Compiling fnv v1.0.7
[INFO] [stderr]    Compiling tracing-core v0.1.32
[INFO] [stderr]    Compiling equivalent v1.0.1
[INFO] [stderr]    Compiling httparse v1.9.5
[INFO] [stderr]    Compiling rustix v0.38.38
[INFO] [stderr]    Compiling hashbrown v0.15.0
[INFO] [stderr]    Compiling foreign-types-shared v0.1.1
[INFO] [stderr]    Compiling openssl v0.10.68
[INFO] [stderr]    Compiling atomic-waker v1.1.2
[INFO] [stderr]    Compiling foreign-types v0.3.2
[INFO] [stderr]    Compiling tinyvec_macros v0.1.1
[INFO] [stderr]    Compiling try-lock v0.2.5
[INFO] [stderr]    Compiling native-tls v0.2.12
[INFO] [stderr]    Compiling linux-raw-sys v0.4.14
[INFO] [stderr]    Compiling want v0.3.1
[INFO] [stderr]    Compiling slab v0.4.9
[INFO] [stderr]    Compiling lock_api v0.4.12
[INFO] [stderr]    Compiling http v1.1.0
[INFO] [stderr]    Compiling tinyvec v1.8.0
[INFO] [stderr]    Compiling tracing v0.1.40
[INFO] [stderr]    Compiling byteorder v1.5.0
[INFO] [stderr]    Compiling quote v1.0.37
[INFO] [stderr]    Compiling serde v1.0.214
[INFO] [stderr]    Compiling log v0.4.22
[INFO] [stderr]    Compiling indexmap v2.6.0
[INFO] [stderr]    Compiling syn v2.0.86
[INFO] [stderr]    Compiling percent-encoding v2.3.1
[INFO] [stderr]    Compiling openssl-probe v0.1.5
[INFO] [stderr]    Compiling clap_lex v0.7.2
[INFO] [stderr]    Compiling signal-hook-registry v1.4.2
[INFO] [stderr]    Compiling mio v1.0.2
[INFO] [stderr]    Compiling socket2 v0.5.7
[INFO] [stderr]    Compiling form_urlencoded v1.2.1
[INFO] [stderr]    Compiling getrandom v0.2.15
[INFO] [stderr]    Compiling unicode-bidi v0.3.17
[INFO] [stderr]    Compiling tower-service v0.3.3
[INFO] [stderr]    Compiling parking_lot v0.12.3
[INFO] [stderr]    Compiling anstyle v1.0.9
[INFO] [stderr]    Compiling rand_core v0.6.4
[INFO] [stderr]    Compiling rustls-pki-types v1.10.0
[INFO] [stderr]    Compiling ryu v1.0.18
[INFO] [stderr]    Compiling unicode-normalization v0.1.24
[INFO] [stderr]    Compiling sync_wrapper v1.0.1
[INFO] [stderr]    Compiling encoding_rs v0.8.35
[INFO] [stderr]    Compiling ipnet v2.10.1
[INFO] [stderr]    Compiling base64 v0.22.1
[INFO] [stderr]    Compiling http-body v1.0.1
[INFO] [stderr]    Compiling terminal_size v0.4.0
[INFO] [stderr]    Compiling clap_builder v4.5.20
[INFO] [stderr]    Compiling rustls-pemfile v2.2.0
[INFO] [stderr]    Compiling openssl-sys v0.9.104
[INFO] [stderr]    Compiling condtype v1.3.0
[INFO] [stderr]    Compiling mime v0.3.17
[INFO] [stderr]    Compiling regex-lite v0.1.6
[INFO] [stderr]    Compiling idna v0.5.0
[INFO] [stderr]    Compiling futures-buffered v0.2.9 (/opt/rustwide/workdir)
[INFO] [stderr]    Compiling url v2.5.2
[INFO] [stderr]    Compiling clap v4.5.20
[INFO] [stderr]    Compiling futures-macro v0.3.31
[INFO] [stderr]    Compiling tokio-macros v2.4.0
[INFO] [stderr]    Compiling openssl-macros v0.1.1
[INFO] [stderr]    Compiling zerocopy-derive v0.7.35
[INFO] [stderr]    Compiling pin-project-internal v1.1.7
[INFO] [stderr]    Compiling divan-macros v0.1.15
[INFO] [stderr]    Compiling serde_urlencoded v0.7.1
[INFO] [stderr]    Compiling zerocopy v0.7.35
[INFO] [stderr]    Compiling tokio v1.41.0
[INFO] [stderr]    Compiling divan v0.1.15
[INFO] [stderr]    Compiling futures-util v0.3.31
[INFO] [stderr]    Compiling pin-project v1.1.7
[INFO] [stderr]    Compiling ppv-lite86 v0.2.20
[INFO] [stderr]    Compiling rand_chacha v0.3.1
[INFO] [stderr]    Compiling rand v0.8.5
[INFO] [stderr]    Compiling futures-executor v0.3.31
[INFO] [stderr]    Compiling http-body-util v0.1.2
[INFO] [stderr]    Compiling futures v0.3.31
[INFO] [stderr]    Compiling futures-test v0.3.31
[INFO] [stderr]    Compiling tokio-util v0.7.12
[INFO] [stderr]    Compiling tokio-native-tls v0.3.1
[INFO] [stderr]    Compiling h2 v0.4.6
[INFO] [stderr]    Compiling hyper v1.5.0
[INFO] [stderr]    Compiling hyper-util v0.1.10
[INFO] [stderr]    Compiling hyper-tls v0.6.0
[INFO] [stderr]    Compiling reqwest v0.12.9
[INFO] [stderr]     Finished `test` profile [unoptimized + debuginfo] target(s) in 17.84s
[INFO] running `Command { std: "docker" "inspect" "b1375a4f7dc039b4d882d85c6ddcfdd8627db2ee6bb9f3eb1bf7cc0cb36a6e89", kill_on_drop: false }`
[INFO] running `Command { std: "docker" "rm" "-f" "b1375a4f7dc039b4d882d85c6ddcfdd8627db2ee6bb9f3eb1bf7cc0cb36a6e89", kill_on_drop: false }`
[INFO] [stdout] b1375a4f7dc039b4d882d85c6ddcfdd8627db2ee6bb9f3eb1bf7cc0cb36a6e89
[INFO] running `Command { std: "docker" "create" "-v" "/var/lib/crater-agent-workspace/builds/worker-1-tc1/target:/opt/rustwide/target:rw,Z" "-v" "/var/lib/crater-agent-workspace/builds/worker-1-tc1/source:/opt/rustwide/workdir:ro,Z" "-v" "/var/lib/crater-agent-workspace/cargo-home:/opt/rustwide/cargo-home:ro,Z" "-v" "/var/lib/crater-agent-workspace/rustup-home:/opt/rustwide/rustup-home:ro,Z" "-e" "SOURCE_DIR=/opt/rustwide/workdir" "-e" "CARGO_TARGET_DIR=/opt/rustwide/target" "-e" "CARGO_INCREMENTAL=0" "-e" "RUST_BACKTRACE=full" "-e" "RUSTFLAGS=--cap-lints=forbid" "-e" "RUSTDOCFLAGS=--cap-lints=forbid" "-e" "CARGO_HOME=/opt/rustwide/cargo-home" "-e" "RUSTUP_HOME=/opt/rustwide/rustup-home" "-w" "/opt/rustwide/workdir" "-m" "1610612736" "--user" "0:0" "--network" "none" "ghcr.io/rust-lang/crates-build-env/linux@sha256:4a844ea9eb2546a2d2c7022eacef16ef2e8229c7fbb2c7d4d55a9ceca922f72d" "/opt/rustwide/cargo-home/bin/cargo" "+nightly-2024-10-28" "test" "--frozen", kill_on_drop: false }`
[INFO] [stdout] 08ca27d502067f443dcb499d5785920d45b2bf97ba87d539e7d633db978ba069
[INFO] running `Command { std: "docker" "start" "-a" "08ca27d502067f443dcb499d5785920d45b2bf97ba87d539e7d633db978ba069", kill_on_drop: false }`
[INFO] [stderr]     Finished `test` profile [unoptimized + debuginfo] target(s) in 0.11s
[INFO] [stderr]      Running unittests src/lib.rs (/opt/rustwide/target/debug/deps/futures_buffered-ecc54b696684d697)
[INFO] [stdout] 
[INFO] [stdout] running 35 tests
[INFO] [stdout] test buffered::ordered::tests::buffered_ordered ... ok
[INFO] [stdout] test buffered::unordered::tests::buffered_unordered ... ok
[INFO] [stdout] test futures_ordered::tests::from_iter ... ok
[INFO] [stdout] test futures_ordered::tests::ordered ... ok
[INFO] [stdout] test futures_ordered::tests::ordered_front ... ok
[INFO] [stdout] test futures_ordered_bounded::tests::from_iter ... ok
[INFO] [stdout] test futures_ordered_bounded::tests::ordered ... ok
[INFO] [stdout] test futures_ordered_bounded::tests::ordered_front ... ok
[INFO] [stdout] test futures_unordered::tests::len ... ok
[INFO] [stdout] test futures_unordered::tests::from_iter ... ok
[INFO] [stdout] test futures_unordered::tests::single ... ok
[INFO] [stdout] test futures_unordered::tests::multi ... ok
[INFO] [stdout] test futures_unordered_bounded::tests::drop_while_waiting ... ok
[INFO] [stdout] test futures_unordered_bounded::tests::from_iter ... ok
[INFO] [stdout] test futures_unordered::tests::very_slow_task ... ok
[INFO] [stdout] test futures_unordered_bounded::tests::single ... ok
[INFO] [stdout] test futures_unordered_bounded::tests::multi ... ok
[INFO] [stdout] test join_all::tests::join_all ... ok
[INFO] [stdout] test merge_bounded::tests::merge_channels ... ok
[INFO] [stdout] test merge_unbounded::tests::add_streams ... ok
[INFO] [stdout] test merge_unbounded::tests::merge_tuple_4 ... ok
[INFO] [stdout] test futures_unordered_bounded::tests::correct_fairer_order ... ok
[INFO] [stdout] test futures_unordered_bounded::tests::len ... ok
[INFO] [stdout] test merge_unbounded::tests::merge_channels ... ok
[INFO] [stdout] test merge_bounded::tests::merge_tuple_4 ... ok
[INFO] [stdout] test try_buffered::tests::buffered_ordered ... ok
[INFO] [stdout] test futures_unordered_bounded::tests::very_slow_task ... ok
[INFO] [stdout] test try_join_all::tests::try_join_all ... ok
[INFO] [stdout] test try_buffered::tests::buffered_unordered ... ok
[INFO] [stdout] test futures_ordered_bounded::tests::full_back - should panic ... ok
[INFO] [stdout] test futures_ordered_bounded::tests::full_front - should panic ... ok
[INFO] [stdout] test futures_unordered_bounded::tests::full - should panic ... ok
[INFO] [stdout] test futures_unordered_bounded::tests::unordered_large ... ok
[INFO] [stdout] test futures_unordered::tests::unordered_large ... ok
[INFO] [stdout] test buffered::unordered::tests::high_concurrency ... ok
[INFO] [stdout] 
[INFO] [stdout] test result: ok. 35 passed; 0 failed; 0 ignored; 0 measured; 0 filtered out; finished in 9.78s
[INFO] [stdout] 
[INFO] [stderr]      Running tests/alloc.rs (/opt/rustwide/target/debug/deps/alloc-ec2c2cdd8edf76bf)
[INFO] [stdout] 
[INFO] [stdout] running 7 tests
[INFO] [stdout] test buffered_join_all ... ok
[INFO] [stdout] test futures_join_all ... ok
[INFO] [stdout] test futures_unordered_bounded ... ok
[INFO] [stdout] test buffered_unordered ... ok
[INFO] [stdout] test futures_unordered2 ... ok
[INFO] [stdout] test buffer_unordered ... ok
[INFO] [stdout] test futures_unordered ... ok
[INFO] [stdout] 
[INFO] [stdout] test result: ok. 7 passed; 0 failed; 0 ignored; 0 measured; 0 filtered out; finished in 0.38s
[INFO] [stdout] 
[INFO] [stderr]      Running tests/http.rs (/opt/rustwide/target/debug/deps/http-17ee458fa6ad517c)
[INFO] [stdout] 
[INFO] [stdout] running 2 tests
[INFO] [stdout] test futures_buffered ... ok
[INFO] [stdout] test futures_util ... ok
[INFO] [stdout] 
[INFO] [stdout] test result: ok. 2 passed; 0 failed; 0 ignored; 0 measured; 0 filtered out; finished in 0.11s
[INFO] [stdout] 
[INFO] [stderr]    Doc-tests futures_buffered
[INFO] [stdout] 
[INFO] [stdout] running 12 tests
[INFO] [stdout] test src/join_all.rs - join_all::join_all (line 29) ... ok
[INFO] [stdout] test src/try_join_all.rs - try_join_all::try_join_all (line 34) ... ok
[INFO] [stdout] test src/merge_bounded.rs - merge_bounded::MergeBounded (line 17) ... ok
[INFO] [stdout] test src/buffered.rs - buffered::BufferedStreamExt::buffered_unordered (line 51) ... ok
[INFO] [stdout] test src/buffered/unordered.rs - buffered::unordered::BufferUnordered (line 17) ... ok
[INFO] [stdout] test src/buffered.rs - buffered::BufferedStreamExt::for_each_concurrent (line 109) ... ok
[INFO] [stdout] test src/merge_unbounded.rs - merge_unbounded::MergeUnbounded (line 18) ... ok
[INFO] [stdout] test src/lib.rs - (line 48) ... FAILED
[INFO] [stdout] test src/futures_unordered_bounded.rs - futures_unordered_bounded::FuturesUnorderedBounded (line 59) ... FAILED
[INFO] [stdout] test src/futures_unordered.rs - futures_unordered::FuturesUnordered<F>::from_iter (line 277) ... FAILED
[INFO] [stdout] test src/futures_unordered.rs - futures_unordered::FuturesUnordered (line 62) ... FAILED
[INFO] [stdout] test src/futures_unordered_bounded.rs - futures_unordered_bounded::FuturesUnorderedBounded<F>::from_iter (line 267) ... FAILED
[INFO] [stdout] 
[INFO] [stdout] failures:
[INFO] [stdout] 
[INFO] [stdout] ---- src/lib.rs - (line 48) stdout ----
[INFO] [stdout] Test executable failed (exit status: 1).
[INFO] [stdout] 
[INFO] [stdout] stderr:
[INFO] [stdout] Error: Custom { kind: Uncategorized, error: "failed to lookup address information: Temporary failure in name resolution" }
[INFO] [stdout] 
[INFO] [stdout] 
[INFO] [stdout] ---- src/futures_unordered_bounded.rs - futures_unordered_bounded::FuturesUnorderedBounded (line 59) stdout ----
[INFO] [stdout] Test executable failed (exit status: 1).
[INFO] [stdout] 
[INFO] [stdout] stderr:
[INFO] [stdout] Error: Custom { kind: Uncategorized, error: "failed to lookup address information: Temporary failure in name resolution" }
[INFO] [stdout] 
[INFO] [stdout] 
[INFO] [stdout] ---- src/futures_unordered.rs - futures_unordered::FuturesUnordered<F>::from_iter (line 277) stdout ----
[INFO] [stdout] Test executable failed (exit status: 1).
[INFO] [stdout] 
[INFO] [stdout] stderr:
[INFO] [stdout] Error: Custom { kind: Uncategorized, error: "failed to lookup address information: Temporary failure in name resolution" }
[INFO] [stdout] 
[INFO] [stdout] 
[INFO] [stdout] ---- src/futures_unordered.rs - futures_unordered::FuturesUnordered (line 62) stdout ----
[INFO] [stdout] Test executable failed (exit status: 1).
[INFO] [stdout] 
[INFO] [stdout] stderr:
[INFO] [stdout] Error: Custom { kind: Uncategorized, error: "failed to lookup address information: Temporary failure in name resolution" }
[INFO] [stdout] 
[INFO] [stdout] 
[INFO] [stdout] ---- src/futures_unordered_bounded.rs - futures_unordered_bounded::FuturesUnorderedBounded<F>::from_iter (line 267) stdout ----
[INFO] [stdout] Test executable failed (exit status: 1).
[INFO] [stdout] 
[INFO] [stdout] stderr:
[INFO] [stdout] Error: Custom { kind: Uncategorized, error: "failed to lookup address information: Temporary failure in name resolution" }
[INFO] [stdout] 
[INFO] [stdout] 
[INFO] [stdout] 
[INFO] [stdout] failures:
[INFO] [stdout]     src/futures_unordered.rs - futures_unordered::FuturesUnordered (line 62)
[INFO] [stdout]     src/futures_unordered.rs - futures_unordered::FuturesUnordered<F>::from_iter (line 277)
[INFO] [stdout]     src/futures_unordered_bounded.rs - futures_unordered_bounded::FuturesUnorderedBounded (line 59)
[INFO] [stdout]     src/futures_unordered_bounded.rs - futures_unordered_bounded::FuturesUnorderedBounded<F>::from_iter (line 267)
[INFO] [stdout]     src/lib.rs - (line 48)
[INFO] [stdout] 
[INFO] [stdout] test result: FAILED. 7 passed; 5 failed; 0 ignored; 0 measured; 0 filtered out; finished in 1.05s
[INFO] [stdout] 
[INFO] [stderr] error: doctest failed, to rerun pass `--doc`
[INFO] running `Command { std: "docker" "inspect" "08ca27d502067f443dcb499d5785920d45b2bf97ba87d539e7d633db978ba069", kill_on_drop: false }`
[INFO] running `Command { std: "docker" "rm" "-f" "08ca27d502067f443dcb499d5785920d45b2bf97ba87d539e7d633db978ba069", kill_on_drop: false }`
[INFO] [stdout] 08ca27d502067f443dcb499d5785920d45b2bf97ba87d539e7d633db978ba069
