[INFO] fetching crate future_handles 0.2.0...
[INFO] testing future_handles-0.2.0 against nightly-2024-10-28 for randomize-layout
[INFO] extracting crate future_handles 0.2.0 into /workspace/builds/worker-0-tc1/source
[INFO] validating manifest of crates.io crate future_handles 0.2.0 on toolchain nightly-2024-10-28
[INFO] running `Command { std: CARGO_HOME="/workspace/cargo-home" RUSTUP_HOME="/workspace/rustup-home" "/workspace/cargo-home/bin/cargo" "+nightly-2024-10-28" "metadata" "--manifest-path" "Cargo.toml" "--no-deps", kill_on_drop: false }`
[INFO] started tweaking crates.io crate future_handles 0.2.0
[INFO] finished tweaking crates.io crate future_handles 0.2.0
[INFO] tweaked toml for crates.io crate future_handles 0.2.0 written to /workspace/builds/worker-0-tc1/source/Cargo.toml
[INFO] running `Command { std: CARGO_HOME="/workspace/cargo-home" RUSTUP_HOME="/workspace/rustup-home" "/workspace/cargo-home/bin/cargo" "+nightly-2024-10-28" "generate-lockfile" "--manifest-path" "Cargo.toml", kill_on_drop: false }`
[INFO] [stderr]     Updating crates.io index
[INFO] [stderr]      Locking 26 packages to latest compatible versions
[INFO] [stderr]       Adding spinning_top v0.2.5 (available: v0.3.0)
[INFO] running `Command { std: CARGO_HOME="/workspace/cargo-home" RUSTUP_HOME="/workspace/rustup-home" "/workspace/cargo-home/bin/cargo" "+nightly-2024-10-28" "fetch" "--manifest-path" "Cargo.toml", kill_on_drop: false }`
[INFO] running `Command { std: "docker" "create" "-v" "/var/lib/crater-agent-workspace/builds/worker-0-tc1/target:/opt/rustwide/target:rw,Z" "-v" "/var/lib/crater-agent-workspace/builds/worker-0-tc1/source:/opt/rustwide/workdir:ro,Z" "-v" "/var/lib/crater-agent-workspace/cargo-home:/opt/rustwide/cargo-home:ro,Z" "-v" "/var/lib/crater-agent-workspace/rustup-home:/opt/rustwide/rustup-home:ro,Z" "-e" "SOURCE_DIR=/opt/rustwide/workdir" "-e" "CARGO_TARGET_DIR=/opt/rustwide/target" "-e" "CARGO_HOME=/opt/rustwide/cargo-home" "-e" "RUSTUP_HOME=/opt/rustwide/rustup-home" "-w" "/opt/rustwide/workdir" "-m" "1610612736" "--user" "0:0" "--network" "none" "ghcr.io/rust-lang/crates-build-env/linux@sha256:4a844ea9eb2546a2d2c7022eacef16ef2e8229c7fbb2c7d4d55a9ceca922f72d" "/opt/rustwide/cargo-home/bin/cargo" "+nightly-2024-10-28" "metadata" "--no-deps" "--format-version=1", kill_on_drop: false }`
[INFO] [stdout] c3a77aa67c8e33ebe99e77dc016b94e958853d6219ca6245a19e9a8c5d37a1e0
[INFO] running `Command { std: "docker" "start" "-a" "c3a77aa67c8e33ebe99e77dc016b94e958853d6219ca6245a19e9a8c5d37a1e0", kill_on_drop: false }`
[INFO] running `Command { std: "docker" "inspect" "c3a77aa67c8e33ebe99e77dc016b94e958853d6219ca6245a19e9a8c5d37a1e0", kill_on_drop: false }`
[INFO] running `Command { std: "docker" "rm" "-f" "c3a77aa67c8e33ebe99e77dc016b94e958853d6219ca6245a19e9a8c5d37a1e0", kill_on_drop: false }`
[INFO] [stdout] c3a77aa67c8e33ebe99e77dc016b94e958853d6219ca6245a19e9a8c5d37a1e0
[INFO] running `Command { std: "docker" "create" "-v" "/var/lib/crater-agent-workspace/builds/worker-0-tc1/target:/opt/rustwide/target:rw,Z" "-v" "/var/lib/crater-agent-workspace/builds/worker-0-tc1/source:/opt/rustwide/workdir:ro,Z" "-v" "/var/lib/crater-agent-workspace/cargo-home:/opt/rustwide/cargo-home:ro,Z" "-v" "/var/lib/crater-agent-workspace/rustup-home:/opt/rustwide/rustup-home:ro,Z" "-e" "SOURCE_DIR=/opt/rustwide/workdir" "-e" "CARGO_TARGET_DIR=/opt/rustwide/target" "-e" "CARGO_INCREMENTAL=0" "-e" "RUST_BACKTRACE=full" "-e" "RUSTFLAGS=--cap-lints=forbid" "-e" "RUSTDOCFLAGS=--cap-lints=forbid" "-e" "CARGO_HOME=/opt/rustwide/cargo-home" "-e" "RUSTUP_HOME=/opt/rustwide/rustup-home" "-w" "/opt/rustwide/workdir" "-m" "1610612736" "--user" "0:0" "--network" "none" "ghcr.io/rust-lang/crates-build-env/linux@sha256:4a844ea9eb2546a2d2c7022eacef16ef2e8229c7fbb2c7d4d55a9ceca922f72d" "/opt/rustwide/cargo-home/bin/cargo" "+nightly-2024-10-28" "build" "--frozen" "--message-format=json", kill_on_drop: false }`
[INFO] [stdout] 3fd0c31fc5632774cb4d7b7641796e2d3102f2e08a0524e63155934515f4a6cd
[INFO] running `Command { std: "docker" "start" "-a" "3fd0c31fc5632774cb4d7b7641796e2d3102f2e08a0524e63155934515f4a6cd", kill_on_drop: false }`
[INFO] [stderr]    Compiling proc-macro2 v1.0.89
[INFO] [stderr]    Compiling unicode-ident v1.0.13
[INFO] [stderr]    Compiling autocfg v1.4.0
[INFO] [stderr]    Compiling futures-sink v0.3.31
[INFO] [stderr]    Compiling futures-core v0.3.31
[INFO] [stderr]    Compiling futures-io v0.3.31
[INFO] [stderr]    Compiling pin-utils v0.1.0
[INFO] [stderr]    Compiling futures-task v0.3.31
[INFO] [stderr]    Compiling memchr v2.7.4
[INFO] [stderr]    Compiling pin-project-lite v0.2.15
[INFO] [stderr]    Compiling thiserror v1.0.66
[INFO] [stderr]    Compiling futures-channel v0.3.31
[INFO] [stderr]    Compiling slab v0.4.9
[INFO] [stderr]    Compiling quote v1.0.37
[INFO] [stderr]    Compiling syn v2.0.86
[INFO] [stderr]    Compiling futures-macro v0.3.31
[INFO] [stderr]    Compiling thiserror-impl v1.0.66
[INFO] [stderr]    Compiling futures-util v0.3.31
[INFO] [stderr]    Compiling futures-executor v0.3.31
[INFO] [stderr]    Compiling futures v0.3.31
[INFO] [stderr]    Compiling future_handles v0.2.0 (/opt/rustwide/workdir)
[INFO] [stderr]     Finished `dev` profile [unoptimized + debuginfo] target(s) in 13.56s
[INFO] running `Command { std: "docker" "inspect" "3fd0c31fc5632774cb4d7b7641796e2d3102f2e08a0524e63155934515f4a6cd", kill_on_drop: false }`
[INFO] running `Command { std: "docker" "rm" "-f" "3fd0c31fc5632774cb4d7b7641796e2d3102f2e08a0524e63155934515f4a6cd", kill_on_drop: false }`
[INFO] [stdout] 3fd0c31fc5632774cb4d7b7641796e2d3102f2e08a0524e63155934515f4a6cd
[INFO] running `Command { std: "docker" "create" "-v" "/var/lib/crater-agent-workspace/builds/worker-0-tc1/target:/opt/rustwide/target:rw,Z" "-v" "/var/lib/crater-agent-workspace/builds/worker-0-tc1/source:/opt/rustwide/workdir:ro,Z" "-v" "/var/lib/crater-agent-workspace/cargo-home:/opt/rustwide/cargo-home:ro,Z" "-v" "/var/lib/crater-agent-workspace/rustup-home:/opt/rustwide/rustup-home:ro,Z" "-e" "SOURCE_DIR=/opt/rustwide/workdir" "-e" "CARGO_TARGET_DIR=/opt/rustwide/target" "-e" "CARGO_INCREMENTAL=0" "-e" "RUST_BACKTRACE=full" "-e" "RUSTFLAGS=--cap-lints=forbid" "-e" "RUSTDOCFLAGS=--cap-lints=forbid" "-e" "CARGO_HOME=/opt/rustwide/cargo-home" "-e" "RUSTUP_HOME=/opt/rustwide/rustup-home" "-w" "/opt/rustwide/workdir" "-m" "1610612736" "--user" "0:0" "--network" "none" "ghcr.io/rust-lang/crates-build-env/linux@sha256:4a844ea9eb2546a2d2c7022eacef16ef2e8229c7fbb2c7d4d55a9ceca922f72d" "/opt/rustwide/cargo-home/bin/cargo" "+nightly-2024-10-28" "test" "--frozen" "--no-run" "--message-format=json", kill_on_drop: false }`
[INFO] [stdout] deae6e7b0d9c032c4cd740cae58c156e5a73ea1b4d3297de31bf5835e6308e95
[INFO] running `Command { std: "docker" "start" "-a" "deae6e7b0d9c032c4cd740cae58c156e5a73ea1b4d3297de31bf5835e6308e95", kill_on_drop: false }`
[INFO] [stderr]    Compiling libc v0.2.161
[INFO] [stderr]    Compiling num_cpus v1.16.0
[INFO] [stderr]    Compiling futures-executor v0.3.31
[INFO] [stderr]    Compiling futures v0.3.31
[INFO] [stderr]    Compiling future_handles v0.2.0 (/opt/rustwide/workdir)
[INFO] [stderr]     Finished `test` profile [unoptimized + debuginfo] target(s) in 2.87s
[INFO] running `Command { std: "docker" "inspect" "deae6e7b0d9c032c4cd740cae58c156e5a73ea1b4d3297de31bf5835e6308e95", kill_on_drop: false }`
[INFO] running `Command { std: "docker" "rm" "-f" "deae6e7b0d9c032c4cd740cae58c156e5a73ea1b4d3297de31bf5835e6308e95", kill_on_drop: false }`
[INFO] [stdout] deae6e7b0d9c032c4cd740cae58c156e5a73ea1b4d3297de31bf5835e6308e95
[INFO] running `Command { std: "docker" "create" "-v" "/var/lib/crater-agent-workspace/builds/worker-0-tc1/target:/opt/rustwide/target:rw,Z" "-v" "/var/lib/crater-agent-workspace/builds/worker-0-tc1/source:/opt/rustwide/workdir:ro,Z" "-v" "/var/lib/crater-agent-workspace/cargo-home:/opt/rustwide/cargo-home:ro,Z" "-v" "/var/lib/crater-agent-workspace/rustup-home:/opt/rustwide/rustup-home:ro,Z" "-e" "SOURCE_DIR=/opt/rustwide/workdir" "-e" "CARGO_TARGET_DIR=/opt/rustwide/target" "-e" "CARGO_INCREMENTAL=0" "-e" "RUST_BACKTRACE=full" "-e" "RUSTFLAGS=--cap-lints=forbid" "-e" "RUSTDOCFLAGS=--cap-lints=forbid" "-e" "CARGO_HOME=/opt/rustwide/cargo-home" "-e" "RUSTUP_HOME=/opt/rustwide/rustup-home" "-w" "/opt/rustwide/workdir" "-m" "1610612736" "--user" "0:0" "--network" "none" "ghcr.io/rust-lang/crates-build-env/linux@sha256:4a844ea9eb2546a2d2c7022eacef16ef2e8229c7fbb2c7d4d55a9ceca922f72d" "/opt/rustwide/cargo-home/bin/cargo" "+nightly-2024-10-28" "test" "--frozen", kill_on_drop: false }`
[INFO] [stdout] 9f06a69921ef04164bce3280b1b6b819865ed3dff00377d877b55ed7ddc4135d
[INFO] running `Command { std: "docker" "start" "-a" "9f06a69921ef04164bce3280b1b6b819865ed3dff00377d877b55ed7ddc4135d", kill_on_drop: false }`
[INFO] [stderr]     Finished `test` profile [unoptimized + debuginfo] target(s) in 0.07s
[INFO] [stdout] 
[INFO] [stderr]      Running unittests src/lib.rs (/opt/rustwide/target/debug/deps/future_handles-405a4e0867f2e3aa)
[INFO] [stdout] running 3 tests
[INFO] [stdout] test unsync::create::tests::complete_before_await ... ok
[INFO] [stdout] test unsync::create::tests::return_value ... ok
[INFO] [stderr]    Doc-tests future_handles
[INFO] [stdout] test unsync::create::tests::drop ... ok
[INFO] [stdout] 
[INFO] [stdout] test result: ok. 3 passed; 0 failed; 0 ignored; 0 measured; 0 filtered out; finished in 0.01s
[INFO] [stdout] 
[INFO] [stdout] 
[INFO] [stdout] running 11 tests
[INFO] [stdout] test src/unsync/create.rs - unsync::create::CompleteHandle (line 120) ... FAILED
[INFO] [stdout] test src/lib.rs - (line 64) ... ok
[INFO] [stdout] test src/unsync/create.rs - unsync::create::create (line 44) ... ok
[INFO] [stdout] test src/unsync/create.rs - unsync::create::CompleteHandle (line 103) ... ok
[INFO] [stdout] test src/lib.rs - (line 36) ... ok
[INFO] [stdout] test src/lib.rs - (line 18) ... ok
[INFO] [stdout] test src/unsync/create.rs - unsync::create::CompletableFuture (line 180) ... ok
[INFO] [stdout] test src/unsync/create.rs - unsync::create::create (line 61) ... ok
[INFO] [stdout] test src/unsync/create.rs - unsync::create::create (line 12) ... ok
[INFO] [stdout] test src/unsync/create.rs - unsync::create::create (line 76) ... ok
[INFO] [stdout] test src/unsync/scoped.rs - unsync::scoped::scoped (line 8) ... FAILED
[INFO] [stdout] 
[INFO] [stdout] failures:
[INFO] [stdout] 
[INFO] [stdout] ---- src/unsync/create.rs - unsync::create::CompleteHandle (line 120) stdout ----
[INFO] [stdout] error[E0432]: unresolved import `future_handles::sync`
[INFO] [stdout]   --> src/unsync/create.rs:123:21
[INFO] [stdout]    |
[INFO] [stdout] 6  | use future_handles::sync::CompleteHandle;
[INFO] [stdout]    |                     ^^^^ could not find `sync` in `future_handles`
[INFO] [stdout]    |
[INFO] [stdout] note: found an item that was configured out
[INFO] [stdout]   --> /opt/rustwide/workdir/src/lib.rs:84:9
[INFO] [stdout]    |
[INFO] [stdout] 84 | pub mod sync;
[INFO] [stdout]    |         ^^^^
[INFO] [stdout] note: the item is gated behind the `sync` feature
[INFO] [stdout]   --> /opt/rustwide/workdir/src/lib.rs:82:7
[INFO] [stdout]    |
[INFO] [stdout] 82 | #[cfg(feature = "sync")]
[INFO] [stdout]    |       ^^^^^^^^^^^^^^^^
[INFO] [stdout] 
[INFO] [stdout] error: aborting due to 1 previous error
[INFO] [stdout] 
[INFO] [stdout] For more information about this error, try `rustc --explain E0432`.
[INFO] [stdout] Couldn't compile the test.
[INFO] [stdout] ---- src/unsync/scoped.rs - unsync::scoped::scoped (line 8) stdout ----
[INFO] [stdout] error[E0432]: unresolved import `future_handles::sync`
[INFO] [stdout]   --> src/unsync/scoped.rs:10:5
[INFO] [stdout]    |
[INFO] [stdout] 5  | use future_handles::sync;
[INFO] [stdout]    |     ^^^^^^^^^^^^^^^^^^^^ no `sync` in the root
[INFO] [stdout]    |
[INFO] [stdout] note: found an item that was configured out
[INFO] [stdout]   --> /opt/rustwide/workdir/src/lib.rs:84:9
[INFO] [stdout]    |
[INFO] [stdout] 84 | pub mod sync;
[INFO] [stdout]    |         ^^^^
[INFO] [stdout] note: the item is gated behind the `sync` feature
[INFO] [stdout]   --> /opt/rustwide/workdir/src/lib.rs:82:7
[INFO] [stdout]    |
[INFO] [stdout] 82 | #[cfg(feature = "sync")]
[INFO] [stdout]    |       ^^^^^^^^^^^^^^^^
[INFO] [stdout] help: consider importing this module instead
[INFO] [stdout]    |
[INFO] [stdout] 5  | use std::sync;
[INFO] [stdout]    |     ~~~~~~~~~
[INFO] [stdout] 
[INFO] [stdout] error[E0433]: failed to resolve: use of undeclared crate or module `unsync`
[INFO] [stdout]  --> src/unsync/scoped.rs:12:14
[INFO] [stdout]   |
[INFO] [stdout] 7 | let future = unsync::scoped(|handle| {
[INFO] [stdout]   |              ^^^^^^ use of undeclared crate or module `unsync`
[INFO] [stdout]   |
[INFO] [stdout] help: consider importing this module
[INFO] [stdout]   |
[INFO] [stdout] 2 + use future_handles::unsync;
[INFO] [stdout]   |
[INFO] [stdout] 
[INFO] [stdout] error: aborting due to 2 previous errors
[INFO] [stdout] 
[INFO] [stdout] Some errors have detailed explanations: E0432, E0433.
[INFO] [stdout] For more information about an error, try `rustc --explain E0432`.
[INFO] [stdout] Couldn't compile the test.
[INFO] [stdout] 
[INFO] [stdout] failures:
[INFO] [stdout]     src/unsync/create.rs - unsync::create::CompleteHandle (line 120)
[INFO] [stdout]     src/unsync/scoped.rs - unsync::scoped::scoped (line 8)
[INFO] [stdout] 
[INFO] [stdout] test result: FAILED. 9 passed; 2 failed; 0 ignored; 0 measured; 0 filtered out; finished in 1.00s
[INFO] [stdout] 
[INFO] [stderr] error: doctest failed, to rerun pass `--doc`
[INFO] running `Command { std: "docker" "inspect" "9f06a69921ef04164bce3280b1b6b819865ed3dff00377d877b55ed7ddc4135d", kill_on_drop: false }`
[INFO] running `Command { std: "docker" "rm" "-f" "9f06a69921ef04164bce3280b1b6b819865ed3dff00377d877b55ed7ddc4135d", kill_on_drop: false }`
[INFO] [stdout] 9f06a69921ef04164bce3280b1b6b819865ed3dff00377d877b55ed7ddc4135d
