[INFO] fetching crate fuse-backend-rs 0.12.0...
[INFO] testing fuse-backend-rs-0.12.0 against nightly-2024-10-28+rustflags=-Zrandomize-layout for randomize-layout
[INFO] extracting crate fuse-backend-rs 0.12.0 into /workspace/builds/worker-5-tc2/source
[INFO] validating manifest of crates.io crate fuse-backend-rs 0.12.0 on toolchain nightly-2024-10-28
[INFO] running `Command { std: CARGO_HOME="/workspace/cargo-home" RUSTUP_HOME="/workspace/rustup-home" "/workspace/cargo-home/bin/cargo" "+nightly-2024-10-28" "metadata" "--manifest-path" "Cargo.toml" "--no-deps", kill_on_drop: false }`
[INFO] started tweaking crates.io crate fuse-backend-rs 0.12.0
[INFO] finished tweaking crates.io crate fuse-backend-rs 0.12.0
[INFO] tweaked toml for crates.io crate fuse-backend-rs 0.12.0 written to /workspace/builds/worker-5-tc2/source/Cargo.toml
[INFO] running `Command { std: CARGO_HOME="/workspace/cargo-home" RUSTUP_HOME="/workspace/rustup-home" "/workspace/cargo-home/bin/cargo" "+nightly-2024-10-28" "generate-lockfile" "--manifest-path" "Cargo.toml", kill_on_drop: false }`
[INFO] [stderr]     Updating crates.io index
[INFO] [stderr]      Locking 85 packages to latest compatible versions
[INFO] [stderr]       Adding bitflags v1.3.2 (available: v2.6.0)
[INFO] [stderr]       Adding io-uring v0.5.13 (available: v0.7.1)
[INFO] [stderr]       Adding mio v0.8.11 (available: v1.0.2)
[INFO] [stderr]       Adding nix v0.24.3 (available: v0.29.0)
[INFO] [stderr]       Adding tokio-uring v0.4.0 (available: v0.5.0)
[INFO] [stderr]       Adding versionize v0.1.10 (available: v0.2.0)
[INFO] [stderr]       Adding vhost v0.6.1 (available: v0.12.1)
[INFO] [stderr]       Adding virtio-queue v0.7.1 (available: v0.14.0)
[INFO] [stderr]       Adding vm-memory v0.10.0 (available: v0.16.0)
[INFO] [stderr]       Adding vmm-sys-util v0.11.2 (available: v0.12.1)
[INFO] running `Command { std: CARGO_HOME="/workspace/cargo-home" RUSTUP_HOME="/workspace/rustup-home" "/workspace/cargo-home/bin/cargo" "+nightly-2024-10-28" "fetch" "--manifest-path" "Cargo.toml", kill_on_drop: false }`
[INFO] running `Command { std: "docker" "create" "-v" "/var/lib/crater-agent-workspace/builds/worker-5-tc2/target:/opt/rustwide/target:rw,Z" "-v" "/var/lib/crater-agent-workspace/builds/worker-5-tc2/source:/opt/rustwide/workdir:ro,Z" "-v" "/var/lib/crater-agent-workspace/cargo-home:/opt/rustwide/cargo-home:ro,Z" "-v" "/var/lib/crater-agent-workspace/rustup-home:/opt/rustwide/rustup-home:ro,Z" "-e" "SOURCE_DIR=/opt/rustwide/workdir" "-e" "CARGO_TARGET_DIR=/opt/rustwide/target" "-e" "CARGO_HOME=/opt/rustwide/cargo-home" "-e" "RUSTUP_HOME=/opt/rustwide/rustup-home" "-w" "/opt/rustwide/workdir" "-m" "1610612736" "--user" "0:0" "--network" "none" "ghcr.io/rust-lang/crates-build-env/linux@sha256:4a844ea9eb2546a2d2c7022eacef16ef2e8229c7fbb2c7d4d55a9ceca922f72d" "/opt/rustwide/cargo-home/bin/cargo" "+nightly-2024-10-28" "metadata" "--no-deps" "--format-version=1", kill_on_drop: false }`
[INFO] [stdout] bc97f10fbfd18ed98c90a5967661ac1f2a852b3a370bcfacda04636c071c7466
[INFO] running `Command { std: "docker" "start" "-a" "bc97f10fbfd18ed98c90a5967661ac1f2a852b3a370bcfacda04636c071c7466", kill_on_drop: false }`
[INFO] running `Command { std: "docker" "inspect" "bc97f10fbfd18ed98c90a5967661ac1f2a852b3a370bcfacda04636c071c7466", kill_on_drop: false }`
[INFO] running `Command { std: "docker" "rm" "-f" "bc97f10fbfd18ed98c90a5967661ac1f2a852b3a370bcfacda04636c071c7466", kill_on_drop: false }`
[INFO] [stdout] bc97f10fbfd18ed98c90a5967661ac1f2a852b3a370bcfacda04636c071c7466
[INFO] running `Command { std: "docker" "create" "-v" "/var/lib/crater-agent-workspace/builds/worker-5-tc2/target:/opt/rustwide/target:rw,Z" "-v" "/var/lib/crater-agent-workspace/builds/worker-5-tc2/source:/opt/rustwide/workdir:ro,Z" "-v" "/var/lib/crater-agent-workspace/cargo-home:/opt/rustwide/cargo-home:ro,Z" "-v" "/var/lib/crater-agent-workspace/rustup-home:/opt/rustwide/rustup-home:ro,Z" "-e" "SOURCE_DIR=/opt/rustwide/workdir" "-e" "CARGO_TARGET_DIR=/opt/rustwide/target" "-e" "CARGO_INCREMENTAL=0" "-e" "RUST_BACKTRACE=full" "-e" "RUSTFLAGS=--cap-lints=forbid -Zrandomize-layout" "-e" "RUSTDOCFLAGS=--cap-lints=forbid" "-e" "CARGO_HOME=/opt/rustwide/cargo-home" "-e" "RUSTUP_HOME=/opt/rustwide/rustup-home" "-w" "/opt/rustwide/workdir" "-m" "1610612736" "--user" "0:0" "--network" "none" "ghcr.io/rust-lang/crates-build-env/linux@sha256:4a844ea9eb2546a2d2c7022eacef16ef2e8229c7fbb2c7d4d55a9ceca922f72d" "/opt/rustwide/cargo-home/bin/cargo" "+nightly-2024-10-28" "build" "--frozen" "--message-format=json", kill_on_drop: false }`
[INFO] [stdout] ace9094a6347f810ed423a493006b8e7b82d4b177a64e8fc9dbd3f8807903643
[INFO] running `Command { std: "docker" "start" "-a" "ace9094a6347f810ed423a493006b8e7b82d4b177a64e8fc9dbd3f8807903643", kill_on_drop: false }`
[INFO] [stderr]    Compiling libc v0.2.161
[INFO] [stderr]    Compiling bitflags v1.3.2
[INFO] [stderr]    Compiling fuse-backend-rs v0.12.0 (/opt/rustwide/workdir)
[INFO] [stderr]    Compiling log v0.4.22
[INFO] [stderr]    Compiling endian-type v0.1.2
[INFO] [stderr]    Compiling arc-swap v1.7.1
[INFO] [stderr]    Compiling memoffset v0.6.5
[INFO] [stderr]    Compiling nibble_vec v0.1.0
[INFO] [stderr]    Compiling syn v2.0.86
[INFO] [stderr]    Compiling radix_trie v0.2.1
[INFO] [stderr]    Compiling vmm-sys-util v0.11.2
[INFO] [stderr]    Compiling mio v0.8.11
[INFO] [stderr]    Compiling nix v0.24.3
[INFO] [stderr]    Compiling vm-memory v0.10.0
[INFO] [stderr]    Compiling thiserror-impl v1.0.66
[INFO] [stderr]    Compiling thiserror v1.0.66
[INFO] [stderr]    Compiling caps v0.5.5
[INFO] [stdout] warning: unexpected `cfg` condition value: `async_io`
[INFO] [stdout]    --> src/transport/fusedev/linux_session.rs:691:7
[INFO] [stdout]     |
[INFO] [stdout] 691 | #[cfg(feature = "async_io")]
[INFO] [stdout]     |       ^^^^^^^^^^----------
[INFO] [stdout]     |                 |
[INFO] [stdout]     |                 help: there is a expected value with a similar name: `"async-io"`
[INFO] [stdout]     |
[INFO] [stdout]     = note: expected values for `feature` are: `async-io`, `async-trait`, `caps`, `core-foundation-sys`, `dbs-snapshot`, `default`, `fuse-t`, `fusedev`, `io-uring`, `persist`, `tokio`, `tokio-uring`, `versionize`, `versionize_derive`, `vhost`, `vhost-user-fs`, `virtio-queue`, `virtiofs`, and `vmm-sys-util`
[INFO] [stdout]     = help: consider adding `async_io` as a feature in `Cargo.toml`
[INFO] [stdout]     = note: see <https://doc.rust-lang.org/nightly/rustc/check-cfg/cargo-specifics.html> for more information about checking conditional configuration
[INFO] [stdout]     = note: `#[warn(unexpected_cfgs)]` on by default
[INFO] [stdout] 
[INFO] [stdout] 
[INFO] [stdout] warning: unexpected `cfg` condition value: `async_io`
[INFO] [stdout]    --> src/transport/fusedev/linux_session.rs:694:7
[INFO] [stdout]     |
[INFO] [stdout] 694 | #[cfg(feature = "async_io")]
[INFO] [stdout]     |       ^^^^^^^^^^----------
[INFO] [stdout]     |                 |
[INFO] [stdout]     |                 help: there is a expected value with a similar name: `"async-io"`
[INFO] [stdout]     |
[INFO] [stdout]     = note: expected values for `feature` are: `async-io`, `async-trait`, `caps`, `core-foundation-sys`, `dbs-snapshot`, `default`, `fuse-t`, `fusedev`, `io-uring`, `persist`, `tokio`, `tokio-uring`, `versionize`, `versionize_derive`, `vhost`, `vhost-user-fs`, `virtio-queue`, `virtiofs`, and `vmm-sys-util`
[INFO] [stdout]     = help: consider adding `async_io` as a feature in `Cargo.toml`
[INFO] [stdout]     = note: see <https://doc.rust-lang.org/nightly/rustc/check-cfg/cargo-specifics.html> for more information about checking conditional configuration
[INFO] [stdout] 
[INFO] [stdout] 
[INFO] [stderr]     Finished `dev` profile [unoptimized + debuginfo] target(s) in 5.61s
[INFO] running `Command { std: "docker" "inspect" "ace9094a6347f810ed423a493006b8e7b82d4b177a64e8fc9dbd3f8807903643", kill_on_drop: false }`
[INFO] running `Command { std: "docker" "rm" "-f" "ace9094a6347f810ed423a493006b8e7b82d4b177a64e8fc9dbd3f8807903643", kill_on_drop: false }`
[INFO] [stdout] ace9094a6347f810ed423a493006b8e7b82d4b177a64e8fc9dbd3f8807903643
[INFO] running `Command { std: "docker" "create" "-v" "/var/lib/crater-agent-workspace/builds/worker-5-tc2/target:/opt/rustwide/target:rw,Z" "-v" "/var/lib/crater-agent-workspace/builds/worker-5-tc2/source:/opt/rustwide/workdir:ro,Z" "-v" "/var/lib/crater-agent-workspace/cargo-home:/opt/rustwide/cargo-home:ro,Z" "-v" "/var/lib/crater-agent-workspace/rustup-home:/opt/rustwide/rustup-home:ro,Z" "-e" "SOURCE_DIR=/opt/rustwide/workdir" "-e" "CARGO_TARGET_DIR=/opt/rustwide/target" "-e" "CARGO_INCREMENTAL=0" "-e" "RUST_BACKTRACE=full" "-e" "RUSTFLAGS=--cap-lints=forbid -Zrandomize-layout" "-e" "RUSTDOCFLAGS=--cap-lints=forbid" "-e" "CARGO_HOME=/opt/rustwide/cargo-home" "-e" "RUSTUP_HOME=/opt/rustwide/rustup-home" "-w" "/opt/rustwide/workdir" "-m" "1610612736" "--user" "0:0" "--network" "none" "ghcr.io/rust-lang/crates-build-env/linux@sha256:4a844ea9eb2546a2d2c7022eacef16ef2e8229c7fbb2c7d4d55a9ceca922f72d" "/opt/rustwide/cargo-home/bin/cargo" "+nightly-2024-10-28" "test" "--frozen" "--no-run" "--message-format=json", kill_on_drop: false }`
[INFO] [stdout] 9b76bf00da72a407bd7d35cba82cbeb98e931e90a3f4715a33b0f761bf921d99
[INFO] running `Command { std: "docker" "start" "-a" "9b76bf00da72a407bd7d35cba82cbeb98e931e90a3f4715a33b0f761bf921d99", kill_on_drop: false }`
[INFO] [stderr]    Compiling tokio v1.41.0
[INFO] [stderr]    Compiling async-stream-impl v0.3.6
[INFO] [stdout] warning: unexpected `cfg` condition value: `async_io`
[INFO] [stdout]    --> src/transport/fusedev/linux_session.rs:691:7
[INFO] [stdout]     |
[INFO] [stdout] 691 | #[cfg(feature = "async_io")]
[INFO] [stdout]     |       ^^^^^^^^^^----------
[INFO] [stdout]     |                 |
[INFO] [stdout]     |                 help: there is a expected value with a similar name: `"async-io"`
[INFO] [stdout]     |
[INFO] [stdout]     = note: expected values for `feature` are: `async-io`, `async-trait`, `caps`, `core-foundation-sys`, `dbs-snapshot`, `default`, `fuse-t`, `fusedev`, `io-uring`, `persist`, `tokio`, `tokio-uring`, `versionize`, `versionize_derive`, `vhost`, `vhost-user-fs`, `virtio-queue`, `virtiofs`, and `vmm-sys-util`
[INFO] [stdout]     = help: consider adding `async_io` as a feature in `Cargo.toml`
[INFO] [stdout]     = note: see <https://doc.rust-lang.org/nightly/rustc/check-cfg/cargo-specifics.html> for more information about checking conditional configuration
[INFO] [stdout]     = note: `#[warn(unexpected_cfgs)]` on by default
[INFO] [stdout] 
[INFO] [stdout] 
[INFO] [stdout] warning: unexpected `cfg` condition value: `async_io`
[INFO] [stdout]    --> src/transport/fusedev/linux_session.rs:694:7
[INFO] [stdout]     |
[INFO] [stdout] 694 | #[cfg(feature = "async_io")]
[INFO] [stdout]     |       ^^^^^^^^^^----------
[INFO] [stdout]     |                 |
[INFO] [stdout]     |                 help: there is a expected value with a similar name: `"async-io"`
[INFO] [stdout]     |
[INFO] [stdout]     = note: expected values for `feature` are: `async-io`, `async-trait`, `caps`, `core-foundation-sys`, `dbs-snapshot`, `default`, `fuse-t`, `fusedev`, `io-uring`, `persist`, `tokio`, `tokio-uring`, `versionize`, `versionize_derive`, `vhost`, `vhost-user-fs`, `virtio-queue`, `virtiofs`, and `vmm-sys-util`
[INFO] [stdout]     = help: consider adding `async_io` as a feature in `Cargo.toml`
[INFO] [stdout]     = note: see <https://doc.rust-lang.org/nightly/rustc/check-cfg/cargo-specifics.html> for more information about checking conditional configuration
[INFO] [stdout] 
[INFO] [stdout] 
[INFO] [stderr]    Compiling async-stream v0.3.6
[INFO] [stderr]    Compiling tokio-stream v0.1.16
[INFO] [stderr]    Compiling tokio-test v0.4.4
[INFO] [stderr]    Compiling fuse-backend-rs v0.12.0 (/opt/rustwide/workdir)
[INFO] [stdout] warning: unexpected `cfg` condition value: `async_io`
[INFO] [stdout]    --> src/transport/fusedev/linux_session.rs:691:7
[INFO] [stdout]     |
[INFO] [stdout] 691 | #[cfg(feature = "async_io")]
[INFO] [stdout]     |       ^^^^^^^^^^----------
[INFO] [stdout]     |                 |
[INFO] [stdout]     |                 help: there is a expected value with a similar name: `"async-io"`
[INFO] [stdout]     |
[INFO] [stdout]     = note: expected values for `feature` are: `async-io`, `async-trait`, `caps`, `core-foundation-sys`, `dbs-snapshot`, `default`, `fuse-t`, `fusedev`, `io-uring`, `persist`, `tokio`, `tokio-uring`, `versionize`, `versionize_derive`, `vhost`, `vhost-user-fs`, `virtio-queue`, `virtiofs`, and `vmm-sys-util`
[INFO] [stdout]     = help: consider adding `async_io` as a feature in `Cargo.toml`
[INFO] [stdout]     = note: see <https://doc.rust-lang.org/nightly/rustc/check-cfg/cargo-specifics.html> for more information about checking conditional configuration
[INFO] [stdout]     = note: `#[warn(unexpected_cfgs)]` on by default
[INFO] [stdout] 
[INFO] [stdout] 
[INFO] [stdout] warning: unexpected `cfg` condition value: `async_io`
[INFO] [stdout]    --> src/transport/fusedev/linux_session.rs:694:7
[INFO] [stdout]     |
[INFO] [stdout] 694 | #[cfg(feature = "async_io")]
[INFO] [stdout]     |       ^^^^^^^^^^----------
[INFO] [stdout]     |                 |
[INFO] [stdout]     |                 help: there is a expected value with a similar name: `"async-io"`
[INFO] [stdout]     |
[INFO] [stdout]     = note: expected values for `feature` are: `async-io`, `async-trait`, `caps`, `core-foundation-sys`, `dbs-snapshot`, `default`, `fuse-t`, `fusedev`, `io-uring`, `persist`, `tokio`, `tokio-uring`, `versionize`, `versionize_derive`, `vhost`, `vhost-user-fs`, `virtio-queue`, `virtiofs`, and `vmm-sys-util`
[INFO] [stdout]     = help: consider adding `async_io` as a feature in `Cargo.toml`
[INFO] [stdout]     = note: see <https://doc.rust-lang.org/nightly/rustc/check-cfg/cargo-specifics.html> for more information about checking conditional configuration
[INFO] [stdout] 
[INFO] [stdout] 
[INFO] [stderr]     Finished `test` profile [unoptimized + debuginfo] target(s) in 4.65s
[INFO] running `Command { std: "docker" "inspect" "9b76bf00da72a407bd7d35cba82cbeb98e931e90a3f4715a33b0f761bf921d99", kill_on_drop: false }`
[INFO] running `Command { std: "docker" "rm" "-f" "9b76bf00da72a407bd7d35cba82cbeb98e931e90a3f4715a33b0f761bf921d99", kill_on_drop: false }`
[INFO] [stdout] 9b76bf00da72a407bd7d35cba82cbeb98e931e90a3f4715a33b0f761bf921d99
[INFO] running `Command { std: "docker" "create" "-v" "/var/lib/crater-agent-workspace/builds/worker-5-tc2/target:/opt/rustwide/target:rw,Z" "-v" "/var/lib/crater-agent-workspace/builds/worker-5-tc2/source:/opt/rustwide/workdir:ro,Z" "-v" "/var/lib/crater-agent-workspace/cargo-home:/opt/rustwide/cargo-home:ro,Z" "-v" "/var/lib/crater-agent-workspace/rustup-home:/opt/rustwide/rustup-home:ro,Z" "-e" "SOURCE_DIR=/opt/rustwide/workdir" "-e" "CARGO_TARGET_DIR=/opt/rustwide/target" "-e" "CARGO_INCREMENTAL=0" "-e" "RUST_BACKTRACE=full" "-e" "RUSTFLAGS=--cap-lints=forbid -Zrandomize-layout" "-e" "RUSTDOCFLAGS=--cap-lints=forbid" "-e" "CARGO_HOME=/opt/rustwide/cargo-home" "-e" "RUSTUP_HOME=/opt/rustwide/rustup-home" "-w" "/opt/rustwide/workdir" "-m" "1610612736" "--user" "0:0" "--network" "none" "ghcr.io/rust-lang/crates-build-env/linux@sha256:4a844ea9eb2546a2d2c7022eacef16ef2e8229c7fbb2c7d4d55a9ceca922f72d" "/opt/rustwide/cargo-home/bin/cargo" "+nightly-2024-10-28" "test" "--frozen", kill_on_drop: false }`
[INFO] [stdout] 7bd9636e278a0b6a4f2129198bf3ec4247cb38292012a43a9f0eaeffaba9e3a2
[INFO] running `Command { std: "docker" "start" "-a" "7bd9636e278a0b6a4f2129198bf3ec4247cb38292012a43a9f0eaeffaba9e3a2", kill_on_drop: false }`
[INFO] [stderr] warning: unexpected `cfg` condition value: `async_io`
[INFO] [stderr]    --> src/transport/fusedev/linux_session.rs:691:7
[INFO] [stderr]     |
[INFO] [stderr] 691 | #[cfg(feature = "async_io")]
[INFO] [stderr]     |       ^^^^^^^^^^----------
[INFO] [stderr]     |                 |
[INFO] [stderr]     |                 help: there is a expected value with a similar name: `"async-io"`
[INFO] [stderr]     |
[INFO] [stderr]     = note: expected values for `feature` are: `async-io`, `async-trait`, `caps`, `core-foundation-sys`, `dbs-snapshot`, `default`, `fuse-t`, `fusedev`, `io-uring`, `persist`, `tokio`, `tokio-uring`, `versionize`, `versionize_derive`, `vhost`, `vhost-user-fs`, `virtio-queue`, `virtiofs`, and `vmm-sys-util`
[INFO] [stderr]     = help: consider adding `async_io` as a feature in `Cargo.toml`
[INFO] [stderr]     = note: see <https://doc.rust-lang.org/nightly/rustc/check-cfg/cargo-specifics.html> for more information about checking conditional configuration
[INFO] [stderr]     = note: `#[warn(unexpected_cfgs)]` on by default
[INFO] [stderr] 
[INFO] [stderr] warning: unexpected `cfg` condition value: `async_io`
[INFO] [stderr]    --> src/transport/fusedev/linux_session.rs:694:7
[INFO] [stderr]     |
[INFO] [stderr] 694 | #[cfg(feature = "async_io")]
[INFO] [stderr]     |       ^^^^^^^^^^----------
[INFO] [stderr]     |                 |
[INFO] [stderr]     |                 help: there is a expected value with a similar name: `"async-io"`
[INFO] [stderr]     |
[INFO] [stderr]     = note: expected values for `feature` are: `async-io`, `async-trait`, `caps`, `core-foundation-sys`, `dbs-snapshot`, `default`, `fuse-t`, `fusedev`, `io-uring`, `persist`, `tokio`, `tokio-uring`, `versionize`, `versionize_derive`, `vhost`, `vhost-user-fs`, `virtio-queue`, `virtiofs`, and `vmm-sys-util`
[INFO] [stderr]     = help: consider adding `async_io` as a feature in `Cargo.toml`
[INFO] [stderr]     = note: see <https://doc.rust-lang.org/nightly/rustc/check-cfg/cargo-specifics.html> for more information about checking conditional configuration
[INFO] [stderr] 
[INFO] [stderr] warning: `fuse-backend-rs` (lib) generated 2 warnings
[INFO] [stderr] warning: `fuse-backend-rs` (lib test) generated 2 warnings (2 duplicates)
[INFO] [stderr]     Finished `test` profile [unoptimized + debuginfo] target(s) in 0.03s
[INFO] [stderr]      Running unittests src/lib.rs (/opt/rustwide/target/debug/deps/fuse_backend_rs-f7b18d841e957992)
[INFO] [stdout] 
[INFO] [stdout] running 89 tests
[INFO] [stdout] test abi::fuse_abi::tests::test_struct_size ... ok
[INFO] [stdout] test api::filesystem::tests::test_into_fuse_entry ... ok
[INFO] [stdout] test api::filesystem::tests::test_from_fuse_header ... ok
[INFO] [stdout] test api::pseudo_fs::tests::test_pseudofs_access ... ok
[INFO] [stdout] test api::pseudo_fs::tests::test_pseudofs_getattr ... ok
[INFO] [stdout] test api::pseudo_fs::tests::test_pseudofs_new ... ok
[INFO] [stdout] test api::pseudo_fs::tests::test_pseudofs_lookup ... ok
[INFO] [stdout] test api::pseudo_fs::tests::test_pseudofs_mount ... ok
[INFO] [stdout] test api::pseudo_fs::tests::test_pseudofs_readdir ... ok
[INFO] [stdout] test api::server::tests::test_extract_cstrs ... ok
[INFO] [stdout] test api::pseudo_fs::tests::test_pseudofs_readdir_plus ... ok
[INFO] [stdout] test api::vfs::tests::test_fmt_vfs_error ... ok
[INFO] [stdout] test api::vfs::tests::test_inode ... ok
[INFO] [stdout] test api::vfs::tests::test_is_dot_or_dotdot ... ok
[INFO] [stdout] test api::vfs::tests::test_is_safe_path_component ... ok
[INFO] [stdout] test api::vfs::tests::test_mount_different_fs_types ... ok
[INFO] [stdout] test api::vfs::tests::test_umount ... ok
[INFO] [stdout] test common::file_buf::tests::test_new_file_volatile_slice ... ok
[INFO] [stdout] test api::vfs::tests::test_umount_overlap ... ok
[INFO] [stdout] test api::vfs::tests::test_umount_same ... ok
[INFO] [stdout] test common::file_traits::tests::test_read_at_volatile ... ok
[INFO] [stdout] test common::file_traits::tests::test_read_exact_at_volatile ... ok
[INFO] [stdout] test common::file_traits::tests::test_read_volatile ... ok
[INFO] [stdout] test common::file_traits::tests::test_read_exact_volatile ... ok
[INFO] [stdout] test common::file_traits::tests::test_read_vectored_at_volatile ... ok
[INFO] [stdout] test common::file_traits::tests::test_read_vectored_volatile ... ok
[INFO] [stdout] test api::vfs::tests::test_vfs_init ... ok
[INFO] [stdout] test common::file_traits::tests::test_write_at_volatile ... ok
[INFO] [stdout] test common::file_traits::tests::test_write_exact_at_volatile ... ok
[INFO] [stdout] test api::vfs::tests::test_vfs_lookup ... ok
[INFO] [stdout] test overlayfs::inode_store::test::test_alloc_unique ... ok
[INFO] [stdout] test common::file_traits::tests::test_write_exact_volatile ... ok
[INFO] [stdout] test overlayfs::inode_store::test::test_alloc_existing_path ... ok
[INFO] [stdout] test passthrough::file_handle::tests::test_c_file_handle_wrapper ... ok
[INFO] [stdout] test common::file_traits::tests::test_write_vectored_at_volatile ... ok
[INFO] [stdout] test passthrough::file_handle::tests::test_file_handle_derives ... ok
[INFO] [stdout] test common::file_traits::tests::test_write_volatile ... ok
[INFO] [stdout] test common::file_traits::tests::test_write_vectored_volatile ... ok
[INFO] [stdout] test passthrough::file_handle::tests::test_file_handle_from_name_at ... ok
[INFO] [stdout] test passthrough::mount_fd::tests::test_mpr_error ... ok
[INFO] [stdout] test passthrough::inode_store::test::test_inode_store ... ok
[INFO] [stdout] test passthrough::mount_fd::tests::test_mount_fd_get ... ok
[INFO] [stdout] test passthrough::statx::tests::test_statx ... ok
[INFO] [stdout] test overlayfs::inode_store::test::test_remove_inode ... ok
[INFO] [stdout] test passthrough::tests::test_passthroughfs_inode_file_handles ... ok
[INFO] [stdout] test passthrough::tests::test_passthroughfs_no_open ... ok
[INFO] [stdout] test passthrough::tests::test_lookup_escape_root ... ok
[INFO] [stdout] test passthrough::tests::test_passthroughfs_dir_timeout ... ok
[INFO] [stdout] test passthrough::tests::test_get_writeback_open_flags ... ok
[INFO] [stdout] test passthrough::tests::test_generic_read_write_noopen ... ok
[INFO] [stdout] test passthrough::tests::test_allocation_inode_locked ... ok
[INFO] [stdout] test passthrough::util::tests::test_generate_unique_inode ... ok
[INFO] [stdout] test passthrough::util::tests::test_is_dir ... ok
[INFO] [stdout] test passthrough::util::tests::test_is_safe_inode ... ok
[INFO] [stdout] test passthrough::util::tests::test_stat_fd ... ok
[INFO] [stdout] test passthrough::tests::test_stable_inode ... ok
[INFO] [stdout] test transport::fusedev::tests::read_full ... ok
[INFO] [stdout] test transport::fusedev::linux_session::tests::test_new_channel ... ok
[INFO] [stdout] test transport::fusedev::tests::read_obj ... ok
[INFO] [stdout] test transport::fusedev::linux_session::tests::test_fusermount ... ok
[INFO] [stdout] test transport::fusedev::linux_session::tests::test_new_session ... ok
[INFO] [stdout] test tests::test_encode_io_error_kind ... ok
[INFO] [stdout] test transport::fusedev::tests::read_exact_to ... ok
[INFO] [stdout] test transport::fusedev::tests::read_to_at ... ok
[INFO] [stdout] test transport::fusedev::tests::reader_split_outofbounds ... ok
[INFO] [stdout] test tests::test_bytes_to_cstr ... ok
[INFO] [stdout] test transport::fusedev::tests::reader_split_border ... ok
[INFO] [stdout] test passthrough::tests::test_validate_virtiofs_config ... ok
[INFO] [stdout] test transport::fusedev::tests::reader_test_simple_chain ... ok
[INFO] [stdout] test transport::fusedev::tests::write_all_from ... ok
[INFO] [stdout] test transport::fusedev::tests::write_obj ... ok
[INFO] [stdout] test transport::fusedev::tests::write_all_from_split ... ok
[INFO] [stdout] test transport::fusedev::tests::reader_unexpected_eof ... ok
[INFO] [stdout] test transport::fusedev::tests::write_from_at ... ok
[INFO] [stdout] test transport::fusedev::tests::write_from_at_split ... ok
[INFO] [stdout] test transport::fusedev::tests::write_full ... ok
[INFO] [stdout] test transport::fusedev::tests::write_vectored ... ok
[INFO] [stdout] test transport::fusedev::tests::writer_simple_commit_header ... ok
[INFO] [stdout] test transport::fusedev::tests::writer_split_commit_all ... ok
[INFO] [stdout] test transport::fusedev::tests::writer_test_simple_chain ... ok
[INFO] [stdout] test transport::tests::test_io_buffers ... ok
[INFO] [stdout] test transport::fusedev::tests::writer_test_split_chain ... ok
[INFO] [stdout] test transport::fusedev::tests::writer_split_commit_header ... ok
[INFO] [stdout] test transport::tests::test_mark_dirty ... ok
[INFO] [stdout] test passthrough::tests::test_writeback_open_and_create ... ok
[INFO] [stdout] test api::vfs::tests::test_allocate_fs_idx ... ok
[INFO] [stdout] test abi::fuse_abi::tests::test_byte_valued ... FAILED
[INFO] [stdout] test api::vfs::tests::test_invalid_inode - should panic ... ok
[INFO] [stdout] test transport::fusedev::linux_session::tests::test_clone_fuse_file ... FAILED
[INFO] [stdout] 
[INFO] [stdout] failures:
[INFO] [stdout] 
[INFO] [stdout] ---- abi::fuse_abi::tests::test_byte_valued stdout ----
[INFO] [stdout] thread 'abi::fuse_abi::tests::test_byte_valued' panicked at src/abi/fuse_abi_linux.rs:1342:62:
[INFO] [stdout] called `Option::unwrap()` on a `None` value
[INFO] [stdout] stack backtrace:
[INFO] [stdout]    0:     0x5804887e8baa - std::backtrace_rs::backtrace::libunwind::trace::h207520d6e9873551
[INFO] [stdout]                                at /rustc/df4ca44d3fbc9301ee17f30f4d474e6ae4b05252/library/std/src/../../backtrace/src/backtrace/libunwind.rs:116:5
[INFO] [stdout]    1:     0x5804887e8baa - std::backtrace_rs::backtrace::trace_unsynchronized::h2ed7433f370e3eca
[INFO] [stdout]                                at /rustc/df4ca44d3fbc9301ee17f30f4d474e6ae4b05252/library/std/src/../../backtrace/src/backtrace/mod.rs:66:5
[INFO] [stdout]    2:     0x5804887e8baa - std::sys::backtrace::_print_fmt::h916fac51166b18d7
[INFO] [stdout]                                at /rustc/df4ca44d3fbc9301ee17f30f4d474e6ae4b05252/library/std/src/sys/backtrace.rs:66:9
[INFO] [stdout]    3:     0x5804887e8baa - <std::sys::backtrace::BacktraceLock::print::DisplayBacktrace as core::fmt::Display>::fmt::ha0a4c9b8ce3802e6
[INFO] [stdout]                                at /rustc/df4ca44d3fbc9301ee17f30f4d474e6ae4b05252/library/std/src/sys/backtrace.rs:39:26
[INFO] [stdout]    4:     0x5804888105c3 - core::fmt::rt::Argument::fmt::h4cfc8587d52b3eb5
[INFO] [stdout]                                at /rustc/df4ca44d3fbc9301ee17f30f4d474e6ae4b05252/library/core/src/fmt/rt.rs:177:76
[INFO] [stdout]    5:     0x5804888105c3 - core::fmt::write::h522cc39e5b36ae9f
[INFO] [stdout]                                at /rustc/df4ca44d3fbc9301ee17f30f4d474e6ae4b05252/library/core/src/fmt/mod.rs:1190:21
[INFO] [stdout]    6:     0x5804887e5403 - std::io::Write::write_fmt::h7d3c26752da97734
[INFO] [stdout]                                at /rustc/df4ca44d3fbc9301ee17f30f4d474e6ae4b05252/library/std/src/io/mod.rs:1839:15
[INFO] [stdout]    7:     0x5804887e89f2 - std::sys::backtrace::BacktraceLock::print::h4b9e00b29e9c0942
[INFO] [stdout]                                at /rustc/df4ca44d3fbc9301ee17f30f4d474e6ae4b05252/library/std/src/sys/backtrace.rs:42:9
[INFO] [stdout]    8:     0x5804887ea03a - std::panicking::default_hook::{{closure}}::hb59b88280d0324d9
[INFO] [stdout]                                at /rustc/df4ca44d3fbc9301ee17f30f4d474e6ae4b05252/library/std/src/panicking.rs:268:22
[INFO] [stdout]    9:     0x5804887e9e44 - std::panicking::default_hook::he1dd496665be4a29
[INFO] [stdout]                                at /rustc/df4ca44d3fbc9301ee17f30f4d474e6ae4b05252/library/std/src/panicking.rs:292:9
[INFO] [stdout]   10:     0x580488780e49 - <alloc::boxed::Box<F,A> as core::ops::function::Fn<Args>>::call::h4ff71de18744e1dc
[INFO] [stdout]                                at /rustc/df4ca44d3fbc9301ee17f30f4d474e6ae4b05252/library/alloc/src/boxed.rs:2468:9
[INFO] [stdout]   11:     0x580488780e49 - test::test_main::{{closure}}::hcf7c055ce117aa81
[INFO] [stdout]                                at /rustc/df4ca44d3fbc9301ee17f30f4d474e6ae4b05252/library/test/src/lib.rs:133:21
[INFO] [stdout]   12:     0x5804887ea738 - <alloc::boxed::Box<F,A> as core::ops::function::Fn<Args>>::call::h1d66c6bbd60c9692
[INFO] [stdout]                                at /rustc/df4ca44d3fbc9301ee17f30f4d474e6ae4b05252/library/alloc/src/boxed.rs:2468:9
[INFO] [stdout]   13:     0x5804887ea738 - std::panicking::rust_panic_with_hook::h2ff17fe8f26dfcf8
[INFO] [stdout]                                at /rustc/df4ca44d3fbc9301ee17f30f4d474e6ae4b05252/library/std/src/panicking.rs:809:13
[INFO] [stdout]   14:     0x5804887ea4c6 - std::panicking::begin_panic_handler::{{closure}}::h4fad77951c07e101
[INFO] [stdout]                                at /rustc/df4ca44d3fbc9301ee17f30f4d474e6ae4b05252/library/std/src/panicking.rs:667:13
[INFO] [stdout]   15:     0x5804887e9089 - std::sys::backtrace::__rust_end_short_backtrace::hb1a25b3da5d0ea08
[INFO] [stdout]                                at /rustc/df4ca44d3fbc9301ee17f30f4d474e6ae4b05252/library/std/src/sys/backtrace.rs:170:18
[INFO] [stdout]   16:     0x5804887ea18c - rust_begin_unwind
[INFO] [stdout]                                at /rustc/df4ca44d3fbc9301ee17f30f4d474e6ae4b05252/library/std/src/panicking.rs:665:5
[INFO] [stdout]   17:     0x58048880efc0 - core::panicking::panic_fmt::ha9db07b529f9b256
[INFO] [stdout]                                at /rustc/df4ca44d3fbc9301ee17f30f4d474e6ae4b05252/library/core/src/panicking.rs:75:14
[INFO] [stdout]   18:     0x58048880f04c - core::panicking::panic::h993086813d94accc
[INFO] [stdout]                                at /rustc/df4ca44d3fbc9301ee17f30f4d474e6ae4b05252/library/core/src/panicking.rs:152:5
[INFO] [stdout]   19:     0x58048880ef39 - core::option::unwrap_failed::h7d84639b8a1a5da9
[INFO] [stdout]                                at /rustc/df4ca44d3fbc9301ee17f30f4d474e6ae4b05252/library/core/src/option.rs:2008:5
[INFO] [stdout]   20:     0x58048870b983 - core::option::Option<T>::unwrap::h2f1020c7af99fb23
[INFO] [stdout]                                at /rustc/df4ca44d3fbc9301ee17f30f4d474e6ae4b05252/library/core/src/option.rs:971:21
[INFO] [stdout]   21:     0x58048870b983 - fuse_backend_rs::abi::fuse_abi::tests::test_byte_valued::hda264fdcb089c96e
[INFO] [stdout]                                at /opt/rustwide/workdir/src/abi/fuse_abi_linux.rs:1342:34
[INFO] [stdout]   22:     0x58048870b8d7 - fuse_backend_rs::abi::fuse_abi::tests::test_byte_valued::{{closure}}::h403c0eee77a65215
[INFO] [stdout]                                at /opt/rustwide/workdir/src/abi/fuse_abi_linux.rs:1338:26
[INFO] [stdout]   23:     0x5804886f04b6 - core::ops::function::FnOnce::call_once::h54c61ec35aee66fd
[INFO] [stdout]                                at /rustc/df4ca44d3fbc9301ee17f30f4d474e6ae4b05252/library/core/src/ops/function.rs:250:5
[INFO] [stdout]   24:     0x58048878571b - core::ops::function::FnOnce::call_once::h22c3ba5715e93f05
[INFO] [stdout]                                at /rustc/df4ca44d3fbc9301ee17f30f4d474e6ae4b05252/library/core/src/ops/function.rs:250:5
[INFO] [stdout]   25:     0x58048878571b - test::__rust_begin_short_backtrace::h8e82d8113d0da17f
[INFO] [stdout]                                at /rustc/df4ca44d3fbc9301ee17f30f4d474e6ae4b05252/library/test/src/lib.rs:621:18
[INFO] [stdout]   26:     0x580488785097 - test::run_test_in_process::{{closure}}::h33235f4f20b7b7c7
[INFO] [stdout]                                at /rustc/df4ca44d3fbc9301ee17f30f4d474e6ae4b05252/library/test/src/lib.rs:644:60
[INFO] [stdout]   27:     0x580488785097 - <core::panic::unwind_safe::AssertUnwindSafe<F> as core::ops::function::FnOnce<()>>::call_once::hb5043206310c586f
[INFO] [stdout]                                at /rustc/df4ca44d3fbc9301ee17f30f4d474e6ae4b05252/library/core/src/panic/unwind_safe.rs:272:9
[INFO] [stdout]   28:     0x580488785097 - std::panicking::try::do_call::h9ad4731a60ab23e2
[INFO] [stdout]                                at /rustc/df4ca44d3fbc9301ee17f30f4d474e6ae4b05252/library/std/src/panicking.rs:557:40
[INFO] [stdout]   29:     0x580488785097 - std::panicking::try::h3824d23db772a716
[INFO] [stdout]                                at /rustc/df4ca44d3fbc9301ee17f30f4d474e6ae4b05252/library/std/src/panicking.rs:520:19
[INFO] [stdout]   30:     0x580488785097 - std::panic::catch_unwind::h5afd514605fde46b
[INFO] [stdout]                                at /rustc/df4ca44d3fbc9301ee17f30f4d474e6ae4b05252/library/std/src/panic.rs:358:14
[INFO] [stdout]   31:     0x580488785097 - test::run_test_in_process::h0d5cbfa7067d1720
[INFO] [stdout]                                at /rustc/df4ca44d3fbc9301ee17f30f4d474e6ae4b05252/library/test/src/lib.rs:644:27
[INFO] [stdout]   32:     0x580488785097 - test::run_test::{{closure}}::h708eb8872708115d
[INFO] [stdout]                                at /rustc/df4ca44d3fbc9301ee17f30f4d474e6ae4b05252/library/test/src/lib.rs:565:43
[INFO] [stdout]   33:     0x5804887487b4 - test::run_test::{{closure}}::h392c51cee94713ab
[INFO] [stdout]                                at /rustc/df4ca44d3fbc9301ee17f30f4d474e6ae4b05252/library/test/src/lib.rs:595:41
[INFO] [stdout]   34:     0x5804887487b4 - std::sys::backtrace::__rust_begin_short_backtrace::h2f40290710935a8b
[INFO] [stdout]                                at /rustc/df4ca44d3fbc9301ee17f30f4d474e6ae4b05252/library/std/src/sys/backtrace.rs:154:18
[INFO] [stdout]   35:     0x58048874bf5e - std::thread::Builder::spawn_unchecked_::{{closure}}::{{closure}}::h3fd968d89053a903
[INFO] [stdout]                                at /rustc/df4ca44d3fbc9301ee17f30f4d474e6ae4b05252/library/std/src/thread/mod.rs:541:17
[INFO] [stdout]   36:     0x58048874bf5e - <core::panic::unwind_safe::AssertUnwindSafe<F> as core::ops::function::FnOnce<()>>::call_once::h743f637ba4229880
[INFO] [stdout]                                at /rustc/df4ca44d3fbc9301ee17f30f4d474e6ae4b05252/library/core/src/panic/unwind_safe.rs:272:9
[INFO] [stdout]   37:     0x58048874bf5e - std::panicking::try::do_call::h07440897322525a6
[INFO] [stdout]                                at /rustc/df4ca44d3fbc9301ee17f30f4d474e6ae4b05252/library/std/src/panicking.rs:557:40
[INFO] [stdout]   38:     0x58048874bf5e - std::panicking::try::he5a2e00188156637
[INFO] [stdout]                                at /rustc/df4ca44d3fbc9301ee17f30f4d474e6ae4b05252/library/std/src/panicking.rs:520:19
[INFO] [stdout]   39:     0x58048874bf5e - std::panic::catch_unwind::hbaf3cae49b3c6433
[INFO] [stdout]                                at /rustc/df4ca44d3fbc9301ee17f30f4d474e6ae4b05252/library/std/src/panic.rs:358:14
[INFO] [stdout]   40:     0x58048874bf5e - std::thread::Builder::spawn_unchecked_::{{closure}}::h8e141ea224820bce
[INFO] [stdout]                                at /rustc/df4ca44d3fbc9301ee17f30f4d474e6ae4b05252/library/std/src/thread/mod.rs:540:30
[INFO] [stdout]   41:     0x58048874bf5e - core::ops::function::FnOnce::call_once{{vtable.shim}}::h90d312fedd7b8ea8
[INFO] [stdout]                                at /rustc/df4ca44d3fbc9301ee17f30f4d474e6ae4b05252/library/core/src/ops/function.rs:250:5
[INFO] [stdout]   42:     0x5804887ef62b - <alloc::boxed::Box<F,A> as core::ops::function::FnOnce<Args>>::call_once::h69aa08ddb6adb8b6
[INFO] [stdout]                                at /rustc/df4ca44d3fbc9301ee17f30f4d474e6ae4b05252/library/alloc/src/boxed.rs:2454:9
[INFO] [stdout]   43:     0x5804887ef62b - <alloc::boxed::Box<F,A> as core::ops::function::FnOnce<Args>>::call_once::h5aa36efdb79c806f
[INFO] [stdout]                                at /rustc/df4ca44d3fbc9301ee17f30f4d474e6ae4b05252/library/alloc/src/boxed.rs:2454:9
[INFO] [stdout]   44:     0x5804887ef62b - std::sys::pal::unix::thread::Thread::new::thread_start::h6cd80a1b4be5158d
[INFO] [stdout]                                at /rustc/df4ca44d3fbc9301ee17f30f4d474e6ae4b05252/library/std/src/sys/pal/unix/thread.rs:105:17
[INFO] [stdout]   45:     0x787acf00cac3 - <unknown>
[INFO] [stdout]   46:     0x787acf09da04 - clone
[INFO] [stdout]   47:                0x0 - <unknown>
[INFO] [stdout] 
[INFO] [stdout] ---- transport::fusedev::linux_session::tests::test_clone_fuse_file stdout ----
[INFO] [stdout] thread 'transport::fusedev::linux_session::tests::test_clone_fuse_file' panicked at src/transport/fusedev/linux_session.rs:680:20:
[INFO] [stdout] called `Result::unwrap()` on an `Err` value: SessionFailure("open /dev/fuse: No such file or directory (os error 2)")
[INFO] [stdout] stack backtrace:
[INFO] [stdout]    0:     0x5804887e8baa - std::backtrace_rs::backtrace::libunwind::trace::h207520d6e9873551
[INFO] [stdout]                                at /rustc/df4ca44d3fbc9301ee17f30f4d474e6ae4b05252/library/std/src/../../backtrace/src/backtrace/libunwind.rs:116:5
[INFO] [stdout]    1:     0x5804887e8baa - std::backtrace_rs::backtrace::trace_unsynchronized::h2ed7433f370e3eca
[INFO] [stdout]                                at /rustc/df4ca44d3fbc9301ee17f30f4d474e6ae4b05252/library/std/src/../../backtrace/src/backtrace/mod.rs:66:5
[INFO] [stdout]    2:     0x5804887e8baa - std::sys::backtrace::_print_fmt::h916fac51166b18d7
[INFO] [stdout]                                at /rustc/df4ca44d3fbc9301ee17f30f4d474e6ae4b05252/library/std/src/sys/backtrace.rs:66:9
[INFO] [stdout]    3:     0x5804887e8baa - <std::sys::backtrace::BacktraceLock::print::DisplayBacktrace as core::fmt::Display>::fmt::ha0a4c9b8ce3802e6
[INFO] [stdout]                                at /rustc/df4ca44d3fbc9301ee17f30f4d474e6ae4b05252/library/std/src/sys/backtrace.rs:39:26
[INFO] [stdout]    4:     0x5804888105c3 - core::fmt::rt::Argument::fmt::h4cfc8587d52b3eb5
[INFO] [stdout]                                at /rustc/df4ca44d3fbc9301ee17f30f4d474e6ae4b05252/library/core/src/fmt/rt.rs:177:76
[INFO] [stdout]    5:     0x5804888105c3 - core::fmt::write::h522cc39e5b36ae9f
[INFO] [stdout]                                at /rustc/df4ca44d3fbc9301ee17f30f4d474e6ae4b05252/library/core/src/fmt/mod.rs:1190:21
[INFO] [stdout]    6:     0x5804887e5403 - std::io::Write::write_fmt::h7d3c26752da97734
[INFO] [stdout]                                at /rustc/df4ca44d3fbc9301ee17f30f4d474e6ae4b05252/library/std/src/io/mod.rs:1839:15
[INFO] [stdout]    7:     0x5804887e89f2 - std::sys::backtrace::BacktraceLock::print::h4b9e00b29e9c0942
[INFO] [stdout]                                at /rustc/df4ca44d3fbc9301ee17f30f4d474e6ae4b05252/library/std/src/sys/backtrace.rs:42:9
[INFO] [stdout]    8:     0x5804887ea03a - std::panicking::default_hook::{{closure}}::hb59b88280d0324d9
[INFO] [stdout]                                at /rustc/df4ca44d3fbc9301ee17f30f4d474e6ae4b05252/library/std/src/panicking.rs:268:22
[INFO] [stdout]    9:     0x5804887e9e44 - std::panicking::default_hook::he1dd496665be4a29
[INFO] [stdout]                                at /rustc/df4ca44d3fbc9301ee17f30f4d474e6ae4b05252/library/std/src/panicking.rs:292:9
[INFO] [stdout]   10:     0x580488780e49 - <alloc::boxed::Box<F,A> as core::ops::function::Fn<Args>>::call::h4ff71de18744e1dc
[INFO] [stdout]                                at /rustc/df4ca44d3fbc9301ee17f30f4d474e6ae4b05252/library/alloc/src/boxed.rs:2468:9
[INFO] [stdout]   11:     0x580488780e49 - test::test_main::{{closure}}::hcf7c055ce117aa81
[INFO] [stdout]                                at /rustc/df4ca44d3fbc9301ee17f30f4d474e6ae4b05252/library/test/src/lib.rs:133:21
[INFO] [stdout]   12:     0x5804887ea738 - <alloc::boxed::Box<F,A> as core::ops::function::Fn<Args>>::call::h1d66c6bbd60c9692
[INFO] [stdout]                                at /rustc/df4ca44d3fbc9301ee17f30f4d474e6ae4b05252/library/alloc/src/boxed.rs:2468:9
[INFO] [stdout]   13:     0x5804887ea738 - std::panicking::rust_panic_with_hook::h2ff17fe8f26dfcf8
[INFO] [stdout]                                at /rustc/df4ca44d3fbc9301ee17f30f4d474e6ae4b05252/library/std/src/panicking.rs:809:13
[INFO] [stdout]   14:     0x5804887ea4fa - std::panicking::begin_panic_handler::{{closure}}::h4fad77951c07e101
[INFO] [stdout]                                at /rustc/df4ca44d3fbc9301ee17f30f4d474e6ae4b05252/library/std/src/panicking.rs:674:13
[INFO] [stdout]   15:     0x5804887e9089 - std::sys::backtrace::__rust_end_short_backtrace::hb1a25b3da5d0ea08
[INFO] [stdout]                                at /rustc/df4ca44d3fbc9301ee17f30f4d474e6ae4b05252/library/std/src/sys/backtrace.rs:170:18
[INFO] [stdout]   16:     0x5804887ea18c - rust_begin_unwind
[INFO] [stdout]                                at /rustc/df4ca44d3fbc9301ee17f30f4d474e6ae4b05252/library/std/src/panicking.rs:665:5
[INFO] [stdout]   17:     0x58048880efc0 - core::panicking::panic_fmt::ha9db07b529f9b256
[INFO] [stdout]                                at /rustc/df4ca44d3fbc9301ee17f30f4d474e6ae4b05252/library/core/src/panicking.rs:75:14
[INFO] [stdout]   18:     0x58048880f406 - core::result::unwrap_failed::h5e8218e4d4338b8a
[INFO] [stdout]                                at /rustc/df4ca44d3fbc9301ee17f30f4d474e6ae4b05252/library/core/src/result.rs:1698:5
[INFO] [stdout]   19:     0x5804886a2749 - core::result::Result<T,E>::unwrap::hd7ec14adc3247446
[INFO] [stdout]                                at /rustc/df4ca44d3fbc9301ee17f30f4d474e6ae4b05252/library/core/src/result.rs:1103:23
[INFO] [stdout]   20:     0x5804886a2749 - fuse_backend_rs::transport::fusedev::linux_session::tests::test_clone_fuse_file::h7c7372471ef9723b
[INFO] [stdout]                                at /opt/rustwide/workdir/src/transport/fusedev/linux_session.rs:680:9
[INFO] [stdout]   21:     0x5804886a2437 - fuse_backend_rs::transport::fusedev::linux_session::tests::test_clone_fuse_file::{{closure}}::hb4f90269cb6cc1bc
[INFO] [stdout]                                at /opt/rustwide/workdir/src/transport/fusedev/linux_session.rs:677:30
[INFO] [stdout]   22:     0x5804886f1586 - core::ops::function::FnOnce::call_once::hbbbb7a5c6b5eadd7
[INFO] [stdout]                                at /rustc/df4ca44d3fbc9301ee17f30f4d474e6ae4b05252/library/core/src/ops/function.rs:250:5
[INFO] [stdout]   23:     0x58048878571b - core::ops::function::FnOnce::call_once::h22c3ba5715e93f05
[INFO] [stdout]                                at /rustc/df4ca44d3fbc9301ee17f30f4d474e6ae4b05252/library/core/src/ops/function.rs:250:5
[INFO] [stdout]   24:     0x58048878571b - test::__rust_begin_short_backtrace::h8e82d8113d0da17f
[INFO] [stdout]                                at /rustc/df4ca44d3fbc9301ee17f30f4d474e6ae4b05252/library/test/src/lib.rs:621:18
[INFO] [stdout]   25:     0x580488785097 - test::run_test_in_process::{{closure}}::h33235f4f20b7b7c7
[INFO] [stdout]                                at /rustc/df4ca44d3fbc9301ee17f30f4d474e6ae4b05252/library/test/src/lib.rs:644:60
[INFO] [stdout]   26:     0x580488785097 - <core::panic::unwind_safe::AssertUnwindSafe<F> as core::ops::function::FnOnce<()>>::call_once::hb5043206310c586f
[INFO] [stdout]                                at /rustc/df4ca44d3fbc9301ee17f30f4d474e6ae4b05252/library/core/src/panic/unwind_safe.rs:272:9
[INFO] [stdout]   27:     0x580488785097 - std::panicking::try::do_call::h9ad4731a60ab23e2
[INFO] [stdout]                                at /rustc/df4ca44d3fbc9301ee17f30f4d474e6ae4b05252/library/std/src/panicking.rs:557:40
[INFO] [stdout]   28:     0x580488785097 - std::panicking::try::h3824d23db772a716
[INFO] [stdout]                                at /rustc/df4ca44d3fbc9301ee17f30f4d474e6ae4b05252/library/std/src/panicking.rs:520:19
[INFO] [stdout]   29:     0x580488785097 - std::panic::catch_unwind::h5afd514605fde46b
[INFO] [stdout]                                at /rustc/df4ca44d3fbc9301ee17f30f4d474e6ae4b05252/library/std/src/panic.rs:358:14
[INFO] [stdout]   30:     0x580488785097 - test::run_test_in_process::h0d5cbfa7067d1720
[INFO] [stdout]                                at /rustc/df4ca44d3fbc9301ee17f30f4d474e6ae4b05252/library/test/src/lib.rs:644:27
[INFO] [stdout]   31:     0x580488785097 - test::run_test::{{closure}}::h708eb8872708115d
[INFO] [stdout]                                at /rustc/df4ca44d3fbc9301ee17f30f4d474e6ae4b05252/library/test/src/lib.rs:565:43
[INFO] [stdout]   32:     0x5804887487b4 - test::run_test::{{closure}}::h392c51cee94713ab
[INFO] [stdout]                                at /rustc/df4ca44d3fbc9301ee17f30f4d474e6ae4b05252/library/test/src/lib.rs:595:41
[INFO] [stdout]   33:     0x5804887487b4 - std::sys::backtrace::__rust_begin_short_backtrace::h2f40290710935a8b
[INFO] [stdout]                                at /rustc/df4ca44d3fbc9301ee17f30f4d474e6ae4b05252/library/std/src/sys/backtrace.rs:154:18
[INFO] [stdout]   34:     0x58048874bf5e - std::thread::Builder::spawn_unchecked_::{{closure}}::{{closure}}::h3fd968d89053a903
[INFO] [stdout]                                at /rustc/df4ca44d3fbc9301ee17f30f4d474e6ae4b05252/library/std/src/thread/mod.rs:541:17
[INFO] [stdout]   35:     0x58048874bf5e - <core::panic::unwind_safe::AssertUnwindSafe<F> as core::ops::function::FnOnce<()>>::call_once::h743f637ba4229880
[INFO] [stdout]                                at /rustc/df4ca44d3fbc9301ee17f30f4d474e6ae4b05252/library/core/src/panic/unwind_safe.rs:272:9
[INFO] [stdout]   36:     0x58048874bf5e - std::panicking::try::do_call::h07440897322525a6
[INFO] [stdout]                                at /rustc/df4ca44d3fbc9301ee17f30f4d474e6ae4b05252/library/std/src/panicking.rs:557:40
[INFO] [stdout]   37:     0x58048874bf5e - std::panicking::try::he5a2e00188156637
[INFO] [stdout]                                at /rustc/df4ca44d3fbc9301ee17f30f4d474e6ae4b05252/library/std/src/panicking.rs:520:19
[INFO] [stdout]   38:     0x58048874bf5e - std::panic::catch_unwind::hbaf3cae49b3c6433
[INFO] [stdout]                                at /rustc/df4ca44d3fbc9301ee17f30f4d474e6ae4b05252/library/std/src/panic.rs:358:14
[INFO] [stdout]   39:     0x58048874bf5e - std::thread::Builder::spawn_unchecked_::{{closure}}::h8e141ea224820bce
[INFO] [stdout]                                at /rustc/df4ca44d3fbc9301ee17f30f4d474e6ae4b05252/library/std/src/thread/mod.rs:540:30
[INFO] [stdout]   40:     0x58048874bf5e - core::ops::function::FnOnce::call_once{{vtable.shim}}::h90d312fedd7b8ea8
[INFO] [stdout]                                at /rustc/df4ca44d3fbc9301ee17f30f4d474e6ae4b05252/library/core/src/ops/function.rs:250:5
[INFO] [stdout]   41:     0x5804887ef62b - <alloc::boxed::Box<F,A> as core::ops::function::FnOnce<Args>>::call_once::h69aa08ddb6adb8b6
[INFO] [stdout]                                at /rustc/df4ca44d3fbc9301ee17f30f4d474e6ae4b05252/library/alloc/src/boxed.rs:2454:9
[INFO] [stdout]   42:     0x5804887ef62b - <alloc::boxed::Box<F,A> as core::ops::function::FnOnce<Args>>::call_once::h5aa36efdb79c806f
[INFO] [stdout]                                at /rustc/df4ca44d3fbc9301ee17f30f4d474e6ae4b05252/library/alloc/src/boxed.rs:2454:9
[INFO] [stdout]   43:     0x5804887ef62b - std::sys::pal::unix::thread::Thread::new::thread_start::h6cd80a1b4be5158d
[INFO] [stdout]                                at /rustc/df4ca44d3fbc9301ee17f30f4d474e6ae4b05252/library/std/src/sys/pal/unix/thread.rs:105:17
[INFO] [stdout]   44:     0x787acf00cac3 - <unknown>
[INFO] [stdout]   45:     0x787acf09da04 - clone
[INFO] [stdout]   46:                0x0 - <unknown>
[INFO] [stdout] 
[INFO] [stdout] 
[INFO] [stdout] failures:
[INFO] [stdout]     abi::fuse_abi::tests::test_byte_valued
[INFO] [stdout]     transport::fusedev::linux_session::tests::test_clone_fuse_file
[INFO] [stdout] 
[INFO] [stdout] test result: FAILED. 87 passed; 2 failed; 0 ignored; 0 measured; 0 filtered out; finished in 0.02s
[INFO] [stdout] 
[INFO] [stderr] error: test failed, to rerun pass `--lib`
[INFO] running `Command { std: "docker" "inspect" "7bd9636e278a0b6a4f2129198bf3ec4247cb38292012a43a9f0eaeffaba9e3a2", kill_on_drop: false }`
[INFO] running `Command { std: "docker" "rm" "-f" "7bd9636e278a0b6a4f2129198bf3ec4247cb38292012a43a9f0eaeffaba9e3a2", kill_on_drop: false }`
[INFO] [stdout] 7bd9636e278a0b6a4f2129198bf3ec4247cb38292012a43a9f0eaeffaba9e3a2
