[INFO] fetching crate funzzy 1.5.0...
[INFO] testing funzzy-1.5.0 against nightly-2024-10-28 for randomize-layout
[INFO] extracting crate funzzy 1.5.0 into /workspace/builds/worker-6-tc1/source
[INFO] validating manifest of crates.io crate funzzy 1.5.0 on toolchain nightly-2024-10-28
[INFO] running `Command { std: CARGO_HOME="/workspace/cargo-home" RUSTUP_HOME="/workspace/rustup-home" "/workspace/cargo-home/bin/cargo" "+nightly-2024-10-28" "metadata" "--manifest-path" "Cargo.toml" "--no-deps", kill_on_drop: false }`
[INFO] started tweaking crates.io crate funzzy 1.5.0
[INFO] removed 0 missing tests
[INFO] finished tweaking crates.io crate funzzy 1.5.0
[INFO] tweaked toml for crates.io crate funzzy 1.5.0 written to /workspace/builds/worker-6-tc1/source/Cargo.toml
[INFO] crate crates.io crate funzzy 1.5.0 already has a lockfile, it will not be regenerated
[INFO] running `Command { std: CARGO_HOME="/workspace/cargo-home" RUSTUP_HOME="/workspace/rustup-home" "/workspace/cargo-home/bin/cargo" "+nightly-2024-10-28" "fetch" "--manifest-path" "Cargo.toml", kill_on_drop: false }`
[INFO] [stderr] warning: file `/workspace/builds/worker-6-tc1/source/src/main.rs` found to be present in multiple build targets:
[INFO] [stderr]   * `bin` target `funzzy`
[INFO] [stderr]   * `bin` target `fzz`
[INFO] [stderr]  Downloading crates ...
[INFO] [stderr]   Downloaded docopt v1.1.1
[INFO] [stderr]   Downloaded notify v4.0.18
[INFO] [stderr]   Downloaded notify-debouncer-mini v0.3.0
[INFO] running `Command { std: "docker" "create" "-v" "/var/lib/crater-agent-workspace/builds/worker-6-tc1/target:/opt/rustwide/target:rw,Z" "-v" "/var/lib/crater-agent-workspace/builds/worker-6-tc1/source:/opt/rustwide/workdir:ro,Z" "-v" "/var/lib/crater-agent-workspace/cargo-home:/opt/rustwide/cargo-home:ro,Z" "-v" "/var/lib/crater-agent-workspace/rustup-home:/opt/rustwide/rustup-home:ro,Z" "-e" "SOURCE_DIR=/opt/rustwide/workdir" "-e" "CARGO_TARGET_DIR=/opt/rustwide/target" "-e" "CARGO_HOME=/opt/rustwide/cargo-home" "-e" "RUSTUP_HOME=/opt/rustwide/rustup-home" "-w" "/opt/rustwide/workdir" "-m" "1610612736" "--user" "0:0" "--network" "none" "ghcr.io/rust-lang/crates-build-env/linux@sha256:4a844ea9eb2546a2d2c7022eacef16ef2e8229c7fbb2c7d4d55a9ceca922f72d" "/opt/rustwide/cargo-home/bin/cargo" "+nightly-2024-10-28" "metadata" "--no-deps" "--format-version=1", kill_on_drop: false }`
[INFO] [stdout] d0046d250918720065b2030dac26536775010562f135c676da14efb314c502ea
[INFO] running `Command { std: "docker" "start" "-a" "d0046d250918720065b2030dac26536775010562f135c676da14efb314c502ea", kill_on_drop: false }`
[INFO] running `Command { std: "docker" "inspect" "d0046d250918720065b2030dac26536775010562f135c676da14efb314c502ea", kill_on_drop: false }`
[INFO] running `Command { std: "docker" "rm" "-f" "d0046d250918720065b2030dac26536775010562f135c676da14efb314c502ea", kill_on_drop: false }`
[INFO] [stdout] d0046d250918720065b2030dac26536775010562f135c676da14efb314c502ea
[INFO] running `Command { std: "docker" "create" "-v" "/var/lib/crater-agent-workspace/builds/worker-6-tc1/target:/opt/rustwide/target:rw,Z" "-v" "/var/lib/crater-agent-workspace/builds/worker-6-tc1/source:/opt/rustwide/workdir:ro,Z" "-v" "/var/lib/crater-agent-workspace/cargo-home:/opt/rustwide/cargo-home:ro,Z" "-v" "/var/lib/crater-agent-workspace/rustup-home:/opt/rustwide/rustup-home:ro,Z" "-e" "SOURCE_DIR=/opt/rustwide/workdir" "-e" "CARGO_TARGET_DIR=/opt/rustwide/target" "-e" "CARGO_INCREMENTAL=0" "-e" "RUST_BACKTRACE=full" "-e" "RUSTFLAGS=--cap-lints=forbid" "-e" "RUSTDOCFLAGS=--cap-lints=forbid" "-e" "CARGO_HOME=/opt/rustwide/cargo-home" "-e" "RUSTUP_HOME=/opt/rustwide/rustup-home" "-w" "/opt/rustwide/workdir" "-m" "1610612736" "--user" "0:0" "--network" "none" "ghcr.io/rust-lang/crates-build-env/linux@sha256:4a844ea9eb2546a2d2c7022eacef16ef2e8229c7fbb2c7d4d55a9ceca922f72d" "/opt/rustwide/cargo-home/bin/cargo" "+nightly-2024-10-28" "build" "--frozen" "--message-format=json", kill_on_drop: false }`
[INFO] [stdout] 1ede1422535ce300e4a80358382c5b51b8cfb5dbe7a61c1f77114d754ecb4b46
[INFO] running `Command { std: "docker" "start" "-a" "1ede1422535ce300e4a80358382c5b51b8cfb5dbe7a61c1f77114d754ecb4b46", kill_on_drop: false }`
[INFO] [stderr] warning: file `/opt/rustwide/workdir/src/main.rs` found to be present in multiple build targets:
[INFO] [stderr]   * `bin` target `funzzy`
[INFO] [stderr]   * `bin` target `fzz`
[INFO] [stderr]    Compiling libc v0.2.161
[INFO] [stderr]    Compiling crossbeam-utils v0.8.20
[INFO] [stderr]    Compiling cfg-if v0.1.10
[INFO] [stderr]    Compiling memoffset v0.7.1
[INFO] [stderr]    Compiling serde v1.0.213
[INFO] [stderr]    Compiling regex-syntax v0.8.5
[INFO] [stderr]    Compiling lazycell v1.3.0
[INFO] [stderr]    Compiling linked-hash-map v0.5.6
[INFO] [stderr]    Compiling glob v0.2.11
[INFO] [stderr]    Compiling syn v2.0.85
[INFO] [stderr]    Compiling yaml-rust v0.4.5
[INFO] [stderr]    Compiling crossbeam-channel v0.5.13
[INFO] [stderr]    Compiling inotify-sys v0.1.5
[INFO] [stderr]    Compiling net2 v0.2.39
[INFO] [stderr]    Compiling filetime v0.2.25
[INFO] [stderr]    Compiling iovec v0.1.4
[INFO] [stderr]    Compiling mio v0.8.11
[INFO] [stderr]    Compiling nix v0.26.4
[INFO] [stderr]    Compiling inotify v0.9.6
[INFO] [stderr]    Compiling inotify v0.7.1
[INFO] [stderr]    Compiling regex-automata v0.4.8
[INFO] [stderr]    Compiling mio v0.6.23
[INFO] [stderr]    Compiling notify v6.1.1
[INFO] [stderr]    Compiling serde_derive v1.0.213
[INFO] [stderr]    Compiling notify-debouncer-mini v0.3.0
[INFO] [stderr]    Compiling mio-extras v2.0.6
[INFO] [stderr]    Compiling notify v4.0.18
[INFO] [stderr]    Compiling regex v1.11.1
[INFO] [stderr]    Compiling docopt v1.1.1
[INFO] [stderr]    Compiling funzzy v1.5.0 (/opt/rustwide/workdir)
[INFO] [stdout] warning: field `0` is never read
[INFO] [stdout]   --> src/workers.rs:16:23
[INFO] [stdout]    |
[INFO] [stdout] 16 |     FinishedExecution(Duration),
[INFO] [stdout]    |     ----------------- ^^^^^^^^
[INFO] [stdout]    |     |
[INFO] [stdout]    |     field in this variant
[INFO] [stdout]    |
[INFO] [stdout]    = note: `WorkerEvent` has derived impls for the traits `Clone` and `Debug`, but these are intentionally ignored during dead code analysis
[INFO] [stdout]    = note: `#[warn(dead_code)]` on by default
[INFO] [stdout] help: consider changing the field to be of unit type to suppress this warning while preserving the field numbering, or remove the field
[INFO] [stdout]    |
[INFO] [stdout] 16 |     FinishedExecution(()),
[INFO] [stdout]    |                       ~~
[INFO] [stdout] 
[INFO] [stdout] 
[INFO] [stdout] warning: field `0` is never read
[INFO] [stdout]   --> src/workers.rs:16:23
[INFO] [stdout]    |
[INFO] [stdout] 16 |     FinishedExecution(Duration),
[INFO] [stdout]    |     ----------------- ^^^^^^^^
[INFO] [stdout]    |     |
[INFO] [stdout]    |     field in this variant
[INFO] [stdout]    |
[INFO] [stdout]    = note: `WorkerEvent` has derived impls for the traits `Clone` and `Debug`, but these are intentionally ignored during dead code analysis
[INFO] [stdout]    = note: `#[warn(dead_code)]` on by default
[INFO] [stdout] help: consider changing the field to be of unit type to suppress this warning while preserving the field numbering, or remove the field
[INFO] [stdout]    |
[INFO] [stdout] 16 |     FinishedExecution(()),
[INFO] [stdout]    |                       ~~
[INFO] [stdout] 
[INFO] [stdout] 
[INFO] [stderr]     Finished `dev` profile [unoptimized + debuginfo] target(s) in 10.79s
[INFO] running `Command { std: "docker" "inspect" "1ede1422535ce300e4a80358382c5b51b8cfb5dbe7a61c1f77114d754ecb4b46", kill_on_drop: false }`
[INFO] running `Command { std: "docker" "rm" "-f" "1ede1422535ce300e4a80358382c5b51b8cfb5dbe7a61c1f77114d754ecb4b46", kill_on_drop: false }`
[INFO] [stdout] 1ede1422535ce300e4a80358382c5b51b8cfb5dbe7a61c1f77114d754ecb4b46
[INFO] running `Command { std: "docker" "create" "-v" "/var/lib/crater-agent-workspace/builds/worker-6-tc1/target:/opt/rustwide/target:rw,Z" "-v" "/var/lib/crater-agent-workspace/builds/worker-6-tc1/source:/opt/rustwide/workdir:ro,Z" "-v" "/var/lib/crater-agent-workspace/cargo-home:/opt/rustwide/cargo-home:ro,Z" "-v" "/var/lib/crater-agent-workspace/rustup-home:/opt/rustwide/rustup-home:ro,Z" "-e" "SOURCE_DIR=/opt/rustwide/workdir" "-e" "CARGO_TARGET_DIR=/opt/rustwide/target" "-e" "CARGO_INCREMENTAL=0" "-e" "RUST_BACKTRACE=full" "-e" "RUSTFLAGS=--cap-lints=forbid" "-e" "RUSTDOCFLAGS=--cap-lints=forbid" "-e" "CARGO_HOME=/opt/rustwide/cargo-home" "-e" "RUSTUP_HOME=/opt/rustwide/rustup-home" "-w" "/opt/rustwide/workdir" "-m" "1610612736" "--user" "0:0" "--network" "none" "ghcr.io/rust-lang/crates-build-env/linux@sha256:4a844ea9eb2546a2d2c7022eacef16ef2e8229c7fbb2c7d4d55a9ceca922f72d" "/opt/rustwide/cargo-home/bin/cargo" "+nightly-2024-10-28" "test" "--frozen" "--no-run" "--message-format=json", kill_on_drop: false }`
[INFO] [stdout] 3ab59555df839f402c50cb39d3542fabd51e1105e06dca08945d05a68bc51f3f
[INFO] running `Command { std: "docker" "start" "-a" "3ab59555df839f402c50cb39d3542fabd51e1105e06dca08945d05a68bc51f3f", kill_on_drop: false }`
[INFO] [stderr] warning: file `/opt/rustwide/workdir/src/main.rs` found to be present in multiple build targets:
[INFO] [stderr]   * `bin` target `funzzy`
[INFO] [stderr]   * `bin` target `fzz`
[INFO] [stderr]    Compiling doc-comment v0.3.3
[INFO] [stderr]    Compiling predicates-core v1.0.8
[INFO] [stderr]    Compiling normalize-line-endings v0.3.0
[INFO] [stderr]    Compiling anstyle v1.0.9
[INFO] [stderr]    Compiling regex-automata v0.4.8
[INFO] [stderr]    Compiling termtree v0.4.1
[INFO] [stderr]    Compiling assert_cmd v2.0.16
[INFO] [stderr]    Compiling difflib v0.4.0
[INFO] [stderr]    Compiling wait-timeout v0.2.0
[INFO] [stderr]    Compiling float-cmp v0.9.0
[INFO] [stderr]    Compiling diff v0.1.13
[INFO] [stderr]    Compiling yansi v1.0.1
[INFO] [stderr]    Compiling predicates-tree v1.0.11
[INFO] [stderr]    Compiling pretty_assertions v1.4.1
[INFO] [stderr]    Compiling regex v1.11.1
[INFO] [stderr]    Compiling bstr v1.10.0
[INFO] [stderr]    Compiling docopt v1.1.1
[INFO] [stderr]    Compiling predicates v3.1.2
[INFO] [stderr]    Compiling funzzy v1.5.0 (/opt/rustwide/workdir)
[INFO] [stdout] warning: unused import: `crate::stdout`
[INFO] [stdout]    --> src/rules.rs:474:9
[INFO] [stdout]     |
[INFO] [stdout] 474 |     use crate::stdout;
[INFO] [stdout]     |         ^^^^^^^^^^^^^
[INFO] [stdout]     |
[INFO] [stdout]     = note: `#[warn(unused_imports)]` on by default
[INFO] [stdout] 
[INFO] [stdout] 
[INFO] [stdout] warning: unused import: `crate::environment`
[INFO] [stdout]  --> src/stdout.rs:3:5
[INFO] [stdout]   |
[INFO] [stdout] 3 | use crate::environment;
[INFO] [stdout]   |     ^^^^^^^^^^^^^^^^^^
[INFO] [stdout] 
[INFO] [stdout] 
[INFO] [stdout] warning: unused import: `crate::stdout`
[INFO] [stdout]    --> src/yaml.rs:169:9
[INFO] [stdout]     |
[INFO] [stdout] 169 |     use crate::stdout;
[INFO] [stdout]     |         ^^^^^^^^^^^^^
[INFO] [stdout] 
[INFO] [stdout] 
[INFO] [stdout] warning: unused imports: `Stdio`, `thread::sleep`, and `time::Duration`
[INFO] [stdout]   --> tests/./common/lib.rs:8:24
[INFO] [stdout]    |
[INFO] [stdout] 8  |     process::{Command, Stdio},
[INFO] [stdout]    |                        ^^^^^
[INFO] [stdout] 9  |     thread::sleep,
[INFO] [stdout]    |     ^^^^^^^^^^^^^
[INFO] [stdout] 10 |     time::Duration,
[INFO] [stdout]    |     ^^^^^^^^^^^^^^
[INFO] [stdout]    |
[INFO] [stdout]    = note: `#[warn(unused_imports)]` on by default
[INFO] [stdout] 
[INFO] [stdout] 
[INFO] [stdout] warning: unused imports: `Stdio`, `thread::sleep`, and `time::Duration`
[INFO] [stdout]   --> tests/./common/lib.rs:8:24
[INFO] [stdout]    |
[INFO] [stdout] 8  |     process::{Command, Stdio},
[INFO] [stdout]    |                        ^^^^^
[INFO] [stdout] 9  |     thread::sleep,
[INFO] [stdout]    |     ^^^^^^^^^^^^^
[INFO] [stdout] 10 |     time::Duration,
[INFO] [stdout]    |     ^^^^^^^^^^^^^^
[INFO] [stdout]    |
[INFO] [stdout]    = note: `#[warn(unused_imports)]` on by default
[INFO] [stdout] 
[INFO] [stdout] 
[INFO] [stdout] warning: unused imports: `Stdio`, `thread::sleep`, and `time::Duration`
[INFO] [stdout]   --> tests/./common/lib.rs:8:24
[INFO] [stdout]    |
[INFO] [stdout] 8  |     process::{Command, Stdio},
[INFO] [stdout]    |                        ^^^^^
[INFO] [stdout] 9  |     thread::sleep,
[INFO] [stdout]    |     ^^^^^^^^^^^^^
[INFO] [stdout] 10 |     time::Duration,
[INFO] [stdout]    |     ^^^^^^^^^^^^^^
[INFO] [stdout]    |
[INFO] [stdout]    = note: `#[warn(unused_imports)]` on by default
[INFO] [stdout] 
[INFO] [stdout] 
[INFO] [stdout] warning: unused imports: `Stdio`, `thread::sleep`, and `time::Duration`
[INFO] [stdout]   --> tests/./common/lib.rs:8:24
[INFO] [stdout]    |
[INFO] [stdout] 8  |     process::{Command, Stdio},
[INFO] [stdout]    |                        ^^^^^
[INFO] [stdout] 9  |     thread::sleep,
[INFO] [stdout]    |     ^^^^^^^^^^^^^
[INFO] [stdout] 10 |     time::Duration,
[INFO] [stdout]    |     ^^^^^^^^^^^^^^
[INFO] [stdout]    |
[INFO] [stdout]    = note: `#[warn(unused_imports)]` on by default
[INFO] [stdout] 
[INFO] [stdout] 
[INFO] [stdout] warning: unused imports: `Stdio`, `thread::sleep`, and `time::Duration`
[INFO] [stdout]   --> tests/./common/lib.rs:8:24
[INFO] [stdout]    |
[INFO] [stdout] 8  |     process::{Command, Stdio},
[INFO] [stdout]    |                        ^^^^^
[INFO] [stdout] 9  |     thread::sleep,
[INFO] [stdout]    |     ^^^^^^^^^^^^^
[INFO] [stdout] 10 |     time::Duration,
[INFO] [stdout]    |     ^^^^^^^^^^^^^^
[INFO] [stdout]    |
[INFO] [stdout]    = note: `#[warn(unused_imports)]` on by default
[INFO] [stdout] 
[INFO] [stdout] 
[INFO] [stdout] warning: unused variable: `output_file_path`
[INFO] [stdout]   --> tests/./common/lib.rs:37:23
[INFO] [stdout]    |
[INFO] [stdout] 37 | pub fn with_output<F>(output_file_path: &str, handler: F) -> ()
[INFO] [stdout]    |                       ^^^^^^^^^^^^^^^^ help: if this is intentional, prefix it with an underscore: `_output_file_path`
[INFO] [stdout]    |
[INFO] [stdout]    = note: `#[warn(unused_variables)]` on by default
[INFO] [stdout] 
[INFO] [stdout] 
[INFO] [stdout] warning: unused variable: `handler`
[INFO] [stdout]   --> tests/./common/lib.rs:37:47
[INFO] [stdout]    |
[INFO] [stdout] 37 | pub fn with_output<F>(output_file_path: &str, handler: F) -> ()
[INFO] [stdout]    |                                               ^^^^^^^ help: if this is intentional, prefix it with an underscore: `_handler`
[INFO] [stdout] 
[INFO] [stdout] 
[INFO] [stdout] warning: unused imports: `Stdio`, `thread::sleep`, and `time::Duration`
[INFO] [stdout]   --> tests/./common/lib.rs:8:24
[INFO] [stdout]    |
[INFO] [stdout] 8  |     process::{Command, Stdio},
[INFO] [stdout]    |                        ^^^^^
[INFO] [stdout] 9  |     thread::sleep,
[INFO] [stdout]    |     ^^^^^^^^^^^^^
[INFO] [stdout] 10 |     time::Duration,
[INFO] [stdout]    |     ^^^^^^^^^^^^^^
[INFO] [stdout]    |
[INFO] [stdout]    = note: `#[warn(unused_imports)]` on by default
[INFO] [stdout] 
[INFO] [stdout] 
[INFO] [stdout] warning: unused imports: `Stdio`, `thread::sleep`, and `time::Duration`
[INFO] [stdout]   --> tests/./common/lib.rs:8:24
[INFO] [stdout]    |
[INFO] [stdout] 8  |     process::{Command, Stdio},
[INFO] [stdout]    |                        ^^^^^
[INFO] [stdout] 9  |     thread::sleep,
[INFO] [stdout]    |     ^^^^^^^^^^^^^
[INFO] [stdout] 10 |     time::Duration,
[INFO] [stdout]    |     ^^^^^^^^^^^^^^
[INFO] [stdout]    |
[INFO] [stdout]    = note: `#[warn(unused_imports)]` on by default
[INFO] [stdout] 
[INFO] [stdout] 
[INFO] [stdout] warning: unused imports: `Stdio`, `thread::sleep`, and `time::Duration`
[INFO] [stdout]   --> tests/./common/lib.rs:8:24
[INFO] [stdout]    |
[INFO] [stdout] 8  |     process::{Command, Stdio},
[INFO] [stdout]    |                        ^^^^^
[INFO] [stdout] 9  |     thread::sleep,
[INFO] [stdout]    |     ^^^^^^^^^^^^^
[INFO] [stdout] 10 |     time::Duration,
[INFO] [stdout]    |     ^^^^^^^^^^^^^^
[INFO] [stdout]    |
[INFO] [stdout]    = note: `#[warn(unused_imports)]` on by default
[INFO] [stdout] 
[INFO] [stdout] 
[INFO] [stdout] warning: function `with_output` is never used
[INFO] [stdout]   --> tests/./common/lib.rs:37:8
[INFO] [stdout]    |
[INFO] [stdout] 37 | pub fn with_output<F>(output_file_path: &str, handler: F) -> ()
[INFO] [stdout]    |        ^^^^^^^^^^^
[INFO] [stdout]    |
[INFO] [stdout]    = note: `#[warn(dead_code)]` on by default
[INFO] [stdout] 
[INFO] [stdout] 
[INFO] [stdout] warning: unused imports: `Stdio`, `thread::sleep`, and `time::Duration`
[INFO] [stdout]   --> tests/./common/lib.rs:8:24
[INFO] [stdout]    |
[INFO] [stdout] 8  |     process::{Command, Stdio},
[INFO] [stdout]    |                        ^^^^^
[INFO] [stdout] 9  |     thread::sleep,
[INFO] [stdout]    |     ^^^^^^^^^^^^^
[INFO] [stdout] 10 |     time::Duration,
[INFO] [stdout]    |     ^^^^^^^^^^^^^^
[INFO] [stdout]    |
[INFO] [stdout]    = note: `#[warn(unused_imports)]` on by default
[INFO] [stdout] 
[INFO] [stdout] 
[INFO] [stdout] warning: unused import: `crate::stdout`
[INFO] [stdout]    --> src/rules.rs:474:9
[INFO] [stdout]     |
[INFO] [stdout] 474 |     use crate::stdout;
[INFO] [stdout]     |         ^^^^^^^^^^^^^
[INFO] [stdout]     |
[INFO] [stdout]     = note: `#[warn(unused_imports)]` on by default
[INFO] [stdout] 
[INFO] [stdout] 
[INFO] [stdout] warning: unused variable: `output_file_path`
[INFO] [stdout]   --> tests/./common/lib.rs:37:23
[INFO] [stdout]    |
[INFO] [stdout] 37 | pub fn with_output<F>(output_file_path: &str, handler: F) -> ()
[INFO] [stdout]    |                       ^^^^^^^^^^^^^^^^ help: if this is intentional, prefix it with an underscore: `_output_file_path`
[INFO] [stdout]    |
[INFO] [stdout]    = note: `#[warn(unused_variables)]` on by default
[INFO] [stdout] 
[INFO] [stdout] 
[INFO] [stdout] warning: unused imports: `Stdio`, `thread::sleep`, and `time::Duration`
[INFO] [stdout]   --> tests/./common/lib.rs:8:24
[INFO] [stdout]    |
[INFO] [stdout] 8  |     process::{Command, Stdio},
[INFO] [stdout]    |                        ^^^^^
[INFO] [stdout] 9  |     thread::sleep,
[INFO] [stdout]    |     ^^^^^^^^^^^^^
[INFO] [stdout] 10 |     time::Duration,
[INFO] [stdout]    |     ^^^^^^^^^^^^^^
[INFO] [stdout]    |
[INFO] [stdout]    = note: `#[warn(unused_imports)]` on by default
[INFO] [stdout] 
[INFO] [stdout] 
[INFO] [stdout] warning: unused variable: `handler`
[INFO] [stdout]   --> tests/./common/lib.rs:37:47
[INFO] [stdout]    |
[INFO] [stdout] 37 | pub fn with_output<F>(output_file_path: &str, handler: F) -> ()
[INFO] [stdout]    |                                               ^^^^^^^ help: if this is intentional, prefix it with an underscore: `_handler`
[INFO] [stdout] 
[INFO] [stdout] 
[INFO] [stdout] warning: unused import: `crate::environment`
[INFO] [stdout]  --> src/stdout.rs:3:5
[INFO] [stdout]   |
[INFO] [stdout] 3 | use crate::environment;
[INFO] [stdout]   |     ^^^^^^^^^^^^^^^^^^
[INFO] [stdout] 
[INFO] [stdout] 
[INFO] [stdout] warning: unused import: `crate::stdout`
[INFO] [stdout]    --> src/yaml.rs:169:9
[INFO] [stdout]     |
[INFO] [stdout] 169 |     use crate::stdout;
[INFO] [stdout]     |         ^^^^^^^^^^^^^
[INFO] [stdout] 
[INFO] [stdout] 
[INFO] [stdout] warning: unused imports: `Stdio`, `thread::sleep`, and `time::Duration`
[INFO] [stdout]   --> tests/./common/lib.rs:8:24
[INFO] [stdout]    |
[INFO] [stdout] 8  |     process::{Command, Stdio},
[INFO] [stdout]    |                        ^^^^^
[INFO] [stdout] 9  |     thread::sleep,
[INFO] [stdout]    |     ^^^^^^^^^^^^^
[INFO] [stdout] 10 |     time::Duration,
[INFO] [stdout]    |     ^^^^^^^^^^^^^^
[INFO] [stdout]    |
[INFO] [stdout]    = note: `#[warn(unused_imports)]` on by default
[INFO] [stdout] 
[INFO] [stdout] 
[INFO] [stdout] warning: unused variable: `output_file_path`
[INFO] [stdout]   --> tests/./common/lib.rs:37:23
[INFO] [stdout]    |
[INFO] [stdout] 37 | pub fn with_output<F>(output_file_path: &str, handler: F) -> ()
[INFO] [stdout]    |                       ^^^^^^^^^^^^^^^^ help: if this is intentional, prefix it with an underscore: `_output_file_path`
[INFO] [stdout]    |
[INFO] [stdout]    = note: `#[warn(unused_variables)]` on by default
[INFO] [stdout] 
[INFO] [stdout] 
[INFO] [stdout] warning: unused variable: `handler`
[INFO] [stdout]   --> tests/./common/lib.rs:37:47
[INFO] [stdout]    |
[INFO] [stdout] 37 | pub fn with_output<F>(output_file_path: &str, handler: F) -> ()
[INFO] [stdout]    |                                               ^^^^^^^ help: if this is intentional, prefix it with an underscore: `_handler`
[INFO] [stdout] 
[INFO] [stdout] 
[INFO] [stdout] warning: unused variable: `output_file_path`
[INFO] [stdout]   --> tests/./common/lib.rs:37:23
[INFO] [stdout]    |
[INFO] [stdout] 37 | pub fn with_output<F>(output_file_path: &str, handler: F) -> ()
[INFO] [stdout]    |                       ^^^^^^^^^^^^^^^^ help: if this is intentional, prefix it with an underscore: `_output_file_path`
[INFO] [stdout]    |
[INFO] [stdout]    = note: `#[warn(unused_variables)]` on by default
[INFO] [stdout] 
[INFO] [stdout] 
[INFO] [stdout] warning: unused variable: `handler`
[INFO] [stdout]   --> tests/./common/lib.rs:37:47
[INFO] [stdout]    |
[INFO] [stdout] 37 | pub fn with_output<F>(output_file_path: &str, handler: F) -> ()
[INFO] [stdout]    |                                               ^^^^^^^ help: if this is intentional, prefix it with an underscore: `_handler`
[INFO] [stdout] 
[INFO] [stdout] 
[INFO] [stdout] warning: unused variable: `output_file_path`
[INFO] [stdout]   --> tests/./common/lib.rs:37:23
[INFO] [stdout]    |
[INFO] [stdout] 37 | pub fn with_output<F>(output_file_path: &str, handler: F) -> ()
[INFO] [stdout]    |                       ^^^^^^^^^^^^^^^^ help: if this is intentional, prefix it with an underscore: `_output_file_path`
[INFO] [stdout]    |
[INFO] [stdout]    = note: `#[warn(unused_variables)]` on by default
[INFO] [stdout] 
[INFO] [stdout] 
[INFO] [stdout] warning: unused variable: `handler`
[INFO] [stdout]   --> tests/./common/lib.rs:37:47
[INFO] [stdout]    |
[INFO] [stdout] 37 | pub fn with_output<F>(output_file_path: &str, handler: F) -> ()
[INFO] [stdout]    |                                               ^^^^^^^ help: if this is intentional, prefix it with an underscore: `_handler`
[INFO] [stdout] 
[INFO] [stdout] 
[INFO] [stdout] warning: unused variable: `output_file_path`
[INFO] [stdout]   --> tests/./common/lib.rs:37:23
[INFO] [stdout]    |
[INFO] [stdout] 37 | pub fn with_output<F>(output_file_path: &str, handler: F) -> ()
[INFO] [stdout]    |                       ^^^^^^^^^^^^^^^^ help: if this is intentional, prefix it with an underscore: `_output_file_path`
[INFO] [stdout]    |
[INFO] [stdout]    = note: `#[warn(unused_variables)]` on by default
[INFO] [stdout] 
[INFO] [stdout] 
[INFO] [stdout] warning: unused variable: `handler`
[INFO] [stdout]   --> tests/./common/lib.rs:37:47
[INFO] [stdout]    |
[INFO] [stdout] 37 | pub fn with_output<F>(output_file_path: &str, handler: F) -> ()
[INFO] [stdout]    |                                               ^^^^^^^ help: if this is intentional, prefix it with an underscore: `_handler`
[INFO] [stdout] 
[INFO] [stdout] 
[INFO] [stdout] warning: unused variable: `output_file_path`
[INFO] [stdout]   --> tests/./common/lib.rs:37:23
[INFO] [stdout]    |
[INFO] [stdout] 37 | pub fn with_output<F>(output_file_path: &str, handler: F) -> ()
[INFO] [stdout]    |                       ^^^^^^^^^^^^^^^^ help: if this is intentional, prefix it with an underscore: `_output_file_path`
[INFO] [stdout]    |
[INFO] [stdout]    = note: `#[warn(unused_variables)]` on by default
[INFO] [stdout] 
[INFO] [stdout] 
[INFO] [stdout] warning: unused variable: `output_file_path`
[INFO] [stdout]   --> tests/./common/lib.rs:37:23
[INFO] [stdout]    |
[INFO] [stdout] 37 | pub fn with_output<F>(output_file_path: &str, handler: F) -> ()
[INFO] [stdout]    |                       ^^^^^^^^^^^^^^^^ help: if this is intentional, prefix it with an underscore: `_output_file_path`
[INFO] [stdout]    |
[INFO] [stdout]    = note: `#[warn(unused_variables)]` on by default
[INFO] [stdout] 
[INFO] [stdout] 
[INFO] [stdout] warning: unused variable: `handler`
[INFO] [stdout]   --> tests/./common/lib.rs:37:47
[INFO] [stdout]    |
[INFO] [stdout] 37 | pub fn with_output<F>(output_file_path: &str, handler: F) -> ()
[INFO] [stdout]    |                                               ^^^^^^^ help: if this is intentional, prefix it with an underscore: `_handler`
[INFO] [stdout] 
[INFO] [stdout] 
[INFO] [stdout] warning: unused variable: `handler`
[INFO] [stdout]   --> tests/./common/lib.rs:37:47
[INFO] [stdout]    |
[INFO] [stdout] 37 | pub fn with_output<F>(output_file_path: &str, handler: F) -> ()
[INFO] [stdout]    |                                               ^^^^^^^ help: if this is intentional, prefix it with an underscore: `_handler`
[INFO] [stdout] 
[INFO] [stdout] 
[INFO] [stdout] warning: unused import: `crate::stdout`
[INFO] [stdout]    --> src/rules.rs:474:9
[INFO] [stdout]     |
[INFO] [stdout] 474 |     use crate::stdout;
[INFO] [stdout]     |         ^^^^^^^^^^^^^
[INFO] [stdout]     |
[INFO] [stdout]     = note: `#[warn(unused_imports)]` on by default
[INFO] [stdout] 
[INFO] [stdout] 
[INFO] [stdout] warning: function `with_output` is never used
[INFO] [stdout]   --> tests/./common/lib.rs:37:8
[INFO] [stdout]    |
[INFO] [stdout] 37 | pub fn with_output<F>(output_file_path: &str, handler: F) -> ()
[INFO] [stdout]    |        ^^^^^^^^^^^
[INFO] [stdout]    |
[INFO] [stdout]    = note: `#[warn(dead_code)]` on by default
[INFO] [stdout] 
[INFO] [stdout] 
[INFO] [stdout] warning: unused import: `crate::environment`
[INFO] [stdout]  --> src/stdout.rs:3:5
[INFO] [stdout]   |
[INFO] [stdout] 3 | use crate::environment;
[INFO] [stdout]   |     ^^^^^^^^^^^^^^^^^^
[INFO] [stdout] 
[INFO] [stdout] 
[INFO] [stdout] warning: unused import: `crate::stdout`
[INFO] [stdout]    --> src/yaml.rs:169:9
[INFO] [stdout]     |
[INFO] [stdout] 169 |     use crate::stdout;
[INFO] [stdout]     |         ^^^^^^^^^^^^^
[INFO] [stdout] 
[INFO] [stdout] 
[INFO] [stdout] warning: unused variable: `output_file_path`
[INFO] [stdout]   --> tests/./common/lib.rs:37:23
[INFO] [stdout]    |
[INFO] [stdout] 37 | pub fn with_output<F>(output_file_path: &str, handler: F) -> ()
[INFO] [stdout]    |                       ^^^^^^^^^^^^^^^^ help: if this is intentional, prefix it with an underscore: `_output_file_path`
[INFO] [stdout]    |
[INFO] [stdout]    = note: `#[warn(unused_variables)]` on by default
[INFO] [stdout] 
[INFO] [stdout] 
[INFO] [stdout] warning: unused variable: `handler`
[INFO] [stdout]   --> tests/./common/lib.rs:37:47
[INFO] [stdout]    |
[INFO] [stdout] 37 | pub fn with_output<F>(output_file_path: &str, handler: F) -> ()
[INFO] [stdout]    |                                               ^^^^^^^ help: if this is intentional, prefix it with an underscore: `_handler`
[INFO] [stdout] 
[INFO] [stdout] 
[INFO] [stdout] warning: function `with_example` is never used
[INFO] [stdout]   --> tests/./common/lib.rs:28:8
[INFO] [stdout]    |
[INFO] [stdout] 28 | pub fn with_example<F>(_: Options, _: F) -> ()
[INFO] [stdout]    |        ^^^^^^^^^^^^
[INFO] [stdout]    |
[INFO] [stdout]    = note: `#[warn(dead_code)]` on by default
[INFO] [stdout] 
[INFO] [stdout] 
[INFO] [stdout] warning: function `with_example` is never used
[INFO] [stdout]   --> tests/./common/lib.rs:28:8
[INFO] [stdout]    |
[INFO] [stdout] 28 | pub fn with_example<F>(_: Options, _: F) -> ()
[INFO] [stdout]    |        ^^^^^^^^^^^^
[INFO] [stdout]    |
[INFO] [stdout]    = note: `#[warn(dead_code)]` on by default
[INFO] [stdout] 
[INFO] [stdout] 
[INFO] [stdout] warning: function `with_output` is never used
[INFO] [stdout]   --> tests/./common/lib.rs:37:8
[INFO] [stdout]    |
[INFO] [stdout] 37 | pub fn with_output<F>(output_file_path: &str, handler: F) -> ()
[INFO] [stdout]    |        ^^^^^^^^^^^
[INFO] [stdout] 
[INFO] [stdout] 
[INFO] [stdout] warning: function `with_output` is never used
[INFO] [stdout]   --> tests/./common/lib.rs:37:8
[INFO] [stdout]    |
[INFO] [stdout] 37 | pub fn with_output<F>(output_file_path: &str, handler: F) -> ()
[INFO] [stdout]    |        ^^^^^^^^^^^
[INFO] [stdout]    |
[INFO] [stdout]    = note: `#[warn(dead_code)]` on by default
[INFO] [stdout] 
[INFO] [stdout] 
[INFO] [stdout] warning: function `with_example` is never used
[INFO] [stdout]   --> tests/./common/lib.rs:28:8
[INFO] [stdout]    |
[INFO] [stdout] 28 | pub fn with_example<F>(_: Options, _: F) -> ()
[INFO] [stdout]    |        ^^^^^^^^^^^^
[INFO] [stdout]    |
[INFO] [stdout]    = note: `#[warn(dead_code)]` on by default
[INFO] [stdout] 
[INFO] [stdout] 
[INFO] [stdout] warning: function `with_output` is never used
[INFO] [stdout]   --> tests/./common/lib.rs:37:8
[INFO] [stdout]    |
[INFO] [stdout] 37 | pub fn with_output<F>(output_file_path: &str, handler: F) -> ()
[INFO] [stdout]    |        ^^^^^^^^^^^
[INFO] [stdout] 
[INFO] [stdout] 
[INFO] [stdout] warning: unused variable: `output_file_path`
[INFO] [stdout]   --> tests/./common/lib.rs:37:23
[INFO] [stdout]    |
[INFO] [stdout] 37 | pub fn with_output<F>(output_file_path: &str, handler: F) -> ()
[INFO] [stdout]    |                       ^^^^^^^^^^^^^^^^ help: if this is intentional, prefix it with an underscore: `_output_file_path`
[INFO] [stdout]    |
[INFO] [stdout]    = note: `#[warn(unused_variables)]` on by default
[INFO] [stdout] 
[INFO] [stdout] 
[INFO] [stdout] warning: function `with_example` is never used
[INFO] [stdout]   --> tests/./common/lib.rs:28:8
[INFO] [stdout]    |
[INFO] [stdout] 28 | pub fn with_example<F>(_: Options, _: F) -> ()
[INFO] [stdout]    |        ^^^^^^^^^^^^
[INFO] [stdout]    |
[INFO] [stdout]    = note: `#[warn(dead_code)]` on by default
[INFO] [stdout] 
[INFO] [stdout] 
[INFO] [stdout] warning: function `with_output` is never used
[INFO] [stdout]   --> tests/./common/lib.rs:37:8
[INFO] [stdout]    |
[INFO] [stdout] 37 | pub fn with_output<F>(output_file_path: &str, handler: F) -> ()
[INFO] [stdout]    |        ^^^^^^^^^^^
[INFO] [stdout] 
[INFO] [stdout] 
[INFO] [stdout] warning: unused variable: `handler`
[INFO] [stdout]   --> tests/./common/lib.rs:37:47
[INFO] [stdout]    |
[INFO] [stdout] 37 | pub fn with_output<F>(output_file_path: &str, handler: F) -> ()
[INFO] [stdout]    |                                               ^^^^^^^ help: if this is intentional, prefix it with an underscore: `_handler`
[INFO] [stdout] 
[INFO] [stdout] 
[INFO] [stdout] warning: function `with_output` is never used
[INFO] [stdout]   --> tests/./common/lib.rs:37:8
[INFO] [stdout]    |
[INFO] [stdout] 37 | pub fn with_output<F>(output_file_path: &str, handler: F) -> ()
[INFO] [stdout]    |        ^^^^^^^^^^^
[INFO] [stdout]    |
[INFO] [stdout]    = note: `#[warn(dead_code)]` on by default
[INFO] [stdout] 
[INFO] [stdout] 
[INFO] [stdout] warning: unused variable: `output_file_path`
[INFO] [stdout]   --> tests/./common/lib.rs:37:23
[INFO] [stdout]    |
[INFO] [stdout] 37 | pub fn with_output<F>(output_file_path: &str, handler: F) -> ()
[INFO] [stdout]    |                       ^^^^^^^^^^^^^^^^ help: if this is intentional, prefix it with an underscore: `_output_file_path`
[INFO] [stdout]    |
[INFO] [stdout]    = note: `#[warn(unused_variables)]` on by default
[INFO] [stdout] 
[INFO] [stdout] 
[INFO] [stdout] warning: unused variable: `handler`
[INFO] [stdout]   --> tests/./common/lib.rs:37:47
[INFO] [stdout]    |
[INFO] [stdout] 37 | pub fn with_output<F>(output_file_path: &str, handler: F) -> ()
[INFO] [stdout]    |                                               ^^^^^^^ help: if this is intentional, prefix it with an underscore: `_handler`
[INFO] [stdout] 
[INFO] [stdout] 
[INFO] [stdout] warning: function `with_output` is never used
[INFO] [stdout]   --> tests/./common/lib.rs:37:8
[INFO] [stdout]    |
[INFO] [stdout] 37 | pub fn with_output<F>(output_file_path: &str, handler: F) -> ()
[INFO] [stdout]    |        ^^^^^^^^^^^
[INFO] [stdout]    |
[INFO] [stdout]    = note: `#[warn(dead_code)]` on by default
[INFO] [stdout] 
[INFO] [stdout] 
[INFO] [stdout] warning: function `with_output` is never used
[INFO] [stdout]   --> tests/./common/lib.rs:37:8
[INFO] [stdout]    |
[INFO] [stdout] 37 | pub fn with_output<F>(output_file_path: &str, handler: F) -> ()
[INFO] [stdout]    |        ^^^^^^^^^^^
[INFO] [stdout]    |
[INFO] [stdout]    = note: `#[warn(dead_code)]` on by default
[INFO] [stdout] 
[INFO] [stdout] 
[INFO] [stdout] warning: function `with_output` is never used
[INFO] [stdout]   --> tests/./common/lib.rs:37:8
[INFO] [stdout]    |
[INFO] [stdout] 37 | pub fn with_output<F>(output_file_path: &str, handler: F) -> ()
[INFO] [stdout]    |        ^^^^^^^^^^^
[INFO] [stdout]    |
[INFO] [stdout]    = note: `#[warn(dead_code)]` on by default
[INFO] [stdout] 
[INFO] [stdout] 
[INFO] [stdout] warning: unused imports: `Stdio`, `thread::sleep`, and `time::Duration`
[INFO] [stdout]   --> tests/./common/lib.rs:8:24
[INFO] [stdout]    |
[INFO] [stdout] 8  |     process::{Command, Stdio},
[INFO] [stdout]    |                        ^^^^^
[INFO] [stdout] 9  |     thread::sleep,
[INFO] [stdout]    |     ^^^^^^^^^^^^^
[INFO] [stdout] 10 |     time::Duration,
[INFO] [stdout]    |     ^^^^^^^^^^^^^^
[INFO] [stdout]    |
[INFO] [stdout]    = note: `#[warn(unused_imports)]` on by default
[INFO] [stdout] 
[INFO] [stdout] 
[INFO] [stdout] warning: unused variable: `output_file_path`
[INFO] [stdout]   --> tests/./common/lib.rs:37:23
[INFO] [stdout]    |
[INFO] [stdout] 37 | pub fn with_output<F>(output_file_path: &str, handler: F) -> ()
[INFO] [stdout]    |                       ^^^^^^^^^^^^^^^^ help: if this is intentional, prefix it with an underscore: `_output_file_path`
[INFO] [stdout]    |
[INFO] [stdout]    = note: `#[warn(unused_variables)]` on by default
[INFO] [stdout] 
[INFO] [stdout] 
[INFO] [stdout] warning: unused variable: `handler`
[INFO] [stdout]   --> tests/./common/lib.rs:37:47
[INFO] [stdout]    |
[INFO] [stdout] 37 | pub fn with_output<F>(output_file_path: &str, handler: F) -> ()
[INFO] [stdout]    |                                               ^^^^^^^ help: if this is intentional, prefix it with an underscore: `_handler`
[INFO] [stdout] 
[INFO] [stdout] 
[INFO] [stdout] warning: function `with_output` is never used
[INFO] [stdout]   --> tests/./common/lib.rs:37:8
[INFO] [stdout]    |
[INFO] [stdout] 37 | pub fn with_output<F>(output_file_path: &str, handler: F) -> ()
[INFO] [stdout]    |        ^^^^^^^^^^^
[INFO] [stdout]    |
[INFO] [stdout]    = note: `#[warn(dead_code)]` on by default
[INFO] [stdout] 
[INFO] [stdout] 
[INFO] [stdout] warning: unused imports: `Stdio`, `thread::sleep`, and `time::Duration`
[INFO] [stdout]   --> tests/./common/lib.rs:8:24
[INFO] [stdout]    |
[INFO] [stdout] 8  |     process::{Command, Stdio},
[INFO] [stdout]    |                        ^^^^^
[INFO] [stdout] 9  |     thread::sleep,
[INFO] [stdout]    |     ^^^^^^^^^^^^^
[INFO] [stdout] 10 |     time::Duration,
[INFO] [stdout]    |     ^^^^^^^^^^^^^^
[INFO] [stdout]    |
[INFO] [stdout]    = note: `#[warn(unused_imports)]` on by default
[INFO] [stdout] 
[INFO] [stdout] 
[INFO] [stdout] warning: unused variable: `output_file_path`
[INFO] [stdout]   --> tests/./common/lib.rs:37:23
[INFO] [stdout]    |
[INFO] [stdout] 37 | pub fn with_output<F>(output_file_path: &str, handler: F) -> ()
[INFO] [stdout]    |                       ^^^^^^^^^^^^^^^^ help: if this is intentional, prefix it with an underscore: `_output_file_path`
[INFO] [stdout]    |
[INFO] [stdout]    = note: `#[warn(unused_variables)]` on by default
[INFO] [stdout] 
[INFO] [stdout] 
[INFO] [stdout] warning: unused variable: `handler`
[INFO] [stdout]   --> tests/./common/lib.rs:37:47
[INFO] [stdout]    |
[INFO] [stdout] 37 | pub fn with_output<F>(output_file_path: &str, handler: F) -> ()
[INFO] [stdout]    |                                               ^^^^^^^ help: if this is intentional, prefix it with an underscore: `_handler`
[INFO] [stdout] 
[INFO] [stdout] 
[INFO] [stdout] warning: function `with_output` is never used
[INFO] [stdout]   --> tests/./common/lib.rs:37:8
[INFO] [stdout]    |
[INFO] [stdout] 37 | pub fn with_output<F>(output_file_path: &str, handler: F) -> ()
[INFO] [stdout]    |        ^^^^^^^^^^^
[INFO] [stdout]    |
[INFO] [stdout]    = note: `#[warn(dead_code)]` on by default
[INFO] [stdout] 
[INFO] [stdout] 
[INFO] [stdout] warning: unused imports: `Stdio`, `thread::sleep`, and `time::Duration`
[INFO] [stdout]   --> tests/./common/lib.rs:8:24
[INFO] [stdout]    |
[INFO] [stdout] 8  |     process::{Command, Stdio},
[INFO] [stdout]    |                        ^^^^^
[INFO] [stdout] 9  |     thread::sleep,
[INFO] [stdout]    |     ^^^^^^^^^^^^^
[INFO] [stdout] 10 |     time::Duration,
[INFO] [stdout]    |     ^^^^^^^^^^^^^^
[INFO] [stdout]    |
[INFO] [stdout]    = note: `#[warn(unused_imports)]` on by default
[INFO] [stdout] 
[INFO] [stdout] 
[INFO] [stdout] warning: field `0` is never read
[INFO] [stdout]   --> src/workers.rs:16:23
[INFO] [stdout]    |
[INFO] [stdout] 16 |     FinishedExecution(Duration),
[INFO] [stdout]    |     ----------------- ^^^^^^^^
[INFO] [stdout]    |     |
[INFO] [stdout]    |     field in this variant
[INFO] [stdout]    |
[INFO] [stdout]    = note: `WorkerEvent` has derived impls for the traits `Clone` and `Debug`, but these are intentionally ignored during dead code analysis
[INFO] [stdout]    = note: `#[warn(dead_code)]` on by default
[INFO] [stdout] help: consider changing the field to be of unit type to suppress this warning while preserving the field numbering, or remove the field
[INFO] [stdout]    |
[INFO] [stdout] 16 |     FinishedExecution(()),
[INFO] [stdout]    |                       ~~
[INFO] [stdout] 
[INFO] [stdout] 
[INFO] [stdout] warning: unused variable: `output_file_path`
[INFO] [stdout]   --> tests/./common/lib.rs:37:23
[INFO] [stdout]    |
[INFO] [stdout] 37 | pub fn with_output<F>(output_file_path: &str, handler: F) -> ()
[INFO] [stdout]    |                       ^^^^^^^^^^^^^^^^ help: if this is intentional, prefix it with an underscore: `_output_file_path`
[INFO] [stdout]    |
[INFO] [stdout]    = note: `#[warn(unused_variables)]` on by default
[INFO] [stdout] 
[INFO] [stdout] 
[INFO] [stdout] warning: unused variable: `handler`
[INFO] [stdout]   --> tests/./common/lib.rs:37:47
[INFO] [stdout]    |
[INFO] [stdout] 37 | pub fn with_output<F>(output_file_path: &str, handler: F) -> ()
[INFO] [stdout]    |                                               ^^^^^^^ help: if this is intentional, prefix it with an underscore: `_handler`
[INFO] [stdout] 
[INFO] [stdout] 
[INFO] [stdout] warning: field `0` is never read
[INFO] [stdout]   --> src/workers.rs:16:23
[INFO] [stdout]    |
[INFO] [stdout] 16 |     FinishedExecution(Duration),
[INFO] [stdout]    |     ----------------- ^^^^^^^^
[INFO] [stdout]    |     |
[INFO] [stdout]    |     field in this variant
[INFO] [stdout]    |
[INFO] [stdout]    = note: `WorkerEvent` has derived impls for the traits `Clone` and `Debug`, but these are intentionally ignored during dead code analysis
[INFO] [stdout]    = note: `#[warn(dead_code)]` on by default
[INFO] [stdout] help: consider changing the field to be of unit type to suppress this warning while preserving the field numbering, or remove the field
[INFO] [stdout]    |
[INFO] [stdout] 16 |     FinishedExecution(()),
[INFO] [stdout]    |                       ~~
[INFO] [stdout] 
[INFO] [stdout] 
[INFO] [stdout] warning: function `with_example` is never used
[INFO] [stdout]   --> tests/./common/lib.rs:28:8
[INFO] [stdout]    |
[INFO] [stdout] 28 | pub fn with_example<F>(_: Options, _: F) -> ()
[INFO] [stdout]    |        ^^^^^^^^^^^^
[INFO] [stdout]    |
[INFO] [stdout]    = note: `#[warn(dead_code)]` on by default
[INFO] [stdout] 
[INFO] [stdout] 
[INFO] [stdout] warning: field `0` is never read
[INFO] [stdout]   --> src/workers.rs:16:23
[INFO] [stdout]    |
[INFO] [stdout] 16 |     FinishedExecution(Duration),
[INFO] [stdout]    |     ----------------- ^^^^^^^^
[INFO] [stdout]    |     |
[INFO] [stdout]    |     field in this variant
[INFO] [stdout]    |
[INFO] [stdout]    = note: `WorkerEvent` has derived impls for the traits `Clone` and `Debug`, but these are intentionally ignored during dead code analysis
[INFO] [stdout]    = note: `#[warn(dead_code)]` on by default
[INFO] [stdout] help: consider changing the field to be of unit type to suppress this warning while preserving the field numbering, or remove the field
[INFO] [stdout]    |
[INFO] [stdout] 16 |     FinishedExecution(()),
[INFO] [stdout]    |                       ~~
[INFO] [stdout] 
[INFO] [stdout] 
[INFO] [stdout] warning: field `0` is never read
[INFO] [stdout]   --> src/workers.rs:16:23
[INFO] [stdout]    |
[INFO] [stdout] 16 |     FinishedExecution(Duration),
[INFO] [stdout]    |     ----------------- ^^^^^^^^
[INFO] [stdout]    |     |
[INFO] [stdout]    |     field in this variant
[INFO] [stdout]    |
[INFO] [stdout]    = note: `WorkerEvent` has derived impls for the traits `Clone` and `Debug`, but these are intentionally ignored during dead code analysis
[INFO] [stdout]    = note: `#[warn(dead_code)]` on by default
[INFO] [stdout] help: consider changing the field to be of unit type to suppress this warning while preserving the field numbering, or remove the field
[INFO] [stdout]    |
[INFO] [stdout] 16 |     FinishedExecution(()),
[INFO] [stdout]    |                       ~~
[INFO] [stdout] 
[INFO] [stdout] 
[INFO] [stderr]     Finished `test` profile [unoptimized + debuginfo] target(s) in 8.56s
[INFO] running `Command { std: "docker" "inspect" "3ab59555df839f402c50cb39d3542fabd51e1105e06dca08945d05a68bc51f3f", kill_on_drop: false }`
[INFO] running `Command { std: "docker" "rm" "-f" "3ab59555df839f402c50cb39d3542fabd51e1105e06dca08945d05a68bc51f3f", kill_on_drop: false }`
[INFO] [stdout] 3ab59555df839f402c50cb39d3542fabd51e1105e06dca08945d05a68bc51f3f
[INFO] running `Command { std: "docker" "create" "-v" "/var/lib/crater-agent-workspace/builds/worker-6-tc1/target:/opt/rustwide/target:rw,Z" "-v" "/var/lib/crater-agent-workspace/builds/worker-6-tc1/source:/opt/rustwide/workdir:ro,Z" "-v" "/var/lib/crater-agent-workspace/cargo-home:/opt/rustwide/cargo-home:ro,Z" "-v" "/var/lib/crater-agent-workspace/rustup-home:/opt/rustwide/rustup-home:ro,Z" "-e" "SOURCE_DIR=/opt/rustwide/workdir" "-e" "CARGO_TARGET_DIR=/opt/rustwide/target" "-e" "CARGO_INCREMENTAL=0" "-e" "RUST_BACKTRACE=full" "-e" "RUSTFLAGS=--cap-lints=forbid" "-e" "RUSTDOCFLAGS=--cap-lints=forbid" "-e" "CARGO_HOME=/opt/rustwide/cargo-home" "-e" "RUSTUP_HOME=/opt/rustwide/rustup-home" "-w" "/opt/rustwide/workdir" "-m" "1610612736" "--user" "0:0" "--network" "none" "ghcr.io/rust-lang/crates-build-env/linux@sha256:4a844ea9eb2546a2d2c7022eacef16ef2e8229c7fbb2c7d4d55a9ceca922f72d" "/opt/rustwide/cargo-home/bin/cargo" "+nightly-2024-10-28" "test" "--frozen", kill_on_drop: false }`
[INFO] [stdout] db0878c814778953188e61575da26496cb6c6d06c6a853aa336105cda2c46ba9
[INFO] running `Command { std: "docker" "start" "-a" "db0878c814778953188e61575da26496cb6c6d06c6a853aa336105cda2c46ba9", kill_on_drop: false }`
[INFO] [stderr] warning: file `/opt/rustwide/workdir/src/main.rs` found to be present in multiple build targets:
[INFO] [stderr]   * `bin` target `funzzy`
[INFO] [stderr]   * `bin` target `fzz`
[INFO] [stderr] warning: unused import: `crate::stdout`
[INFO] [stderr]    --> src/rules.rs:474:9
[INFO] [stderr]     |
[INFO] [stderr] 474 |     use crate::stdout;
[INFO] [stderr]     |         ^^^^^^^^^^^^^
[INFO] [stderr]     |
[INFO] [stderr]     = note: `#[warn(unused_imports)]` on by default
[INFO] [stderr] 
[INFO] [stderr] warning: unused import: `crate::environment`
[INFO] [stderr]  --> src/stdout.rs:3:5
[INFO] [stderr]   |
[INFO] [stderr] 3 | use crate::environment;
[INFO] [stderr]   |     ^^^^^^^^^^^^^^^^^^
[INFO] [stderr] 
[INFO] [stderr] warning: unused import: `crate::stdout`
[INFO] [stderr]    --> src/yaml.rs:169:9
[INFO] [stderr]     |
[INFO] [stderr] 169 |     use crate::stdout;
[INFO] [stderr]     |         ^^^^^^^^^^^^^
[INFO] [stderr] 
[INFO] [stderr] warning: `funzzy` (lib test) generated 3 warnings (run `cargo fix --lib -p funzzy --tests` to apply 3 suggestions)
[INFO] [stderr] warning: unused imports: `Stdio`, `thread::sleep`, and `time::Duration`
[INFO] [stderr]   --> tests/./common/lib.rs:8:24
[INFO] [stderr]    |
[INFO] [stderr] 8  |     process::{Command, Stdio},
[INFO] [stderr]    |                        ^^^^^
[INFO] [stderr] 9  |     thread::sleep,
[INFO] [stderr]    |     ^^^^^^^^^^^^^
[INFO] [stderr] 10 |     time::Duration,
[INFO] [stderr]    |     ^^^^^^^^^^^^^^
[INFO] [stderr]    |
[INFO] [stderr]    = note: `#[warn(unused_imports)]` on by default
[INFO] [stderr] 
[INFO] [stderr] warning: unused variable: `output_file_path`
[INFO] [stderr]   --> tests/./common/lib.rs:37:23
[INFO] [stderr]    |
[INFO] [stderr] 37 | pub fn with_output<F>(output_file_path: &str, handler: F) -> ()
[INFO] [stderr]    |                       ^^^^^^^^^^^^^^^^ help: if this is intentional, prefix it with an underscore: `_output_file_path`
[INFO] [stderr]    |
[INFO] [stderr]    = note: `#[warn(unused_variables)]` on by default
[INFO] [stderr] 
[INFO] [stderr] warning: unused variable: `handler`
[INFO] [stderr]   --> tests/./common/lib.rs:37:47
[INFO] [stderr]    |
[INFO] [stderr] 37 | pub fn with_output<F>(output_file_path: &str, handler: F) -> ()
[INFO] [stderr]    |                                               ^^^^^^^ help: if this is intentional, prefix it with an underscore: `_handler`
[INFO] [stderr] 
[INFO] [stderr] warning: function `with_output` is never used
[INFO] [stderr]   --> tests/./common/lib.rs:37:8
[INFO] [stderr]    |
[INFO] [stderr] 37 | pub fn with_output<F>(output_file_path: &str, handler: F) -> ()
[INFO] [stderr]    |        ^^^^^^^^^^^
[INFO] [stderr]    |
[INFO] [stderr]    = note: `#[warn(dead_code)]` on by default
[INFO] [stderr] 
[INFO] [stderr] warning: field `0` is never read
[INFO] [stderr]   --> src/workers.rs:16:23
[INFO] [stderr]    |
[INFO] [stderr] 16 |     FinishedExecution(Duration),
[INFO] [stderr]    |     ----------------- ^^^^^^^^
[INFO] [stderr]    |     |
[INFO] [stderr]    |     field in this variant
[INFO] [stderr]    |
[INFO] [stderr]    = note: `WorkerEvent` has derived impls for the traits `Clone` and `Debug`, but these are intentionally ignored during dead code analysis
[INFO] [stderr]    = note: `#[warn(dead_code)]` on by default
[INFO] [stderr] help: consider changing the field to be of unit type to suppress this warning while preserving the field numbering, or remove the field
[INFO] [stderr]    |
[INFO] [stderr] 16 |     FinishedExecution(()),
[INFO] [stderr]    |                       ~~
[INFO] [stderr] 
[INFO] [stderr] warning: function `with_example` is never used
[INFO] [stderr]   --> tests/./common/lib.rs:28:8
[INFO] [stderr]    |
[INFO] [stderr] 28 | pub fn with_example<F>(_: Options, _: F) -> ()
[INFO] [stderr]    |        ^^^^^^^^^^^^
[INFO] [stderr]    |
[INFO] [stderr]    = note: `#[warn(dead_code)]` on by default
[INFO] [stderr] 
[INFO] [stderr] warning: function `with_output` is never used
[INFO] [stderr]   --> tests/./common/lib.rs:37:8
[INFO] [stderr]    |
[INFO] [stderr] 37 | pub fn with_output<F>(output_file_path: &str, handler: F) -> ()
[INFO] [stderr]    |        ^^^^^^^^^^^
[INFO] [stderr] 
[INFO] [stderr] warning: `funzzy` (test "tasks_with_filepath_template") generated 4 warnings (run `cargo fix --test "tasks_with_filepath_template"` to apply 1 suggestion)
[INFO] [stderr] warning: `funzzy` (test "watching_with_verbose_flag") generated 4 warnings (4 duplicates)
[INFO] [stderr] warning: `funzzy` (bin "fzz") generated 1 warning
[INFO] [stderr] warning: `funzzy` (test "watching_filtered_tasks_with_target_flag") generated 4 warnings (4 duplicates)
[INFO] [stderr] warning: `funzzy` (test "watching_arbitrary_files_running_arbitrary_commands") generated 4 warnings (3 duplicates)
[INFO] [stderr] warning: `funzzy` (test "command_init_errors") generated 5 warnings (4 duplicates)
[INFO] [stderr] warning: `funzzy` (test "watching_with_fail_fast_flag") generated 4 warnings (4 duplicates)
[INFO] [stderr] warning: `funzzy` (test "watcher_reloads_config_file") generated 4 warnings (4 duplicates)
[INFO] [stderr] warning: `funzzy` (test "watching_with_non_block_flag") generated 4 warnings (4 duplicates)
[INFO] [stderr] warning: `funzzy` (test "watching_configured_rules") generated 4 warnings (4 duplicates)
[INFO] [stderr] warning: `funzzy` (test "read_stdin_error") generated 5 warnings (5 duplicates)
[INFO] [stderr] warning: `funzzy` (test "command_init") generated 4 warnings (4 duplicates)
[INFO] [stderr] warning: `funzzy` (bin "funzzy") generated 1 warning (1 duplicate)
[INFO] [stderr] warning: `funzzy` (test "tasks_that_run_on_init") generated 4 warnings (4 duplicates)
[INFO] [stderr] warning: `funzzy` (test "watcher_does_not_die_with_failing_tasks") generated 4 warnings (4 duplicates)
[INFO] [stderr] warning: `funzzy` (test "watching_configured_errors") generated 5 warnings (5 duplicates)
[INFO] [stderr] warning: `funzzy` (bin "funzzy" test) generated 4 warnings (4 duplicates)
[INFO] [stderr] warning: `funzzy` (bin "fzz" test) generated 4 warnings (4 duplicates)
[INFO] [stderr]     Finished `test` profile [unoptimized + debuginfo] target(s) in 0.10s
[INFO] [stderr]      Running unittests src/lib.rs (/opt/rustwide/target/debug/deps/funzzy-2d987c84ac898f51)
[INFO] [stdout] 
[INFO] [stdout] running 32 tests
[INFO] [stdout] foo
[INFO] [stdout] foo
[INFO] [stdout] test rules::tests::it_accepts_false_for_run_on_init ... ok
[INFO] [stdout] test rules::tests::it_accepts_run_on_init ... ok
[INFO] [stdout] test rules::tests::it_defaults_run_on_init_to_false ... ok
[INFO] [stdout] test rules::tests::it_fails_for_invalid_watch_file_format ... ok
[INFO] [stdout] test rules::tests::it_does_not_filters_empty_or_one_character_path ... ok
[INFO] [stdout] test rules::tests::it_formats_rule_as_yaml_string ... ok
[INFO] [stdout] test rules::tests::it_is_ignoring_path_tests ... ok
[INFO] [stdout] test rules::tests::it_is_not_ignoring_path_test ... ok
[INFO] [stdout] test rules::tests::it_is_not_watching_path_test ... ok
[INFO] [stdout] test cmd::it_spawn_a_command_returning_a_child_ref ... ok
[INFO] [stdout] test cmd::it_executes_a_command ... ok
[INFO] [stdout] test rules::tests::it_is_watching_path_tests ... ok
[INFO] [stdout] test rules::tests::it_loads_from_args ... ok
[INFO] [stdout] test rules::tests::it_replaces_filepath_tpl_with_absolute_filepath ... ok
[INFO] [stdout] test rules::tests::it_validates_missing_properties ... ok
[INFO] [stdout] test rules::tests::it_replaces_relative_filepath_tpl_with_relative_filepath ... ok
[INFO] [stdout] test rules::tests::test_yaml_loader_returns_empty_for_invalid_content ... ok
[INFO] [stdout] test rules::tests::it_validates_the_given_glob_patterns_paths ... ok
[INFO] [stdout] test watches::tests::it_ignores_pattern ... ok
[INFO] [stdout] test watches::tests::it_allows_many_rules_watching_same_path ... ok
[INFO] [stdout] test watches::tests::it_watches_specific_path ... ok
[INFO] [stdout] test watches::tests::it_creates_a_list_of_shell_commands ... ok
[INFO] [stdout] test watches::tests::it_watches_test_path ... ok
[INFO] [stdout] test watches::tests::it_doesnot_watch_test_path ... ok
[INFO] [stdout] test watches::tests::it_works_with_multiples_items ... ok
[INFO] [stdout] test watches::tests::it_returns_an_error_when_fail_to_load_config_file ... ok
[INFO] [stdout] test watches::tests::it_returns_rules_with_absolute_path_and_current_dir ... ok
[INFO] [stdout] test watches::tests::it_returns_on_init_rules ... ok
[INFO] [stdout] test watches::tests::it_loads_from_args ... ok
[INFO] [stdout] test yaml::tests::fails_when_attempt_to_extract_list_from_nonlist_yaml ... ok
[INFO] [stdout] test watches::tests::it_ignores_a_list_of_patterns ... ok
[INFO] [stdout] test yaml::tests::parses_yaml_to_yaml_instance_to_string_back ... ok
[INFO] [stdout] 
[INFO] [stdout] test result: ok. 32 passed; 0 failed; 0 ignored; 0 measured; 0 filtered out; finished in 0.00s
[INFO] [stdout] 
[INFO] [stderr]      Running unittests src/main.rs (/opt/rustwide/target/debug/deps/funzzy-78ed5999aab5099f)
[INFO] [stdout] 
[INFO] [stdout] running 32 tests
[INFO] [stdout] foo
[INFO] [stdout] foo
[INFO] [stdout] test rules::tests::it_defaults_run_on_init_to_false ... ok
[INFO] [stdout] test rules::tests::it_accepts_false_for_run_on_init ... ok
[INFO] [stdout] test rules::tests::it_accepts_run_on_init ... ok
[INFO] [stdout] test rules::tests::it_fails_for_invalid_watch_file_format ... ok
[INFO] [stdout] test rules::tests::it_does_not_filters_empty_or_one_character_path ... ok
[INFO] [stdout] test rules::tests::it_is_ignoring_path_tests ... ok
[INFO] [stdout] test rules::tests::it_is_not_ignoring_path_test ... ok
[INFO] [stdout] test rules::tests::it_formats_rule_as_yaml_string ... ok
[INFO] [stdout] test cmd::it_spawn_a_command_returning_a_child_ref ... ok
[INFO] [stdout] test rules::tests::it_is_not_watching_path_test ... ok
[INFO] [stdout] test cmd::it_executes_a_command ... ok
[INFO] [stdout] test rules::tests::it_loads_from_args ... ok
[INFO] [stdout] test rules::tests::it_replaces_relative_filepath_tpl_with_relative_filepath ... ok
[INFO] [stdout] test rules::tests::it_replaces_filepath_tpl_with_absolute_filepath ... ok
[INFO] [stdout] test rules::tests::it_validates_missing_properties ... ok
[INFO] [stdout] test rules::tests::it_is_watching_path_tests ... ok
[INFO] [stdout] test watches::tests::it_creates_a_list_of_shell_commands ... ok
[INFO] [stdout] test rules::tests::it_validates_the_given_glob_patterns_paths ... ok
[INFO] [stdout] test watches::tests::it_allows_many_rules_watching_same_path ... ok
[INFO] [stdout] test watches::tests::it_doesnot_watch_test_path ... ok
[INFO] [stdout] test watches::tests::it_ignores_pattern ... ok
[INFO] [stdout] test rules::tests::test_yaml_loader_returns_empty_for_invalid_content ... ok
[INFO] [stdout] test watches::tests::it_returns_an_error_when_fail_to_load_config_file ... ok
[INFO] [stdout] test yaml::tests::fails_when_attempt_to_extract_list_from_nonlist_yaml ... ok
[INFO] [stdout] test watches::tests::it_works_with_multiples_items ... ok
[INFO] [stdout] test watches::tests::it_ignores_a_list_of_patterns ... ok
[INFO] [stdout] test yaml::tests::parses_yaml_to_yaml_instance_to_string_back ... ok
[INFO] [stdout] test watches::tests::it_returns_on_init_rules ... ok
[INFO] [stdout] test watches::tests::it_loads_from_args ... ok
[INFO] [stdout] test watches::tests::it_watches_specific_path ... ok
[INFO] [stdout] test watches::tests::it_watches_test_path ... ok
[INFO] [stdout] test watches::tests::it_returns_rules_with_absolute_path_and_current_dir ... ok
[INFO] [stdout] 
[INFO] [stdout] test result: ok. 32 passed; 0 failed; 0 ignored; 0 measured; 0 filtered out; finished in 0.00s
[INFO] [stdout] 
[INFO] [stderr]      Running unittests src/main.rs (/opt/rustwide/target/debug/deps/fzz-a1598dfa48573dce)
[INFO] [stdout] 
[INFO] [stdout] running 32 tests
[INFO] [stdout] foo
[INFO] [stdout] foo
[INFO] [stdout] test rules::tests::it_accepts_false_for_run_on_init ... ok
[INFO] [stdout] test rules::tests::it_accepts_run_on_init ... ok
[INFO] [stdout] test rules::tests::it_defaults_run_on_init_to_false ... ok
[INFO] [stdout] test rules::tests::it_fails_for_invalid_watch_file_format ... ok
[INFO] [stdout] test rules::tests::it_does_not_filters_empty_or_one_character_path ... ok
[INFO] [stdout] test rules::tests::it_formats_rule_as_yaml_string ... ok
[INFO] [stdout] test rules::tests::it_is_ignoring_path_tests ... ok
[INFO] [stdout] test rules::tests::it_is_not_ignoring_path_test ... ok
[INFO] [stdout] test rules::tests::it_is_not_watching_path_test ... ok
[INFO] [stdout] test rules::tests::it_loads_from_args ... ok
[INFO] [stdout] test cmd::it_executes_a_command ... ok
[INFO] [stdout] test cmd::it_spawn_a_command_returning_a_child_ref ... ok
[INFO] [stdout] test rules::tests::it_is_watching_path_tests ... ok
[INFO] [stdout] test rules::tests::it_validates_missing_properties ... ok
[INFO] [stdout] test rules::tests::it_replaces_relative_filepath_tpl_with_relative_filepath ... ok
[INFO] [stdout] test rules::tests::test_yaml_loader_returns_empty_for_invalid_content ... ok
[INFO] [stdout] test rules::tests::it_replaces_filepath_tpl_with_absolute_filepath ... ok
[INFO] [stdout] test watches::tests::it_loads_from_args ... ok
[INFO] [stdout] test watches::tests::it_returns_an_error_when_fail_to_load_config_file ... ok
[INFO] [stdout] test rules::tests::it_validates_the_given_glob_patterns_paths ... ok
[INFO] [stdout] test watches::tests::it_creates_a_list_of_shell_commands ... ok
[INFO] [stdout] test watches::tests::it_allows_many_rules_watching_same_path ... ok
[INFO] [stdout] test watches::tests::it_watches_specific_path ... ok
[INFO] [stdout] test watches::tests::it_watches_test_path ... ok
[INFO] [stdout] test watches::tests::it_returns_on_init_rules ... ok
[INFO] [stdout] test watches::tests::it_returns_rules_with_absolute_path_and_current_dir ... ok
[INFO] [stdout] test watches::tests::it_doesnot_watch_test_path ... ok
[INFO] [stdout] test watches::tests::it_ignores_a_list_of_patterns ... ok
[INFO] [stdout] test yaml::tests::fails_when_attempt_to_extract_list_from_nonlist_yaml ... ok
[INFO] [stdout] test watches::tests::it_works_with_multiples_items ... ok
[INFO] [stdout] test yaml::tests::parses_yaml_to_yaml_instance_to_string_back ... ok
[INFO] [stdout] test watches::tests::it_ignores_pattern ... ok
[INFO] [stdout] 
[INFO] [stdout] test result: ok. 32 passed; 0 failed; 0 ignored; 0 measured; 0 filtered out; finished in 0.00s
[INFO] [stdout] 
[INFO] [stderr]      Running tests/command_init.rs (/opt/rustwide/target/debug/deps/command_init-90aa3fe382a33582)
[INFO] [stdout] 
[INFO] [stdout] running 1 test
[INFO] [stdout] test test_it_creates_the_config_file_with_cmd_init ... ok
[INFO] [stdout] 
[INFO] [stdout] test result: ok. 1 passed; 0 failed; 0 ignored; 0 measured; 0 filtered out; finished in 0.00s
[INFO] [stdout] 
[INFO] [stderr]      Running tests/command_init_errors.rs (/opt/rustwide/target/debug/deps/command_init_errors-9c9e3491bab765fa)
[INFO] [stdout] 
[INFO] [stdout] running 2 tests
[INFO] [stdout] test it_fails_folder_is_read_only ... FAILED
[INFO] [stdout] test it_fails_when_config_file_alredy_exists ... FAILED
[INFO] [stdout] 
[INFO] [stdout] failures:
[INFO] [stdout] 
[INFO] [stdout] ---- it_fails_folder_is_read_only stdout ----
[INFO] [stdout] thread 'it_fails_folder_is_read_only' panicked at tests/command_init_errors.rs:50:49:
[INFO] [stdout] failed to set read only: Os { code: 30, kind: ReadOnlyFilesystem, message: "Read-only file system" }
[INFO] [stdout] stack backtrace:
[INFO] [stdout]    0:     0x597504057b2a - std::backtrace_rs::backtrace::libunwind::trace::h207520d6e9873551
[INFO] [stdout]                                at /rustc/df4ca44d3fbc9301ee17f30f4d474e6ae4b05252/library/std/src/../../backtrace/src/backtrace/libunwind.rs:116:5
[INFO] [stdout]    1:     0x597504057b2a - std::backtrace_rs::backtrace::trace_unsynchronized::h2ed7433f370e3eca
[INFO] [stdout]                                at /rustc/df4ca44d3fbc9301ee17f30f4d474e6ae4b05252/library/std/src/../../backtrace/src/backtrace/mod.rs:66:5
[INFO] [stdout]    2:     0x597504057b2a - std::sys::backtrace::_print_fmt::h916fac51166b18d7
[INFO] [stdout]                                at /rustc/df4ca44d3fbc9301ee17f30f4d474e6ae4b05252/library/std/src/sys/backtrace.rs:66:9
[INFO] [stdout]    3:     0x597504057b2a - <std::sys::backtrace::BacktraceLock::print::DisplayBacktrace as core::fmt::Display>::fmt::ha0a4c9b8ce3802e6
[INFO] [stdout]                                at /rustc/df4ca44d3fbc9301ee17f30f4d474e6ae4b05252/library/std/src/sys/backtrace.rs:39:26
[INFO] [stdout]    4:     0x5975040802f3 - core::fmt::rt::Argument::fmt::h4cfc8587d52b3eb5
[INFO] [stdout]                                at /rustc/df4ca44d3fbc9301ee17f30f4d474e6ae4b05252/library/core/src/fmt/rt.rs:177:76
[INFO] [stdout]    5:     0x5975040802f3 - core::fmt::write::h522cc39e5b36ae9f
[INFO] [stdout]                                at /rustc/df4ca44d3fbc9301ee17f30f4d474e6ae4b05252/library/core/src/fmt/mod.rs:1190:21
[INFO] [stdout]    6:     0x597504053fa3 - std::io::Write::write_fmt::h7d3c26752da97734
[INFO] [stdout]                                at /rustc/df4ca44d3fbc9301ee17f30f4d474e6ae4b05252/library/std/src/io/mod.rs:1839:15
[INFO] [stdout]    7:     0x597504057972 - std::sys::backtrace::BacktraceLock::print::h4b9e00b29e9c0942
[INFO] [stdout]                                at /rustc/df4ca44d3fbc9301ee17f30f4d474e6ae4b05252/library/std/src/sys/backtrace.rs:42:9
[INFO] [stdout]    8:     0x59750405903a - std::panicking::default_hook::{{closure}}::hb59b88280d0324d9
[INFO] [stdout]                                at /rustc/df4ca44d3fbc9301ee17f30f4d474e6ae4b05252/library/std/src/panicking.rs:268:22
[INFO] [stdout]    9:     0x597504058e44 - std::panicking::default_hook::he1dd496665be4a29
[INFO] [stdout]                                at /rustc/df4ca44d3fbc9301ee17f30f4d474e6ae4b05252/library/std/src/panicking.rs:292:9
[INFO] [stdout]   10:     0x597503faead9 - <alloc::boxed::Box<F,A> as core::ops::function::Fn<Args>>::call::h4ff71de18744e1dc
[INFO] [stdout]                                at /rustc/df4ca44d3fbc9301ee17f30f4d474e6ae4b05252/library/alloc/src/boxed.rs:2468:9
[INFO] [stdout]   11:     0x597503faead9 - test::test_main::{{closure}}::hcf7c055ce117aa81
[INFO] [stdout]                                at /rustc/df4ca44d3fbc9301ee17f30f4d474e6ae4b05252/library/test/src/lib.rs:133:21
[INFO] [stdout]   12:     0x597504059738 - <alloc::boxed::Box<F,A> as core::ops::function::Fn<Args>>::call::h1d66c6bbd60c9692
[INFO] [stdout]                                at /rustc/df4ca44d3fbc9301ee17f30f4d474e6ae4b05252/library/alloc/src/boxed.rs:2468:9
[INFO] [stdout]   13:     0x597504059738 - std::panicking::rust_panic_with_hook::h2ff17fe8f26dfcf8
[INFO] [stdout]                                at /rustc/df4ca44d3fbc9301ee17f30f4d474e6ae4b05252/library/std/src/panicking.rs:809:13
[INFO] [stdout]   14:     0x5975040594fa - std::panicking::begin_panic_handler::{{closure}}::h4fad77951c07e101
[INFO] [stdout]                                at /rustc/df4ca44d3fbc9301ee17f30f4d474e6ae4b05252/library/std/src/panicking.rs:674:13
[INFO] [stdout]   15:     0x597504058009 - std::sys::backtrace::__rust_end_short_backtrace::hb1a25b3da5d0ea08
[INFO] [stdout]                                at /rustc/df4ca44d3fbc9301ee17f30f4d474e6ae4b05252/library/std/src/sys/backtrace.rs:170:18
[INFO] [stdout]   16:     0x59750405918c - rust_begin_unwind
[INFO] [stdout]                                at /rustc/df4ca44d3fbc9301ee17f30f4d474e6ae4b05252/library/std/src/panicking.rs:665:5
[INFO] [stdout]   17:     0x59750407e9a0 - core::panicking::panic_fmt::ha9db07b529f9b256
[INFO] [stdout]                                at /rustc/df4ca44d3fbc9301ee17f30f4d474e6ae4b05252/library/core/src/panicking.rs:75:14
[INFO] [stdout]   18:     0x59750407ede6 - core::result::unwrap_failed::h5e8218e4d4338b8a
[INFO] [stdout]                                at /rustc/df4ca44d3fbc9301ee17f30f4d474e6ae4b05252/library/core/src/result.rs:1698:5
[INFO] [stdout]   19:     0x597503f7084f - core::result::Result<T,E>::expect::hd6defb08b65ada2d
[INFO] [stdout]                                at /rustc/df4ca44d3fbc9301ee17f30f4d474e6ae4b05252/library/core/src/result.rs:1060:23
[INFO] [stdout]   20:     0x597503f7468a - command_init_errors::it_fails_folder_is_read_only::{{closure}}::h741efafe943f0067
[INFO] [stdout]                                at /opt/rustwide/workdir/tests/command_init_errors.rs:50:9
[INFO] [stdout]   21:     0x597503f73de1 - command_init_errors::setup::nonparallel::h8d1d814db453d9b1
[INFO] [stdout]                                at /opt/rustwide/workdir/tests/./common/lib.rs:193:5
[INFO] [stdout]   22:     0x597503f74586 - command_init_errors::it_fails_folder_is_read_only::hdc2564725441f33d
[INFO] [stdout]                                at /opt/rustwide/workdir/tests/command_init_errors.rs:42:5
[INFO] [stdout]   23:     0x597503f74567 - command_init_errors::it_fails_folder_is_read_only::{{closure}}::h586db0af2b3b455d
[INFO] [stdout]                                at /opt/rustwide/workdir/tests/command_init_errors.rs:41:38
[INFO] [stdout]   24:     0x597503f6fc36 - core::ops::function::FnOnce::call_once::hf89fec70db89827c
[INFO] [stdout]                                at /rustc/df4ca44d3fbc9301ee17f30f4d474e6ae4b05252/library/core/src/ops/function.rs:250:5
[INFO] [stdout]   25:     0x597503fb33ab - core::ops::function::FnOnce::call_once::h22c3ba5715e93f05
[INFO] [stdout]                                at /rustc/df4ca44d3fbc9301ee17f30f4d474e6ae4b05252/library/core/src/ops/function.rs:250:5
[INFO] [stdout]   26:     0x597503fb33ab - test::__rust_begin_short_backtrace::h8e82d8113d0da17f
[INFO] [stdout]                                at /rustc/df4ca44d3fbc9301ee17f30f4d474e6ae4b05252/library/test/src/lib.rs:621:18
[INFO] [stdout]   27:     0x597503fb2d27 - test::run_test_in_process::{{closure}}::h33235f4f20b7b7c7
[INFO] [stdout]                                at /rustc/df4ca44d3fbc9301ee17f30f4d474e6ae4b05252/library/test/src/lib.rs:644:60
[INFO] [stdout]   28:     0x597503fb2d27 - <core::panic::unwind_safe::AssertUnwindSafe<F> as core::ops::function::FnOnce<()>>::call_once::hb5043206310c586f
[INFO] [stdout]                                at /rustc/df4ca44d3fbc9301ee17f30f4d474e6ae4b05252/library/core/src/panic/unwind_safe.rs:272:9
[INFO] [stdout]   29:     0x597503fb2d27 - std::panicking::try::do_call::h9ad4731a60ab23e2
[INFO] [stdout]                                at /rustc/df4ca44d3fbc9301ee17f30f4d474e6ae4b05252/library/std/src/panicking.rs:557:40
[INFO] [stdout]   30:     0x597503fb2d27 - std::panicking::try::h3824d23db772a716
[INFO] [stdout]                                at /rustc/df4ca44d3fbc9301ee17f30f4d474e6ae4b05252/library/std/src/panicking.rs:520:19
[INFO] [stdout]   31:     0x597503fb2d27 - std::panic::catch_unwind::h5afd514605fde46b
[INFO] [stdout]                                at /rustc/df4ca44d3fbc9301ee17f30f4d474e6ae4b05252/library/std/src/panic.rs:358:14
[INFO] [stdout]   32:     0x597503fb2d27 - test::run_test_in_process::h0d5cbfa7067d1720
[INFO] [stdout]                                at /rustc/df4ca44d3fbc9301ee17f30f4d474e6ae4b05252/library/test/src/lib.rs:644:27
[INFO] [stdout]   33:     0x597503fb2d27 - test::run_test::{{closure}}::h708eb8872708115d
[INFO] [stdout]                                at /rustc/df4ca44d3fbc9301ee17f30f4d474e6ae4b05252/library/test/src/lib.rs:565:43
[INFO] [stdout]   34:     0x597503f76444 - test::run_test::{{closure}}::h392c51cee94713ab
[INFO] [stdout]                                at /rustc/df4ca44d3fbc9301ee17f30f4d474e6ae4b05252/library/test/src/lib.rs:595:41
[INFO] [stdout]   35:     0x597503f76444 - std::sys::backtrace::__rust_begin_short_backtrace::h2f40290710935a8b
[INFO] [stdout]                                at /rustc/df4ca44d3fbc9301ee17f30f4d474e6ae4b05252/library/std/src/sys/backtrace.rs:154:18
[INFO] [stdout]   36:     0x597503f79bee - std::thread::Builder::spawn_unchecked_::{{closure}}::{{closure}}::h3fd968d89053a903
[INFO] [stdout]                                at /rustc/df4ca44d3fbc9301ee17f30f4d474e6ae4b05252/library/std/src/thread/mod.rs:541:17
[INFO] [stdout]   37:     0x597503f79bee - <core::panic::unwind_safe::AssertUnwindSafe<F> as core::ops::function::FnOnce<()>>::call_once::h743f637ba4229880
[INFO] [stdout]                                at /rustc/df4ca44d3fbc9301ee17f30f4d474e6ae4b05252/library/core/src/panic/unwind_safe.rs:272:9
[INFO] [stdout]   38:     0x597503f79bee - std::panicking::try::do_call::h07440897322525a6
[INFO] [stdout]                                at /rustc/df4ca44d3fbc9301ee17f30f4d474e6ae4b05252/library/std/src/panicking.rs:557:40
[INFO] [stdout]   39:     0x597503f79bee - std::panicking::try::he5a2e00188156637
[INFO] [stdout]                                at /rustc/df4ca44d3fbc9301ee17f30f4d474e6ae4b05252/library/std/src/panicking.rs:520:19
[INFO] [stdout]   40:     0x597503f79bee - std::panic::catch_unwind::hbaf3cae49b3c6433
[INFO] [stdout]                                at /rustc/df4ca44d3fbc9301ee17f30f4d474e6ae4b05252/library/std/src/panic.rs:358:14
[INFO] [stdout]   41:     0x597503f79bee - std::thread::Builder::spawn_unchecked_::{{closure}}::h8e141ea224820bce
[INFO] [stdout]                                at /rustc/df4ca44d3fbc9301ee17f30f4d474e6ae4b05252/library/std/src/thread/mod.rs:540:30
[INFO] [stdout]   42:     0x597503f79bee - core::ops::function::FnOnce::call_once{{vtable.shim}}::h90d312fedd7b8ea8
[INFO] [stdout]                                at /rustc/df4ca44d3fbc9301ee17f30f4d474e6ae4b05252/library/core/src/ops/function.rs:250:5
[INFO] [stdout]   43:     0x59750405e36b - <alloc::boxed::Box<F,A> as core::ops::function::FnOnce<Args>>::call_once::h69aa08ddb6adb8b6
[INFO] [stdout]                                at /rustc/df4ca44d3fbc9301ee17f30f4d474e6ae4b05252/library/alloc/src/boxed.rs:2454:9
[INFO] [stdout]   44:     0x59750405e36b - <alloc::boxed::Box<F,A> as core::ops::function::FnOnce<Args>>::call_once::h5aa36efdb79c806f
[INFO] [stdout]                                at /rustc/df4ca44d3fbc9301ee17f30f4d474e6ae4b05252/library/alloc/src/boxed.rs:2454:9
[INFO] [stdout]   45:     0x59750405e36b - std::sys::pal::unix::thread::Thread::new::thread_start::h6cd80a1b4be5158d
[INFO] [stdout]                                at /rustc/df4ca44d3fbc9301ee17f30f4d474e6ae4b05252/library/std/src/sys/pal/unix/thread.rs:105:17
[INFO] [stdout]   46:     0x7b74572fbac3 - <unknown>
[INFO] [stdout]   47:     0x7b745738ca04 - clone
[INFO] [stdout]   48:                0x0 - <unknown>
[INFO] [stdout] Integration Tests: cleanup...
[INFO] [stdout] 
[INFO] [stdout] ---- it_fails_when_config_file_alredy_exists stdout ----
[INFO] [stdout] thread 'it_fails_when_config_file_alredy_exists' panicked at tests/./common/lib.rs:188:56:
[INFO] [stdout] failed to lock mutex: PoisonError { .. }
[INFO] [stdout] stack backtrace:
[INFO] [stdout]    0:     0x597504057b2a - std::backtrace_rs::backtrace::libunwind::trace::h207520d6e9873551
[INFO] [stdout]                                at /rustc/df4ca44d3fbc9301ee17f30f4d474e6ae4b05252/library/std/src/../../backtrace/src/backtrace/libunwind.rs:116:5
[INFO] [stdout]    1:     0x597504057b2a - std::backtrace_rs::backtrace::trace_unsynchronized::h2ed7433f370e3eca
[INFO] [stdout]                                at /rustc/df4ca44d3fbc9301ee17f30f4d474e6ae4b05252/library/std/src/../../backtrace/src/backtrace/mod.rs:66:5
[INFO] [stdout]    2:     0x597504057b2a - std::sys::backtrace::_print_fmt::h916fac51166b18d7
[INFO] [stdout]                                at /rustc/df4ca44d3fbc9301ee17f30f4d474e6ae4b05252/library/std/src/sys/backtrace.rs:66:9
[INFO] [stdout]    3:     0x597504057b2a - <std::sys::backtrace::BacktraceLock::print::DisplayBacktrace as core::fmt::Display>::fmt::ha0a4c9b8ce3802e6
[INFO] [stdout]                                at /rustc/df4ca44d3fbc9301ee17f30f4d474e6ae4b05252/library/std/src/sys/backtrace.rs:39:26
[INFO] [stdout]    4:     0x5975040802f3 - core::fmt::rt::Argument::fmt::h4cfc8587d52b3eb5
[INFO] [stdout]                                at /rustc/df4ca44d3fbc9301ee17f30f4d474e6ae4b05252/library/core/src/fmt/rt.rs:177:76
[INFO] [stdout]    5:     0x5975040802f3 - core::fmt::write::h522cc39e5b36ae9f
[INFO] [stdout]                                at /rustc/df4ca44d3fbc9301ee17f30f4d474e6ae4b05252/library/core/src/fmt/mod.rs:1190:21
[INFO] [stdout]    6:     0x597504053fa3 - std::io::Write::write_fmt::h7d3c26752da97734
[INFO] [stdout]                                at /rustc/df4ca44d3fbc9301ee17f30f4d474e6ae4b05252/library/std/src/io/mod.rs:1839:15
[INFO] [stdout]    7:     0x597504057972 - std::sys::backtrace::BacktraceLock::print::h4b9e00b29e9c0942
[INFO] [stdout]                                at /rustc/df4ca44d3fbc9301ee17f30f4d474e6ae4b05252/library/std/src/sys/backtrace.rs:42:9
[INFO] [stdout]    8:     0x59750405903a - std::panicking::default_hook::{{closure}}::hb59b88280d0324d9
[INFO] [stdout]                                at /rustc/df4ca44d3fbc9301ee17f30f4d474e6ae4b05252/library/std/src/panicking.rs:268:22
[INFO] [stdout]    9:     0x597504058e44 - std::panicking::default_hook::he1dd496665be4a29
[INFO] [stdout]                                at /rustc/df4ca44d3fbc9301ee17f30f4d474e6ae4b05252/library/std/src/panicking.rs:292:9
[INFO] [stdout]   10:     0x597503faead9 - <alloc::boxed::Box<F,A> as core::ops::function::Fn<Args>>::call::h4ff71de18744e1dc
[INFO] [stdout]                                at /rustc/df4ca44d3fbc9301ee17f30f4d474e6ae4b05252/library/alloc/src/boxed.rs:2468:9
[INFO] [stdout]   11:     0x597503faead9 - test::test_main::{{closure}}::hcf7c055ce117aa81
[INFO] [stdout]                                at /rustc/df4ca44d3fbc9301ee17f30f4d474e6ae4b05252/library/test/src/lib.rs:133:21
[INFO] [stdout]   12:     0x597504059738 - <alloc::boxed::Box<F,A> as core::ops::function::Fn<Args>>::call::h1d66c6bbd60c9692
[INFO] [stdout]                                at /rustc/df4ca44d3fbc9301ee17f30f4d474e6ae4b05252/library/alloc/src/boxed.rs:2468:9
[INFO] [stdout]   13:     0x597504059738 - std::panicking::rust_panic_with_hook::h2ff17fe8f26dfcf8
[INFO] [stdout]                                at /rustc/df4ca44d3fbc9301ee17f30f4d474e6ae4b05252/library/std/src/panicking.rs:809:13
[INFO] [stdout]   14:     0x5975040594fa - std::panicking::begin_panic_handler::{{closure}}::h4fad77951c07e101
[INFO] [stdout]                                at /rustc/df4ca44d3fbc9301ee17f30f4d474e6ae4b05252/library/std/src/panicking.rs:674:13
[INFO] [stdout]   15:     0x597504058009 - std::sys::backtrace::__rust_end_short_backtrace::hb1a25b3da5d0ea08
[INFO] [stdout]                                at /rustc/df4ca44d3fbc9301ee17f30f4d474e6ae4b05252/library/std/src/sys/backtrace.rs:170:18
[INFO] [stdout]   16:     0x59750405918c - rust_begin_unwind
[INFO] [stdout]                                at /rustc/df4ca44d3fbc9301ee17f30f4d474e6ae4b05252/library/std/src/panicking.rs:665:5
[INFO] [stdout]   17:     0x59750407e9a0 - core::panicking::panic_fmt::ha9db07b529f9b256
[INFO] [stdout]                                at /rustc/df4ca44d3fbc9301ee17f30f4d474e6ae4b05252/library/core/src/panicking.rs:75:14
[INFO] [stdout]   18:     0x59750407ede6 - core::result::unwrap_failed::h5e8218e4d4338b8a
[INFO] [stdout]                                at /rustc/df4ca44d3fbc9301ee17f30f4d474e6ae4b05252/library/core/src/result.rs:1698:5
[INFO] [stdout]   19:     0x597503f707a2 - core::result::Result<T,E>::expect::h45ff5ce1beb5b356
[INFO] [stdout]                                at /rustc/df4ca44d3fbc9301ee17f30f4d474e6ae4b05252/library/core/src/result.rs:1060:23
[INFO] [stdout]   20:     0x597503f73c7e - command_init_errors::setup::nonparallel::h7cf32f5688fb8efa
[INFO] [stdout]                                at /opt/rustwide/workdir/tests/./common/lib.rs:188:26
[INFO] [stdout]   21:     0x597503f73f76 - command_init_errors::it_fails_when_config_file_alredy_exists::h03796444c0aef44d
[INFO] [stdout]                                at /opt/rustwide/workdir/tests/command_init_errors.rs:10:5
[INFO] [stdout]   22:     0x597503f73f57 - command_init_errors::it_fails_when_config_file_alredy_exists::{{closure}}::hfbb51f151e5eeb92
[INFO] [stdout]                                at /opt/rustwide/workdir/tests/command_init_errors.rs:9:49
[INFO] [stdout]   23:     0x597503f6fbb6 - core::ops::function::FnOnce::call_once::h67443bb34a68a160
[INFO] [stdout]                                at /rustc/df4ca44d3fbc9301ee17f30f4d474e6ae4b05252/library/core/src/ops/function.rs:250:5
[INFO] [stdout]   24:     0x597503fb33ab - core::ops::function::FnOnce::call_once::h22c3ba5715e93f05
[INFO] [stdout]                                at /rustc/df4ca44d3fbc9301ee17f30f4d474e6ae4b05252/library/core/src/ops/function.rs:250:5
[INFO] [stdout]   25:     0x597503fb33ab - test::__rust_begin_short_backtrace::h8e82d8113d0da17f
[INFO] [stdout]                                at /rustc/df4ca44d3fbc9301ee17f30f4d474e6ae4b05252/library/test/src/lib.rs:621:18
[INFO] [stdout]   26:     0x597503fb2d27 - test::run_test_in_process::{{closure}}::h33235f4f20b7b7c7
[INFO] [stdout]                                at /rustc/df4ca44d3fbc9301ee17f30f4d474e6ae4b05252/library/test/src/lib.rs:644:60
[INFO] [stdout]   27:     0x597503fb2d27 - <core::panic::unwind_safe::AssertUnwindSafe<F> as core::ops::function::FnOnce<()>>::call_once::hb5043206310c586f
[INFO] [stdout]                                at /rustc/df4ca44d3fbc9301ee17f30f4d474e6ae4b05252/library/core/src/panic/unwind_safe.rs:272:9
[INFO] [stdout]   28:     0x597503fb2d27 - std::panicking::try::do_call::h9ad4731a60ab23e2
[INFO] [stdout]                                at /rustc/df4ca44d3fbc9301ee17f30f4d474e6ae4b05252/library/std/src/panicking.rs:557:40
[INFO] [stdout]   29:     0x597503fb2d27 - std::panicking::try::h3824d23db772a716
[INFO] [stdout]                                at /rustc/df4ca44d3fbc9301ee17f30f4d474e6ae4b05252/library/std/src/panicking.rs:520:19
[INFO] [stdout]   30:     0x597503fb2d27 - std::panic::catch_unwind::h5afd514605fde46b
[INFO] [stdout]                                at /rustc/df4ca44d3fbc9301ee17f30f4d474e6ae4b05252/library/std/src/panic.rs:358:14
[INFO] [stdout]   31:     0x597503fb2d27 - test::run_test_in_process::h0d5cbfa7067d1720
[INFO] [stdout]                                at /rustc/df4ca44d3fbc9301ee17f30f4d474e6ae4b05252/library/test/src/lib.rs:644:27
[INFO] [stdout]   32:     0x597503fb2d27 - test::run_test::{{closure}}::h708eb8872708115d
[INFO] [stdout]                                at /rustc/df4ca44d3fbc9301ee17f30f4d474e6ae4b05252/library/test/src/lib.rs:565:43
[INFO] [stdout]   33:     0x597503f76444 - test::run_test::{{closure}}::h392c51cee94713ab
[INFO] [stdout]                                at /rustc/df4ca44d3fbc9301ee17f30f4d474e6ae4b05252/library/test/src/lib.rs:595:41
[INFO] [stdout]   34:     0x597503f76444 - std::sys::backtrace::__rust_begin_short_backtrace::h2f40290710935a8b
[INFO] [stdout]                                at /rustc/df4ca44d3fbc9301ee17f30f4d474e6ae4b05252/library/std/src/sys/backtrace.rs:154:18
[INFO] [stdout]   35:     0x597503f79bee - std::thread::Builder::spawn_unchecked_::{{closure}}::{{closure}}::h3fd968d89053a903
[INFO] [stdout]                                at /rustc/df4ca44d3fbc9301ee17f30f4d474e6ae4b05252/library/std/src/thread/mod.rs:541:17
[INFO] [stdout]   36:     0x597503f79bee - <core::panic::unwind_safe::AssertUnwindSafe<F> as core::ops::function::FnOnce<()>>::call_once::h743f637ba4229880
[INFO] [stdout]                                at /rustc/df4ca44d3fbc9301ee17f30f4d474e6ae4b05252/library/core/src/panic/unwind_safe.rs:272:9
[INFO] [stdout]   37:     0x597503f79bee - std::panicking::try::do_call::h07440897322525a6
[INFO] [stdout]                                at /rustc/df4ca44d3fbc9301ee17f30f4d474e6ae4b05252/library/std/src/panicking.rs:557:40
[INFO] [stdout]   38:     0x597503f79bee - std::panicking::try::he5a2e00188156637
[INFO] [stdout]                                at /rustc/df4ca44d3fbc9301ee17f30f4d474e6ae4b05252/library/std/src/panicking.rs:520:19
[INFO] [stdout]   39:     0x597503f79bee - std::panic::catch_unwind::hbaf3cae49b3c6433
[INFO] [stdout]                                at /rustc/df4ca44d3fbc9301ee17f30f4d474e6ae4b05252/library/std/src/panic.rs:358:14
[INFO] [stdout]   40:     0x597503f79bee - std::thread::Builder::spawn_unchecked_::{{closure}}::h8e141ea224820bce
[INFO] [stdout]                                at /rustc/df4ca44d3fbc9301ee17f30f4d474e6ae4b05252/library/std/src/thread/mod.rs:540:30
[INFO] [stdout]   41:     0x597503f79bee - core::ops::function::FnOnce::call_once{{vtable.shim}}::h90d312fedd7b8ea8
[INFO] [stdout]                                at /rustc/df4ca44d3fbc9301ee17f30f4d474e6ae4b05252/library/core/src/ops/function.rs:250:5
[INFO] [stdout]   42:     0x59750405e36b - <alloc::boxed::Box<F,A> as core::ops::function::FnOnce<Args>>::call_once::h69aa08ddb6adb8b6
[INFO] [stdout]                                at /rustc/df4ca44d3fbc9301ee17f30f4d474e6ae4b05252/library/alloc/src/boxed.rs:2454:9
[INFO] [stdout]   43:     0x59750405e36b - <alloc::boxed::Box<F,A> as core::ops::function::FnOnce<Args>>::call_once::h5aa36efdb79c806f
[INFO] [stdout]                                at /rustc/df4ca44d3fbc9301ee17f30f4d474e6ae4b05252/library/alloc/src/boxed.rs:2454:9
[INFO] [stdout]   44:     0x59750405e36b - std::sys::pal::unix::thread::Thread::new::thread_start::h6cd80a1b4be5158d
[INFO] [stdout]                                at /rustc/df4ca44d3fbc9301ee17f30f4d474e6ae4b05252/library/std/src/sys/pal/unix/thread.rs:105:17
[INFO] [stdout]   45:     0x7b74572fbac3 - <unknown>
[INFO] [stdout]   46:     0x7b745738ca04 - clone
[INFO] [stdout]   47:                0x0 - <unknown>
[INFO] [stdout] 
[INFO] [stdout] 
[INFO] [stdout] failures:
[INFO] [stdout]     it_fails_folder_is_read_only
[INFO] [stdout]     it_fails_when_config_file_alredy_exists
[INFO] [stdout] 
[INFO] [stdout] test result: FAILED. 0 passed; 2 failed; 0 ignored; 0 measured; 0 filtered out; finished in 0.02s
[INFO] [stdout] 
[INFO] [stderr] error: test failed, to rerun pass `--test command_init_errors`
[INFO] running `Command { std: "docker" "inspect" "db0878c814778953188e61575da26496cb6c6d06c6a853aa336105cda2c46ba9", kill_on_drop: false }`
[INFO] running `Command { std: "docker" "rm" "-f" "db0878c814778953188e61575da26496cb6c6d06c6a853aa336105cda2c46ba9", kill_on_drop: false }`
[INFO] [stdout] db0878c814778953188e61575da26496cb6c6d06c6a853aa336105cda2c46ba9
