[INFO] fetching crate funspace 0.4.0...
[INFO] testing funspace-0.4.0 against nightly-2024-10-28+rustflags=-Zrandomize-layout for randomize-layout
[INFO] extracting crate funspace 0.4.0 into /workspace/builds/worker-2-tc2/source
[INFO] validating manifest of crates.io crate funspace 0.4.0 on toolchain nightly-2024-10-28
[INFO] running `Command { std: CARGO_HOME="/workspace/cargo-home" RUSTUP_HOME="/workspace/rustup-home" "/workspace/cargo-home/bin/cargo" "+nightly-2024-10-28" "metadata" "--manifest-path" "Cargo.toml" "--no-deps", kill_on_drop: false }`
[INFO] started tweaking crates.io crate funspace 0.4.0
[INFO] finished tweaking crates.io crate funspace 0.4.0
[INFO] tweaked toml for crates.io crate funspace 0.4.0 written to /workspace/builds/worker-2-tc2/source/Cargo.toml
[INFO] crate crates.io crate funspace 0.4.0 already has a lockfile, it will not be regenerated
[INFO] running `Command { std: CARGO_HOME="/workspace/cargo-home" RUSTUP_HOME="/workspace/rustup-home" "/workspace/cargo-home/bin/cargo" "+nightly-2024-10-28" "fetch" "--manifest-path" "Cargo.toml", kill_on_drop: false }`
[INFO] running `Command { std: "docker" "create" "-v" "/var/lib/crater-agent-workspace/builds/worker-2-tc2/target:/opt/rustwide/target:rw,Z" "-v" "/var/lib/crater-agent-workspace/builds/worker-2-tc2/source:/opt/rustwide/workdir:ro,Z" "-v" "/var/lib/crater-agent-workspace/cargo-home:/opt/rustwide/cargo-home:ro,Z" "-v" "/var/lib/crater-agent-workspace/rustup-home:/opt/rustwide/rustup-home:ro,Z" "-e" "SOURCE_DIR=/opt/rustwide/workdir" "-e" "CARGO_TARGET_DIR=/opt/rustwide/target" "-e" "CARGO_HOME=/opt/rustwide/cargo-home" "-e" "RUSTUP_HOME=/opt/rustwide/rustup-home" "-w" "/opt/rustwide/workdir" "-m" "1610612736" "--user" "0:0" "--network" "none" "ghcr.io/rust-lang/crates-build-env/linux@sha256:4a844ea9eb2546a2d2c7022eacef16ef2e8229c7fbb2c7d4d55a9ceca922f72d" "/opt/rustwide/cargo-home/bin/cargo" "+nightly-2024-10-28" "metadata" "--no-deps" "--format-version=1", kill_on_drop: false }`
[INFO] [stdout] 9f4c4dc28bfc335b2f4a630145a30de19a2539cc5d9bbee3946b9c8917c79662
[INFO] running `Command { std: "docker" "start" "-a" "9f4c4dc28bfc335b2f4a630145a30de19a2539cc5d9bbee3946b9c8917c79662", kill_on_drop: false }`
[INFO] running `Command { std: "docker" "inspect" "9f4c4dc28bfc335b2f4a630145a30de19a2539cc5d9bbee3946b9c8917c79662", kill_on_drop: false }`
[INFO] running `Command { std: "docker" "rm" "-f" "9f4c4dc28bfc335b2f4a630145a30de19a2539cc5d9bbee3946b9c8917c79662", kill_on_drop: false }`
[INFO] [stdout] 9f4c4dc28bfc335b2f4a630145a30de19a2539cc5d9bbee3946b9c8917c79662
[INFO] running `Command { std: "docker" "create" "-v" "/var/lib/crater-agent-workspace/builds/worker-2-tc2/target:/opt/rustwide/target:rw,Z" "-v" "/var/lib/crater-agent-workspace/builds/worker-2-tc2/source:/opt/rustwide/workdir:ro,Z" "-v" "/var/lib/crater-agent-workspace/cargo-home:/opt/rustwide/cargo-home:ro,Z" "-v" "/var/lib/crater-agent-workspace/rustup-home:/opt/rustwide/rustup-home:ro,Z" "-e" "SOURCE_DIR=/opt/rustwide/workdir" "-e" "CARGO_TARGET_DIR=/opt/rustwide/target" "-e" "CARGO_INCREMENTAL=0" "-e" "RUST_BACKTRACE=full" "-e" "RUSTFLAGS=--cap-lints=forbid -Zrandomize-layout" "-e" "RUSTDOCFLAGS=--cap-lints=forbid" "-e" "CARGO_HOME=/opt/rustwide/cargo-home" "-e" "RUSTUP_HOME=/opt/rustwide/rustup-home" "-w" "/opt/rustwide/workdir" "-m" "1610612736" "--user" "0:0" "--network" "none" "ghcr.io/rust-lang/crates-build-env/linux@sha256:4a844ea9eb2546a2d2c7022eacef16ef2e8229c7fbb2c7d4d55a9ceca922f72d" "/opt/rustwide/cargo-home/bin/cargo" "+nightly-2024-10-28" "build" "--frozen" "--message-format=json", kill_on_drop: false }`
[INFO] [stdout] d207e82ffd8c72a9d0057a2132bc6c103acd1634902dd803f77a26d75c3cdefc
[INFO] running `Command { std: "docker" "start" "-a" "d207e82ffd8c72a9d0057a2132bc6c103acd1634902dd803f77a26d75c3cdefc", kill_on_drop: false }`
[INFO] [stderr]    Compiling num-traits v0.2.14
[INFO] [stderr]    Compiling num-integer v0.1.44
[INFO] [stderr]    Compiling crossbeam-utils v0.8.8
[INFO] [stderr]    Compiling memoffset v0.6.5
[INFO] [stderr]    Compiling crossbeam-epoch v0.9.8
[INFO] [stderr]    Compiling libc v0.2.121
[INFO] [stderr]    Compiling scopeguard v1.1.0
[INFO] [stderr]    Compiling rayon-core v1.9.1
[INFO] [stderr]    Compiling proc-macro2 v1.0.36
[INFO] [stderr]    Compiling unicode-xid v0.2.2
[INFO] [stderr]    Compiling strength_reduce v0.2.3
[INFO] [stderr]    Compiling rayon v1.5.1
[INFO] [stderr]    Compiling syn v1.0.89
[INFO] [stderr]    Compiling either v1.6.1
[INFO] [stderr]    Compiling rawpointer v0.2.1
[INFO] [stderr]    Compiling matrixmultiply v0.3.2
[INFO] [stderr]    Compiling once_cell v1.10.0
[INFO] [stderr]    Compiling crossbeam-channel v0.5.4
[INFO] [stderr]    Compiling quote v1.0.16
[INFO] [stderr]    Compiling crossbeam-deque v0.8.1
[INFO] [stderr]    Compiling num_cpus v1.13.1
[INFO] [stderr]    Compiling num-complex v0.4.0
[INFO] [stderr]    Compiling transpose v0.2.1
[INFO] [stderr]    Compiling primal-check v0.3.1
[INFO] [stderr]    Compiling rustfft v6.0.1
[INFO] [stderr]    Compiling ndarray v0.15.4
[INFO] [stderr]    Compiling enum_dispatch v0.3.8
[INFO] [stderr]    Compiling realfft v3.0.0
[INFO] [stderr]    Compiling rustdct v0.7.0
[INFO] [stderr]    Compiling funspace v0.4.0 (/opt/rustwide/workdir)
[INFO] [stderr]     Finished `dev` profile [unoptimized + debuginfo] target(s) in 14.37s
[INFO] running `Command { std: "docker" "inspect" "d207e82ffd8c72a9d0057a2132bc6c103acd1634902dd803f77a26d75c3cdefc", kill_on_drop: false }`
[INFO] running `Command { std: "docker" "rm" "-f" "d207e82ffd8c72a9d0057a2132bc6c103acd1634902dd803f77a26d75c3cdefc", kill_on_drop: false }`
[INFO] [stdout] d207e82ffd8c72a9d0057a2132bc6c103acd1634902dd803f77a26d75c3cdefc
[INFO] running `Command { std: "docker" "create" "-v" "/var/lib/crater-agent-workspace/builds/worker-2-tc2/target:/opt/rustwide/target:rw,Z" "-v" "/var/lib/crater-agent-workspace/builds/worker-2-tc2/source:/opt/rustwide/workdir:ro,Z" "-v" "/var/lib/crater-agent-workspace/cargo-home:/opt/rustwide/cargo-home:ro,Z" "-v" "/var/lib/crater-agent-workspace/rustup-home:/opt/rustwide/rustup-home:ro,Z" "-e" "SOURCE_DIR=/opt/rustwide/workdir" "-e" "CARGO_TARGET_DIR=/opt/rustwide/target" "-e" "CARGO_INCREMENTAL=0" "-e" "RUST_BACKTRACE=full" "-e" "RUSTFLAGS=--cap-lints=forbid -Zrandomize-layout" "-e" "RUSTDOCFLAGS=--cap-lints=forbid" "-e" "CARGO_HOME=/opt/rustwide/cargo-home" "-e" "RUSTUP_HOME=/opt/rustwide/rustup-home" "-w" "/opt/rustwide/workdir" "-m" "1610612736" "--user" "0:0" "--network" "none" "ghcr.io/rust-lang/crates-build-env/linux@sha256:4a844ea9eb2546a2d2c7022eacef16ef2e8229c7fbb2c7d4d55a9ceca922f72d" "/opt/rustwide/cargo-home/bin/cargo" "+nightly-2024-10-28" "test" "--frozen" "--no-run" "--message-format=json", kill_on_drop: false }`
[INFO] [stdout] baa72cffc2ed9524ad9ef1941b6edc255e4a52ae26be8522a7b6336f74dbf6bb
[INFO] running `Command { std: "docker" "start" "-a" "baa72cffc2ed9524ad9ef1941b6edc255e4a52ae26be8522a7b6336f74dbf6bb", kill_on_drop: false }`
[INFO] [stderr]    Compiling semver v1.0.6
[INFO] [stderr]    Compiling serde v1.0.136
[INFO] [stderr]    Compiling memchr v2.4.1
[INFO] [stderr]    Compiling serde_json v1.0.79
[INFO] [stderr]    Compiling ryu v1.0.9
[INFO] [stderr]    Compiling plotters-backend v0.3.2
[INFO] [stderr]    Compiling itoa v1.0.1
[INFO] [stderr]    Compiling unicode-width v0.1.9
[INFO] [stderr]    Compiling serde_derive v1.0.136
[INFO] [stderr]    Compiling regex-automata v0.1.10
[INFO] [stderr]    Compiling textwrap v0.11.0
[INFO] [stderr]    Compiling itertools v0.10.3
[INFO] [stderr]    Compiling rustc_version v0.4.0
[INFO] [stderr]    Compiling plotters-svg v0.3.1
[INFO] [stderr]    Compiling half v1.8.2
[INFO] [stderr]    Compiling regex-syntax v0.6.25
[INFO] [stderr]    Compiling itoa v0.4.8
[INFO] [stderr]    Compiling cast v0.2.7
[INFO] [stderr]    Compiling plotters v0.3.1
[INFO] [stderr]    Compiling clap v2.34.0
[INFO] [stderr]    Compiling walkdir v2.3.2
[INFO] [stderr]    Compiling csv-core v0.1.10
[INFO] [stderr]    Compiling atty v0.2.14
[INFO] [stderr]    Compiling oorandom v11.1.3
[INFO] [stderr]    Compiling regex v1.5.5
[INFO] [stderr]    Compiling criterion-plot v0.4.4
[INFO] [stderr]    Compiling bstr v0.2.17
[INFO] [stderr]    Compiling serde_cbor v0.11.2
[INFO] [stderr]    Compiling csv v1.1.6
[INFO] [stderr]    Compiling tinytemplate v1.2.1
[INFO] [stderr]    Compiling criterion v0.3.5
[INFO] [stderr]    Compiling funspace v0.4.0 (/opt/rustwide/workdir)
[INFO] [stderr]     Finished `test` profile [unoptimized + debuginfo] target(s) in 29.89s
[INFO] [stderr] warning: the following packages contain code that will be rejected by a future version of Rust: criterion v0.3.5
[INFO] [stderr] note: to see what the problems were, use the option `--future-incompat-report`, or run `cargo report future-incompatibilities --id 1`
[INFO] running `Command { std: "docker" "inspect" "baa72cffc2ed9524ad9ef1941b6edc255e4a52ae26be8522a7b6336f74dbf6bb", kill_on_drop: false }`
[INFO] running `Command { std: "docker" "rm" "-f" "baa72cffc2ed9524ad9ef1941b6edc255e4a52ae26be8522a7b6336f74dbf6bb", kill_on_drop: false }`
[INFO] [stdout] baa72cffc2ed9524ad9ef1941b6edc255e4a52ae26be8522a7b6336f74dbf6bb
[INFO] running `Command { std: "docker" "create" "-v" "/var/lib/crater-agent-workspace/builds/worker-2-tc2/target:/opt/rustwide/target:rw,Z" "-v" "/var/lib/crater-agent-workspace/builds/worker-2-tc2/source:/opt/rustwide/workdir:ro,Z" "-v" "/var/lib/crater-agent-workspace/cargo-home:/opt/rustwide/cargo-home:ro,Z" "-v" "/var/lib/crater-agent-workspace/rustup-home:/opt/rustwide/rustup-home:ro,Z" "-e" "SOURCE_DIR=/opt/rustwide/workdir" "-e" "CARGO_TARGET_DIR=/opt/rustwide/target" "-e" "CARGO_INCREMENTAL=0" "-e" "RUST_BACKTRACE=full" "-e" "RUSTFLAGS=--cap-lints=forbid -Zrandomize-layout" "-e" "RUSTDOCFLAGS=--cap-lints=forbid" "-e" "CARGO_HOME=/opt/rustwide/cargo-home" "-e" "RUSTUP_HOME=/opt/rustwide/rustup-home" "-w" "/opt/rustwide/workdir" "-m" "1610612736" "--user" "0:0" "--network" "none" "ghcr.io/rust-lang/crates-build-env/linux@sha256:4a844ea9eb2546a2d2c7022eacef16ef2e8229c7fbb2c7d4d55a9ceca922f72d" "/opt/rustwide/cargo-home/bin/cargo" "+nightly-2024-10-28" "test" "--frozen", kill_on_drop: false }`
[INFO] [stdout] 37bc9586679e8ab0c3c8b657afe93061e0b12988c7dd6727d823f515bd21009c
[INFO] running `Command { std: "docker" "start" "-a" "37bc9586679e8ab0c3c8b657afe93061e0b12988c7dd6727d823f515bd21009c", kill_on_drop: false }`
[INFO] [stderr]     Finished `test` profile [unoptimized + debuginfo] target(s) in 0.09s
[INFO] [stderr] warning: the following packages contain code that will be rejected by a future version of Rust: criterion v0.3.5
[INFO] [stderr] note: to see what the problems were, use the option `--future-incompat-report`, or run `cargo report future-incompatibilities --id 1`
[INFO] [stderr]      Running unittests src/lib.rs (/opt/rustwide/target/debug/deps/funspace-44161ea49e88dd6b)
[INFO] [stdout] 
[INFO] [stdout] running 15 tests
[INFO] [stdout] test chebyshev::compo::test::test_cheb_dirichlet_to_ortho ... ok
[INFO] [stdout] test chebyshev::compo::test::test_cheb_biharmonic_b_transform ... ok
[INFO] [stdout] test chebyshev::compo::test::test_cheb_dirichlet_transform ... ok
[INFO] [stdout] test chebyshev::compo::test::test_chebdirichlet_differentiate ... ok
[INFO] [stdout] test chebyshev::compo::test::test_chebdirichlet_differentiate_2d ... ok
[INFO] [stdout] test chebyshev::compo::test::test_cheb_biharmonic_a_transform ... ok
[INFO] [stdout] test chebyshev::linalg::pdma2::tests::test_pdma2 ... ok
[INFO] [stdout] test chebyshev::compo::test::test_cheb_dirichlet_neumann_transform ... ok
[INFO] [stdout] test chebyshev::linalg::pdma::tests::test_pdma ... ok
[INFO] [stdout] test chebyshev::linalg::tdma::tests::test_tdma ... ok
[INFO] [stdout] test chebyshev::ortho::test::test_chebyshev_pinv ... ok
[INFO] [stdout] test chebyshev::ortho::test::test_chebyshev_transform_1 ... ok
[INFO] [stdout] test chebyshev::stencils::tests::test_stencil_pinv_biharmonic_a ... ok
[INFO] [stdout] test chebyshev::stencils::tests::test_stencil_pinv_neumann ... ok
[INFO] [stderr]    Doc-tests funspace
[INFO] [stdout] test chebyshev::stencils::tests::test_stencil_pinv_dirichlet_neumann ... ok
[INFO] [stdout] 
[INFO] [stdout] test result: ok. 15 passed; 0 failed; 0 ignored; 0 measured; 0 filtered out; finished in 0.01s
[INFO] [stdout] 
[INFO] [stdout] 
[INFO] [stdout] running 22 tests
[INFO] [stdout] test src/fourier/r2c.rs - fourier::r2c::FourierR2c<A>::gradient_slice (line 203) ... FAILED
[INFO] [stdout] test src/chebyshev/ortho.rs - chebyshev::ortho::Chebyshev<A>::new (line 34) ... FAILED
[INFO] [stdout] test src/lib.rs - (line 166) ... ignored
[INFO] [stdout] test src/fourier/c2c.rs - fourier::c2c::FourierC2c<A>::backward_slice (line 311) ... FAILED
[INFO] [stdout] test src/lib.rs - (line 105) ... FAILED
[INFO] [stdout] test src/lib.rs - (line 27) ... FAILED
[INFO] [stdout] test src/fourier/c2c.rs - fourier::c2c::FourierC2c<A>::gradient_slice (line 210) ... FAILED
[INFO] [stdout] test src/chebyshev/ortho.rs - chebyshev::ortho::Chebyshev<A>::gradient_slice (line 389) ... FAILED
[INFO] [stdout] test src/lib.rs - (line 47) ... FAILED
[INFO] [stdout] test src/fourier/r2c.rs - fourier::r2c::FourierR2c<A>::forward_slice (line 262) ... FAILED
[INFO] [stdout] test src/fourier/r2c.rs - fourier::r2c::FourierR2c<A>::backward_slice (line 293) ... FAILED
[INFO] [stdout] test src/fourier/c2c.rs - fourier::c2c::FourierC2c<A>::forward_slice (line 275) ... ok
[INFO] [stdout] test src/lib.rs - chebyshev (line 210) ... FAILED
[INFO] [stdout] test src/utils.rs - utils::array_resized_axis (line 91) ... ok
[INFO] [stdout] test src/utils.rs - utils::check_array_axis (line 124) ... ok
[INFO] [stdout] test src/space/space2.rs - space::space2 (line 5) ... FAILED
[INFO] [stdout] test src/lib.rs - cheb_neumann (line 260) ... ok
[INFO] [stdout] test src/lib.rs - cheb_dirichlet (line 235) ... ok
[INFO] [stdout] test src/lib.rs - fourier_c2c (line 312) ... ok
[INFO] [stdout] test src/lib.rs - fourier_r2c (line 335) ... ok
[INFO] [stdout] test src/space/space1.rs - space::space1 (line 5) ... ok
[INFO] [stdout] test src/space/space3.rs - space::space3 (line 5) ... ok
[INFO] [stdout] 
[INFO] [stdout] failures:
[INFO] [stdout] 
[INFO] [stdout] ---- src/fourier/r2c.rs - fourier::r2c::FourierR2c<A>::gradient_slice (line 203) stdout ----
[INFO] [stdout] Couldn't compile the test.
[INFO] [stdout] ---- src/chebyshev/ortho.rs - chebyshev::ortho::Chebyshev<A>::new (line 34) stdout ----
[INFO] [stdout] Couldn't compile the test.
[INFO] [stdout] ---- src/fourier/c2c.rs - fourier::c2c::FourierC2c<A>::backward_slice (line 311) stdout ----
[INFO] [stdout] Couldn't compile the test.
[INFO] [stdout] ---- src/lib.rs - (line 105) stdout ----
[INFO] [stdout] Couldn't compile the test.
[INFO] [stdout] ---- src/lib.rs - (line 27) stdout ----
[INFO] [stdout] Couldn't compile the test.
[INFO] [stdout] ---- src/fourier/c2c.rs - fourier::c2c::FourierC2c<A>::gradient_slice (line 210) stdout ----
[INFO] [stdout] Couldn't compile the test.
[INFO] [stdout] ---- src/chebyshev/ortho.rs - chebyshev::ortho::Chebyshev<A>::gradient_slice (line 389) stdout ----
[INFO] [stdout] Couldn't compile the test.
[INFO] [stdout] ---- src/lib.rs - (line 47) stdout ----
[INFO] [stdout] Couldn't compile the test.
[INFO] [stdout] ---- src/fourier/r2c.rs - fourier::r2c::FourierR2c<A>::forward_slice (line 262) stdout ----
[INFO] [stdout] Couldn't compile the test.
[INFO] [stdout] ---- src/fourier/r2c.rs - fourier::r2c::FourierR2c<A>::backward_slice (line 293) stdout ----
[INFO] [stdout] Couldn't compile the test.
[INFO] [stdout] ---- src/lib.rs - chebyshev (line 210) stdout ----
[INFO] [stdout] Couldn't compile the test.
[INFO] [stdout] ---- src/space/space2.rs - space::space2 (line 5) stdout ----
[INFO] [stdout] Couldn't compile the test.
[INFO] [stdout] 
[INFO] [stdout] failures:
[INFO] [stdout]     src/chebyshev/ortho.rs - chebyshev::ortho::Chebyshev<A>::gradient_slice (line 389)
[INFO] [stdout]     src/chebyshev/ortho.rs - chebyshev::ortho::Chebyshev<A>::new (line 34)
[INFO] [stdout]     src/fourier/c2c.rs - fourier::c2c::FourierC2c<A>::backward_slice (line 311)
[INFO] [stdout]     src/fourier/c2c.rs - fourier::c2c::FourierC2c<A>::gradient_slice (line 210)
[INFO] [stdout]     src/fourier/r2c.rs - fourier::r2c::FourierR2c<A>::backward_slice (line 293)
[INFO] [stdout]     src/fourier/r2c.rs - fourier::r2c::FourierR2c<A>::forward_slice (line 262)
[INFO] [stdout]     src/fourier/r2c.rs - fourier::r2c::FourierR2c<A>::gradient_slice (line 203)
[INFO] [stdout]     src/lib.rs - (line 105)
[INFO] [stdout]     src/lib.rs - (line 27)
[INFO] [stdout]     src/lib.rs - (line 47)
[INFO] [stdout]     src/lib.rs - chebyshev (line 210)
[INFO] [stdout]     src/space/space2.rs - space::space2 (line 5)
[INFO] [stdout] 
[INFO] [stdout] test result: FAILED. 9 passed; 12 failed; 1 ignored; 0 measured; 0 filtered out; finished in 52.06s
[INFO] [stdout] 
[INFO] [stderr] error: doctest failed, to rerun pass `--doc`
[INFO] running `Command { std: "docker" "inspect" "37bc9586679e8ab0c3c8b657afe93061e0b12988c7dd6727d823f515bd21009c", kill_on_drop: false }`
[INFO] running `Command { std: "docker" "rm" "-f" "37bc9586679e8ab0c3c8b657afe93061e0b12988c7dd6727d823f515bd21009c", kill_on_drop: false }`
[INFO] [stdout] 37bc9586679e8ab0c3c8b657afe93061e0b12988c7dd6727d823f515bd21009c
