[INFO] fetching crate fsd_interface 0.1.21...
[INFO] testing fsd_interface-0.1.21 against nightly-2024-10-28 for randomize-layout
[INFO] extracting crate fsd_interface 0.1.21 into /workspace/builds/worker-4-tc1/source
[INFO] validating manifest of crates.io crate fsd_interface 0.1.21 on toolchain nightly-2024-10-28
[INFO] running `Command { std: CARGO_HOME="/workspace/cargo-home" RUSTUP_HOME="/workspace/rustup-home" "/workspace/cargo-home/bin/cargo" "+nightly-2024-10-28" "metadata" "--manifest-path" "Cargo.toml" "--no-deps", kill_on_drop: false }`
[INFO] started tweaking crates.io crate fsd_interface 0.1.21
[INFO] finished tweaking crates.io crate fsd_interface 0.1.21
[INFO] tweaked toml for crates.io crate fsd_interface 0.1.21 written to /workspace/builds/worker-4-tc1/source/Cargo.toml
[INFO] running `Command { std: CARGO_HOME="/workspace/cargo-home" RUSTUP_HOME="/workspace/rustup-home" "/workspace/cargo-home/bin/cargo" "+nightly-2024-10-28" "generate-lockfile" "--manifest-path" "Cargo.toml", kill_on_drop: false }`
[INFO] [stderr]     Updating crates.io index
[INFO] [stderr]      Locking 12 packages to latest compatible versions
[INFO] running `Command { std: CARGO_HOME="/workspace/cargo-home" RUSTUP_HOME="/workspace/rustup-home" "/workspace/cargo-home/bin/cargo" "+nightly-2024-10-28" "fetch" "--manifest-path" "Cargo.toml", kill_on_drop: false }`
[INFO] running `Command { std: "docker" "create" "-v" "/var/lib/crater-agent-workspace/builds/worker-4-tc1/target:/opt/rustwide/target:rw,Z" "-v" "/var/lib/crater-agent-workspace/builds/worker-4-tc1/source:/opt/rustwide/workdir:ro,Z" "-v" "/var/lib/crater-agent-workspace/cargo-home:/opt/rustwide/cargo-home:ro,Z" "-v" "/var/lib/crater-agent-workspace/rustup-home:/opt/rustwide/rustup-home:ro,Z" "-e" "SOURCE_DIR=/opt/rustwide/workdir" "-e" "CARGO_TARGET_DIR=/opt/rustwide/target" "-e" "CARGO_HOME=/opt/rustwide/cargo-home" "-e" "RUSTUP_HOME=/opt/rustwide/rustup-home" "-w" "/opt/rustwide/workdir" "-m" "1610612736" "--user" "0:0" "--network" "none" "ghcr.io/rust-lang/crates-build-env/linux@sha256:4a844ea9eb2546a2d2c7022eacef16ef2e8229c7fbb2c7d4d55a9ceca922f72d" "/opt/rustwide/cargo-home/bin/cargo" "+nightly-2024-10-28" "metadata" "--no-deps" "--format-version=1", kill_on_drop: false }`
[INFO] [stdout] e1b0d38219eeac747ce89c8e069266f5557eec441e37056fc872b7462a5026a1
[INFO] running `Command { std: "docker" "start" "-a" "e1b0d38219eeac747ce89c8e069266f5557eec441e37056fc872b7462a5026a1", kill_on_drop: false }`
[INFO] running `Command { std: "docker" "inspect" "e1b0d38219eeac747ce89c8e069266f5557eec441e37056fc872b7462a5026a1", kill_on_drop: false }`
[INFO] running `Command { std: "docker" "rm" "-f" "e1b0d38219eeac747ce89c8e069266f5557eec441e37056fc872b7462a5026a1", kill_on_drop: false }`
[INFO] [stdout] e1b0d38219eeac747ce89c8e069266f5557eec441e37056fc872b7462a5026a1
[INFO] running `Command { std: "docker" "create" "-v" "/var/lib/crater-agent-workspace/builds/worker-4-tc1/target:/opt/rustwide/target:rw,Z" "-v" "/var/lib/crater-agent-workspace/builds/worker-4-tc1/source:/opt/rustwide/workdir:ro,Z" "-v" "/var/lib/crater-agent-workspace/cargo-home:/opt/rustwide/cargo-home:ro,Z" "-v" "/var/lib/crater-agent-workspace/rustup-home:/opt/rustwide/rustup-home:ro,Z" "-e" "SOURCE_DIR=/opt/rustwide/workdir" "-e" "CARGO_TARGET_DIR=/opt/rustwide/target" "-e" "CARGO_INCREMENTAL=0" "-e" "RUST_BACKTRACE=full" "-e" "RUSTFLAGS=--cap-lints=forbid" "-e" "RUSTDOCFLAGS=--cap-lints=forbid" "-e" "CARGO_HOME=/opt/rustwide/cargo-home" "-e" "RUSTUP_HOME=/opt/rustwide/rustup-home" "-w" "/opt/rustwide/workdir" "-m" "1610612736" "--user" "0:0" "--network" "none" "ghcr.io/rust-lang/crates-build-env/linux@sha256:4a844ea9eb2546a2d2c7022eacef16ef2e8229c7fbb2c7d4d55a9ceca922f72d" "/opt/rustwide/cargo-home/bin/cargo" "+nightly-2024-10-28" "build" "--frozen" "--message-format=json", kill_on_drop: false }`
[INFO] [stdout] 45f738e346120a720555d65427559d137d39d0d4a803e26d8ec54875be0ac96c
[INFO] running `Command { std: "docker" "start" "-a" "45f738e346120a720555d65427559d137d39d0d4a803e26d8ec54875be0ac96c", kill_on_drop: false }`
[INFO] [stderr]    Compiling proc-macro2 v1.0.89
[INFO] [stderr]    Compiling unicode-ident v1.0.13
[INFO] [stderr]    Compiling serde v1.0.214
[INFO] [stderr]    Compiling thiserror v1.0.66
[INFO] [stderr]    Compiling serde_json v1.0.132
[INFO] [stderr]    Compiling itoa v1.0.11
[INFO] [stderr]    Compiling memchr v2.7.4
[INFO] [stderr]    Compiling ryu v1.0.18
[INFO] [stderr]    Compiling quote v1.0.37
[INFO] [stderr]    Compiling syn v2.0.86
[INFO] [stderr]    Compiling serde_derive v1.0.214
[INFO] [stderr]    Compiling thiserror-impl v1.0.66
[INFO] [stderr]    Compiling fsd_interface v0.1.21 (/opt/rustwide/workdir)
[INFO] [stderr]     Finished `dev` profile [unoptimized + debuginfo] target(s) in 7.97s
[INFO] running `Command { std: "docker" "inspect" "45f738e346120a720555d65427559d137d39d0d4a803e26d8ec54875be0ac96c", kill_on_drop: false }`
[INFO] running `Command { std: "docker" "rm" "-f" "45f738e346120a720555d65427559d137d39d0d4a803e26d8ec54875be0ac96c", kill_on_drop: false }`
[INFO] [stdout] 45f738e346120a720555d65427559d137d39d0d4a803e26d8ec54875be0ac96c
[INFO] running `Command { std: "docker" "create" "-v" "/var/lib/crater-agent-workspace/builds/worker-4-tc1/target:/opt/rustwide/target:rw,Z" "-v" "/var/lib/crater-agent-workspace/builds/worker-4-tc1/source:/opt/rustwide/workdir:ro,Z" "-v" "/var/lib/crater-agent-workspace/cargo-home:/opt/rustwide/cargo-home:ro,Z" "-v" "/var/lib/crater-agent-workspace/rustup-home:/opt/rustwide/rustup-home:ro,Z" "-e" "SOURCE_DIR=/opt/rustwide/workdir" "-e" "CARGO_TARGET_DIR=/opt/rustwide/target" "-e" "CARGO_INCREMENTAL=0" "-e" "RUST_BACKTRACE=full" "-e" "RUSTFLAGS=--cap-lints=forbid" "-e" "RUSTDOCFLAGS=--cap-lints=forbid" "-e" "CARGO_HOME=/opt/rustwide/cargo-home" "-e" "RUSTUP_HOME=/opt/rustwide/rustup-home" "-w" "/opt/rustwide/workdir" "-m" "1610612736" "--user" "0:0" "--network" "none" "ghcr.io/rust-lang/crates-build-env/linux@sha256:4a844ea9eb2546a2d2c7022eacef16ef2e8229c7fbb2c7d4d55a9ceca922f72d" "/opt/rustwide/cargo-home/bin/cargo" "+nightly-2024-10-28" "test" "--frozen" "--no-run" "--message-format=json", kill_on_drop: false }`
[INFO] [stdout] c0c441a37067ef4f3c33a1d591bafc9e989ada1cc3fd5024c7943716e7292631
[INFO] running `Command { std: "docker" "start" "-a" "c0c441a37067ef4f3c33a1d591bafc9e989ada1cc3fd5024c7943716e7292631", kill_on_drop: false }`
[INFO] [stderr]    Compiling fsd_interface v0.1.21 (/opt/rustwide/workdir)
[INFO] [stderr]     Finished `test` profile [unoptimized + debuginfo] target(s) in 0.57s
[INFO] running `Command { std: "docker" "inspect" "c0c441a37067ef4f3c33a1d591bafc9e989ada1cc3fd5024c7943716e7292631", kill_on_drop: false }`
[INFO] running `Command { std: "docker" "rm" "-f" "c0c441a37067ef4f3c33a1d591bafc9e989ada1cc3fd5024c7943716e7292631", kill_on_drop: false }`
[INFO] [stdout] c0c441a37067ef4f3c33a1d591bafc9e989ada1cc3fd5024c7943716e7292631
[INFO] running `Command { std: "docker" "create" "-v" "/var/lib/crater-agent-workspace/builds/worker-4-tc1/target:/opt/rustwide/target:rw,Z" "-v" "/var/lib/crater-agent-workspace/builds/worker-4-tc1/source:/opt/rustwide/workdir:ro,Z" "-v" "/var/lib/crater-agent-workspace/cargo-home:/opt/rustwide/cargo-home:ro,Z" "-v" "/var/lib/crater-agent-workspace/rustup-home:/opt/rustwide/rustup-home:ro,Z" "-e" "SOURCE_DIR=/opt/rustwide/workdir" "-e" "CARGO_TARGET_DIR=/opt/rustwide/target" "-e" "CARGO_INCREMENTAL=0" "-e" "RUST_BACKTRACE=full" "-e" "RUSTFLAGS=--cap-lints=forbid" "-e" "RUSTDOCFLAGS=--cap-lints=forbid" "-e" "CARGO_HOME=/opt/rustwide/cargo-home" "-e" "RUSTUP_HOME=/opt/rustwide/rustup-home" "-w" "/opt/rustwide/workdir" "-m" "1610612736" "--user" "0:0" "--network" "none" "ghcr.io/rust-lang/crates-build-env/linux@sha256:4a844ea9eb2546a2d2c7022eacef16ef2e8229c7fbb2c7d4d55a9ceca922f72d" "/opt/rustwide/cargo-home/bin/cargo" "+nightly-2024-10-28" "test" "--frozen", kill_on_drop: false }`
[INFO] [stdout] fdeff9293f2f8c4e0b77678feb2df4b822e8b70f62b41f74218f0f866e75da1d
[INFO] running `Command { std: "docker" "start" "-a" "fdeff9293f2f8c4e0b77678feb2df4b822e8b70f62b41f74218f0f866e75da1d", kill_on_drop: false }`
[INFO] [stderr]     Finished `test` profile [unoptimized + debuginfo] target(s) in 0.01s
[INFO] [stderr]      Running unittests src/lib.rs (/opt/rustwide/target/debug/deps/fsd_interface-bb97e3d4bc031b65)
[INFO] [stdout] 
[INFO] [stdout] running 0 tests
[INFO] [stdout] 
[INFO] [stdout] test result: ok. 0 passed; 0 failed; 0 ignored; 0 measured; 0 filtered out; finished in 0.00s
[INFO] [stdout] 
[INFO] [stderr]    Doc-tests fsd_interface
[INFO] [stdout] 
[INFO] [stdout] running 3 tests
[INFO] [stdout] test src/structs.rs - structs::RadioFrequency::to_human_readable_string (line 78) ... FAILED
[INFO] [stdout] test src/structs.rs - structs::RadioFrequency::new (line 54) ... FAILED
[INFO] [stdout] test src/lib.rs - (line 50) ... FAILED
[INFO] [stdout] 
[INFO] [stdout] failures:
[INFO] [stdout] 
[INFO] [stdout] ---- src/structs.rs - structs::RadioFrequency::to_human_readable_string (line 78) stdout ----
[INFO] [stdout] error[E0433]: failed to resolve: use of undeclared crate or module `fsd_messages`
[INFO] [stdout]  --> src/structs.rs:79:5
[INFO] [stdout]   |
[INFO] [stdout] 3 | use fsd_messages::util::RadioFrequency;
[INFO] [stdout]   |     ^^^^^^^^^^^^ use of undeclared crate or module `fsd_messages`
[INFO] [stdout] 
[INFO] [stdout] error: aborting due to 1 previous error
[INFO] [stdout] 
[INFO] [stdout] For more information about this error, try `rustc --explain E0433`.
[INFO] [stdout] Couldn't compile the test.
[INFO] [stdout] ---- src/structs.rs - structs::RadioFrequency::new (line 54) stdout ----
[INFO] [stdout] error[E0433]: failed to resolve: use of undeclared crate or module `fsd_messages`
[INFO] [stdout]  --> src/structs.rs:55:5
[INFO] [stdout]   |
[INFO] [stdout] 3 | use fsd_messages::util::RadioFrequency;
[INFO] [stdout]   |     ^^^^^^^^^^^^ use of undeclared crate or module `fsd_messages`
[INFO] [stdout] 
[INFO] [stdout] error: aborting due to 1 previous error
[INFO] [stdout] 
[INFO] [stdout] For more information about this error, try `rustc --explain E0433`.
[INFO] [stdout] Couldn't compile the test.
[INFO] [stdout] ---- src/lib.rs - (line 50) stdout ----
[INFO] [stdout] error[E0433]: failed to resolve: use of undeclared crate or module `messages`
[INFO] [stdout]   --> src/lib.rs:66:23
[INFO] [stdout]    |
[INFO] [stdout] 18 |     let new_message = messages::ClientQuery::message::who_has("LIRF_TWR", "@94835", "ITA1561");
[INFO] [stdout]    |                       ^^^^^^^^ use of undeclared crate or module `messages`
[INFO] [stdout] 
[INFO] [stdout] error[E0433]: failed to resolve: use of undeclared type `ClientQueryType`
[INFO] [stdout]   --> src/lib.rs:61:12
[INFO] [stdout]    |
[INFO] [stdout] 13 |     if let ClientQueryType::WhoHas(aircraft) = client_query_message.query_type {
[INFO] [stdout]    |            ^^^^^^^^^^^^^^^ use of undeclared type `ClientQueryType`
[INFO] [stdout]    |
[INFO] [stdout] help: consider importing this enum
[INFO] [stdout]    |
[INFO] [stdout] 3  + use fsd_interface::ClientQueryType;
[INFO] [stdout]    |
[INFO] [stdout] 
[INFO] [stdout] error[E0433]: failed to resolve: use of undeclared crate or module `fsd_messages`
[INFO] [stdout]  --> src/lib.rs:55:28
[INFO] [stdout]   |
[INFO] [stdout] 7 | let message_deserialised = fsd_messages::parse(&message_text).unwrap();
[INFO] [stdout]   |                            ^^^^^^^^^^^^ use of undeclared crate or module `fsd_messages`
[INFO] [stdout] 
[INFO] [stdout] error[E0433]: failed to resolve: use of undeclared type `FsdMessage`
[INFO] [stdout]  --> src/lib.rs:56:8
[INFO] [stdout]   |
[INFO] [stdout] 8 | if let FsdMessage::ClientQueryMessage(client_query_message) = message_deserialised {
[INFO] [stdout]   |        ^^^^^^^^^^ use of undeclared type `FsdMessage`
[INFO] [stdout] 
[INFO] [stdout] error: aborting due to 4 previous errors
[INFO] [stdout] 
[INFO] [stdout] For more information about this error, try `rustc --explain E0433`.
[INFO] [stdout] Couldn't compile the test.
[INFO] [stdout] 
[INFO] [stdout] failures:
[INFO] [stdout]     src/lib.rs - (line 50)
[INFO] [stdout]     src/structs.rs - structs::RadioFrequency::new (line 54)
[INFO] [stdout]     src/structs.rs - structs::RadioFrequency::to_human_readable_string (line 78)
[INFO] [stdout] 
[INFO] [stdout] test result: FAILED. 0 passed; 3 failed; 0 ignored; 0 measured; 0 filtered out; finished in 0.05s
[INFO] [stdout] 
[INFO] [stderr] error: doctest failed, to rerun pass `--doc`
[INFO] running `Command { std: "docker" "inspect" "fdeff9293f2f8c4e0b77678feb2df4b822e8b70f62b41f74218f0f866e75da1d", kill_on_drop: false }`
[INFO] running `Command { std: "docker" "rm" "-f" "fdeff9293f2f8c4e0b77678feb2df4b822e8b70f62b41f74218f0f866e75da1d", kill_on_drop: false }`
[INFO] [stdout] fdeff9293f2f8c4e0b77678feb2df4b822e8b70f62b41f74218f0f866e75da1d
