[INFO] fetching crate fronma 0.2.0...
[INFO] testing fronma-0.2.0 against nightly-2024-10-28 for randomize-layout
[INFO] extracting crate fronma 0.2.0 into /workspace/builds/worker-1-tc1/source
[INFO] validating manifest of crates.io crate fronma 0.2.0 on toolchain nightly-2024-10-28
[INFO] running `Command { std: CARGO_HOME="/workspace/cargo-home" RUSTUP_HOME="/workspace/rustup-home" "/workspace/cargo-home/bin/cargo" "+nightly-2024-10-28" "metadata" "--manifest-path" "Cargo.toml" "--no-deps", kill_on_drop: false }`
[INFO] started tweaking crates.io crate fronma 0.2.0
[INFO] finished tweaking crates.io crate fronma 0.2.0
[INFO] tweaked toml for crates.io crate fronma 0.2.0 written to /workspace/builds/worker-1-tc1/source/Cargo.toml
[INFO] running `Command { std: CARGO_HOME="/workspace/cargo-home" RUSTUP_HOME="/workspace/rustup-home" "/workspace/cargo-home/bin/cargo" "+nightly-2024-10-28" "generate-lockfile" "--manifest-path" "Cargo.toml", kill_on_drop: false }`
[INFO] [stderr]     Updating crates.io index
[INFO] [stderr]      Locking 18 packages to latest compatible versions
[INFO] [stderr]       Adding serde_yaml v0.8.26 (available: v0.9.34+deprecated)
[INFO] [stderr]       Adding toml v0.5.11 (available: v0.8.19)
[INFO] running `Command { std: CARGO_HOME="/workspace/cargo-home" RUSTUP_HOME="/workspace/rustup-home" "/workspace/cargo-home/bin/cargo" "+nightly-2024-10-28" "fetch" "--manifest-path" "Cargo.toml", kill_on_drop: false }`
[INFO] running `Command { std: "docker" "create" "-v" "/var/lib/crater-agent-workspace/builds/worker-1-tc1/target:/opt/rustwide/target:rw,Z" "-v" "/var/lib/crater-agent-workspace/builds/worker-1-tc1/source:/opt/rustwide/workdir:ro,Z" "-v" "/var/lib/crater-agent-workspace/cargo-home:/opt/rustwide/cargo-home:ro,Z" "-v" "/var/lib/crater-agent-workspace/rustup-home:/opt/rustwide/rustup-home:ro,Z" "-e" "SOURCE_DIR=/opt/rustwide/workdir" "-e" "CARGO_TARGET_DIR=/opt/rustwide/target" "-e" "CARGO_HOME=/opt/rustwide/cargo-home" "-e" "RUSTUP_HOME=/opt/rustwide/rustup-home" "-w" "/opt/rustwide/workdir" "-m" "1610612736" "--user" "0:0" "--network" "none" "ghcr.io/rust-lang/crates-build-env/linux@sha256:4a844ea9eb2546a2d2c7022eacef16ef2e8229c7fbb2c7d4d55a9ceca922f72d" "/opt/rustwide/cargo-home/bin/cargo" "+nightly-2024-10-28" "metadata" "--no-deps" "--format-version=1", kill_on_drop: false }`
[INFO] [stdout] 0874d7f1df474f75f9a12c866f8d0530ab365f89c5ce853f3747f29882877bd3
[INFO] running `Command { std: "docker" "start" "-a" "0874d7f1df474f75f9a12c866f8d0530ab365f89c5ce853f3747f29882877bd3", kill_on_drop: false }`
[INFO] running `Command { std: "docker" "inspect" "0874d7f1df474f75f9a12c866f8d0530ab365f89c5ce853f3747f29882877bd3", kill_on_drop: false }`
[INFO] running `Command { std: "docker" "rm" "-f" "0874d7f1df474f75f9a12c866f8d0530ab365f89c5ce853f3747f29882877bd3", kill_on_drop: false }`
[INFO] [stdout] 0874d7f1df474f75f9a12c866f8d0530ab365f89c5ce853f3747f29882877bd3
[INFO] running `Command { std: "docker" "create" "-v" "/var/lib/crater-agent-workspace/builds/worker-1-tc1/target:/opt/rustwide/target:rw,Z" "-v" "/var/lib/crater-agent-workspace/builds/worker-1-tc1/source:/opt/rustwide/workdir:ro,Z" "-v" "/var/lib/crater-agent-workspace/cargo-home:/opt/rustwide/cargo-home:ro,Z" "-v" "/var/lib/crater-agent-workspace/rustup-home:/opt/rustwide/rustup-home:ro,Z" "-e" "SOURCE_DIR=/opt/rustwide/workdir" "-e" "CARGO_TARGET_DIR=/opt/rustwide/target" "-e" "CARGO_INCREMENTAL=0" "-e" "RUST_BACKTRACE=full" "-e" "RUSTFLAGS=--cap-lints=forbid" "-e" "RUSTDOCFLAGS=--cap-lints=forbid" "-e" "CARGO_HOME=/opt/rustwide/cargo-home" "-e" "RUSTUP_HOME=/opt/rustwide/rustup-home" "-w" "/opt/rustwide/workdir" "-m" "1610612736" "--user" "0:0" "--network" "none" "ghcr.io/rust-lang/crates-build-env/linux@sha256:4a844ea9eb2546a2d2c7022eacef16ef2e8229c7fbb2c7d4d55a9ceca922f72d" "/opt/rustwide/cargo-home/bin/cargo" "+nightly-2024-10-28" "build" "--frozen" "--message-format=json", kill_on_drop: false }`
[INFO] [stdout] 1dd94b84d9145a9c33b96802bba79ffba71a98f7b97fec97ebd3d2e7bb900e8d
[INFO] running `Command { std: "docker" "start" "-a" "1dd94b84d9145a9c33b96802bba79ffba71a98f7b97fec97ebd3d2e7bb900e8d", kill_on_drop: false }`
[INFO] [stderr]    Compiling proc-macro2 v1.0.89
[INFO] [stderr]    Compiling linked-hash-map v0.5.6
[INFO] [stderr]    Compiling indexmap v1.9.3
[INFO] [stderr]    Compiling yaml-rust v0.4.5
[INFO] [stderr]    Compiling quote v1.0.37
[INFO] [stderr]    Compiling syn v2.0.86
[INFO] [stderr]    Compiling serde_derive v1.0.214
[INFO] [stderr]    Compiling serde v1.0.214
[INFO] [stderr]    Compiling serde_yaml v0.8.26
[INFO] [stderr]    Compiling fronma v0.2.0 (/opt/rustwide/workdir)
[INFO] [stderr]     Finished `dev` profile [unoptimized + debuginfo] target(s) in 7.54s
[INFO] running `Command { std: "docker" "inspect" "1dd94b84d9145a9c33b96802bba79ffba71a98f7b97fec97ebd3d2e7bb900e8d", kill_on_drop: false }`
[INFO] running `Command { std: "docker" "rm" "-f" "1dd94b84d9145a9c33b96802bba79ffba71a98f7b97fec97ebd3d2e7bb900e8d", kill_on_drop: false }`
[INFO] [stdout] 1dd94b84d9145a9c33b96802bba79ffba71a98f7b97fec97ebd3d2e7bb900e8d
[INFO] running `Command { std: "docker" "create" "-v" "/var/lib/crater-agent-workspace/builds/worker-1-tc1/target:/opt/rustwide/target:rw,Z" "-v" "/var/lib/crater-agent-workspace/builds/worker-1-tc1/source:/opt/rustwide/workdir:ro,Z" "-v" "/var/lib/crater-agent-workspace/cargo-home:/opt/rustwide/cargo-home:ro,Z" "-v" "/var/lib/crater-agent-workspace/rustup-home:/opt/rustwide/rustup-home:ro,Z" "-e" "SOURCE_DIR=/opt/rustwide/workdir" "-e" "CARGO_TARGET_DIR=/opt/rustwide/target" "-e" "CARGO_INCREMENTAL=0" "-e" "RUST_BACKTRACE=full" "-e" "RUSTFLAGS=--cap-lints=forbid" "-e" "RUSTDOCFLAGS=--cap-lints=forbid" "-e" "CARGO_HOME=/opt/rustwide/cargo-home" "-e" "RUSTUP_HOME=/opt/rustwide/rustup-home" "-w" "/opt/rustwide/workdir" "-m" "1610612736" "--user" "0:0" "--network" "none" "ghcr.io/rust-lang/crates-build-env/linux@sha256:4a844ea9eb2546a2d2c7022eacef16ef2e8229c7fbb2c7d4d55a9ceca922f72d" "/opt/rustwide/cargo-home/bin/cargo" "+nightly-2024-10-28" "test" "--frozen" "--no-run" "--message-format=json", kill_on_drop: false }`
[INFO] [stdout] cccd26f8fe4dd9a8141f16de9b05d023f14c3b17060a8f364f52aaef3702417c
[INFO] running `Command { std: "docker" "start" "-a" "cccd26f8fe4dd9a8141f16de9b05d023f14c3b17060a8f364f52aaef3702417c", kill_on_drop: false }`
[INFO] [stderr]    Compiling fronma v0.2.0 (/opt/rustwide/workdir)
[INFO] [stderr]     Finished `test` profile [unoptimized + debuginfo] target(s) in 0.27s
[INFO] running `Command { std: "docker" "inspect" "cccd26f8fe4dd9a8141f16de9b05d023f14c3b17060a8f364f52aaef3702417c", kill_on_drop: false }`
[INFO] running `Command { std: "docker" "rm" "-f" "cccd26f8fe4dd9a8141f16de9b05d023f14c3b17060a8f364f52aaef3702417c", kill_on_drop: false }`
[INFO] [stdout] cccd26f8fe4dd9a8141f16de9b05d023f14c3b17060a8f364f52aaef3702417c
[INFO] running `Command { std: "docker" "create" "-v" "/var/lib/crater-agent-workspace/builds/worker-1-tc1/target:/opt/rustwide/target:rw,Z" "-v" "/var/lib/crater-agent-workspace/builds/worker-1-tc1/source:/opt/rustwide/workdir:ro,Z" "-v" "/var/lib/crater-agent-workspace/cargo-home:/opt/rustwide/cargo-home:ro,Z" "-v" "/var/lib/crater-agent-workspace/rustup-home:/opt/rustwide/rustup-home:ro,Z" "-e" "SOURCE_DIR=/opt/rustwide/workdir" "-e" "CARGO_TARGET_DIR=/opt/rustwide/target" "-e" "CARGO_INCREMENTAL=0" "-e" "RUST_BACKTRACE=full" "-e" "RUSTFLAGS=--cap-lints=forbid" "-e" "RUSTDOCFLAGS=--cap-lints=forbid" "-e" "CARGO_HOME=/opt/rustwide/cargo-home" "-e" "RUSTUP_HOME=/opt/rustwide/rustup-home" "-w" "/opt/rustwide/workdir" "-m" "1610612736" "--user" "0:0" "--network" "none" "ghcr.io/rust-lang/crates-build-env/linux@sha256:4a844ea9eb2546a2d2c7022eacef16ef2e8229c7fbb2c7d4d55a9ceca922f72d" "/opt/rustwide/cargo-home/bin/cargo" "+nightly-2024-10-28" "test" "--frozen", kill_on_drop: false }`
[INFO] [stdout] 9b688fdac34c857c370f5ce038632f5f0e732006ec007e83ab55d7c8f64a8d3a
[INFO] running `Command { std: "docker" "start" "-a" "9b688fdac34c857c370f5ce038632f5f0e732006ec007e83ab55d7c8f64a8d3a", kill_on_drop: false }`
[INFO] [stderr]     Finished `test` profile [unoptimized + debuginfo] target(s) in 0.01s
[INFO] [stderr]      Running unittests src/lib.rs (/opt/rustwide/target/debug/deps/fronma-e6d6946bdb54320c)
[INFO] [stdout] 
[INFO] [stdout] running 13 tests
[INFO] [stdout] test parser::tests::parse_with_empty_frontmatter ... ok
[INFO] [stdout] test parser::tests::parse_with_missing_beginning_line ... ok
[INFO] [stdout] test parser::tests::parse_with_empty_frontmatter_crlf ... ok
[INFO] [stdout] test parser::tests::parse_with_empty_known_field_crlf ... ok
[INFO] [stdout] test parser::tests::parse_with_empty_known_field ... ok
[INFO] [stdout] test parser::tests::parse_with_missing_ending_line_crlf ... ok
[INFO] [stdout] test parser::tests::parse_with_missing_ending_line ... ok
[INFO] [stdout] test parser::tests::parse_with_missing_known_field ... ok
[INFO] [stdout] test parser::tests::parse_with_missing_known_field_crlf ... ok
[INFO] [stdout] test parser::tests::parse_with_unknown_field ... ok
[INFO] [stdout] test parser::tests::parse_with_unknown_field_crlf ... ok
[INFO] [stdout] test parser::tests::parse_with_valid_frontmatter ... ok
[INFO] [stdout] test parser::tests::parse_with_valid_frontmatter_crlf ... ok
[INFO] [stdout] 
[INFO] [stdout] test result: ok. 13 passed; 0 failed; 0 ignored; 0 measured; 0 filtered out; finished in 0.00s
[INFO] [stdout] 
[INFO] [stderr]    Doc-tests fronma
[INFO] [stdout] 
[INFO] [stdout] running 2 tests
[INFO] [stdout] test src/../README.md - (line 57) ... FAILED
[INFO] [stdout] test src/../README.md - (line 18) ... ok
[INFO] [stdout] 
[INFO] [stdout] failures:
[INFO] [stdout] 
[INFO] [stdout] ---- src/../README.md - (line 57) stdout ----
[INFO] [stdout] error[E0432]: unresolved import `fronma::engines::Toml`
[INFO] [stdout]  --> src/../README.md:59:5
[INFO] [stdout]   |
[INFO] [stdout] 4 | use fronma::engines::Toml;
[INFO] [stdout]   |     ^^^^^^^^^^^^^^^^^^^^^ no `Toml` in `engines`
[INFO] [stdout] 
[INFO] [stdout] error: aborting due to 1 previous error
[INFO] [stdout] 
[INFO] [stdout] For more information about this error, try `rustc --explain E0432`.
[INFO] [stdout] Couldn't compile the test.
[INFO] [stdout] 
[INFO] [stdout] failures:
[INFO] [stdout]     src/../README.md - (line 57)
[INFO] [stdout] 
[INFO] [stdout] test result: FAILED. 1 passed; 1 failed; 0 ignored; 0 measured; 0 filtered out; finished in 0.15s
[INFO] [stdout] 
[INFO] [stderr] error: doctest failed, to rerun pass `--doc`
[INFO] running `Command { std: "docker" "inspect" "9b688fdac34c857c370f5ce038632f5f0e732006ec007e83ab55d7c8f64a8d3a", kill_on_drop: false }`
[INFO] running `Command { std: "docker" "rm" "-f" "9b688fdac34c857c370f5ce038632f5f0e732006ec007e83ab55d7c8f64a8d3a", kill_on_drop: false }`
[INFO] [stdout] 9b688fdac34c857c370f5ce038632f5f0e732006ec007e83ab55d7c8f64a8d3a
