[INFO] fetching crate freyr 0.1.4...
[INFO] testing freyr-0.1.4 against nightly-2024-10-28+rustflags=-Zrandomize-layout for randomize-layout
[INFO] extracting crate freyr 0.1.4 into /workspace/builds/worker-5-tc2/source
[INFO] validating manifest of crates.io crate freyr 0.1.4 on toolchain nightly-2024-10-28
[INFO] running `Command { std: CARGO_HOME="/workspace/cargo-home" RUSTUP_HOME="/workspace/rustup-home" "/workspace/cargo-home/bin/cargo" "+nightly-2024-10-28" "metadata" "--manifest-path" "Cargo.toml" "--no-deps", kill_on_drop: false }`
[INFO] started tweaking crates.io crate freyr 0.1.4
[INFO] finished tweaking crates.io crate freyr 0.1.4
[INFO] tweaked toml for crates.io crate freyr 0.1.4 written to /workspace/builds/worker-5-tc2/source/Cargo.toml
[INFO] running `Command { std: CARGO_HOME="/workspace/cargo-home" RUSTUP_HOME="/workspace/rustup-home" "/workspace/cargo-home/bin/cargo" "+nightly-2024-10-28" "generate-lockfile" "--manifest-path" "Cargo.toml", kill_on_drop: false }`
[INFO] [stderr]     Updating crates.io index
[INFO] [stderr]     Blocking waiting for file lock on package cache
[INFO] [stderr]      Locking 280 packages to latest compatible versions
[INFO] running `Command { std: CARGO_HOME="/workspace/cargo-home" RUSTUP_HOME="/workspace/rustup-home" "/workspace/cargo-home/bin/cargo" "+nightly-2024-10-28" "fetch" "--manifest-path" "Cargo.toml", kill_on_drop: false }`
[INFO] [stderr]     Blocking waiting for file lock on package cache
[INFO] running `Command { std: "docker" "create" "-v" "/var/lib/crater-agent-workspace/builds/worker-5-tc2/target:/opt/rustwide/target:rw,Z" "-v" "/var/lib/crater-agent-workspace/builds/worker-5-tc2/source:/opt/rustwide/workdir:ro,Z" "-v" "/var/lib/crater-agent-workspace/cargo-home:/opt/rustwide/cargo-home:ro,Z" "-v" "/var/lib/crater-agent-workspace/rustup-home:/opt/rustwide/rustup-home:ro,Z" "-e" "SOURCE_DIR=/opt/rustwide/workdir" "-e" "CARGO_TARGET_DIR=/opt/rustwide/target" "-e" "CARGO_HOME=/opt/rustwide/cargo-home" "-e" "RUSTUP_HOME=/opt/rustwide/rustup-home" "-w" "/opt/rustwide/workdir" "-m" "1610612736" "--user" "0:0" "--network" "none" "ghcr.io/rust-lang/crates-build-env/linux@sha256:4a844ea9eb2546a2d2c7022eacef16ef2e8229c7fbb2c7d4d55a9ceca922f72d" "/opt/rustwide/cargo-home/bin/cargo" "+nightly-2024-10-28" "metadata" "--no-deps" "--format-version=1", kill_on_drop: false }`
[INFO] [stdout] 8f314882521d7750ca2a91183a1d7171ba310d46c03f1b1da572697b331cbc8a
[INFO] running `Command { std: "docker" "start" "-a" "8f314882521d7750ca2a91183a1d7171ba310d46c03f1b1da572697b331cbc8a", kill_on_drop: false }`
[INFO] running `Command { std: "docker" "inspect" "8f314882521d7750ca2a91183a1d7171ba310d46c03f1b1da572697b331cbc8a", kill_on_drop: false }`
[INFO] running `Command { std: "docker" "rm" "-f" "8f314882521d7750ca2a91183a1d7171ba310d46c03f1b1da572697b331cbc8a", kill_on_drop: false }`
[INFO] [stdout] 8f314882521d7750ca2a91183a1d7171ba310d46c03f1b1da572697b331cbc8a
[INFO] running `Command { std: "docker" "create" "-v" "/var/lib/crater-agent-workspace/builds/worker-5-tc2/target:/opt/rustwide/target:rw,Z" "-v" "/var/lib/crater-agent-workspace/builds/worker-5-tc2/source:/opt/rustwide/workdir:ro,Z" "-v" "/var/lib/crater-agent-workspace/cargo-home:/opt/rustwide/cargo-home:ro,Z" "-v" "/var/lib/crater-agent-workspace/rustup-home:/opt/rustwide/rustup-home:ro,Z" "-e" "SOURCE_DIR=/opt/rustwide/workdir" "-e" "CARGO_TARGET_DIR=/opt/rustwide/target" "-e" "CARGO_INCREMENTAL=0" "-e" "RUST_BACKTRACE=full" "-e" "RUSTFLAGS=--cap-lints=forbid -Zrandomize-layout" "-e" "RUSTDOCFLAGS=--cap-lints=forbid" "-e" "CARGO_HOME=/opt/rustwide/cargo-home" "-e" "RUSTUP_HOME=/opt/rustwide/rustup-home" "-w" "/opt/rustwide/workdir" "-m" "1610612736" "--user" "0:0" "--network" "none" "ghcr.io/rust-lang/crates-build-env/linux@sha256:4a844ea9eb2546a2d2c7022eacef16ef2e8229c7fbb2c7d4d55a9ceca922f72d" "/opt/rustwide/cargo-home/bin/cargo" "+nightly-2024-10-28" "build" "--frozen" "--message-format=json", kill_on_drop: false }`
[INFO] [stdout] 51c2b7d09ecb8099649b16035054a58d9f3893227f38db86fa6a5d85c5b29906
[INFO] running `Command { std: "docker" "start" "-a" "51c2b7d09ecb8099649b16035054a58d9f3893227f38db86fa6a5d85c5b29906", kill_on_drop: false }`
[INFO] [stderr]    Compiling proc-macro2 v1.0.89
[INFO] [stderr]    Compiling unicode-ident v1.0.13
[INFO] [stderr]    Compiling once_cell v1.20.2
[INFO] [stderr]    Compiling log v0.4.22
[INFO] [stderr]    Compiling pin-project-lite v0.2.15
[INFO] [stderr]    Compiling wasm-bindgen-shared v0.2.95
[INFO] [stderr]    Compiling futures-core v0.3.31
[INFO] [stderr]    Compiling bumpalo v3.16.0
[INFO] [stderr]    Compiling smallvec v1.13.2
[INFO] [stderr]    Compiling equivalent v1.0.1
[INFO] [stderr]    Compiling wasm-bindgen v0.2.95
[INFO] [stderr]    Compiling libc v0.2.161
[INFO] [stderr]    Compiling slab v0.4.9
[INFO] [stderr]    Compiling lock_api v0.4.12
[INFO] [stderr]    Compiling serde_json v1.0.132
[INFO] [stderr]    Compiling version_check v0.9.5
[INFO] [stderr]    Compiling parking_lot_core v0.9.10
[INFO] [stderr]    Compiling futures-task v0.3.31
[INFO] [stderr]    Compiling futures-channel v0.3.31
[INFO] [stderr]    Compiling thiserror v1.0.66
[INFO] [stderr]    Compiling tracing-core v0.1.32
[INFO] [stderr]    Compiling overload v0.1.1
[INFO] [stderr]    Compiling allocator-api2 v0.2.18
[INFO] [stderr]    Compiling sharded-slab v0.1.7
[INFO] [stderr]    Compiling thread_local v1.1.8
[INFO] [stderr]    Compiling hashbrown v0.15.0
[INFO] [stderr]    Compiling nu-ansi-term v0.46.0
[INFO] [stderr]    Compiling memchr v2.7.4
[INFO] [stderr]    Compiling semver v1.0.23
[INFO] [stderr]    Compiling slotmap v1.0.7
[INFO] [stderr]    Compiling rustc-hash v1.1.0
[INFO] [stderr]    Compiling bytes v1.8.0
[INFO] [stderr]    Compiling futures-io v0.3.31
[INFO] [stderr]    Compiling longest-increasing-subsequence v0.1.0
[INFO] [stderr]    Compiling cc v1.1.31
[INFO] [stderr]    Compiling camino v1.1.9
[INFO] [stderr]    Compiling vcpkg v0.2.15
[INFO] [stderr]    Compiling pkg-config v0.3.31
[INFO] [stderr]    Compiling tracing-log v0.2.0
[INFO] [stderr]    Compiling foldhash v0.1.3
[INFO] [stderr]    Compiling ahash v0.8.11
[INFO] [stderr]    Compiling futures-sink v0.3.31
[INFO] [stderr]    Compiling percent-encoding v2.3.1
[INFO] [stderr]    Compiling http v0.2.12
[INFO] [stderr]    Compiling quote v1.0.37
[INFO] [stderr]    Compiling num-traits v0.2.19
[INFO] [stderr]    Compiling indexmap v2.6.0
[INFO] [stderr]    Compiling futures-util v0.3.31
[INFO] [stderr]    Compiling tracing-subscriber v0.3.18
[INFO] [stderr]    Compiling form_urlencoded v1.2.1
[INFO] [stderr]    Compiling fixedbitset v0.4.2
[INFO] [stderr]    Compiling zerocopy v0.7.35
[INFO] [stderr]    Compiling syn v2.0.86
[INFO] [stderr]    Compiling tinyvec v1.8.0
[INFO] [stderr]    Compiling mio v1.0.2
[INFO] [stderr]    Compiling socket2 v0.5.7
[INFO] [stderr]    Compiling unicode-segmentation v1.12.0
[INFO] [stderr]    Compiling crossbeam-utils v0.8.20
[INFO] [stderr]    Compiling hashbrown v0.14.5
[INFO] [stderr]    Compiling tokio v1.41.0
[INFO] [stderr]    Compiling cfg-expr v0.15.8
[INFO] [stderr]    Compiling foreign-types-shared v0.1.1
[INFO] [stderr]    Compiling openssl v0.10.68
[INFO] [stderr]    Compiling unicode-bidi v0.3.17
[INFO] [stderr]    Compiling foreign-types v0.3.2
[INFO] [stderr]    Compiling parking_lot v0.12.3
[INFO] [stderr]    Compiling convert_case v0.6.0
[INFO] [stderr]    Compiling unicode-normalization v0.1.24
[INFO] [stderr]    Compiling httparse v1.9.5
[INFO] [stderr]    Compiling openssl-sys v0.9.104
[INFO] [stderr]    Compiling bitflags v2.6.0
[INFO] [stderr]    Compiling native-tls v0.2.12
[INFO] [stderr]    Compiling ordered-float v2.10.1
[INFO] [stderr]    Compiling concurrent-queue v2.5.0
[INFO] [stderr]    Compiling openssl-probe v0.1.5
[INFO] [stderr]    Compiling try-lock v0.2.5
[INFO] [stderr]    Compiling parking v2.2.1
[INFO] [stderr]    Compiling idna v0.5.0
[INFO] [stderr]    Compiling want v0.3.1
[INFO] [stderr]    Compiling event-listener v5.3.1
[INFO] [stderr]    Compiling generational-box v0.5.6
[INFO] [stderr]    Compiling http-body v0.4.6
[INFO] [stderr]    Compiling petgraph v0.6.5
[INFO] [stderr]    Compiling tower-service v0.3.3
[INFO] [stderr]    Compiling httpdate v1.0.3
[INFO] [stderr]    Compiling prettyplease v0.2.25
[INFO] [stderr]    Compiling event-listener-strategy v0.5.2
[INFO] [stderr]    Compiling internment v0.7.5
[INFO] [stderr]    Compiling byteorder v1.5.0
[INFO] [stderr]    Compiling atomic-waker v1.1.2
[INFO] [stderr]    Compiling fastrand v2.1.1
[INFO] [stderr]    Compiling uuid v1.11.0
[INFO] [stderr]    Compiling winnow v0.5.40
[INFO] [stderr]    Compiling base64 v0.21.7
[INFO] [stderr]    Compiling md5 v0.7.0
[INFO] [stderr]    Compiling anyhow v1.0.92
[INFO] [stderr]    Compiling piper v0.2.4
[INFO] [stderr]    Compiling cfb v0.7.3
[INFO] [stderr]    Compiling dioxus-interpreter-js v0.5.6
[INFO] [stderr]    Compiling async-channel v2.3.1
[INFO] [stderr]    Compiling lru v0.12.5
[INFO] [stderr]    Compiling futures-lite v2.4.0
[INFO] [stderr]    Compiling encoding_rs v0.8.35
[INFO] [stderr]    Compiling ipnet v2.10.1
[INFO] [stderr]    Compiling sync_wrapper v0.1.2
[INFO] [stderr]    Compiling async-task v4.7.1
[INFO] [stderr]    Compiling rustls-pemfile v1.0.4
[INFO] [stderr]    Compiling dioxus-cli-config v0.5.6
[INFO] [stderr]    Compiling mime v0.3.17
[INFO] [stderr]    Compiling constcat v0.3.1
[INFO] [stderr]    Compiling anymap2 v0.13.0
[INFO] [stderr]    Compiling dioxus-debug-cell v0.1.1
[INFO] [stderr]    Compiling sledgehammer_utils v0.2.1
[INFO] [stderr]    Compiling spinning v0.1.0
[INFO] [stderr]    Compiling home v0.5.9
[INFO] [stderr]    Compiling intmap v0.7.1
[INFO] [stderr]    Compiling blocking v1.6.1
[INFO] [stderr]    Compiling infer v0.11.0
[INFO] [stderr]    Compiling manganis-macro v0.2.2
[INFO] [stderr]    Compiling to_method v1.1.0
[INFO] [stderr]    Compiling url v2.5.2
[INFO] [stderr]    Compiling urlencoding v2.1.3
[INFO] [stderr]    Compiling dioxus v0.5.6
[INFO] [stderr]    Compiling dioxus-config-macro v0.5.6
[INFO] [stderr]    Compiling wasm-bindgen-backend v0.2.95
[INFO] [stderr]    Compiling darling_core v0.20.10
[INFO] [stderr]    Compiling serde_derive v1.0.214
[INFO] [stderr]    Compiling tracing-attributes v0.1.27
[INFO] [stderr]    Compiling thiserror-impl v1.0.66
[INFO] [stderr]    Compiling futures-macro v0.3.31
[INFO] [stderr]    Compiling openssl-macros v0.1.1
[INFO] [stderr]    Compiling dioxus-html-internal-macro v0.5.6
[INFO] [stderr]    Compiling async-trait v0.1.83
[INFO] [stderr]    Compiling serde_repr v0.1.19
[INFO] [stderr]    Compiling pin-project-internal v1.1.7
[INFO] [stderr]    Compiling sledgehammer_bindgen_macro v0.5.1
[INFO] [stderr]    Compiling dioxus-router-macro v0.5.6
[INFO] [stderr]    Compiling tokio-util v0.7.12
[INFO] [stderr]    Compiling wasm-bindgen-macro-support v0.2.95
[INFO] [stderr]    Compiling pin-project v1.1.7
[INFO] [stderr]    Compiling tracing v0.1.40
[INFO] [stderr]    Compiling h2 v0.3.26
[INFO] [stderr]    Compiling dioxus-logger v0.5.1
[INFO] [stderr]    Compiling wasm-bindgen-macro v0.2.95
[INFO] [stderr]    Compiling darling_macro v0.20.10
[INFO] [stderr]    Compiling darling v0.20.10
[INFO] [stderr]    Compiling enumset_derive v0.10.0
[INFO] [stderr]    Compiling js-sys v0.3.72
[INFO] [stderr]    Compiling sledgehammer_bindgen v0.5.0
[INFO] [stderr]    Compiling console_error_panic_hook v0.1.7
[INFO] [stderr]    Compiling serde v1.0.214
[INFO] [stderr]    Compiling enumset v1.1.5
[INFO] [stderr]    Compiling tokio-native-tls v0.3.1
[INFO] [stderr]    Compiling hyper v0.14.31
[INFO] [stderr]    Compiling cargo-platform v0.1.8
[INFO] [stderr]    Compiling serde_urlencoded v0.7.1
[INFO] [stderr]    Compiling euclid v0.22.11
[INFO] [stderr]    Compiling serde-value v0.7.0
[INFO] [stderr]    Compiling serde_spanned v0.6.8
[INFO] [stderr]    Compiling toml_datetime v0.6.8
[INFO] [stderr]    Compiling bincode v1.3.3
[INFO] [stderr]    Compiling keyboard-types v0.7.0
[INFO] [stderr]    Compiling toml_edit v0.19.15
[INFO] [stderr]    Compiling rustc_version v0.4.1
[INFO] [stderr]    Compiling web-sys v0.3.72
[INFO] [stderr]    Compiling wasm-bindgen-futures v0.4.45
[INFO] [stderr]    Compiling serde-wasm-bindgen v0.5.0
[INFO] [stderr]    Compiling gloo-timers v0.2.6
[INFO] [stderr]    Compiling interprocess-docfix v1.2.2
[INFO] [stderr]    Compiling dioxus-core v0.5.6
[INFO] [stderr]    Compiling cargo_metadata v0.18.1
[INFO] [stderr]    Compiling hyper-tls v0.5.0
[INFO] [stderr]    Compiling reqwest v0.11.27
[INFO] [stderr]    Compiling krates v0.16.10
[INFO] [stderr]    Compiling dioxus-signals v0.5.7
[INFO] [stderr]    Compiling toml v0.7.8
[INFO] [stderr]    Compiling dioxus-rsx v0.5.6
[INFO] [stderr]    Compiling dioxus-hooks v0.5.6
[INFO] [stderr]    Compiling manganis-common v0.2.4
[INFO] [stderr]    Compiling dioxus-core-macro v0.5.6
[INFO] [stderr]    Compiling manganis v0.2.2
[INFO] [stderr]    Compiling gloo-utils v0.1.7
[INFO] [stderr]    Compiling dioxus-html v0.5.6
[INFO] [stderr]    Compiling gloo-events v0.1.2
[INFO] [stderr]    Compiling gloo-render v0.1.1
[INFO] [stderr]    Compiling gloo-dialogs v0.1.1
[INFO] [stderr]    Compiling gloo-console v0.2.3
[INFO] [stderr]    Compiling gloo-net v0.3.1
[INFO] [stderr]    Compiling gloo-storage v0.2.2
[INFO] [stderr]    Compiling gloo-history v0.1.5
[INFO] [stderr]    Compiling gloo-file v0.2.3
[INFO] [stderr]    Compiling gloo-worker v0.2.1
[INFO] [stderr]    Compiling gloo v0.8.1
[INFO] [stderr]    Compiling dioxus-lib v0.5.6
[INFO] [stderr]    Compiling dioxus-web v0.5.6
[INFO] [stderr]    Compiling dioxus-hot-reload v0.5.6
[INFO] [stderr]    Compiling dioxus-router v0.5.6
[INFO] [stderr]    Compiling freyr v0.1.4 (/opt/rustwide/workdir)
[INFO] [stdout] warning: unused imports: `DropdownColorScheme`, `DropdownHoverColor`, `DropdownItem`, `DropdownLabelsColor`, and `DropdownTitleColor`
[INFO] [stdout]  --> src/dropdown.rs:4:21
[INFO] [stdout]   |
[INFO] [stdout] 4 |     DropdownConfig, DropdownItem, DropdownColorScheme, DropdownTitleColor, DropdownLabelsColor, DropdownHoverColor,
[INFO] [stdout]   |                     ^^^^^^^^^^^^  ^^^^^^^^^^^^^^^^^^^  ^^^^^^^^^^^^^^^^^^  ^^^^^^^^^^^^^^^^^^^  ^^^^^^^^^^^^^^^^^^
[INFO] [stdout]   |
[INFO] [stdout]   = note: `#[warn(unused_imports)]` on by default
[INFO] [stdout] 
[INFO] [stdout] 
[INFO] [stderr]     Finished `dev` profile [unoptimized + debuginfo] target(s) in 24.11s
[INFO] running `Command { std: "docker" "inspect" "51c2b7d09ecb8099649b16035054a58d9f3893227f38db86fa6a5d85c5b29906", kill_on_drop: false }`
[INFO] running `Command { std: "docker" "rm" "-f" "51c2b7d09ecb8099649b16035054a58d9f3893227f38db86fa6a5d85c5b29906", kill_on_drop: false }`
[INFO] [stdout] 51c2b7d09ecb8099649b16035054a58d9f3893227f38db86fa6a5d85c5b29906
[INFO] running `Command { std: "docker" "create" "-v" "/var/lib/crater-agent-workspace/builds/worker-5-tc2/target:/opt/rustwide/target:rw,Z" "-v" "/var/lib/crater-agent-workspace/builds/worker-5-tc2/source:/opt/rustwide/workdir:ro,Z" "-v" "/var/lib/crater-agent-workspace/cargo-home:/opt/rustwide/cargo-home:ro,Z" "-v" "/var/lib/crater-agent-workspace/rustup-home:/opt/rustwide/rustup-home:ro,Z" "-e" "SOURCE_DIR=/opt/rustwide/workdir" "-e" "CARGO_TARGET_DIR=/opt/rustwide/target" "-e" "CARGO_INCREMENTAL=0" "-e" "RUST_BACKTRACE=full" "-e" "RUSTFLAGS=--cap-lints=forbid -Zrandomize-layout" "-e" "RUSTDOCFLAGS=--cap-lints=forbid" "-e" "CARGO_HOME=/opt/rustwide/cargo-home" "-e" "RUSTUP_HOME=/opt/rustwide/rustup-home" "-w" "/opt/rustwide/workdir" "-m" "1610612736" "--user" "0:0" "--network" "none" "ghcr.io/rust-lang/crates-build-env/linux@sha256:4a844ea9eb2546a2d2c7022eacef16ef2e8229c7fbb2c7d4d55a9ceca922f72d" "/opt/rustwide/cargo-home/bin/cargo" "+nightly-2024-10-28" "test" "--frozen" "--no-run" "--message-format=json", kill_on_drop: false }`
[INFO] [stdout] 1f892791fd5559e7f4225284a554bb95ea078a979bccc7859f86c9878b6e88b3
[INFO] running `Command { std: "docker" "start" "-a" "1f892791fd5559e7f4225284a554bb95ea078a979bccc7859f86c9878b6e88b3", kill_on_drop: false }`
[INFO] [stderr]    Compiling freyr v0.1.4 (/opt/rustwide/workdir)
[INFO] [stdout] warning: unused imports: `DropdownColorScheme`, `DropdownHoverColor`, `DropdownItem`, `DropdownLabelsColor`, and `DropdownTitleColor`
[INFO] [stdout]  --> src/dropdown.rs:4:21
[INFO] [stdout]   |
[INFO] [stdout] 4 |     DropdownConfig, DropdownItem, DropdownColorScheme, DropdownTitleColor, DropdownLabelsColor, DropdownHoverColor,
[INFO] [stdout]   |                     ^^^^^^^^^^^^  ^^^^^^^^^^^^^^^^^^^  ^^^^^^^^^^^^^^^^^^  ^^^^^^^^^^^^^^^^^^^  ^^^^^^^^^^^^^^^^^^
[INFO] [stdout]   |
[INFO] [stdout]   = note: `#[warn(unused_imports)]` on by default
[INFO] [stdout] 
[INFO] [stdout] 
[INFO] [stdout] warning: unused imports: `DropdownColorScheme`, `DropdownHoverColor`, `DropdownItem`, `DropdownLabelsColor`, and `DropdownTitleColor`
[INFO] [stdout]  --> src/dropdown.rs:4:21
[INFO] [stdout]   |
[INFO] [stdout] 4 |     DropdownConfig, DropdownItem, DropdownColorScheme, DropdownTitleColor, DropdownLabelsColor, DropdownHoverColor,
[INFO] [stdout]   |                     ^^^^^^^^^^^^  ^^^^^^^^^^^^^^^^^^^  ^^^^^^^^^^^^^^^^^^  ^^^^^^^^^^^^^^^^^^^  ^^^^^^^^^^^^^^^^^^
[INFO] [stdout]   |
[INFO] [stdout]   = note: `#[warn(unused_imports)]` on by default
[INFO] [stdout] 
[INFO] [stdout] 
[INFO] [stderr]     Finished `test` profile [unoptimized + debuginfo] target(s) in 0.98s
[INFO] running `Command { std: "docker" "inspect" "1f892791fd5559e7f4225284a554bb95ea078a979bccc7859f86c9878b6e88b3", kill_on_drop: false }`
[INFO] running `Command { std: "docker" "rm" "-f" "1f892791fd5559e7f4225284a554bb95ea078a979bccc7859f86c9878b6e88b3", kill_on_drop: false }`
[INFO] [stdout] 1f892791fd5559e7f4225284a554bb95ea078a979bccc7859f86c9878b6e88b3
[INFO] running `Command { std: "docker" "create" "-v" "/var/lib/crater-agent-workspace/builds/worker-5-tc2/target:/opt/rustwide/target:rw,Z" "-v" "/var/lib/crater-agent-workspace/builds/worker-5-tc2/source:/opt/rustwide/workdir:ro,Z" "-v" "/var/lib/crater-agent-workspace/cargo-home:/opt/rustwide/cargo-home:ro,Z" "-v" "/var/lib/crater-agent-workspace/rustup-home:/opt/rustwide/rustup-home:ro,Z" "-e" "SOURCE_DIR=/opt/rustwide/workdir" "-e" "CARGO_TARGET_DIR=/opt/rustwide/target" "-e" "CARGO_INCREMENTAL=0" "-e" "RUST_BACKTRACE=full" "-e" "RUSTFLAGS=--cap-lints=forbid -Zrandomize-layout" "-e" "RUSTDOCFLAGS=--cap-lints=forbid" "-e" "CARGO_HOME=/opt/rustwide/cargo-home" "-e" "RUSTUP_HOME=/opt/rustwide/rustup-home" "-w" "/opt/rustwide/workdir" "-m" "1610612736" "--user" "0:0" "--network" "none" "ghcr.io/rust-lang/crates-build-env/linux@sha256:4a844ea9eb2546a2d2c7022eacef16ef2e8229c7fbb2c7d4d55a9ceca922f72d" "/opt/rustwide/cargo-home/bin/cargo" "+nightly-2024-10-28" "test" "--frozen", kill_on_drop: false }`
[INFO] [stdout] 2da0154fc29d55d614783f0185d4406c307b6e3d320ad3a73531d1aabd583313
[INFO] running `Command { std: "docker" "start" "-a" "2da0154fc29d55d614783f0185d4406c307b6e3d320ad3a73531d1aabd583313", kill_on_drop: false }`
[INFO] [stderr] warning: unused imports: `DropdownColorScheme`, `DropdownHoverColor`, `DropdownItem`, `DropdownLabelsColor`, and `DropdownTitleColor`
[INFO] [stderr]  --> src/dropdown.rs:4:21
[INFO] [stderr]   |
[INFO] [stderr] 4 |     DropdownConfig, DropdownItem, DropdownColorScheme, DropdownTitleColor, DropdownLabelsColor, DropdownHoverColor,
[INFO] [stderr]   |                     ^^^^^^^^^^^^  ^^^^^^^^^^^^^^^^^^^  ^^^^^^^^^^^^^^^^^^  ^^^^^^^^^^^^^^^^^^^  ^^^^^^^^^^^^^^^^^^
[INFO] [stderr]   |
[INFO] [stderr]   = note: `#[warn(unused_imports)]` on by default
[INFO] [stderr] 
[INFO] [stderr] warning: `freyr` (lib) generated 1 warning (run `cargo fix --lib -p freyr` to apply 1 suggestion)
[INFO] [stderr] warning: `freyr` (lib test) generated 1 warning (1 duplicate)
[INFO] [stderr]     Finished `test` profile [unoptimized + debuginfo] target(s) in 0.17s
[INFO] [stderr]      Running unittests src/lib.rs (/opt/rustwide/target/debug/deps/freyr-4ff017567dce371b)
[INFO] [stdout] 
[INFO] [stdout] running 0 tests
[INFO] [stdout] 
[INFO] [stdout] test result: ok. 0 passed; 0 failed; 0 ignored; 0 measured; 0 filtered out; finished in 0.00s
[INFO] [stdout] 
[INFO] [stderr]    Doc-tests freyr
[INFO] [stdout] 
[INFO] [stdout] running 5 tests
[INFO] [stdout] test src/basic_button.rs - basic_button::BasicButton (line 34) ... FAILED
[INFO] [stdout] test src/nav_bar.rs - nav_bar::Navbar (line 9) ... FAILED
[INFO] [stdout] test src/navbar_with_logo.rs - navbar_with_logo::NavbarWithLogo (line 9) ... FAILED
[INFO] [stdout] test src/dropdown.rs - dropdown::DropdownMenu (line 16) ... ok
[INFO] [stdout] test src/lib.rs - (line 27) ... ok
[INFO] [stdout] 
[INFO] [stdout] failures:
[INFO] [stdout] 
[INFO] [stdout] ---- src/basic_button.rs - basic_button::BasicButton (line 34) stdout ----
[INFO] [stdout] error: expected `;`, found `BasicButton`
[INFO] [stdout]  --> src/basic_button.rs:35:59
[INFO] [stdout]   |
[INFO] [stdout] 3 | BasicButton { color: ButtonColor::Freyr, label: "Freyr!" }
[INFO] [stdout]   |                                                           ^ help: add `;` here
[INFO] [stdout] 4 | BasicButton { color: ButtonColor::Transparent, label: "I am transparent" }
[INFO] [stdout]   | ----------- unexpected token
[INFO] [stdout] 
[INFO] [stdout] error[E0422]: cannot find struct, variant or union type `BasicButton` in this scope
[INFO] [stdout]  --> src/basic_button.rs:36:1
[INFO] [stdout]   |
[INFO] [stdout] 4 | BasicButton { color: ButtonColor::Transparent, label: "I am transparent" }
[INFO] [stdout]   | ^^^^^^^^^^^ not found in this scope
[INFO] [stdout] 
[INFO] [stdout] error[E0433]: failed to resolve: use of undeclared type `ButtonColor`
[INFO] [stdout]  --> src/basic_button.rs:36:22
[INFO] [stdout]   |
[INFO] [stdout] 4 | BasicButton { color: ButtonColor::Transparent, label: "I am transparent" }
[INFO] [stdout]   |                      ^^^^^^^^^^^ use of undeclared type `ButtonColor`
[INFO] [stdout]   |
[INFO] [stdout] help: consider importing this enum
[INFO] [stdout]   |
[INFO] [stdout] 2 + use freyr::ButtonColor;
[INFO] [stdout]   |
[INFO] [stdout] 
[INFO] [stdout] error: aborting due to 3 previous errors
[INFO] [stdout] 
[INFO] [stdout] Some errors have detailed explanations: E0422, E0433.
[INFO] [stdout] For more information about an error, try `rustc --explain E0422`.
[INFO] [stdout] Couldn't compile the test.
[INFO] [stdout] ---- src/nav_bar.rs - nav_bar::Navbar (line 9) stdout ----
[INFO] [stdout] error: cannot find macro `rsx` in this scope
[INFO] [stdout]   --> src/nav_bar.rs:19:1
[INFO] [stdout]    |
[INFO] [stdout] 12 | rsx! {
[INFO] [stdout]    | ^^^
[INFO] [stdout]    |
[INFO] [stdout] help: consider importing this macro
[INFO] [stdout]    |
[INFO] [stdout] 2  + use dioxus::prelude::rsx;
[INFO] [stdout]    |
[INFO] [stdout] 
[INFO] [stdout] error[E0422]: cannot find struct, variant or union type `NavbarConfig` in this scope
[INFO] [stdout]  --> src/nav_bar.rs:10:21
[INFO] [stdout]   |
[INFO] [stdout] 3 | let navbar_config = NavbarConfig {
[INFO] [stdout]   |                     ^^^^^^^^^^^^ not found in this scope
[INFO] [stdout]   |
[INFO] [stdout] help: consider importing this struct
[INFO] [stdout]   |
[INFO] [stdout] 2 + use freyr::NavbarConfig;
[INFO] [stdout]   |
[INFO] [stdout] 
[INFO] [stdout] error[E0433]: failed to resolve: use of undeclared type `ColorScheme`
[INFO] [stdout]  --> src/nav_bar.rs:11:23
[INFO] [stdout]   |
[INFO] [stdout] 4 |     background_color: ColorScheme::Freyr,
[INFO] [stdout]   |                       ^^^^^^^^^^^ use of undeclared type `ColorScheme`
[INFO] [stdout]   |
[INFO] [stdout] help: consider importing this enum
[INFO] [stdout]   |
[INFO] [stdout] 2 + use freyr::ColorScheme;
[INFO] [stdout]   |
[INFO] [stdout] 
[INFO] [stdout] error[E0433]: failed to resolve: use of undeclared type `NavItemsColor`
[INFO] [stdout]  --> src/nav_bar.rs:15:21
[INFO] [stdout]   |
[INFO] [stdout] 8 |     nav_item_color: NavItemsColor::Light,
[INFO] [stdout]   |                     ^^^^^^^^^^^^^ use of undeclared type `NavItemsColor`
[INFO] [stdout]   |
[INFO] [stdout] help: consider importing this enum
[INFO] [stdout]   |
[INFO] [stdout] 2 + use freyr::NavItemsColor;
[INFO] [stdout]   |
[INFO] [stdout] 
[INFO] [stdout] error[E0433]: failed to resolve: use of undeclared type `IconColor`
[INFO] [stdout]  --> src/nav_bar.rs:16:17
[INFO] [stdout]   |
[INFO] [stdout] 9 |     icon_color: IconColor::White,
[INFO] [stdout]   |                 ^^^^^^^^^ use of undeclared type `IconColor`
[INFO] [stdout]   |
[INFO] [stdout] help: consider importing this enum
[INFO] [stdout]   |
[INFO] [stdout] 2 + use freyr::IconColor;
[INFO] [stdout]   |
[INFO] [stdout] 
[INFO] [stdout] error: aborting due to 5 previous errors
[INFO] [stdout] 
[INFO] [stdout] Some errors have detailed explanations: E0422, E0433.
[INFO] [stdout] For more information about an error, try `rustc --explain E0422`.
[INFO] [stdout] Couldn't compile the test.
[INFO] [stdout] ---- src/navbar_with_logo.rs - navbar_with_logo::NavbarWithLogo (line 9) stdout ----
[INFO] [stdout] error: cannot find attribute `component` in this scope
[INFO] [stdout]  --> src/navbar_with_logo.rs:10:3
[INFO] [stdout]   |
[INFO] [stdout] 3 | #[component]
[INFO] [stdout]   |   ^^^^^^^^^
[INFO] [stdout]   |
[INFO] [stdout] help: consider importing this attribute macro
[INFO] [stdout]   |
[INFO] [stdout] 2 + use dioxus::prelude::component;
[INFO] [stdout]   |
[INFO] [stdout] 
[INFO] [stdout] error: cannot find macro `mg` in this scope
[INFO] [stdout]  --> src/navbar_with_logo.rs:12:30
[INFO] [stdout]   |
[INFO] [stdout] 5 |     const LOGO: ImageAsset = mg!(image("./assets/logo.png"));
[INFO] [stdout]   |                              ^^
[INFO] [stdout]   |
[INFO] [stdout] help: consider importing this macro
[INFO] [stdout]   |
[INFO] [stdout] 2 + use manganis::mg;
[INFO] [stdout]   |
[INFO] [stdout] 
[INFO] [stdout] error: cannot find macro `rsx` in this scope
[INFO] [stdout]   --> src/navbar_with_logo.rs:25:5
[INFO] [stdout]    |
[INFO] [stdout] 18 |     rsx! {
[INFO] [stdout]    |     ^^^
[INFO] [stdout]    |
[INFO] [stdout] help: consider importing this macro
[INFO] [stdout]    |
[INFO] [stdout] 2  + use dioxus::prelude::rsx;
[INFO] [stdout]    |
[INFO] [stdout] 
[INFO] [stdout] error[E0412]: cannot find type `Element` in this scope
[INFO] [stdout]  --> src/navbar_with_logo.rs:11:23
[INFO] [stdout]   |
[INFO] [stdout] 4 |    fn Navigation() -> Element {
[INFO] [stdout]   |                       ^^^^^^^ not found in this scope
[INFO] [stdout]   |
[INFO] [stdout] help: consider importing this type alias
[INFO] [stdout]   |
[INFO] [stdout] 2 + use dioxus::prelude::Element;
[INFO] [stdout]   |
[INFO] [stdout] 
[INFO] [stdout] error[E0412]: cannot find type `ImageAsset` in this scope
[INFO] [stdout]  --> src/navbar_with_logo.rs:12:17
[INFO] [stdout]   |
[INFO] [stdout] 5 |     const LOGO: ImageAsset = mg!(image("./assets/logo.png"));
[INFO] [stdout]   |                 ^^^^^^^^^^ not found in this scope
[INFO] [stdout]   |
[INFO] [stdout] help: consider importing this struct
[INFO] [stdout]   |
[INFO] [stdout] 2 + use manganis::ImageAsset;
[INFO] [stdout]   |
[INFO] [stdout] 
[INFO] [stdout] error[E0422]: cannot find struct, variant or union type `NavbarWithLogoConfig` in this scope
[INFO] [stdout]  --> src/navbar_with_logo.rs:14:30
[INFO] [stdout]   |
[INFO] [stdout] 7 |     let navbar_logo_config = NavbarWithLogoConfig {
[INFO] [stdout]   |                              ^^^^^^^^^^^^^^^^^^^^ not found in this scope
[INFO] [stdout]   |
[INFO] [stdout] help: consider importing this struct
[INFO] [stdout]   |
[INFO] [stdout] 2 + use freyr::NavbarWithLogoConfig;
[INFO] [stdout]   |
[INFO] [stdout] 
[INFO] [stdout] error[E0433]: failed to resolve: use of undeclared type `ColorScheme`
[INFO] [stdout]  --> src/navbar_with_logo.rs:15:27
[INFO] [stdout]   |
[INFO] [stdout] 8 |         background_color: ColorScheme::Freyr,
[INFO] [stdout]   |                           ^^^^^^^^^^^ use of undeclared type `ColorScheme`
[INFO] [stdout]   |
[INFO] [stdout] help: consider importing this enum
[INFO] [stdout]   |
[INFO] [stdout] 2 + use freyr::ColorScheme;
[INFO] [stdout]   |
[INFO] [stdout] 
[INFO] [stdout] error[E0433]: failed to resolve: use of undeclared type `NavItemsColor`
[INFO] [stdout]   --> src/navbar_with_logo.rs:18:25
[INFO] [stdout]    |
[INFO] [stdout] 11 |         nav_item_color: NavItemsColor::Light,
[INFO] [stdout]    |                         ^^^^^^^^^^^^^ use of undeclared type `NavItemsColor`
[INFO] [stdout]    |
[INFO] [stdout] help: consider importing this enum
[INFO] [stdout]    |
[INFO] [stdout] 2  + use freyr::NavItemsColor;
[INFO] [stdout]    |
[INFO] [stdout] 
[INFO] [stdout] error[E0433]: failed to resolve: use of undeclared type `IconColor`
[INFO] [stdout]   --> src/navbar_with_logo.rs:19:21
[INFO] [stdout]    |
[INFO] [stdout] 12 |         icon_color: IconColor::White,
[INFO] [stdout]    |                     ^^^^^^^^^ use of undeclared type `IconColor`
[INFO] [stdout]    |
[INFO] [stdout] help: consider importing this enum
[INFO] [stdout]    |
[INFO] [stdout] 2  + use freyr::IconColor;
[INFO] [stdout]    |
[INFO] [stdout] 
[INFO] [stdout] error: aborting due to 9 previous errors
[INFO] [stdout] 
[INFO] [stdout] Some errors have detailed explanations: E0412, E0422, E0433.
[INFO] [stdout] For more information about an error, try `rustc --explain E0412`.
[INFO] [stdout] Couldn't compile the test.
[INFO] [stdout] 
[INFO] [stdout] failures:
[INFO] [stdout]     src/basic_button.rs - basic_button::BasicButton (line 34)
[INFO] [stdout]     src/nav_bar.rs - nav_bar::Navbar (line 9)
[INFO] [stdout]     src/navbar_with_logo.rs - navbar_with_logo::NavbarWithLogo (line 9)
[INFO] [stdout] 
[INFO] [stdout] test result: FAILED. 2 passed; 3 failed; 0 ignored; 0 measured; 0 filtered out; finished in 0.24s
[INFO] [stdout] 
[INFO] [stderr] error: doctest failed, to rerun pass `--doc`
[INFO] running `Command { std: "docker" "inspect" "2da0154fc29d55d614783f0185d4406c307b6e3d320ad3a73531d1aabd583313", kill_on_drop: false }`
[INFO] running `Command { std: "docker" "rm" "-f" "2da0154fc29d55d614783f0185d4406c307b6e3d320ad3a73531d1aabd583313", kill_on_drop: false }`
[INFO] [stdout] 2da0154fc29d55d614783f0185d4406c307b6e3d320ad3a73531d1aabd583313
