[INFO] fetching crate freya-elements 0.2.0...
[INFO] testing freya-elements-0.2.0 against nightly-2024-10-28+rustflags=-Zrandomize-layout for randomize-layout
[INFO] extracting crate freya-elements 0.2.0 into /workspace/builds/worker-1-tc2/source
[INFO] validating manifest of crates.io crate freya-elements 0.2.0 on toolchain nightly-2024-10-28
[INFO] running `Command { std: CARGO_HOME="/workspace/cargo-home" RUSTUP_HOME="/workspace/rustup-home" "/workspace/cargo-home/bin/cargo" "+nightly-2024-10-28" "metadata" "--manifest-path" "Cargo.toml" "--no-deps", kill_on_drop: false }`
[INFO] started tweaking crates.io crate freya-elements 0.2.0
[INFO] finished tweaking crates.io crate freya-elements 0.2.0
[INFO] tweaked toml for crates.io crate freya-elements 0.2.0 written to /workspace/builds/worker-1-tc2/source/Cargo.toml
[INFO] running `Command { std: CARGO_HOME="/workspace/cargo-home" RUSTUP_HOME="/workspace/rustup-home" "/workspace/cargo-home/bin/cargo" "+nightly-2024-10-28" "generate-lockfile" "--manifest-path" "Cargo.toml", kill_on_drop: false }`
[INFO] [stderr]     Updating crates.io index
[INFO] [stderr]      Locking 220 packages to latest compatible versions
[INFO] [stderr]       Adding winit v0.29.15 (available: v0.30.5)
[INFO] running `Command { std: CARGO_HOME="/workspace/cargo-home" RUSTUP_HOME="/workspace/rustup-home" "/workspace/cargo-home/bin/cargo" "+nightly-2024-10-28" "fetch" "--manifest-path" "Cargo.toml", kill_on_drop: false }`
[INFO] running `Command { std: "docker" "create" "-v" "/var/lib/crater-agent-workspace/builds/worker-1-tc2/target:/opt/rustwide/target:rw,Z" "-v" "/var/lib/crater-agent-workspace/builds/worker-1-tc2/source:/opt/rustwide/workdir:ro,Z" "-v" "/var/lib/crater-agent-workspace/cargo-home:/opt/rustwide/cargo-home:ro,Z" "-v" "/var/lib/crater-agent-workspace/rustup-home:/opt/rustwide/rustup-home:ro,Z" "-e" "SOURCE_DIR=/opt/rustwide/workdir" "-e" "CARGO_TARGET_DIR=/opt/rustwide/target" "-e" "CARGO_HOME=/opt/rustwide/cargo-home" "-e" "RUSTUP_HOME=/opt/rustwide/rustup-home" "-w" "/opt/rustwide/workdir" "-m" "1610612736" "--user" "0:0" "--network" "none" "ghcr.io/rust-lang/crates-build-env/linux@sha256:4a844ea9eb2546a2d2c7022eacef16ef2e8229c7fbb2c7d4d55a9ceca922f72d" "/opt/rustwide/cargo-home/bin/cargo" "+nightly-2024-10-28" "metadata" "--no-deps" "--format-version=1", kill_on_drop: false }`
[INFO] [stdout] fc35754144538aaa7261e97ecd4f10bc02d7368acbbdd9ac6c119938e15c5a46
[INFO] running `Command { std: "docker" "start" "-a" "fc35754144538aaa7261e97ecd4f10bc02d7368acbbdd9ac6c119938e15c5a46", kill_on_drop: false }`
[INFO] running `Command { std: "docker" "inspect" "fc35754144538aaa7261e97ecd4f10bc02d7368acbbdd9ac6c119938e15c5a46", kill_on_drop: false }`
[INFO] running `Command { std: "docker" "rm" "-f" "fc35754144538aaa7261e97ecd4f10bc02d7368acbbdd9ac6c119938e15c5a46", kill_on_drop: false }`
[INFO] [stdout] fc35754144538aaa7261e97ecd4f10bc02d7368acbbdd9ac6c119938e15c5a46
[INFO] running `Command { std: "docker" "create" "-v" "/var/lib/crater-agent-workspace/builds/worker-1-tc2/target:/opt/rustwide/target:rw,Z" "-v" "/var/lib/crater-agent-workspace/builds/worker-1-tc2/source:/opt/rustwide/workdir:ro,Z" "-v" "/var/lib/crater-agent-workspace/cargo-home:/opt/rustwide/cargo-home:ro,Z" "-v" "/var/lib/crater-agent-workspace/rustup-home:/opt/rustwide/rustup-home:ro,Z" "-e" "SOURCE_DIR=/opt/rustwide/workdir" "-e" "CARGO_TARGET_DIR=/opt/rustwide/target" "-e" "CARGO_INCREMENTAL=0" "-e" "RUST_BACKTRACE=full" "-e" "RUSTFLAGS=--cap-lints=forbid -Zrandomize-layout" "-e" "RUSTDOCFLAGS=--cap-lints=forbid" "-e" "CARGO_HOME=/opt/rustwide/cargo-home" "-e" "RUSTUP_HOME=/opt/rustwide/rustup-home" "-w" "/opt/rustwide/workdir" "-m" "1610612736" "--user" "0:0" "--network" "none" "ghcr.io/rust-lang/crates-build-env/linux@sha256:4a844ea9eb2546a2d2c7022eacef16ef2e8229c7fbb2c7d4d55a9ceca922f72d" "/opt/rustwide/cargo-home/bin/cargo" "+nightly-2024-10-28" "build" "--frozen" "--message-format=json", kill_on_drop: false }`
[INFO] [stdout] d01f639a514ff7d17c9dda04f70d84fa9317eec252c773f41a7b3502958abca5
[INFO] running `Command { std: "docker" "start" "-a" "d01f639a514ff7d17c9dda04f70d84fa9317eec252c773f41a7b3502958abca5", kill_on_drop: false }`
[INFO] [stderr]    Compiling unicode-ident v1.0.13
[INFO] [stderr]    Compiling once_cell v1.20.2
[INFO] [stderr]    Compiling serde v1.0.214
[INFO] [stderr]    Compiling autocfg v1.4.0
[INFO] [stderr]    Compiling libc v0.2.161
[INFO] [stderr]    Compiling smallvec v1.13.2
[INFO] [stderr]    Compiling log v0.4.22
[INFO] [stderr]    Compiling version_check v0.9.5
[INFO] [stderr]    Compiling proc-macro2 v1.0.89
[INFO] [stderr]    Compiling pkg-config v0.3.31
[INFO] [stderr]    Compiling rustix v0.38.38
[INFO] [stderr]    Compiling libloading v0.8.5
[INFO] [stderr]    Compiling linux-raw-sys v0.4.14
[INFO] [stderr]    Compiling cc v1.1.31
[INFO] [stderr]    Compiling dlib v0.5.2
[INFO] [stderr]    Compiling quote v1.0.37
[INFO] [stderr]    Compiling tracing-core v0.1.32
[INFO] [stderr]    Compiling slab v0.4.9
[INFO] [stderr]    Compiling syn v2.0.86
[INFO] [stderr]    Compiling pin-project-lite v0.2.15
[INFO] [stderr]    Compiling lock_api v0.4.12
[INFO] [stderr]    Compiling wayland-sys v0.31.5
[INFO] [stderr]    Compiling memchr v2.7.4
[INFO] [stderr]    Compiling downcast-rs v1.2.1
[INFO] [stderr]    Compiling scoped-tls v1.0.1
[INFO] [stderr]    Compiling getrandom v0.2.15
[INFO] [stderr]    Compiling quick-xml v0.36.2
[INFO] [stderr]    Compiling scopeguard v1.2.0
[INFO] [stderr]    Compiling parking_lot_core v0.9.10
[INFO] [stderr]    Compiling wayland-client v0.31.7
[INFO] [stderr]    Compiling ahash v0.8.11
[INFO] [stderr]    Compiling zerocopy v0.7.35
[INFO] [stderr]    Compiling ahash v0.7.8
[INFO] [stderr]    Compiling wayland-backend v0.3.7
[INFO] [stderr]    Compiling parking_lot v0.12.3
[INFO] [stderr]    Compiling slotmap v1.0.7
[INFO] [stderr]    Compiling syn v1.0.109
[INFO] [stderr]    Compiling allocator-api2 v0.2.18
[INFO] [stderr]    Compiling overload v0.1.1
[INFO] [stderr]    Compiling futures-core v0.3.31
[INFO] [stderr]    Compiling nu-ansi-term v0.46.0
[INFO] [stderr]    Compiling sharded-slab v0.1.7
[INFO] [stderr]    Compiling wayland-scanner v0.31.5
[INFO] [stderr]    Compiling tracing-log v0.2.0
[INFO] [stderr]    Compiling thread_local v1.1.8
[INFO] [stderr]    Compiling pin-utils v0.1.0
[INFO] [stderr]    Compiling camino v1.1.9
[INFO] [stderr]    Compiling serde_json v1.0.132
[INFO] [stderr]    Compiling hashbrown v0.14.5
[INFO] [stderr]    Compiling futures-task v0.3.31
[INFO] [stderr]    Compiling semver v1.0.23
[INFO] [stderr]    Compiling futures-util v0.3.31
[INFO] [stderr]    Compiling futures-channel v0.3.31
[INFO] [stderr]    Compiling generational-box v0.5.6
[INFO] [stderr]    Compiling tracing-subscriber v0.3.18
[INFO] [stderr]    Compiling num-traits v0.2.19
[INFO] [stderr]    Compiling xcursor v0.3.8
[INFO] [stderr]    Compiling equivalent v1.0.1
[INFO] [stderr]    Compiling arrayref v0.3.9
[INFO] [stderr]    Compiling either v1.13.0
[INFO] [stderr]    Compiling smithay-client-toolkit v0.18.1
[INFO] [stderr]    Compiling strict-num v0.1.1
[INFO] [stderr]    Compiling longest-increasing-subsequence v0.1.0
[INFO] [stderr]    Compiling hashbrown v0.15.0
[INFO] [stderr]    Compiling bytemuck v1.19.0
[INFO] [stderr]    Compiling xkeysym v0.2.1
[INFO] [stderr]    Compiling ttf-parser v0.25.0
[INFO] [stderr]    Compiling cursor-icon v1.1.0
[INFO] [stderr]    Compiling indexmap v2.6.0
[INFO] [stderr]    Compiling tiny-skia-path v0.11.4
[INFO] [stderr]    Compiling rayon v1.10.0
[INFO] [stderr]    Compiling hashbrown v0.12.3
[INFO] [stderr]    Compiling memmap2 v0.9.5
[INFO] [stderr]    Compiling x11-dl v2.21.0
[INFO] [stderr]    Compiling ab_glyph_rasterizer v0.1.8
[INFO] [stderr]    Compiling shipyard_proc v0.3.0
[INFO] [stderr]    Compiling cfg_aliases v0.1.1
[INFO] [stderr]    Compiling arrayvec v0.7.6
[INFO] [stderr]    Compiling fixedbitset v0.4.2
[INFO] [stderr]    Compiling winit v0.29.15
[INFO] [stderr]    Compiling petgraph v0.6.5
[INFO] [stderr]    Compiling tiny-skia v0.11.4
[INFO] [stderr]    Compiling dashmap v5.5.3
[INFO] [stderr]    Compiling cfg-expr v0.15.8
[INFO] [stderr]    Compiling serde_derive v1.0.214
[INFO] [stderr]    Compiling tracing-attributes v0.1.27
[INFO] [stderr]    Compiling thiserror-impl v1.0.66
[INFO] [stderr]    Compiling owned_ttf_parser v0.25.0
[INFO] [stderr]    Compiling ab_glyph v0.2.29
[INFO] [stderr]    Compiling shipyard v0.6.5
[INFO] [stderr]    Compiling as-raw-xcb-connection v1.0.1
[INFO] [stderr]    Compiling x11rb-protocol v0.13.1
[INFO] [stderr]    Compiling anymap v1.0.0-beta.2
[INFO] [stderr]    Compiling euclid v0.22.11
[INFO] [stderr]    Compiling tracing v0.1.40
[INFO] [stderr]    Compiling thiserror v1.0.66
[INFO] [stderr]    Compiling internment v0.7.5
[INFO] [stderr]    Compiling percent-encoding v2.3.1
[INFO] [stderr]    Compiling unicode-segmentation v1.12.0
[INFO] [stderr]    Compiling smol_str v0.2.2
[INFO] [stderr]    Compiling raw-window-handle v0.6.2
[INFO] [stderr]    Compiling bitflags v2.6.0
[INFO] [stderr]    Compiling cargo-platform v0.1.8
[INFO] [stderr]    Compiling xkbcommon-dl v0.4.2
[INFO] [stderr]    Compiling dioxus-core v0.5.6
[INFO] [stderr]    Compiling keyboard-types v0.7.0
[INFO] [stderr]    Compiling cargo_metadata v0.18.1
[INFO] [stderr]    Compiling freya-native-core v0.2.1
[INFO] [stderr]    Compiling torin v0.2.0
[INFO] [stderr]    Compiling krates v0.16.10
[INFO] [stderr]    Compiling dioxus-rsx v0.5.6
[INFO] [stderr]    Compiling polling v3.7.3
[INFO] [stderr]    Compiling calloop v0.12.4
[INFO] [stderr]    Compiling wayland-csd-frame v0.3.0
[INFO] [stderr]    Compiling wayland-protocols v0.31.2
[INFO] [stderr]    Compiling calloop-wayland-source v0.2.0
[INFO] [stderr]    Compiling wayland-cursor v0.31.7
[INFO] [stderr]    Compiling x11rb v0.13.1
[INFO] [stderr]    Compiling wayland-protocols-wlr v0.2.0
[INFO] [stderr]    Compiling wayland-protocols-plasma v0.2.0
[INFO] [stderr]    Compiling sctk-adwaita v0.8.3
[INFO] [stderr]    Compiling freya-elements v0.2.0 (/opt/rustwide/workdir)
[INFO] [stderr]     Finished `dev` profile [unoptimized + debuginfo] target(s) in 54.66s
[INFO] [stderr] warning: the following packages contain code that will be rejected by a future version of Rust: anymap v1.0.0-beta.2
[INFO] [stderr] note: to see what the problems were, use the option `--future-incompat-report`, or run `cargo report future-incompatibilities --id 1`
[INFO] running `Command { std: "docker" "inspect" "d01f639a514ff7d17c9dda04f70d84fa9317eec252c773f41a7b3502958abca5", kill_on_drop: false }`
[INFO] running `Command { std: "docker" "rm" "-f" "d01f639a514ff7d17c9dda04f70d84fa9317eec252c773f41a7b3502958abca5", kill_on_drop: false }`
[INFO] [stdout] d01f639a514ff7d17c9dda04f70d84fa9317eec252c773f41a7b3502958abca5
[INFO] running `Command { std: "docker" "create" "-v" "/var/lib/crater-agent-workspace/builds/worker-1-tc2/target:/opt/rustwide/target:rw,Z" "-v" "/var/lib/crater-agent-workspace/builds/worker-1-tc2/source:/opt/rustwide/workdir:ro,Z" "-v" "/var/lib/crater-agent-workspace/cargo-home:/opt/rustwide/cargo-home:ro,Z" "-v" "/var/lib/crater-agent-workspace/rustup-home:/opt/rustwide/rustup-home:ro,Z" "-e" "SOURCE_DIR=/opt/rustwide/workdir" "-e" "CARGO_TARGET_DIR=/opt/rustwide/target" "-e" "CARGO_INCREMENTAL=0" "-e" "RUST_BACKTRACE=full" "-e" "RUSTFLAGS=--cap-lints=forbid -Zrandomize-layout" "-e" "RUSTDOCFLAGS=--cap-lints=forbid" "-e" "CARGO_HOME=/opt/rustwide/cargo-home" "-e" "RUSTUP_HOME=/opt/rustwide/rustup-home" "-w" "/opt/rustwide/workdir" "-m" "1610612736" "--user" "0:0" "--network" "none" "ghcr.io/rust-lang/crates-build-env/linux@sha256:4a844ea9eb2546a2d2c7022eacef16ef2e8229c7fbb2c7d4d55a9ceca922f72d" "/opt/rustwide/cargo-home/bin/cargo" "+nightly-2024-10-28" "test" "--frozen" "--no-run" "--message-format=json", kill_on_drop: false }`
[INFO] [stdout] a6476171e0fc49aaf62fb9349fb79a7404168fb713d89b882bb495eb0e07621b
[INFO] running `Command { std: "docker" "start" "-a" "a6476171e0fc49aaf62fb9349fb79a7404168fb713d89b882bb495eb0e07621b", kill_on_drop: false }`
[INFO] [stderr]    Compiling freya-elements v0.2.0 (/opt/rustwide/workdir)
[INFO] [stderr]     Finished `test` profile [unoptimized + debuginfo] target(s) in 1.54s
[INFO] [stderr] warning: the following packages contain code that will be rejected by a future version of Rust: anymap v1.0.0-beta.2
[INFO] [stderr] note: to see what the problems were, use the option `--future-incompat-report`, or run `cargo report future-incompatibilities --id 1`
[INFO] running `Command { std: "docker" "inspect" "a6476171e0fc49aaf62fb9349fb79a7404168fb713d89b882bb495eb0e07621b", kill_on_drop: false }`
[INFO] running `Command { std: "docker" "rm" "-f" "a6476171e0fc49aaf62fb9349fb79a7404168fb713d89b882bb495eb0e07621b", kill_on_drop: false }`
[INFO] [stdout] a6476171e0fc49aaf62fb9349fb79a7404168fb713d89b882bb495eb0e07621b
[INFO] running `Command { std: "docker" "create" "-v" "/var/lib/crater-agent-workspace/builds/worker-1-tc2/target:/opt/rustwide/target:rw,Z" "-v" "/var/lib/crater-agent-workspace/builds/worker-1-tc2/source:/opt/rustwide/workdir:ro,Z" "-v" "/var/lib/crater-agent-workspace/cargo-home:/opt/rustwide/cargo-home:ro,Z" "-v" "/var/lib/crater-agent-workspace/rustup-home:/opt/rustwide/rustup-home:ro,Z" "-e" "SOURCE_DIR=/opt/rustwide/workdir" "-e" "CARGO_TARGET_DIR=/opt/rustwide/target" "-e" "CARGO_INCREMENTAL=0" "-e" "RUST_BACKTRACE=full" "-e" "RUSTFLAGS=--cap-lints=forbid -Zrandomize-layout" "-e" "RUSTDOCFLAGS=--cap-lints=forbid" "-e" "CARGO_HOME=/opt/rustwide/cargo-home" "-e" "RUSTUP_HOME=/opt/rustwide/rustup-home" "-w" "/opt/rustwide/workdir" "-m" "1610612736" "--user" "0:0" "--network" "none" "ghcr.io/rust-lang/crates-build-env/linux@sha256:4a844ea9eb2546a2d2c7022eacef16ef2e8229c7fbb2c7d4d55a9ceca922f72d" "/opt/rustwide/cargo-home/bin/cargo" "+nightly-2024-10-28" "test" "--frozen", kill_on_drop: false }`
[INFO] [stdout] 7473a93cdb6fd0e8810b87d68165dd919e3e27a30d77b1c5a7957c0ed55a8a0d
[INFO] running `Command { std: "docker" "start" "-a" "7473a93cdb6fd0e8810b87d68165dd919e3e27a30d77b1c5a7957c0ed55a8a0d", kill_on_drop: false }`
[INFO] [stderr]     Finished `test` profile [unoptimized + debuginfo] target(s) in 0.17s
[INFO] [stderr] warning: the following packages contain code that will be rejected by a future version of Rust: anymap v1.0.0-beta.2
[INFO] [stderr] note: to see what the problems were, use the option `--future-incompat-report`, or run `cargo report future-incompatibilities --id 1`
[INFO] [stderr]      Running unittests src/lib.rs (/opt/rustwide/target/debug/deps/freya_elements-23e3e47bd9321137)
[INFO] [stdout] 
[INFO] [stdout] running 0 tests
[INFO] [stdout] 
[INFO] [stdout] test result: ok. 0 passed; 0 failed; 0 ignored; 0 measured; 0 filtered out; finished in 0.00s
[INFO] [stdout] 
[INFO] [stderr]    Doc-tests freya_elements
[INFO] [stdout] 
[INFO] [stdout] running 127 tests
[INFO] [stdout] test src/_docs/attributes/background.md - definitions::rect::background (line 7) - compile ... FAILED
[INFO] [stdout] test src/_docs/attributes/color.md - definitions::text::color (line 21) - compile ... FAILED
[INFO] [stdout] test src/_docs/attributes/border.md - definitions::rect::border (line 8) - compile ... FAILED
[INFO] [stdout] test src/_docs/attributes/color.md - definitions::rect::color (line 21) - compile ... FAILED
[INFO] [stdout] test src/_docs/attributes/color.md - definitions::text::color (line 7) - compile ... FAILED
[INFO] [stdout] test src/_docs/attributes/color.md - definitions::label::color (line 7) - compile ... FAILED
[INFO] [stdout] test src/_docs/attributes/color.md - definitions::rect::color (line 7) - compile ... FAILED
[INFO] [stdout] test src/_docs/attributes/color.md - definitions::label::color (line 21) - compile ... FAILED
[INFO] [stdout] test src/_docs/attributes/decoration.md - definitions::label::decoration (line 11) - compile ... FAILED
[INFO] [stdout] test src/_docs/attributes/decoration.md - definitions::text::decoration (line 11) - compile ... FAILED
[INFO] [stdout] test src/_docs/attributes/content.md - definitions::rect::content (line 12) - compile ... FAILED
[INFO] [stdout] test src/_docs/attributes/decoration_color.md - definitions::paragraph::text_overflow (line 7) - compile ... FAILED
[INFO] [stdout] test src/_docs/attributes/corner.md - definitions::rect::corner_radius (line 7) - compile ... FAILED
[INFO] [stdout] test src/_docs/attributes/decoration.md - definitions::paragraph::decoration (line 11) - compile ... FAILED
[INFO] [stdout] test src/_docs/attributes/decoration_color.md - definitions::text::decoration_color (line 7) - compile ... FAILED
[INFO] [stdout] test src/_docs/attributes/decoration_color.md - definitions::label::decoration_color (line 7) - compile ... FAILED
[INFO] [stdout] test src/_docs/attributes/decoration_style.md - definitions::paragraph::decoration_style (line 13) - compile ... FAILED
[INFO] [stdout] test src/_docs/attributes/decoration_style.md - definitions::text::decoration_style (line 13) - compile ... FAILED
[INFO] [stdout] test src/_docs/attributes/decoration_style.md - definitions::label::decoration_style (line 13) - compile ... FAILED
[INFO] [stdout] test src/_docs/attributes/font_family.md - definitions::label::font_family (line 10) - compile ... FAILED
[INFO] [stdout] test src/_docs/attributes/font_family.md - definitions::rect::font_family (line 10) - compile ... FAILED
[INFO] [stdout] test src/_docs/attributes/font_family.md - definitions::text::font_family (line 10) - compile ... FAILED
[INFO] [stdout] test src/_docs/attributes/font_family.md - definitions::paragraph::font_family (line 10) - compile ... FAILED
[INFO] [stdout] test src/_docs/attributes/direction.md - definitions::rect::direction (line 10) - compile ... FAILED
[INFO] [stdout] test src/_docs/attributes/font_size.md - definitions::label::font_size (line 5) - compile ... FAILED
[INFO] [stdout] test src/_docs/attributes/font_size.md - definitions::rect::font_size (line 5) - compile ... FAILED
[INFO] [stdout] test src/_docs/attributes/font_size.md - definitions::text::text_shadow (line 5) - compile ... FAILED
[INFO] [stdout] test src/_docs/attributes/font_size.md - definitions::text::font_size (line 5) - compile ... FAILED
[INFO] [stdout] test src/_docs/attributes/font_size.md - definitions::paragraph::font_size (line 5) - compile ... FAILED
[INFO] [stdout] test src/_docs/attributes/font_style.md - definitions::label::font_style (line 11) - compile ... FAILED
[INFO] [stdout] test src/_docs/attributes/font_style.md - definitions::paragraph::font_style (line 11) - compile ... FAILED
[INFO] [stdout] test src/_docs/attributes/font_style.md - definitions::label::font_style (line 27) - compile ... FAILED
[INFO] [stdout] test src/_docs/attributes/font_style.md - definitions::rect::font_style (line 11) - compile ... FAILED
[INFO] [stdout] test src/_docs/attributes/font_style.md - definitions::rect::font_style (line 27) - compile ... FAILED
[INFO] [stdout] test src/_docs/attributes/font_style.md - definitions::paragraph::font_style (line 27) - compile ... FAILED
[INFO] [stdout] test src/_docs/attributes/font_weight.md - definitions::rect::font_weight (line 30) - compile ... FAILED
[INFO] [stdout] test src/_docs/attributes/font_weight.md - definitions::text::font_weight (line 30) - compile ... FAILED
[INFO] [stdout] test src/_docs/attributes/font_style.md - definitions::text::font_style (line 11) - compile ... FAILED
[INFO] [stdout] test src/_docs/attributes/font_style.md - definitions::text::font_style (line 27) - compile ... FAILED
[INFO] [stdout] test src/_docs/attributes/font_weight.md - definitions::paragraph::font_weight (line 30) - compile ... FAILED
[INFO] [stdout] test src/_docs/attributes/font_weight.md - definitions::label::font_weight (line 30) - compile ... FAILED
[INFO] [stdout] test src/_docs/attributes/letter_spacing.md - definitions::label::letter_spacing (line 5) - compile ... FAILED
[INFO] [stdout] test src/_docs/attributes/font_width.md - definitions::text::font_width (line 18) - compile ... FAILED
[INFO] [stdout] test src/_docs/attributes/font_width.md - definitions::label::font_width (line 18) - compile ... FAILED
[INFO] [stdout] test src/_docs/attributes/font_width.md - definitions::rect::font_width (line 18) - compile ... FAILED
[INFO] [stdout] test src/_docs/attributes/letter_spacing.md - definitions::text::letter_spacing (line 5) - compile ... FAILED
[INFO] [stdout] test src/_docs/attributes/letter_spacing.md - definitions::paragraph::letter_spacing (line 5) - compile ... FAILED
[INFO] [stdout] test src/_docs/attributes/font_width.md - definitions::paragraph::font_width (line 18) - compile ... FAILED
[INFO] [stdout] test src/_docs/attributes/line_height.md - definitions::paragraph::line_height (line 7) - compile ... FAILED
[INFO] [stdout] test src/_docs/attributes/main_align_cross_align.md - definitions::rect::main_align (line 16) - compile ... FAILED
[INFO] [stdout] test src/_docs/attributes/line_height.md - definitions::label::line_height (line 7) - compile ... FAILED
[INFO] [stdout] test src/_docs/attributes/line_height.md - definitions::text::line_height (line 7) - compile ... FAILED
[INFO] [stdout] test src/_docs/attributes/margin.md - definitions::paragraph::margin (line 6) - compile ... FAILED
[INFO] [stdout] test src/_docs/attributes/margin.md - definitions::label::margin (line 6) - compile ... FAILED
[INFO] [stdout] test src/_docs/attributes/max_lines.md - definitions::label::max_lines (line 5) - compile ... FAILED
[INFO] [stdout] test src/_docs/attributes/margin.md - definitions::rect::margin (line 6) - compile ... FAILED
[INFO] [stdout] test src/_docs/attributes/margin.md - definitions::svg::margin (line 6) - compile ... FAILED
[INFO] [stdout] test src/_docs/attributes/opacity.md - definitions::image::opacity (line 5) - compile ... FAILED
[INFO] [stdout] test src/_docs/attributes/max_width_max_height.md - definitions::paragraph::max_height (line 9) - compile ... FAILED
[INFO] [stdout] test src/_docs/attributes/opacity.md - definitions::label::opacity (line 5) - compile ... FAILED
[INFO] [stdout] test src/_docs/attributes/opacity.md - definitions::paragraph::opacity (line 5) - compile ... FAILED
[INFO] [stdout] test src/_docs/attributes/min_width_min_height.md - definitions::paragraph::min_height (line 9) - compile ... FAILED
[INFO] [stdout] test src/_docs/attributes/min_width_min_height.md - definitions::rect::min_height (line 9) - compile ... FAILED
[INFO] [stdout] test src/_docs/attributes/opacity.md - definitions::rect::opacity (line 5) - compile ... FAILED
[INFO] [stdout] test src/_docs/attributes/max_width_max_height.md - definitions::rect::max_height (line 9) - compile ... FAILED
[INFO] [stdout] test src/_docs/attributes/opacity.md - definitions::svg::opacity (line 5) - compile ... FAILED
[INFO] [stdout] test src/_docs/attributes/overflow.md - definitions::rect::overflow (line 10) - compile ... FAILED
[INFO] [stdout] test src/_docs/attributes/rotate.md - definitions::label::rotate (line 7) - compile ... FAILED
[INFO] [stdout] test src/_docs/attributes/rotate.md - definitions::rect::rotate (line 7) - compile ... FAILED
[INFO] [stdout] test src/_docs/attributes/position.md - definitions::rect::position (line 19) - compile ... FAILED
[INFO] [stdout] test src/_docs/attributes/overflow.md - definitions::paragraph::overflow (line 10) - compile ... FAILED
[INFO] [stdout] test src/_docs/attributes/rotate.md - definitions::image::rotate (line 7) - compile ... FAILED
[INFO] [stdout] test src/_docs/attributes/padding.md - definitions::rect::padding (line 5) - compile ... FAILED
[INFO] [stdout] test src/_docs/attributes/rotate.md - definitions::paragraph::rotate (line 7) - compile ... FAILED
[INFO] [stdout] test src/_docs/attributes/shadow.md - definitions::rect::shadow (line 7) - compile ... FAILED
[INFO] [stdout] test src/_docs/attributes/width_height.md - definitions::image::height (line 7) - compile ... FAILED
[INFO] [stdout] test src/_docs/attributes/text_align.md - definitions::paragraph::text_align (line 14) - compile ... FAILED
[INFO] [stdout] test src/_docs/attributes/text_align.md - definitions::label::text_align (line 14) - compile ... FAILED
[INFO] [stdout] test src/_docs/attributes/text_align.md - definitions::rect::text_align (line 14) - compile ... FAILED
[INFO] [stdout] test src/_docs/attributes/text_shadow.md - definitions::label::text_shadow (line 7) - compile ... FAILED
[INFO] [stdout] test src/_docs/attributes/rotate.md - definitions::svg::rotate (line 7) - compile ... FAILED
[INFO] [stdout] test src/_docs/attributes/text_overflow.md - definitions::label::text_overflow (line 10) - compile ... FAILED
[INFO] [stdout] test src/_docs/attributes/width_height.md - definitions::svg::height (line 7) - compile ... FAILED
[INFO] [stdout] test src/_docs/attributes/width_height.md - definitions::label::height (line 7) - compile ... FAILED
[INFO] [stdout] test src/_docs/attributes/width_height.md - definitions::rect::height (line 7) - compile ... FAILED
[INFO] [stdout] test src/_docs/attributes/width_height.md - definitions::paragraph::height (line 7) - compile ... FAILED
[INFO] [stdout] test src/_docs/attributes/word_spacing.md - definitions::label::word_spacing (line 5) - compile ... FAILED
[INFO] [stdout] test src/_docs/attributes/word_spacing.md - definitions::paragraph::word_spacing (line 5) - compile ... FAILED
[INFO] [stdout] test src/_docs/attributes/width_height.md - definitions::text::height (line 7) - compile ... FAILED
[INFO] [stdout] test src/_docs/attributes/word_spacing.md - definitions::text::word_spacing (line 5) - compile ... FAILED
[INFO] [stdout] test src/_docs/events/click.md - definitions::events::onclick (line 7) - compile ... FAILED
[INFO] [stdout] test src/_docs/events/globalmouseover.md - definitions::events::onglobalmouseover (line 7) - compile ... FAILED
[INFO] [stdout] test src/_docs/events/globalmousedown.md - definitions::events::onglobalmousedown (line 9) - compile ... FAILED
[INFO] [stdout] test src/_docs/events/globalclick.md - definitions::events::onglobalclick (line 9) - compile ... FAILED
[INFO] [stdout] test src/_docs/events/keydown.md - definitions::events::onkeydown (line 7) - compile ... FAILED
[INFO] [stdout] test src/_docs/events/mouseenter.md - definitions::events::onmouseenter (line 7) - compile ... FAILED
[INFO] [stdout] test src/_docs/events/onfiledrop.md - definitions::events::onfiledrop (line 7) - compile ... FAILED
[INFO] [stdout] test src/_docs/events/keyup.md - definitions::events::onkeyup (line 7) - compile ... FAILED
[INFO] [stdout] test src/_docs/events/mousedown.md - definitions::events::onmousedown (line 9) - compile ... FAILED
[INFO] [stdout] test src/_docs/events/mouseleave.md - definitions::events::onmouseleave (line 7) - compile ... FAILED
[INFO] [stdout] test src/_docs/events/onglobalfilehover.md - definitions::events::onglobalfilehover (line 7) - compile ... FAILED
[INFO] [stdout] test src/_docs/events/pointerdown.md - definitions::events::onpointerdown (line 7) - compile ... FAILED
[INFO] [stdout] test src/_docs/events/mouseover.md - definitions::events::onmouseover (line 9) - compile ... FAILED
[INFO] [stdout] test src/_docs/events/onglobalfilehovercancelled.md - definitions::events::onglobalfilehovercancelled (line 7) - compile ... FAILED
[INFO] [stdout] test src/_docs/events/onrightclick.md - definitions::events::onrightclick (line 7) - compile ... FAILED
[INFO] [stdout] test src/_docs/events/onglobalpointerup.md - definitions::events::onglobalpointerup (line 7) - compile ... FAILED
[INFO] [stdout] test src/_docs/events/onmiddleclick.md - definitions::events::onmiddleclick (line 7) - compile ... FAILED
[INFO] [stdout] test src/_docs/events/pointerenter.md - definitions::events::onpointerenter (line 7) - compile ... FAILED
[INFO] [stdout] test src/_docs/events/pointerup.md - definitions::events::onpointerup (line 7) - compile ... FAILED
[INFO] [stdout] test src/_docs/events/pointerleave.md - definitions::events::onpointerleave (line 7) - compile ... FAILED
[INFO] [stdout] test src/_docs/events/touchend.md - definitions::events::ontouchend (line 7) - compile ... FAILED
[INFO] [stdout] test src/_docs/events/pointerover.md - definitions::events::onpointerover (line 9) - compile ... FAILED
[INFO] [stdout] test src/_docs/events/touchstart.md - definitions::events::ontouchstart (line 7) - compile ... FAILED
[INFO] [stdout] test src/_docs/events/touchcancel.md - definitions::events::ontouchcancel (line 8) - compile ... FAILED
[INFO] [stdout] test src/_docs/size_unit.rs - _docs::size_unit (line 6) - compile ... FAILED
[INFO] [stdout] test src/definitions.rs - definitions::image (line 424) ... ignored
[INFO] [stdout] test src/_docs/size_unit.rs - _docs::size_unit (line 38) - compile ... FAILED
[INFO] [stdout] test src/_docs/events/wheel.md - definitions::events::onwheel (line 7) - compile ... FAILED
[INFO] [stdout] test src/_docs/size_unit.rs - _docs::size_unit (line 96) - compile ... FAILED
[INFO] [stdout] test src/definitions.rs - definitions::svg (line 463) ... ignored
[INFO] [stdout] test src/_docs/events/touchmove.md - definitions::events::ontouchmove (line 7) - compile ... FAILED
[INFO] [stdout] test src/_docs/size_unit.rs - _docs::size_unit (line 69) - compile ... FAILED
[INFO] [stdout] test src/definitions.rs - definitions::label (line 249) - compile ... FAILED
[INFO] [stdout] test src/_docs/size_unit.rs - _docs::size_unit (line 23) - compile ... FAILED
[INFO] [stdout] test src/_docs/size_unit.rs - _docs::size_unit (line 54) - compile ... FAILED
[INFO] [stdout] test src/definitions.rs - definitions::paragraph (line 313) - compile ... FAILED
[INFO] [stdout] test src/definitions.rs - definitions::rect (line 163) - compile ... FAILED
[INFO] [stdout] 
[INFO] [stdout] failures:
[INFO] [stdout] 
[INFO] [stdout] ---- src/_docs/attributes/background.md - definitions::rect::background (line 7) stdout ----
[INFO] [stdout] error[E0433]: failed to resolve: use of undeclared crate or module `freya`
[INFO] [stdout]  --> src/_docs/attributes/background.md:8:5
[INFO] [stdout]   |
[INFO] [stdout] 3 | use freya::prelude::*;
[INFO] [stdout]   |     ^^^^^ use of undeclared crate or module `freya`
[INFO] [stdout] 
[INFO] [stdout] error: cannot find macro `rsx` in this scope
[INFO] [stdout]  --> src/_docs/attributes/background.md:10:5
[INFO] [stdout]   |
[INFO] [stdout] 5 |     rsx!(
[INFO] [stdout]   |     ^^^
[INFO] [stdout] 
[INFO] [stdout] error[E0412]: cannot find type `Element` in this scope
[INFO] [stdout]  --> src/_docs/attributes/background.md:9:13
[INFO] [stdout]   |
[INFO] [stdout] 4 | fn app() -> Element {
[INFO] [stdout]   |             ^^^^^^^ not found in this scope
[INFO] [stdout]   |
[INFO] [stdout] help: consider importing one of these items
[INFO] [stdout]   |
[INFO] [stdout] 2 + use dioxus_core::Element;
[INFO] [stdout]   |
[INFO] [stdout] 2 + use dioxus_rsx::Element;
[INFO] [stdout]   |
[INFO] [stdout] 
[INFO] [stdout] error: aborting due to 3 previous errors
[INFO] [stdout] 
[INFO] [stdout] Some errors have detailed explanations: E0412, E0433.
[INFO] [stdout] For more information about an error, try `rustc --explain E0412`.
[INFO] [stdout] Couldn't compile the test.
[INFO] [stdout] ---- src/_docs/attributes/color.md - definitions::text::color (line 21) stdout ----
[INFO] [stdout] error[E0433]: failed to resolve: use of undeclared crate or module `freya`
[INFO] [stdout]  --> src/_docs/attributes/color.md:22:5
[INFO] [stdout]   |
[INFO] [stdout] 3 | use freya::prelude::*;
[INFO] [stdout]   |     ^^^^^ use of undeclared crate or module `freya`
[INFO] [stdout] 
[INFO] [stdout] error: cannot find macro `rsx` in this scope
[INFO] [stdout]  --> src/_docs/attributes/color.md:24:5
[INFO] [stdout]   |
[INFO] [stdout] 5 |     rsx!(
[INFO] [stdout]   |     ^^^
[INFO] [stdout] 
[INFO] [stdout] error[E0412]: cannot find type `Element` in this scope
[INFO] [stdout]  --> src/_docs/attributes/color.md:23:13
[INFO] [stdout]   |
[INFO] [stdout] 4 | fn app() -> Element {
[INFO] [stdout]   |             ^^^^^^^ not found in this scope
[INFO] [stdout]   |
[INFO] [stdout] help: consider importing one of these items
[INFO] [stdout]   |
[INFO] [stdout] 2 + use dioxus_core::Element;
[INFO] [stdout]   |
[INFO] [stdout] 2 + use dioxus_rsx::Element;
[INFO] [stdout]   |
[INFO] [stdout] 
[INFO] [stdout] error: aborting due to 3 previous errors
[INFO] [stdout] 
[INFO] [stdout] Some errors have detailed explanations: E0412, E0433.
[INFO] [stdout] For more information about an error, try `rustc --explain E0412`.
[INFO] [stdout] Couldn't compile the test.
[INFO] [stdout] ---- src/_docs/attributes/border.md - definitions::rect::border (line 8) stdout ----
[INFO] [stdout] error[E0433]: failed to resolve: use of undeclared crate or module `freya`
[INFO] [stdout]  --> src/_docs/attributes/border.md:9:5
[INFO] [stdout]   |
[INFO] [stdout] 3 | use freya::prelude::*;
[INFO] [stdout]   |     ^^^^^ use of undeclared crate or module `freya`
[INFO] [stdout] 
[INFO] [stdout] error: cannot find macro `rsx` in this scope
[INFO] [stdout]  --> src/_docs/attributes/border.md:11:5
[INFO] [stdout]   |
[INFO] [stdout] 5 |     rsx!(
[INFO] [stdout]   |     ^^^
[INFO] [stdout] 
[INFO] [stdout] error[E0412]: cannot find type `Element` in this scope
[INFO] [stdout]  --> src/_docs/attributes/border.md:10:13
[INFO] [stdout]   |
[INFO] [stdout] 4 | fn app() -> Element {
[INFO] [stdout]   |             ^^^^^^^ not found in this scope
[INFO] [stdout]   |
[INFO] [stdout] help: consider importing one of these items
[INFO] [stdout]   |
[INFO] [stdout] 2 + use dioxus_core::Element;
[INFO] [stdout]   |
[INFO] [stdout] 2 + use dioxus_rsx::Element;
[INFO] [stdout]   |
[INFO] [stdout] 
[INFO] [stdout] error: aborting due to 3 previous errors
[INFO] [stdout] 
[INFO] [stdout] Some errors have detailed explanations: E0412, E0433.
[INFO] [stdout] For more information about an error, try `rustc --explain E0412`.
[INFO] [stdout] Couldn't compile the test.
[INFO] [stdout] ---- src/_docs/attributes/color.md - definitions::rect::color (line 21) stdout ----
[INFO] [stdout] error[E0433]: failed to resolve: use of undeclared crate or module `freya`
[INFO] [stdout]  --> src/_docs/attributes/color.md:22:5
[INFO] [stdout]   |
[INFO] [stdout] 3 | use freya::prelude::*;
[INFO] [stdout]   |     ^^^^^ use of undeclared crate or module `freya`
[INFO] [stdout] 
[INFO] [stdout] error: cannot find macro `rsx` in this scope
[INFO] [stdout]  --> src/_docs/attributes/color.md:24:5
[INFO] [stdout]   |
[INFO] [stdout] 5 |     rsx!(
[INFO] [stdout]   |     ^^^
[INFO] [stdout] 
[INFO] [stdout] error[E0412]: cannot find type `Element` in this scope
[INFO] [stdout]  --> src/_docs/attributes/color.md:23:13
[INFO] [stdout]   |
[INFO] [stdout] 4 | fn app() -> Element {
[INFO] [stdout]   |             ^^^^^^^ not found in this scope
[INFO] [stdout]   |
[INFO] [stdout] help: consider importing one of these items
[INFO] [stdout]   |
[INFO] [stdout] 2 + use dioxus_core::Element;
[INFO] [stdout]   |
[INFO] [stdout] 2 + use dioxus_rsx::Element;
[INFO] [stdout]   |
[INFO] [stdout] 
[INFO] [stdout] error: aborting due to 3 previous errors
[INFO] [stdout] 
[INFO] [stdout] Some errors have detailed explanations: E0412, E0433.
[INFO] [stdout] For more information about an error, try `rustc --explain E0412`.
[INFO] [stdout] Couldn't compile the test.
[INFO] [stdout] ---- src/_docs/attributes/color.md - definitions::text::color (line 7) stdout ----
[INFO] [stdout] error[E0433]: failed to resolve: use of undeclared crate or module `freya`
[INFO] [stdout]  --> src/_docs/attributes/color.md:8:5
[INFO] [stdout]   |
[INFO] [stdout] 3 | use freya::prelude::*;
[INFO] [stdout]   |     ^^^^^ use of undeclared crate or module `freya`
[INFO] [stdout] 
[INFO] [stdout] error: cannot find macro `rsx` in this scope
[INFO] [stdout]  --> src/_docs/attributes/color.md:10:5
[INFO] [stdout]   |
[INFO] [stdout] 5 |     rsx!(
[INFO] [stdout]   |     ^^^
[INFO] [stdout] 
[INFO] [stdout] error[E0412]: cannot find type `Element` in this scope
[INFO] [stdout]  --> src/_docs/attributes/color.md:9:13
[INFO] [stdout]   |
[INFO] [stdout] 4 | fn app() -> Element {
[INFO] [stdout]   |             ^^^^^^^ not found in this scope
[INFO] [stdout]   |
[INFO] [stdout] help: consider importing one of these items
[INFO] [stdout]   |
[INFO] [stdout] 2 + use dioxus_core::Element;
[INFO] [stdout]   |
[INFO] [stdout] 2 + use dioxus_rsx::Element;
[INFO] [stdout]   |
[INFO] [stdout] 
[INFO] [stdout] error: aborting due to 3 previous errors
[INFO] [stdout] 
[INFO] [stdout] Some errors have detailed explanations: E0412, E0433.
[INFO] [stdout] For more information about an error, try `rustc --explain E0412`.
[INFO] [stdout] Couldn't compile the test.
[INFO] [stdout] ---- src/_docs/attributes/color.md - definitions::label::color (line 7) stdout ----
[INFO] [stdout] error[E0433]: failed to resolve: use of undeclared crate or module `freya`
[INFO] [stdout]  --> src/_docs/attributes/color.md:8:5
[INFO] [stdout]   |
[INFO] [stdout] 3 | use freya::prelude::*;
[INFO] [stdout]   |     ^^^^^ use of undeclared crate or module `freya`
[INFO] [stdout] 
[INFO] [stdout] error: cannot find macro `rsx` in this scope
[INFO] [stdout]  --> src/_docs/attributes/color.md:10:5
[INFO] [stdout]   |
[INFO] [stdout] 5 |     rsx!(
[INFO] [stdout]   |     ^^^
[INFO] [stdout] 
[INFO] [stdout] error[E0412]: cannot find type `Element` in this scope
[INFO] [stdout]  --> src/_docs/attributes/color.md:9:13
[INFO] [stdout]   |
[INFO] [stdout] 4 | fn app() -> Element {
[INFO] [stdout]   |             ^^^^^^^ not found in this scope
[INFO] [stdout]   |
[INFO] [stdout] help: consider importing one of these items
[INFO] [stdout]   |
[INFO] [stdout] 2 + use dioxus_core::Element;
[INFO] [stdout]   |
[INFO] [stdout] 2 + use dioxus_rsx::Element;
[INFO] [stdout]   |
[INFO] [stdout] 
[INFO] [stdout] error: aborting due to 3 previous errors
[INFO] [stdout] 
[INFO] [stdout] Some errors have detailed explanations: E0412, E0433.
[INFO] [stdout] For more information about an error, try `rustc --explain E0412`.
[INFO] [stdout] Couldn't compile the test.
[INFO] [stdout] ---- src/_docs/attributes/color.md - definitions::rect::color (line 7) stdout ----
[INFO] [stdout] error[E0433]: failed to resolve: use of undeclared crate or module `freya`
[INFO] [stdout]  --> src/_docs/attributes/color.md:8:5
[INFO] [stdout]   |
[INFO] [stdout] 3 | use freya::prelude::*;
[INFO] [stdout]   |     ^^^^^ use of undeclared crate or module `freya`
[INFO] [stdout] 
[INFO] [stdout] error: cannot find macro `rsx` in this scope
[INFO] [stdout]  --> src/_docs/attributes/color.md:10:5
[INFO] [stdout]   |
[INFO] [stdout] 5 |     rsx!(
[INFO] [stdout]   |     ^^^
[INFO] [stdout] 
[INFO] [stdout] error[E0412]: cannot find type `Element` in this scope
[INFO] [stdout]  --> src/_docs/attributes/color.md:9:13
[INFO] [stdout]   |
[INFO] [stdout] 4 | fn app() -> Element {
[INFO] [stdout]   |             ^^^^^^^ not found in this scope
[INFO] [stdout]   |
[INFO] [stdout] help: consider importing one of these items
[INFO] [stdout]   |
[INFO] [stdout] 2 + use dioxus_core::Element;
[INFO] [stdout]   |
[INFO] [stdout] 2 + use dioxus_rsx::Element;
[INFO] [stdout]   |
[INFO] [stdout] 
[INFO] [stdout] error: aborting due to 3 previous errors
[INFO] [stdout] 
[INFO] [stdout] Some errors have detailed explanations: E0412, E0433.
[INFO] [stdout] For more information about an error, try `rustc --explain E0412`.
[INFO] [stdout] Couldn't compile the test.
[INFO] [stdout] ---- src/_docs/attributes/color.md - definitions::label::color (line 21) stdout ----
[INFO] [stdout] error[E0433]: failed to resolve: use of undeclared crate or module `freya`
[INFO] [stdout]  --> src/_docs/attributes/color.md:22:5
[INFO] [stdout]   |
[INFO] [stdout] 3 | use freya::prelude::*;
[INFO] [stdout]   |     ^^^^^ use of undeclared crate or module `freya`
[INFO] [stdout] 
[INFO] [stdout] error: cannot find macro `rsx` in this scope
[INFO] [stdout]  --> src/_docs/attributes/color.md:24:5
[INFO] [stdout]   |
[INFO] [stdout] 5 |     rsx!(
[INFO] [stdout]   |     ^^^
[INFO] [stdout] 
[INFO] [stdout] error[E0412]: cannot find type `Element` in this scope
[INFO] [stdout]  --> src/_docs/attributes/color.md:23:13
[INFO] [stdout]   |
[INFO] [stdout] 4 | fn app() -> Element {
[INFO] [stdout]   |             ^^^^^^^ not found in this scope
[INFO] [stdout]   |
[INFO] [stdout] help: consider importing one of these items
[INFO] [stdout]   |
[INFO] [stdout] 2 + use dioxus_core::Element;
[INFO] [stdout]   |
[INFO] [stdout] 2 + use dioxus_rsx::Element;
[INFO] [stdout]   |
[INFO] [stdout] 
[INFO] [stdout] error: aborting due to 3 previous errors
[INFO] [stdout] 
[INFO] [stdout] Some errors have detailed explanations: E0412, E0433.
[INFO] [stdout] For more information about an error, try `rustc --explain E0412`.
[INFO] [stdout] Couldn't compile the test.
[INFO] [stdout] ---- src/_docs/attributes/decoration.md - definitions::label::decoration (line 11) stdout ----
[INFO] [stdout] error[E0433]: failed to resolve: use of undeclared crate or module `freya`
[INFO] [stdout]  --> src/_docs/attributes/decoration.md:12:5
[INFO] [stdout]   |
[INFO] [stdout] 3 | use freya::prelude::*;
[INFO] [stdout]   |     ^^^^^ use of undeclared crate or module `freya`
[INFO] [stdout] 
[INFO] [stdout] error: cannot find macro `rsx` in this scope
[INFO] [stdout]  --> src/_docs/attributes/decoration.md:14:5
[INFO] [stdout]   |
[INFO] [stdout] 5 |     rsx!(
[INFO] [stdout]   |     ^^^
[INFO] [stdout] 
[INFO] [stdout] error[E0412]: cannot find type `Element` in this scope
[INFO] [stdout]  --> src/_docs/attributes/decoration.md:13:13
[INFO] [stdout]   |
[INFO] [stdout] 4 | fn app() -> Element {
[INFO] [stdout]   |             ^^^^^^^ not found in this scope
[INFO] [stdout]   |
[INFO] [stdout] help: consider importing one of these items
[INFO] [stdout]   |
[INFO] [stdout] 2 + use dioxus_core::Element;
[INFO] [stdout]   |
[INFO] [stdout] 2 + use dioxus_rsx::Element;
[INFO] [stdout]   |
[INFO] [stdout] 
[INFO] [stdout] error: aborting due to 3 previous errors
[INFO] [stdout] 
[INFO] [stdout] Some errors have detailed explanations: E0412, E0433.
[INFO] [stdout] For more information about an error, try `rustc --explain E0412`.
[INFO] [stdout] Couldn't compile the test.
[INFO] [stdout] ---- src/_docs/attributes/decoration.md - definitions::text::decoration (line 11) stdout ----
[INFO] [stdout] error[E0433]: failed to resolve: use of undeclared crate or module `freya`
[INFO] [stdout]  --> src/_docs/attributes/decoration.md:12:5
[INFO] [stdout]   |
[INFO] [stdout] 3 | use freya::prelude::*;
[INFO] [stdout]   |     ^^^^^ use of undeclared crate or module `freya`
[INFO] [stdout] 
[INFO] [stdout] error: cannot find macro `rsx` in this scope
[INFO] [stdout]  --> src/_docs/attributes/decoration.md:14:5
[INFO] [stdout]   |
[INFO] [stdout] 5 |     rsx!(
[INFO] [stdout]   |     ^^^
[INFO] [stdout] 
[INFO] [stdout] error[E0412]: cannot find type `Element` in this scope
[INFO] [stdout]  --> src/_docs/attributes/decoration.md:13:13
[INFO] [stdout]   |
[INFO] [stdout] 4 | fn app() -> Element {
[INFO] [stdout]   |             ^^^^^^^ not found in this scope
[INFO] [stdout]   |
[INFO] [stdout] help: consider importing one of these items
[INFO] [stdout]   |
[INFO] [stdout] 2 + use dioxus_core::Element;
[INFO] [stdout]   |
[INFO] [stdout] 2 + use dioxus_rsx::Element;
[INFO] [stdout]   |
[INFO] [stdout] 
[INFO] [stdout] error: aborting due to 3 previous errors
[INFO] [stdout] 
[INFO] [stdout] Some errors have detailed explanations: E0412, E0433.
[INFO] [stdout] For more information about an error, try `rustc --explain E0412`.
[INFO] [stdout] Couldn't compile the test.
[INFO] [stdout] ---- src/_docs/attributes/content.md - definitions::rect::content (line 12) stdout ----
[INFO] [stdout] error[E0433]: failed to resolve: use of undeclared crate or module `freya`
[INFO] [stdout]  --> src/_docs/attributes/content.md:13:5
[INFO] [stdout]   |
[INFO] [stdout] 3 | use freya::prelude::*;
[INFO] [stdout]   |     ^^^^^ use of undeclared crate or module `freya`
[INFO] [stdout] 
[INFO] [stdout] error: cannot find macro `rsx` in this scope
[INFO] [stdout]  --> src/_docs/attributes/content.md:15:5
[INFO] [stdout]   |
[INFO] [stdout] 5 |     rsx!(
[INFO] [stdout]   |     ^^^
[INFO] [stdout] 
[INFO] [stdout] error[E0412]: cannot find type `Element` in this scope
[INFO] [stdout]  --> src/_docs/attributes/content.md:14:13
[INFO] [stdout]   |
[INFO] [stdout] 4 | fn app() -> Element {
[INFO] [stdout]   |             ^^^^^^^ not found in this scope
[INFO] [stdout]   |
[INFO] [stdout] help: consider importing one of these items
[INFO] [stdout]   |
[INFO] [stdout] 2 + use dioxus_core::Element;
[INFO] [stdout]   |
[INFO] [stdout] 2 + use dioxus_rsx::Element;
[INFO] [stdout]   |
[INFO] [stdout] 
[INFO] [stdout] error: aborting due to 3 previous errors
[INFO] [stdout] 
[INFO] [stdout] Some errors have detailed explanations: E0412, E0433.
[INFO] [stdout] For more information about an error, try `rustc --explain E0412`.
[INFO] [stdout] Couldn't compile the test.
[INFO] [stdout] ---- src/_docs/attributes/decoration_color.md - definitions::paragraph::text_overflow (line 7) stdout ----
[INFO] [stdout] error[E0433]: failed to resolve: use of undeclared crate or module `freya`
[INFO] [stdout]  --> src/_docs/attributes/decoration_color.md:8:5
[INFO] [stdout]   |
[INFO] [stdout] 3 | use freya::prelude::*;
[INFO] [stdout]   |     ^^^^^ use of undeclared crate or module `freya`
[INFO] [stdout] 
[INFO] [stdout] error: cannot find macro `rsx` in this scope
[INFO] [stdout]  --> src/_docs/attributes/decoration_color.md:10:5
[INFO] [stdout]   |
[INFO] [stdout] 5 |     rsx!(
[INFO] [stdout]   |     ^^^
[INFO] [stdout] 
[INFO] [stdout] error[E0412]: cannot find type `Element` in this scope
[INFO] [stdout]  --> src/_docs/attributes/decoration_color.md:9:13
[INFO] [stdout]   |
[INFO] [stdout] 4 | fn app() -> Element {
[INFO] [stdout]   |             ^^^^^^^ not found in this scope
[INFO] [stdout]   |
[INFO] [stdout] help: consider importing one of these items
[INFO] [stdout]   |
[INFO] [stdout] 2 + use dioxus_core::Element;
[INFO] [stdout]   |
[INFO] [stdout] 2 + use dioxus_rsx::Element;
[INFO] [stdout]   |
[INFO] [stdout] 
[INFO] [stdout] error: aborting due to 3 previous errors
[INFO] [stdout] 
[INFO] [stdout] Some errors have detailed explanations: E0412, E0433.
[INFO] [stdout] For more information about an error, try `rustc --explain E0412`.
[INFO] [stdout] Couldn't compile the test.
[INFO] [stdout] ---- src/_docs/attributes/corner.md - definitions::rect::corner_radius (line 7) stdout ----
[INFO] [stdout] error[E0433]: failed to resolve: use of undeclared crate or module `freya`
[INFO] [stdout]  --> src/_docs/attributes/corner.md:8:5
[INFO] [stdout]   |
[INFO] [stdout] 3 | use freya::prelude::*;
[INFO] [stdout]   |     ^^^^^ use of undeclared crate or module `freya`
[INFO] [stdout] 
[INFO] [stdout] error: cannot find macro `rsx` in this scope
[INFO] [stdout]  --> src/_docs/attributes/corner.md:10:5
[INFO] [stdout]   |
[INFO] [stdout] 5 |     rsx!(
[INFO] [stdout]   |     ^^^
[INFO] [stdout] 
[INFO] [stdout] error[E0412]: cannot find type `Element` in this scope
[INFO] [stdout]  --> src/_docs/attributes/corner.md:9:13
[INFO] [stdout]   |
[INFO] [stdout] 4 | fn app() -> Element {
[INFO] [stdout]   |             ^^^^^^^ not found in this scope
[INFO] [stdout]   |
[INFO] [stdout] help: consider importing one of these items
[INFO] [stdout]   |
[INFO] [stdout] 2 + use dioxus_core::Element;
[INFO] [stdout]   |
[INFO] [stdout] 2 + use dioxus_rsx::Element;
[INFO] [stdout]   |
[INFO] [stdout] 
[INFO] [stdout] error: aborting due to 3 previous errors
[INFO] [stdout] 
[INFO] [stdout] Some errors have detailed explanations: E0412, E0433.
[INFO] [stdout] For more information about an error, try `rustc --explain E0412`.
[INFO] [stdout] Couldn't compile the test.
[INFO] [stdout] ---- src/_docs/attributes/decoration.md - definitions::paragraph::decoration (line 11) stdout ----
[INFO] [stdout] error[E0433]: failed to resolve: use of undeclared crate or module `freya`
[INFO] [stdout]  --> src/_docs/attributes/decoration.md:12:5
[INFO] [stdout]   |
[INFO] [stdout] 3 | use freya::prelude::*;
[INFO] [stdout]   |     ^^^^^ use of undeclared crate or module `freya`
[INFO] [stdout] 
[INFO] [stdout] error: cannot find macro `rsx` in this scope
[INFO] [stdout]  --> src/_docs/attributes/decoration.md:14:5
[INFO] [stdout]   |
[INFO] [stdout] 5 |     rsx!(
[INFO] [stdout]   |     ^^^
[INFO] [stdout] 
[INFO] [stdout] error[E0412]: cannot find type `Element` in this scope
[INFO] [stdout]  --> src/_docs/attributes/decoration.md:13:13
[INFO] [stdout]   |
[INFO] [stdout] 4 | fn app() -> Element {
[INFO] [stdout]   |             ^^^^^^^ not found in this scope
[INFO] [stdout]   |
[INFO] [stdout] help: consider importing one of these items
[INFO] [stdout]   |
[INFO] [stdout] 2 + use dioxus_core::Element;
[INFO] [stdout]   |
[INFO] [stdout] 2 + use dioxus_rsx::Element;
[INFO] [stdout]   |
[INFO] [stdout] 
[INFO] [stdout] error: aborting due to 3 previous errors
[INFO] [stdout] 
[INFO] [stdout] Some errors have detailed explanations: E0412, E0433.
[INFO] [stdout] For more information about an error, try `rustc --explain E0412`.
[INFO] [stdout] Couldn't compile the test.
[INFO] [stdout] ---- src/_docs/attributes/decoration_color.md - definitions::text::decoration_color (line 7) stdout ----
[INFO] [stdout] error[E0433]: failed to resolve: use of undeclared crate or module `freya`
[INFO] [stdout]  --> src/_docs/attributes/decoration_color.md:8:5
[INFO] [stdout]   |
[INFO] [stdout] 3 | use freya::prelude::*;
[INFO] [stdout]   |     ^^^^^ use of undeclared crate or module `freya`
[INFO] [stdout] 
[INFO] [stdout] error: cannot find macro `rsx` in this scope
[INFO] [stdout]  --> src/_docs/attributes/decoration_color.md:10:5
[INFO] [stdout]   |
[INFO] [stdout] 5 |     rsx!(
[INFO] [stdout]   |     ^^^
[INFO] [stdout] 
[INFO] [stdout] error[E0412]: cannot find type `Element` in this scope
[INFO] [stdout]  --> src/_docs/attributes/decoration_color.md:9:13
[INFO] [stdout]   |
[INFO] [stdout] 4 | fn app() -> Element {
[INFO] [stdout]   |             ^^^^^^^ not found in this scope
[INFO] [stdout]   |
[INFO] [stdout] help: consider importing one of these items
[INFO] [stdout]   |
[INFO] [stdout] 2 + use dioxus_core::Element;
[INFO] [stdout]   |
[INFO] [stdout] 2 + use dioxus_rsx::Element;
[INFO] [stdout]   |
[INFO] [stdout] 
[INFO] [stdout] error: aborting due to 3 previous errors
[INFO] [stdout] 
[INFO] [stdout] Some errors have detailed explanations: E0412, E0433.
[INFO] [stdout] For more information about an error, try `rustc --explain E0412`.
[INFO] [stdout] Couldn't compile the test.
[INFO] [stdout] ---- src/_docs/attributes/decoration_color.md - definitions::label::decoration_color (line 7) stdout ----
[INFO] [stdout] error[E0433]: failed to resolve: use of undeclared crate or module `freya`
[INFO] [stdout]  --> src/_docs/attributes/decoration_color.md:8:5
[INFO] [stdout]   |
[INFO] [stdout] 3 | use freya::prelude::*;
[INFO] [stdout]   |     ^^^^^ use of undeclared crate or module `freya`
[INFO] [stdout] 
[INFO] [stdout] error: cannot find macro `rsx` in this scope
[INFO] [stdout]  --> src/_docs/attributes/decoration_color.md:10:5
[INFO] [stdout]   |
[INFO] [stdout] 5 |     rsx!(
[INFO] [stdout]   |     ^^^
[INFO] [stdout] 
[INFO] [stdout] error[E0412]: cannot find type `Element` in this scope
[INFO] [stdout]  --> src/_docs/attributes/decoration_color.md:9:13
[INFO] [stdout]   |
[INFO] [stdout] 4 | fn app() -> Element {
[INFO] [stdout]   |             ^^^^^^^ not found in this scope
[INFO] [stdout]   |
[INFO] [stdout] help: consider importing one of these items
[INFO] [stdout]   |
[INFO] [stdout] 2 + use dioxus_core::Element;
[INFO] [stdout]   |
[INFO] [stdout] 2 + use dioxus_rsx::Element;
[INFO] [stdout]   |
[INFO] [stdout] 
[INFO] [stdout] error: aborting due to 3 previous errors
[INFO] [stdout] 
[INFO] [stdout] Some errors have detailed explanations: E0412, E0433.
[INFO] [stdout] For more information about an error, try `rustc --explain E0412`.
[INFO] [stdout] Couldn't compile the test.
[INFO] [stdout] ---- src/_docs/attributes/decoration_style.md - definitions::paragraph::decoration_style (line 13) stdout ----
[INFO] [stdout] error[E0433]: failed to resolve: use of undeclared crate or module `freya`
[INFO] [stdout]  --> src/_docs/attributes/decoration_style.md:14:5
[INFO] [stdout]   |
[INFO] [stdout] 3 | use freya::prelude::*;
[INFO] [stdout]   |     ^^^^^ use of undeclared crate or module `freya`
[INFO] [stdout] 
[INFO] [stdout] error: cannot find macro `rsx` in this scope
[INFO] [stdout]  --> src/_docs/attributes/decoration_style.md:16:5
[INFO] [stdout]   |
[INFO] [stdout] 5 |     rsx!(
[INFO] [stdout]   |     ^^^
[INFO] [stdout] 
[INFO] [stdout] error[E0412]: cannot find type `Element` in this scope
[INFO] [stdout]  --> src/_docs/attributes/decoration_style.md:15:13
[INFO] [stdout]   |
[INFO] [stdout] 4 | fn app() -> Element {
[INFO] [stdout]   |             ^^^^^^^ not found in this scope
[INFO] [stdout]   |
[INFO] [stdout] help: consider importing one of these items
[INFO] [stdout]   |
[INFO] [stdout] 2 + use dioxus_core::Element;
[INFO] [stdout]   |
[INFO] [stdout] 2 + use dioxus_rsx::Element;
[INFO] [stdout]   |
[INFO] [stdout] 
[INFO] [stdout] error: aborting due to 3 previous errors
[INFO] [stdout] 
[INFO] [stdout] Some errors have detailed explanations: E0412, E0433.
[INFO] [stdout] For more information about an error, try `rustc --explain E0412`.
[INFO] [stdout] Couldn't compile the test.
[INFO] [stdout] ---- src/_docs/attributes/decoration_style.md - definitions::text::decoration_style (line 13) stdout ----
[INFO] [stdout] error[E0433]: failed to resolve: use of undeclared crate or module `freya`
[INFO] [stdout]  --> src/_docs/attributes/decoration_style.md:14:5
[INFO] [stdout]   |
[INFO] [stdout] 3 | use freya::prelude::*;
[INFO] [stdout]   |     ^^^^^ use of undeclared crate or module `freya`
[INFO] [stdout] 
[INFO] [stdout] error: cannot find macro `rsx` in this scope
[INFO] [stdout]  --> src/_docs/attributes/decoration_style.md:16:5
[INFO] [stdout]   |
[INFO] [stdout] 5 |     rsx!(
[INFO] [stdout]   |     ^^^
[INFO] [stdout] 
[INFO] [stdout] error[E0412]: cannot find type `Element` in this scope
[INFO] [stdout]  --> src/_docs/attributes/decoration_style.md:15:13
[INFO] [stdout]   |
[INFO] [stdout] 4 | fn app() -> Element {
[INFO] [stdout]   |             ^^^^^^^ not found in this scope
[INFO] [stdout]   |
[INFO] [stdout] help: consider importing one of these items
[INFO] [stdout]   |
[INFO] [stdout] 2 + use dioxus_core::Element;
[INFO] [stdout]   |
[INFO] [stdout] 2 + use dioxus_rsx::Element;
[INFO] [stdout]   |
[INFO] [stdout] 
[INFO] [stdout] error: aborting due to 3 previous errors
[INFO] [stdout] 
[INFO] [stdout] Some errors have detailed explanations: E0412, E0433.
[INFO] [stdout] For more information about an error, try `rustc --explain E0412`.
[INFO] [stdout] Couldn't compile the test.
[INFO] [stdout] ---- src/_docs/attributes/decoration_style.md - definitions::label::decoration_style (line 13) stdout ----
[INFO] [stdout] error[E0433]: failed to resolve: use of undeclared crate or module `freya`
[INFO] [stdout]  --> src/_docs/attributes/decoration_style.md:14:5
[INFO] [stdout]   |
[INFO] [stdout] 3 | use freya::prelude::*;
[INFO] [stdout]   |     ^^^^^ use of undeclared crate or module `freya`
[INFO] [stdout] 
[INFO] [stdout] error: cannot find macro `rsx` in this scope
[INFO] [stdout]  --> src/_docs/attributes/decoration_style.md:16:5
[INFO] [stdout]   |
[INFO] [stdout] 5 |     rsx!(
[INFO] [stdout]   |     ^^^
[INFO] [stdout] 
[INFO] [stdout] error[E0412]: cannot find type `Element` in this scope
[INFO] [stdout]  --> src/_docs/attributes/decoration_style.md:15:13
[INFO] [stdout]   |
[INFO] [stdout] 4 | fn app() -> Element {
[INFO] [stdout]   |             ^^^^^^^ not found in this scope
[INFO] [stdout]   |
[INFO] [stdout] help: consider importing one of these items
[INFO] [stdout]   |
[INFO] [stdout] 2 + use dioxus_core::Element;
[INFO] [stdout]   |
[INFO] [stdout] 2 + use dioxus_rsx::Element;
[INFO] [stdout]   |
[INFO] [stdout] 
[INFO] [stdout] error: aborting due to 3 previous errors
[INFO] [stdout] 
[INFO] [stdout] Some errors have detailed explanations: E0412, E0433.
[INFO] [stdout] For more information about an error, try `rustc --explain E0412`.
[INFO] [stdout] Couldn't compile the test.
[INFO] [stdout] ---- src/_docs/attributes/font_family.md - definitions::label::font_family (line 10) stdout ----
[INFO] [stdout] error[E0433]: failed to resolve: use of undeclared crate or module `freya`
[INFO] [stdout]  --> src/_docs/attributes/font_family.md:11:5
[INFO] [stdout]   |
[INFO] [stdout] 3 | use freya::prelude::*;
[INFO] [stdout]   |     ^^^^^ use of undeclared crate or module `freya`
[INFO] [stdout] 
[INFO] [stdout] error: cannot find macro `rsx` in this scope
[INFO] [stdout]  --> src/_docs/attributes/font_family.md:13:5
[INFO] [stdout]   |
[INFO] [stdout] 5 |     rsx!(
[INFO] [stdout]   |     ^^^
[INFO] [stdout] 
[INFO] [stdout] error[E0412]: cannot find type `Element` in this scope
[INFO] [stdout]  --> src/_docs/attributes/font_family.md:12:13
[INFO] [stdout]   |
[INFO] [stdout] 4 | fn app() -> Element {
[INFO] [stdout]   |             ^^^^^^^ not found in this scope
[INFO] [stdout]   |
[INFO] [stdout] help: consider importing one of these items
[INFO] [stdout]   |
[INFO] [stdout] 2 + use dioxus_core::Element;
[INFO] [stdout]   |
[INFO] [stdout] 2 + use dioxus_rsx::Element;
[INFO] [stdout]   |
[INFO] [stdout] 
[INFO] [stdout] error: aborting due to 3 previous errors
[INFO] [stdout] 
[INFO] [stdout] Some errors have detailed explanations: E0412, E0433.
[INFO] [stdout] For more information about an error, try `rustc --explain E0412`.
[INFO] [stdout] Couldn't compile the test.
[INFO] [stdout] ---- src/_docs/attributes/font_family.md - definitions::rect::font_family (line 10) stdout ----
[INFO] [stdout] error[E0433]: failed to resolve: use of undeclared crate or module `freya`
[INFO] [stdout]  --> src/_docs/attributes/font_family.md:11:5
[INFO] [stdout]   |
[INFO] [stdout] 3 | use freya::prelude::*;
[INFO] [stdout]   |     ^^^^^ use of undeclared crate or module `freya`
[INFO] [stdout] 
[INFO] [stdout] error: cannot find macro `rsx` in this scope
[INFO] [stdout]  --> src/_docs/attributes/font_family.md:13:5
[INFO] [stdout]   |
[INFO] [stdout] 5 |     rsx!(
[INFO] [stdout]   |     ^^^
[INFO] [stdout] 
[INFO] [stdout] error[E0412]: cannot find type `Element` in this scope
[INFO] [stdout]  --> src/_docs/attributes/font_family.md:12:13
[INFO] [stdout]   |
[INFO] [stdout] 4 | fn app() -> Element {
[INFO] [stdout]   |             ^^^^^^^ not found in this scope
[INFO] [stdout]   |
[INFO] [stdout] help: consider importing one of these items
[INFO] [stdout]   |
[INFO] [stdout] 2 + use dioxus_core::Element;
[INFO] [stdout]   |
[INFO] [stdout] 2 + use dioxus_rsx::Element;
[INFO] [stdout]   |
[INFO] [stdout] 
[INFO] [stdout] error: aborting due to 3 previous errors
[INFO] [stdout] 
[INFO] [stdout] Some errors have detailed explanations: E0412, E0433.
[INFO] [stdout] For more information about an error, try `rustc --explain E0412`.
[INFO] [stdout] Couldn't compile the test.
[INFO] [stdout] ---- src/_docs/attributes/font_family.md - definitions::text::font_family (line 10) stdout ----
[INFO] [stdout] error[E0433]: failed to resolve: use of undeclared crate or module `freya`
[INFO] [stdout]  --> src/_docs/attributes/font_family.md:11:5
[INFO] [stdout]   |
[INFO] [stdout] 3 | use freya::prelude::*;
[INFO] [stdout]   |     ^^^^^ use of undeclared crate or module `freya`
[INFO] [stdout] 
[INFO] [stdout] error: cannot find macro `rsx` in this scope
[INFO] [stdout]  --> src/_docs/attributes/font_family.md:13:5
[INFO] [stdout]   |
[INFO] [stdout] 5 |     rsx!(
[INFO] [stdout]   |     ^^^
[INFO] [stdout] 
[INFO] [stdout] error[E0412]: cannot find type `Element` in this scope
[INFO] [stdout]  --> src/_docs/attributes/font_family.md:12:13
[INFO] [stdout]   |
[INFO] [stdout] 4 | fn app() -> Element {
[INFO] [stdout]   |             ^^^^^^^ not found in this scope
[INFO] [stdout]   |
[INFO] [stdout] help: consider importing one of these items
[INFO] [stdout]   |
[INFO] [stdout] 2 + use dioxus_core::Element;
[INFO] [stdout]   |
[INFO] [stdout] 2 + use dioxus_rsx::Element;
[INFO] [stdout]   |
[INFO] [stdout] 
[INFO] [stdout] error: aborting due to 3 previous errors
[INFO] [stdout] 
[INFO] [stdout] Some errors have detailed explanations: E0412, E0433.
[INFO] [stdout] For more information about an error, try `rustc --explain E0412`.
[INFO] [stdout] Couldn't compile the test.
[INFO] [stdout] ---- src/_docs/attributes/font_family.md - definitions::paragraph::font_family (line 10) stdout ----
[INFO] [stdout] error[E0433]: failed to resolve: use of undeclared crate or module `freya`
[INFO] [stdout]  --> src/_docs/attributes/font_family.md:11:5
[INFO] [stdout]   |
[INFO] [stdout] 3 | use freya::prelude::*;
[INFO] [stdout]   |     ^^^^^ use of undeclared crate or module `freya`
[INFO] [stdout] 
[INFO] [stdout] error: cannot find macro `rsx` in this scope
[INFO] [stdout]  --> src/_docs/attributes/font_family.md:13:5
[INFO] [stdout]   |
[INFO] [stdout] 5 |     rsx!(
[INFO] [stdout]   |     ^^^
[INFO] [stdout] 
[INFO] [stdout] error[E0412]: cannot find type `Element` in this scope
[INFO] [stdout]  --> src/_docs/attributes/font_family.md:12:13
[INFO] [stdout]   |
[INFO] [stdout] 4 | fn app() -> Element {
[INFO] [stdout]   |             ^^^^^^^ not found in this scope
[INFO] [stdout]   |
[INFO] [stdout] help: consider importing one of these items
[INFO] [stdout]   |
[INFO] [stdout] 2 + use dioxus_core::Element;
[INFO] [stdout]   |
[INFO] [stdout] 2 + use dioxus_rsx::Element;
[INFO] [stdout]   |
[INFO] [stdout] 
[INFO] [stdout] error: aborting due to 3 previous errors
[INFO] [stdout] 
[INFO] [stdout] Some errors have detailed explanations: E0412, E0433.
[INFO] [stdout] For more information about an error, try `rustc --explain E0412`.
[INFO] [stdout] Couldn't compile the test.
[INFO] [stdout] ---- src/_docs/attributes/direction.md - definitions::rect::direction (line 10) stdout ----
[INFO] [stdout] error[E0433]: failed to resolve: use of undeclared crate or module `freya`
[INFO] [stdout]  --> src/_docs/attributes/direction.md:11:5
[INFO] [stdout]   |
[INFO] [stdout] 3 | use freya::prelude::*;
[INFO] [stdout]   |     ^^^^^ use of undeclared crate or module `freya`
[INFO] [stdout] 
[INFO] [stdout] error: cannot find macro `rsx` in this scope
[INFO] [stdout]  --> src/_docs/attributes/direction.md:13:5
[INFO] [stdout]   |
[INFO] [stdout] 5 |     rsx!(
[INFO] [stdout]   |     ^^^
[INFO] [stdout] 
[INFO] [stdout] error[E0412]: cannot find type `Element` in this scope
[INFO] [stdout]  --> src/_docs/attributes/direction.md:12:13
[INFO] [stdout]   |
[INFO] [stdout] 4 | fn app() -> Element {
[INFO] [stdout]   |             ^^^^^^^ not found in this scope
[INFO] [stdout]   |
[INFO] [stdout] help: consider importing one of these items
[INFO] [stdout]   |
[INFO] [stdout] 2 + use dioxus_core::Element;
[INFO] [stdout]   |
[INFO] [stdout] 2 + use dioxus_rsx::Element;
[INFO] [stdout]   |
[INFO] [stdout] 
[INFO] [stdout] error: aborting due to 3 previous errors
[INFO] [stdout] 
[INFO] [stdout] Some errors have detailed explanations: E0412, E0433.
[INFO] [stdout] For more information about an error, try `rustc --explain E0412`.
[INFO] [stdout] Couldn't compile the test.
[INFO] [stdout] ---- src/_docs/attributes/font_size.md - definitions::label::font_size (line 5) stdout ----
[INFO] [stdout] error[E0433]: failed to resolve: use of undeclared crate or module `freya`
[INFO] [stdout]  --> src/_docs/attributes/font_size.md:6:5
[INFO] [stdout]   |
[INFO] [stdout] 3 | use freya::prelude::*;
[INFO] [stdout]   |     ^^^^^ use of undeclared crate or module `freya`
[INFO] [stdout] 
[INFO] [stdout] error: cannot find macro `rsx` in this scope
[INFO] [stdout]  --> src/_docs/attributes/font_size.md:8:5
[INFO] [stdout]   |
[INFO] [stdout] 5 |     rsx!(
[INFO] [stdout]   |     ^^^
[INFO] [stdout] 
[INFO] [stdout] error[E0412]: cannot find type `Element` in this scope
[INFO] [stdout]  --> src/_docs/attributes/font_size.md:7:13
[INFO] [stdout]   |
[INFO] [stdout] 4 | fn app() -> Element {
[INFO] [stdout]   |             ^^^^^^^ not found in this scope
[INFO] [stdout]   |
[INFO] [stdout] help: consider importing one of these items
[INFO] [stdout]   |
[INFO] [stdout] 2 + use dioxus_core::Element;
[INFO] [stdout]   |
[INFO] [stdout] 2 + use dioxus_rsx::Element;
[INFO] [stdout]   |
[INFO] [stdout] 
[INFO] [stdout] error: aborting due to 3 previous errors
[INFO] [stdout] 
[INFO] [stdout] Some errors have detailed explanations: E0412, E0433.
[INFO] [stdout] For more information about an error, try `rustc --explain E0412`.
[INFO] [stdout] Couldn't compile the test.
[INFO] [stdout] ---- src/_docs/attributes/font_size.md - definitions::rect::font_size (line 5) stdout ----
[INFO] [stdout] error[E0433]: failed to resolve: use of undeclared crate or module `freya`
[INFO] [stdout]  --> src/_docs/attributes/font_size.md:6:5
[INFO] [stdout]   |
[INFO] [stdout] 3 | use freya::prelude::*;
[INFO] [stdout]   |     ^^^^^ use of undeclared crate or module `freya`
[INFO] [stdout] 
[INFO] [stdout] error: cannot find macro `rsx` in this scope
[INFO] [stdout]  --> src/_docs/attributes/font_size.md:8:5
[INFO] [stdout]   |
[INFO] [stdout] 5 |     rsx!(
[INFO] [stdout]   |     ^^^
[INFO] [stdout] 
[INFO] [stdout] error[E0412]: cannot find type `Element` in this scope
[INFO] [stdout]  --> src/_docs/attributes/font_size.md:7:13
[INFO] [stdout]   |
[INFO] [stdout] 4 | fn app() -> Element {
[INFO] [stdout]   |             ^^^^^^^ not found in this scope
[INFO] [stdout]   |
[INFO] [stdout] help: consider importing one of these items
[INFO] [stdout]   |
[INFO] [stdout] 2 + use dioxus_core::Element;
[INFO] [stdout]   |
[INFO] [stdout] 2 + use dioxus_rsx::Element;
[INFO] [stdout]   |
[INFO] [stdout] 
[INFO] [stdout] error: aborting due to 3 previous errors
[INFO] [stdout] 
[INFO] [stdout] Some errors have detailed explanations: E0412, E0433.
[INFO] [stdout] For more information about an error, try `rustc --explain E0412`.
[INFO] [stdout] Couldn't compile the test.
[INFO] [stdout] ---- src/_docs/attributes/font_size.md - definitions::text::text_shadow (line 5) stdout ----
[INFO] [stdout] error[E0433]: failed to resolve: use of undeclared crate or module `freya`
[INFO] [stdout]  --> src/_docs/attributes/font_size.md:6:5
[INFO] [stdout]   |
[INFO] [stdout] 3 | use freya::prelude::*;
[INFO] [stdout]   |     ^^^^^ use of undeclared crate or module `freya`
[INFO] [stdout] 
[INFO] [stdout] error: cannot find macro `rsx` in this scope
[INFO] [stdout]  --> src/_docs/attributes/font_size.md:8:5
[INFO] [stdout]   |
[INFO] [stdout] 5 |     rsx!(
[INFO] [stdout]   |     ^^^
[INFO] [stdout] 
[INFO] [stdout] error[E0412]: cannot find type `Element` in this scope
[INFO] [stdout]  --> src/_docs/attributes/font_size.md:7:13
[INFO] [stdout]   |
[INFO] [stdout] 4 | fn app() -> Element {
[INFO] [stdout]   |             ^^^^^^^ not found in this scope
[INFO] [stdout]   |
[INFO] [stdout] help: consider importing one of these items
[INFO] [stdout]   |
[INFO] [stdout] 2 + use dioxus_core::Element;
[INFO] [stdout]   |
[INFO] [stdout] 2 + use dioxus_rsx::Element;
[INFO] [stdout]   |
[INFO] [stdout] 
[INFO] [stdout] error: aborting due to 3 previous errors
[INFO] [stdout] 
[INFO] [stdout] Some errors have detailed explanations: E0412, E0433.
[INFO] [stdout] For more information about an error, try `rustc --explain E0412`.
[INFO] [stdout] Couldn't compile the test.
[INFO] [stdout] ---- src/_docs/attributes/font_size.md - definitions::text::font_size (line 5) stdout ----
[INFO] [stdout] error[E0433]: failed to resolve: use of undeclared crate or module `freya`
[INFO] [stdout]  --> src/_docs/attributes/font_size.md:6:5
[INFO] [stdout]   |
[INFO] [stdout] 3 | use freya::prelude::*;
[INFO] [stdout]   |     ^^^^^ use of undeclared crate or module `freya`
[INFO] [stdout] 
[INFO] [stdout] error: cannot find macro `rsx` in this scope
[INFO] [stdout]  --> src/_docs/attributes/font_size.md:8:5
[INFO] [stdout]   |
[INFO] [stdout] 5 |     rsx!(
[INFO] [stdout]   |     ^^^
[INFO] [stdout] 
[INFO] [stdout] error[E0412]: cannot find type `Element` in this scope
[INFO] [stdout]  --> src/_docs/attributes/font_size.md:7:13
[INFO] [stdout]   |
[INFO] [stdout] 4 | fn app() -> Element {
[INFO] [stdout]   |             ^^^^^^^ not found in this scope
[INFO] [stdout]   |
[INFO] [stdout] help: consider importing one of these items
[INFO] [stdout]   |
[INFO] [stdout] 2 + use dioxus_core::Element;
[INFO] [stdout]   |
[INFO] [stdout] 2 + use dioxus_rsx::Element;
[INFO] [stdout]   |
[INFO] [stdout] 
[INFO] [stdout] error: aborting due to 3 previous errors
[INFO] [stdout] 
[INFO] [stdout] Some errors have detailed explanations: E0412, E0433.
[INFO] [stdout] For more information about an error, try `rustc --explain E0412`.
[INFO] [stdout] Couldn't compile the test.
[INFO] [stdout] ---- src/_docs/attributes/font_size.md - definitions::paragraph::font_size (line 5) stdout ----
[INFO] [stdout] error[E0433]: failed to resolve: use of undeclared crate or module `freya`
[INFO] [stdout]  --> src/_docs/attributes/font_size.md:6:5
[INFO] [stdout]   |
[INFO] [stdout] 3 | use freya::prelude::*;
[INFO] [stdout]   |     ^^^^^ use of undeclared crate or module `freya`
[INFO] [stdout] 
[INFO] [stdout] error: cannot find macro `rsx` in this scope
[INFO] [stdout]  --> src/_docs/attributes/font_size.md:8:5
[INFO] [stdout]   |
[INFO] [stdout] 5 |     rsx!(
[INFO] [stdout]   |     ^^^
[INFO] [stdout] 
[INFO] [stdout] error[E0412]: cannot find type `Element` in this scope
[INFO] [stdout]  --> src/_docs/attributes/font_size.md:7:13
[INFO] [stdout]   |
[INFO] [stdout] 4 | fn app() -> Element {
[INFO] [stdout]   |             ^^^^^^^ not found in this scope
[INFO] [stdout]   |
[INFO] [stdout] help: consider importing one of these items
[INFO] [stdout]   |
[INFO] [stdout] 2 + use dioxus_core::Element;
[INFO] [stdout]   |
[INFO] [stdout] 2 + use dioxus_rsx::Element;
[INFO] [stdout]   |
[INFO] [stdout] 
[INFO] [stdout] error: aborting due to 3 previous errors
[INFO] [stdout] 
[INFO] [stdout] Some errors have detailed explanations: E0412, E0433.
[INFO] [stdout] For more information about an error, try `rustc --explain E0412`.
[INFO] [stdout] Couldn't compile the test.
[INFO] [stdout] ---- src/_docs/attributes/font_style.md - definitions::label::font_style (line 11) stdout ----
[INFO] [stdout] error[E0433]: failed to resolve: use of undeclared crate or module `freya`
[INFO] [stdout]  --> src/_docs/attributes/font_style.md:12:5
[INFO] [stdout]   |
[INFO] [stdout] 3 | use freya::prelude::*;
[INFO] [stdout]   |     ^^^^^ use of undeclared crate or module `freya`
[INFO] [stdout] 
[INFO] [stdout] error: cannot find macro `rsx` in this scope
[INFO] [stdout]  --> src/_docs/attributes/font_style.md:14:5
[INFO] [stdout]   |
[INFO] [stdout] 5 |     rsx!(
[INFO] [stdout]   |     ^^^
[INFO] [stdout] 
[INFO] [stdout] error[E0412]: cannot find type `Element` in this scope
[INFO] [stdout]  --> src/_docs/attributes/font_style.md:13:13
[INFO] [stdout]   |
[INFO] [stdout] 4 | fn app() -> Element {
[INFO] [stdout]   |             ^^^^^^^ not found in this scope
[INFO] [stdout]   |
[INFO] [stdout] help: consider importing one of these items
[INFO] [stdout]   |
[INFO] [stdout] 2 + use dioxus_core::Element;
[INFO] [stdout]   |
[INFO] [stdout] 2 + use dioxus_rsx::Element;
[INFO] [stdout]   |
[INFO] [stdout] 
[INFO] [stdout] error: aborting due to 3 previous errors
[INFO] [stdout] 
[INFO] [stdout] Some errors have detailed explanations: E0412, E0433.
[INFO] [stdout] For more information about an error, try `rustc --explain E0412`.
[INFO] [stdout] Couldn't compile the test.
[INFO] [stdout] ---- src/_docs/attributes/font_style.md - definitions::paragraph::font_style (line 11) stdout ----
[INFO] [stdout] error[E0433]: failed to resolve: use of undeclared crate or module `freya`
[INFO] [stdout]  --> src/_docs/attributes/font_style.md:12:5
[INFO] [stdout]   |
[INFO] [stdout] 3 | use freya::prelude::*;
[INFO] [stdout]   |     ^^^^^ use of undeclared crate or module `freya`
[INFO] [stdout] 
[INFO] [stdout] error: cannot find macro `rsx` in this scope
[INFO] [stdout]  --> src/_docs/attributes/font_style.md:14:5
[INFO] [stdout]   |
[INFO] [stdout] 5 |     rsx!(
[INFO] [stdout]   |     ^^^
[INFO] [stdout] 
[INFO] [stdout] error[E0412]: cannot find type `Element` in this scope
[INFO] [stdout]  --> src/_docs/attributes/font_style.md:13:13
[INFO] [stdout]   |
[INFO] [stdout] 4 | fn app() -> Element {
[INFO] [stdout]   |             ^^^^^^^ not found in this scope
[INFO] [stdout]   |
[INFO] [stdout] help: consider importing one of these items
[INFO] [stdout]   |
[INFO] [stdout] 2 + use dioxus_core::Element;
[INFO] [stdout]   |
[INFO] [stdout] 2 + use dioxus_rsx::Element;
[INFO] [stdout]   |
[INFO] [stdout] 
[INFO] [stdout] error: aborting due to 3 previous errors
[INFO] [stdout] 
[INFO] [stdout] Some errors have detailed explanations: E0412, E0433.
[INFO] [stdout] For more information about an error, try `rustc --explain E0412`.
[INFO] [stdout] Couldn't compile the test.
[INFO] [stdout] ---- src/_docs/attributes/font_style.md - definitions::label::font_style (line 27) stdout ----
[INFO] [stdout] error[E0433]: failed to resolve: use of undeclared crate or module `freya`
[INFO] [stdout]  --> src/_docs/attributes/font_style.md:28:5
[INFO] [stdout]   |
[INFO] [stdout] 3 | use freya::prelude::*;
[INFO] [stdout]   |     ^^^^^ use of undeclared crate or module `freya`
[INFO] [stdout] 
[INFO] [stdout] error: cannot find macro `rsx` in this scope
[INFO] [stdout]  --> src/_docs/attributes/font_style.md:30:5
[INFO] [stdout]   |
[INFO] [stdout] 5 |     rsx!(
[INFO] [stdout]   |     ^^^
[INFO] [stdout] 
[INFO] [stdout] error[E0412]: cannot find type `Element` in this scope
[INFO] [stdout]  --> src/_docs/attributes/font_style.md:29:13
[INFO] [stdout]   |
[INFO] [stdout] 4 | fn app() -> Element {
[INFO] [stdout]   |             ^^^^^^^ not found in this scope
[INFO] [stdout]   |
[INFO] [stdout] help: consider importing one of these items
[INFO] [stdout]   |
[INFO] [stdout] 2 + use dioxus_core::Element;
[INFO] [stdout]   |
[INFO] [stdout] 2 + use dioxus_rsx::Element;
[INFO] [stdout]   |
[INFO] [stdout] 
[INFO] [stdout] error: aborting due to 3 previous errors
[INFO] [stdout] 
[INFO] [stdout] Some errors have detailed explanations: E0412, E0433.
[INFO] [stdout] For more information about an error, try `rustc --explain E0412`.
[INFO] [stdout] Couldn't compile the test.
[INFO] [stdout] ---- src/_docs/attributes/font_style.md - definitions::rect::font_style (line 11) stdout ----
[INFO] [stdout] error[E0433]: failed to resolve: use of undeclared crate or module `freya`
[INFO] [stdout]  --> src/_docs/attributes/font_style.md:12:5
[INFO] [stdout]   |
[INFO] [stdout] 3 | use freya::prelude::*;
[INFO] [stdout]   |     ^^^^^ use of undeclared crate or module `freya`
[INFO] [stdout] 
[INFO] [stdout] error: cannot find macro `rsx` in this scope
[INFO] [stdout]  --> src/_docs/attributes/font_style.md:14:5
[INFO] [stdout]   |
[INFO] [stdout] 5 |     rsx!(
[INFO] [stdout]   |     ^^^
[INFO] [stdout] 
[INFO] [stdout] error[E0412]: cannot find type `Element` in this scope
[INFO] [stdout]  --> src/_docs/attributes/font_style.md:13:13
[INFO] [stdout]   |
[INFO] [stdout] 4 | fn app() -> Element {
[INFO] [stdout]   |             ^^^^^^^ not found in this scope
[INFO] [stdout]   |
[INFO] [stdout] help: consider importing one of these items
[INFO] [stdout]   |
[INFO] [stdout] 2 + use dioxus_core::Element;
[INFO] [stdout]   |
[INFO] [stdout] 2 + use dioxus_rsx::Element;
[INFO] [stdout]   |
[INFO] [stdout] 
[INFO] [stdout] error: aborting due to 3 previous errors
[INFO] [stdout] 
[INFO] [stdout] Some errors have detailed explanations: E0412, E0433.
[INFO] [stdout] For more information about an error, try `rustc --explain E0412`.
[INFO] [stdout] Couldn't compile the test.
[INFO] [stdout] ---- src/_docs/attributes/font_style.md - definitions::rect::font_style (line 27) stdout ----
[INFO] [stdout] error[E0433]: failed to resolve: use of undeclared crate or module `freya`
[INFO] [stdout]  --> src/_docs/attributes/font_style.md:28:5
[INFO] [stdout]   |
[INFO] [stdout] 3 | use freya::prelude::*;
[INFO] [stdout]   |     ^^^^^ use of undeclared crate or module `freya`
[INFO] [stdout] 
[INFO] [stdout] error: cannot find macro `rsx` in this scope
[INFO] [stdout]  --> src/_docs/attributes/font_style.md:30:5
[INFO] [stdout]   |
[INFO] [stdout] 5 |     rsx!(
[INFO] [stdout]   |     ^^^
[INFO] [stdout] 
[INFO] [stdout] error[E0412]: cannot find type `Element` in this scope
[INFO] [stdout]  --> src/_docs/attributes/font_style.md:29:13
[INFO] [stdout]   |
[INFO] [stdout] 4 | fn app() -> Element {
[INFO] [stdout]   |             ^^^^^^^ not found in this scope
[INFO] [stdout]   |
[INFO] [stdout] help: consider importing one of these items
[INFO] [stdout]   |
[INFO] [stdout] 2 + use dioxus_core::Element;
[INFO] [stdout]   |
[INFO] [stdout] 2 + use dioxus_rsx::Element;
[INFO] [stdout]   |
[INFO] [stdout] 
[INFO] [stdout] error: aborting due to 3 previous errors
[INFO] [stdout] 
[INFO] [stdout] Some errors have detailed explanations: E0412, E0433.
[INFO] [stdout] For more information about an error, try `rustc --explain E0412`.
[INFO] [stdout] Couldn't compile the test.
[INFO] [stdout] ---- src/_docs/attributes/font_style.md - definitions::paragraph::font_style (line 27) stdout ----
[INFO] [stdout] error[E0433]: failed to resolve: use of undeclared crate or module `freya`
[INFO] [stdout]  --> src/_docs/attributes/font_style.md:28:5
[INFO] [stdout]   |
[INFO] [stdout] 3 | use freya::prelude::*;
[INFO] [stdout]   |     ^^^^^ use of undeclared crate or module `freya`
[INFO] [stdout] 
[INFO] [stdout] error: cannot find macro `rsx` in this scope
[INFO] [stdout]  --> src/_docs/attributes/font_style.md:30:5
[INFO] [stdout]   |
[INFO] [stdout] 5 |     rsx!(
[INFO] [stdout]   |     ^^^
[INFO] [stdout] 
[INFO] [stdout] error[E0412]: cannot find type `Element` in this scope
[INFO] [stdout]  --> src/_docs/attributes/font_style.md:29:13
[INFO] [stdout]   |
[INFO] [stdout] 4 | fn app() -> Element {
[INFO] [stdout]   |             ^^^^^^^ not found in this scope
[INFO] [stdout]   |
[INFO] [stdout] help: consider importing one of these items
[INFO] [stdout]   |
[INFO] [stdout] 2 + use dioxus_core::Element;
[INFO] [stdout]   |
[INFO] [stdout] 2 + use dioxus_rsx::Element;
[INFO] [stdout]   |
[INFO] [stdout] 
[INFO] [stdout] error: aborting due to 3 previous errors
[INFO] [stdout] 
[INFO] [stdout] Some errors have detailed explanations: E0412, E0433.
[INFO] [stdout] For more information about an error, try `rustc --explain E0412`.
[INFO] [stdout] Couldn't compile the test.
[INFO] [stdout] ---- src/_docs/attributes/font_weight.md - definitions::rect::font_weight (line 30) stdout ----
[INFO] [stdout] error[E0433]: failed to resolve: use of undeclared crate or module `freya`
[INFO] [stdout]  --> src/_docs/attributes/font_weight.md:31:5
[INFO] [stdout]   |
[INFO] [stdout] 3 | use freya::prelude::*;
[INFO] [stdout]   |     ^^^^^ use of undeclared crate or module `freya`
[INFO] [stdout] 
[INFO] [stdout] error: cannot find macro `rsx` in this scope
[INFO] [stdout]  --> src/_docs/attributes/font_weight.md:33:5
[INFO] [stdout]   |
[INFO] [stdout] 5 |     rsx!(
[INFO] [stdout]   |     ^^^
[INFO] [stdout] 
[INFO] [stdout] error[E0412]: cannot find type `Element` in this scope
[INFO] [stdout]  --> src/_docs/attributes/font_weight.md:32:13
[INFO] [stdout]   |
[INFO] [stdout] 4 | fn app() -> Element {
[INFO] [stdout]   |             ^^^^^^^ not found in this scope
[INFO] [stdout]   |
[INFO] [stdout] help: consider importing one of these items
[INFO] [stdout]   |
[INFO] [stdout] 2 + use dioxus_core::Element;
[INFO] [stdout]   |
[INFO] [stdout] 2 + use dioxus_rsx::Element;
[INFO] [stdout]   |
[INFO] [stdout] 
[INFO] [stdout] error: aborting due to 3 previous errors
[INFO] [stdout] 
[INFO] [stdout] Some errors have detailed explanations: E0412, E0433.
[INFO] [stdout] For more information about an error, try `rustc --explain E0412`.
[INFO] [stdout] Couldn't compile the test.
[INFO] [stdout] ---- src/_docs/attributes/font_weight.md - definitions::text::font_weight (line 30) stdout ----
[INFO] [stdout] error[E0433]: failed to resolve: use of undeclared crate or module `freya`
[INFO] [stdout]  --> src/_docs/attributes/font_weight.md:31:5
[INFO] [stdout]   |
[INFO] [stdout] 3 | use freya::prelude::*;
[INFO] [stdout]   |     ^^^^^ use of undeclared crate or module `freya`
[INFO] [stdout] 
[INFO] [stdout] error: cannot find macro `rsx` in this scope
[INFO] [stdout]  --> src/_docs/attributes/font_weight.md:33:5
[INFO] [stdout]   |
[INFO] [stdout] 5 |     rsx!(
[INFO] [stdout]   |     ^^^
[INFO] [stdout] 
[INFO] [stdout] error[E0412]: cannot find type `Element` in this scope
[INFO] [stdout]  --> src/_docs/attributes/font_weight.md:32:13
[INFO] [stdout]   |
[INFO] [stdout] 4 | fn app() -> Element {
[INFO] [stdout]   |             ^^^^^^^ not found in this scope
[INFO] [stdout]   |
[INFO] [stdout] help: consider importing one of these items
[INFO] [stdout]   |
[INFO] [stdout] 2 + use dioxus_core::Element;
[INFO] [stdout]   |
[INFO] [stdout] 2 + use dioxus_rsx::Element;
[INFO] [stdout]   |
[INFO] [stdout] 
[INFO] [stdout] error: aborting due to 3 previous errors
[INFO] [stdout] 
[INFO] [stdout] Some errors have detailed explanations: E0412, E0433.
[INFO] [stdout] For more information about an error, try `rustc --explain E0412`.
[INFO] [stdout] Couldn't compile the test.
[INFO] [stdout] ---- src/_docs/attributes/font_style.md - definitions::text::font_style (line 11) stdout ----
[INFO] [stdout] error[E0433]: failed to resolve: use of undeclared crate or module `freya`
[INFO] [stdout]  --> src/_docs/attributes/font_style.md:12:5
[INFO] [stdout]   |
[INFO] [stdout] 3 | use freya::prelude::*;
[INFO] [stdout]   |     ^^^^^ use of undeclared crate or module `freya`
[INFO] [stdout] 
[INFO] [stdout] error: cannot find macro `rsx` in this scope
[INFO] [stdout]  --> src/_docs/attributes/font_style.md:14:5
[INFO] [stdout]   |
[INFO] [stdout] 5 |     rsx!(
[INFO] [stdout]   |     ^^^
[INFO] [stdout] 
[INFO] [stdout] error[E0412]: cannot find type `Element` in this scope
[INFO] [stdout]  --> src/_docs/attributes/font_style.md:13:13
[INFO] [stdout]   |
[INFO] [stdout] 4 | fn app() -> Element {
[INFO] [stdout]   |             ^^^^^^^ not found in this scope
[INFO] [stdout]   |
[INFO] [stdout] help: consider importing one of these items
[INFO] [stdout]   |
[INFO] [stdout] 2 + use dioxus_core::Element;
[INFO] [stdout]   |
[INFO] [stdout] 2 + use dioxus_rsx::Element;
[INFO] [stdout]   |
[INFO] [stdout] 
[INFO] [stdout] error: aborting due to 3 previous errors
[INFO] [stdout] 
[INFO] [stdout] Some errors have detailed explanations: E0412, E0433.
[INFO] [stdout] For more information about an error, try `rustc --explain E0412`.
[INFO] [stdout] Couldn't compile the test.
[INFO] [stdout] ---- src/_docs/attributes/font_style.md - definitions::text::font_style (line 27) stdout ----
[INFO] [stdout] error[E0433]: failed to resolve: use of undeclared crate or module `freya`
[INFO] [stdout]  --> src/_docs/attributes/font_style.md:28:5
[INFO] [stdout]   |
[INFO] [stdout] 3 | use freya::prelude::*;
[INFO] [stdout]   |     ^^^^^ use of undeclared crate or module `freya`
[INFO] [stdout] 
[INFO] [stdout] error: cannot find macro `rsx` in this scope
[INFO] [stdout]  --> src/_docs/attributes/font_style.md:30:5
[INFO] [stdout]   |
[INFO] [stdout] 5 |     rsx!(
[INFO] [stdout]   |     ^^^
[INFO] [stdout] 
[INFO] [stdout] error[E0412]: cannot find type `Element` in this scope
[INFO] [stdout]  --> src/_docs/attributes/font_style.md:29:13
[INFO] [stdout]   |
[INFO] [stdout] 4 | fn app() -> Element {
[INFO] [stdout]   |             ^^^^^^^ not found in this scope
[INFO] [stdout]   |
[INFO] [stdout] help: consider importing one of these items
[INFO] [stdout]   |
[INFO] [stdout] 2 + use dioxus_core::Element;
[INFO] [stdout]   |
[INFO] [stdout] 2 + use dioxus_rsx::Element;
[INFO] [stdout]   |
[INFO] [stdout] 
[INFO] [stdout] error: aborting due to 3 previous errors
[INFO] [stdout] 
[INFO] [stdout] Some errors have detailed explanations: E0412, E0433.
[INFO] [stdout] For more information about an error, try `rustc --explain E0412`.
[INFO] [stdout] Couldn't compile the test.
[INFO] [stdout] ---- src/_docs/attributes/font_weight.md - definitions::paragraph::font_weight (line 30) stdout ----
[INFO] [stdout] error[E0433]: failed to resolve: use of undeclared crate or module `freya`
[INFO] [stdout]  --> src/_docs/attributes/font_weight.md:31:5
[INFO] [stdout]   |
[INFO] [stdout] 3 | use freya::prelude::*;
[INFO] [stdout]   |     ^^^^^ use of undeclared crate or module `freya`
[INFO] [stdout] 
[INFO] [stdout] error: cannot find macro `rsx` in this scope
[INFO] [stdout]  --> src/_docs/attributes/font_weight.md:33:5
[INFO] [stdout]   |
[INFO] [stdout] 5 |     rsx!(
[INFO] [stdout]   |     ^^^
[INFO] [stdout] 
[INFO] [stdout] error[E0412]: cannot find type `Element` in this scope
[INFO] [stdout]  --> src/_docs/attributes/font_weight.md:32:13
[INFO] [stdout]   |
[INFO] [stdout] 4 | fn app() -> Element {
[INFO] [stdout]   |             ^^^^^^^ not found in this scope
[INFO] [stdout]   |
[INFO] [stdout] help: consider importing one of these items
[INFO] [stdout]   |
[INFO] [stdout] 2 + use dioxus_core::Element;
[INFO] [stdout]   |
[INFO] [stdout] 2 + use dioxus_rsx::Element;
[INFO] [stdout]   |
[INFO] [stdout] 
[INFO] [stdout] error: aborting due to 3 previous errors
[INFO] [stdout] 
[INFO] [stdout] Some errors have detailed explanations: E0412, E0433.
[INFO] [stdout] For more information about an error, try `rustc --explain E0412`.
[INFO] [stdout] Couldn't compile the test.
[INFO] [stdout] ---- src/_docs/attributes/font_weight.md - definitions::label::font_weight (line 30) stdout ----
[INFO] [stdout] error[E0433]: failed to resolve: use of undeclared crate or module `freya`
[INFO] [stdout]  --> src/_docs/attributes/font_weight.md:31:5
[INFO] [stdout]   |
[INFO] [stdout] 3 | use freya::prelude::*;
[INFO] [stdout]   |     ^^^^^ use of undeclared crate or module `freya`
[INFO] [stdout] 
[INFO] [stdout] error: cannot find macro `rsx` in this scope
[INFO] [stdout]  --> src/_docs/attributes/font_weight.md:33:5
[INFO] [stdout]   |
[INFO] [stdout] 5 |     rsx!(
[INFO] [stdout]   |     ^^^
[INFO] [stdout] 
[INFO] [stdout] error[E0412]: cannot find type `Element` in this scope
[INFO] [stdout]  --> src/_docs/attributes/font_weight.md:32:13
[INFO] [stdout]   |
[INFO] [stdout] 4 | fn app() -> Element {
[INFO] [stdout]   |             ^^^^^^^ not found in this scope
[INFO] [stdout]   |
[INFO] [stdout] help: consider importing one of these items
[INFO] [stdout]   |
[INFO] [stdout] 2 + use dioxus_core::Element;
[INFO] [stdout]   |
[INFO] [stdout] 2 + use dioxus_rsx::Element;
[INFO] [stdout]   |
[INFO] [stdout] 
[INFO] [stdout] error: aborting due to 3 previous errors
[INFO] [stdout] 
[INFO] [stdout] Some errors have detailed explanations: E0412, E0433.
[INFO] [stdout] For more information about an error, try `rustc --explain E0412`.
[INFO] [stdout] Couldn't compile the test.
[INFO] [stdout] ---- src/_docs/attributes/letter_spacing.md - definitions::label::letter_spacing (line 5) stdout ----
[INFO] [stdout] error[E0433]: failed to resolve: use of undeclared crate or module `freya`
[INFO] [stdout]  --> src/_docs/attributes/letter_spacing.md:6:5
[INFO] [stdout]   |
[INFO] [stdout] 3 | use freya::prelude::*;
[INFO] [stdout]   |     ^^^^^ use of undeclared crate or module `freya`
[INFO] [stdout] 
[INFO] [stdout] error: cannot find macro `rsx` in this scope
[INFO] [stdout]  --> src/_docs/attributes/letter_spacing.md:8:5
[INFO] [stdout]   |
[INFO] [stdout] 5 |     rsx!(
[INFO] [stdout]   |     ^^^
[INFO] [stdout] 
[INFO] [stdout] error[E0412]: cannot find type `Element` in this scope
[INFO] [stdout]  --> src/_docs/attributes/letter_spacing.md:7:13
[INFO] [stdout]   |
[INFO] [stdout] 4 | fn app() -> Element {
[INFO] [stdout]   |             ^^^^^^^ not found in this scope
[INFO] [stdout]   |
[INFO] [stdout] help: consider importing one of these items
[INFO] [stdout]   |
[INFO] [stdout] 2 + use dioxus_core::Element;
[INFO] [stdout]   |
[INFO] [stdout] 2 + use dioxus_rsx::Element;
[INFO] [stdout]   |
[INFO] [stdout] 
[INFO] [stdout] error: aborting due to 3 previous errors
[INFO] [stdout] 
[INFO] [stdout] Some errors have detailed explanations: E0412, E0433.
[INFO] [stdout] For more information about an error, try `rustc --explain E0412`.
[INFO] [stdout] Couldn't compile the test.
[INFO] [stdout] ---- src/_docs/attributes/font_width.md - definitions::text::font_width (line 18) stdout ----
[INFO] [stdout] error[E0433]: failed to resolve: use of undeclared crate or module `freya`
[INFO] [stdout]  --> src/_docs/attributes/font_width.md:19:5
[INFO] [stdout]   |
[INFO] [stdout] 3 | use freya::prelude::*;
[INFO] [stdout]   |     ^^^^^ use of undeclared crate or module `freya`
[INFO] [stdout] 
[INFO] [stdout] error: cannot find macro `rsx` in this scope
[INFO] [stdout]  --> src/_docs/attributes/font_width.md:21:5
[INFO] [stdout]   |
[INFO] [stdout] 5 |     rsx!(
[INFO] [stdout]   |     ^^^
[INFO] [stdout] 
[INFO] [stdout] error[E0412]: cannot find type `Element` in this scope
[INFO] [stdout]  --> src/_docs/attributes/font_width.md:20:13
[INFO] [stdout]   |
[INFO] [stdout] 4 | fn app() -> Element {
[INFO] [stdout]   |             ^^^^^^^ not found in this scope
[INFO] [stdout]   |
[INFO] [stdout] help: consider importing one of these items
[INFO] [stdout]   |
[INFO] [stdout] 2 + use dioxus_core::Element;
[INFO] [stdout]   |
[INFO] [stdout] 2 + use dioxus_rsx::Element;
[INFO] [stdout]   |
[INFO] [stdout] 
[INFO] [stdout] error: aborting due to 3 previous errors
[INFO] [stdout] 
[INFO] [stdout] Some errors have detailed explanations: E0412, E0433.
[INFO] [stdout] For more information about an error, try `rustc --explain E0412`.
[INFO] [stdout] Couldn't compile the test.
[INFO] [stdout] ---- src/_docs/attributes/font_width.md - definitions::label::font_width (line 18) stdout ----
[INFO] [stdout] error[E0433]: failed to resolve: use of undeclared crate or module `freya`
[INFO] [stdout]  --> src/_docs/attributes/font_width.md:19:5
[INFO] [stdout]   |
[INFO] [stdout] 3 | use freya::prelude::*;
[INFO] [stdout]   |     ^^^^^ use of undeclared crate or module `freya`
[INFO] [stdout] 
[INFO] [stdout] error: cannot find macro `rsx` in this scope
[INFO] [stdout]  --> src/_docs/attributes/font_width.md:21:5
[INFO] [stdout]   |
[INFO] [stdout] 5 |     rsx!(
[INFO] [stdout]   |     ^^^
[INFO] [stdout] 
[INFO] [stdout] error[E0412]: cannot find type `Element` in this scope
[INFO] [stdout]  --> src/_docs/attributes/font_width.md:20:13
[INFO] [stdout]   |
[INFO] [stdout] 4 | fn app() -> Element {
[INFO] [stdout]   |             ^^^^^^^ not found in this scope
[INFO] [stdout]   |
[INFO] [stdout] help: consider importing one of these items
[INFO] [stdout]   |
[INFO] [stdout] 2 + use dioxus_core::Element;
[INFO] [stdout]   |
[INFO] [stdout] 2 + use dioxus_rsx::Element;
[INFO] [stdout]   |
[INFO] [stdout] 
[INFO] [stdout] error: aborting due to 3 previous errors
[INFO] [stdout] 
[INFO] [stdout] Some errors have detailed explanations: E0412, E0433.
[INFO] [stdout] For more information about an error, try `rustc --explain E0412`.
[INFO] [stdout] Couldn't compile the test.
[INFO] [stdout] ---- src/_docs/attributes/font_width.md - definitions::rect::font_width (line 18) stdout ----
[INFO] [stdout] error[E0433]: failed to resolve: use of undeclared crate or module `freya`
[INFO] [stdout]  --> src/_docs/attributes/font_width.md:19:5
[INFO] [stdout]   |
[INFO] [stdout] 3 | use freya::prelude::*;
[INFO] [stdout]   |     ^^^^^ use of undeclared crate or module `freya`
[INFO] [stdout] 
[INFO] [stdout] error: cannot find macro `rsx` in this scope
[INFO] [stdout]  --> src/_docs/attributes/font_width.md:21:5
[INFO] [stdout]   |
[INFO] [stdout] 5 |     rsx!(
[INFO] [stdout]   |     ^^^
[INFO] [stdout] 
[INFO] [stdout] error[E0412]: cannot find type `Element` in this scope
[INFO] [stdout]  --> src/_docs/attributes/font_width.md:20:13
[INFO] [stdout]   |
[INFO] [stdout] 4 | fn app() -> Element {
[INFO] [stdout]   |             ^^^^^^^ not found in this scope
[INFO] [stdout]   |
[INFO] [stdout] help: consider importing one of these items
[INFO] [stdout]   |
[INFO] [stdout] 2 + use dioxus_core::Element;
[INFO] [stdout]   |
[INFO] [stdout] 2 + use dioxus_rsx::Element;
[INFO] [stdout]   |
[INFO] [stdout] 
[INFO] [stdout] error: aborting due to 3 previous errors
[INFO] [stdout] 
[INFO] [stdout] Some errors have detailed explanations: E0412, E0433.
[INFO] [stdout] For more information about an error, try `rustc --explain E0412`.
[INFO] [stdout] Couldn't compile the test.
[INFO] [stdout] ---- src/_docs/attributes/letter_spacing.md - definitions::text::letter_spacing (line 5) stdout ----
[INFO] [stdout] error[E0433]: failed to resolve: use of undeclared crate or module `freya`
[INFO] [stdout]  --> src/_docs/attributes/letter_spacing.md:6:5
[INFO] [stdout]   |
[INFO] [stdout] 3 | use freya::prelude::*;
[INFO] [stdout]   |     ^^^^^ use of undeclared crate or module `freya`
[INFO] [stdout] 
[INFO] [stdout] error: cannot find macro `rsx` in this scope
[INFO] [stdout]  --> src/_docs/attributes/letter_spacing.md:8:5
[INFO] [stdout]   |
[INFO] [stdout] 5 |     rsx!(
[INFO] [stdout]   |     ^^^
[INFO] [stdout] 
[INFO] [stdout] error[E0412]: cannot find type `Element` in this scope
[INFO] [stdout]  --> src/_docs/attributes/letter_spacing.md:7:13
[INFO] [stdout]   |
[INFO] [stdout] 4 | fn app() -> Element {
[INFO] [stdout]   |             ^^^^^^^ not found in this scope
[INFO] [stdout]   |
[INFO] [stdout] help: consider importing one of these items
[INFO] [stdout]   |
[INFO] [stdout] 2 + use dioxus_core::Element;
[INFO] [stdout]   |
[INFO] [stdout] 2 + use dioxus_rsx::Element;
[INFO] [stdout]   |
[INFO] [stdout] 
[INFO] [stdout] error: aborting due to 3 previous errors
[INFO] [stdout] 
[INFO] [stdout] Some errors have detailed explanations: E0412, E0433.
[INFO] [stdout] For more information about an error, try `rustc --explain E0412`.
[INFO] [stdout] Couldn't compile the test.
[INFO] [stdout] ---- src/_docs/attributes/letter_spacing.md - definitions::paragraph::letter_spacing (line 5) stdout ----
[INFO] [stdout] error[E0433]: failed to resolve: use of undeclared crate or module `freya`
[INFO] [stdout]  --> src/_docs/attributes/letter_spacing.md:6:5
[INFO] [stdout]   |
[INFO] [stdout] 3 | use freya::prelude::*;
[INFO] [stdout]   |     ^^^^^ use of undeclared crate or module `freya`
[INFO] [stdout] 
[INFO] [stdout] error: cannot find macro `rsx` in this scope
[INFO] [stdout]  --> src/_docs/attributes/letter_spacing.md:8:5
[INFO] [stdout]   |
[INFO] [stdout] 5 |     rsx!(
[INFO] [stdout]   |     ^^^
[INFO] [stdout] 
[INFO] [stdout] error[E0412]: cannot find type `Element` in this scope
[INFO] [stdout]  --> src/_docs/attributes/letter_spacing.md:7:13
[INFO] [stdout]   |
[INFO] [stdout] 4 | fn app() -> Element {
[INFO] [stdout]   |             ^^^^^^^ not found in this scope
[INFO] [stdout]   |
[INFO] [stdout] help: consider importing one of these items
[INFO] [stdout]   |
[INFO] [stdout] 2 + use dioxus_core::Element;
[INFO] [stdout]   |
[INFO] [stdout] 2 + use dioxus_rsx::Element;
[INFO] [stdout]   |
[INFO] [stdout] 
[INFO] [stdout] error: aborting due to 3 previous errors
[INFO] [stdout] 
[INFO] [stdout] Some errors have detailed explanations: E0412, E0433.
[INFO] [stdout] For more information about an error, try `rustc --explain E0412`.
[INFO] [stdout] Couldn't compile the test.
[INFO] [stdout] ---- src/_docs/attributes/font_width.md - definitions::paragraph::font_width (line 18) stdout ----
[INFO] [stdout] error[E0433]: failed to resolve: use of undeclared crate or module `freya`
[INFO] [stdout]  --> src/_docs/attributes/font_width.md:19:5
[INFO] [stdout]   |
[INFO] [stdout] 3 | use freya::prelude::*;
[INFO] [stdout]   |     ^^^^^ use of undeclared crate or module `freya`
[INFO] [stdout] 
[INFO] [stdout] error: cannot find macro `rsx` in this scope
[INFO] [stdout]  --> src/_docs/attributes/font_width.md:21:5
[INFO] [stdout]   |
[INFO] [stdout] 5 |     rsx!(
[INFO] [stdout]   |     ^^^
[INFO] [stdout] 
[INFO] [stdout] error[E0412]: cannot find type `Element` in this scope
[INFO] [stdout]  --> src/_docs/attributes/font_width.md:20:13
[INFO] [stdout]   |
[INFO] [stdout] 4 | fn app() -> Element {
[INFO] [stdout]   |             ^^^^^^^ not found in this scope
[INFO] [stdout]   |
[INFO] [stdout] help: consider importing one of these items
[INFO] [stdout]   |
[INFO] [stdout] 2 + use dioxus_core::Element;
[INFO] [stdout]   |
[INFO] [stdout] 2 + use dioxus_rsx::Element;
[INFO] [stdout]   |
[INFO] [stdout] 
[INFO] [stdout] error: aborting due to 3 previous errors
[INFO] [stdout] 
[INFO] [stdout] Some errors have detailed explanations: E0412, E0433.
[INFO] [stdout] For more information about an error, try `rustc --explain E0412`.
[INFO] [stdout] Couldn't compile the test.
[INFO] [stdout] ---- src/_docs/attributes/line_height.md - definitions::paragraph::line_height (line 7) stdout ----
[INFO] [stdout] error[E0433]: failed to resolve: use of undeclared crate or module `freya`
[INFO] [stdout]  --> src/_docs/attributes/line_height.md:8:5
[INFO] [stdout]   |
[INFO] [stdout] 3 | use freya::prelude::*;
[INFO] [stdout]   |     ^^^^^ use of undeclared crate or module `freya`
[INFO] [stdout] 
[INFO] [stdout] error: cannot find macro `rsx` in this scope
[INFO] [stdout]  --> src/_docs/attributes/line_height.md:10:5
[INFO] [stdout]   |
[INFO] [stdout] 5 |     rsx!(
[INFO] [stdout]   |     ^^^
[INFO] [stdout] 
[INFO] [stdout] error[E0412]: cannot find type `Element` in this scope
[INFO] [stdout]  --> src/_docs/attributes/line_height.md:9:13
[INFO] [stdout]   |
[INFO] [stdout] 4 | fn app() -> Element {
[INFO] [stdout]   |             ^^^^^^^ not found in this scope
[INFO] [stdout]   |
[INFO] [stdout] help: consider importing one of these items
[INFO] [stdout]   |
[INFO] [stdout] 2 + use dioxus_core::Element;
[INFO] [stdout]   |
[INFO] [stdout] 2 + use dioxus_rsx::Element;
[INFO] [stdout]   |
[INFO] [stdout] 
[INFO] [stdout] error: aborting due to 3 previous errors
[INFO] [stdout] 
[INFO] [stdout] Some errors have detailed explanations: E0412, E0433.
[INFO] [stdout] For more information about an error, try `rustc --explain E0412`.
[INFO] [stdout] Couldn't compile the test.
[INFO] [stdout] ---- src/_docs/attributes/main_align_cross_align.md - definitions::rect::main_align (line 16) stdout ----
[INFO] [stdout] error[E0433]: failed to resolve: use of undeclared crate or module `freya`
[INFO] [stdout]  --> src/_docs/attributes/main_align_cross_align.md:17:5
[INFO] [stdout]   |
[INFO] [stdout] 3 | use freya::prelude::*;
[INFO] [stdout]   |     ^^^^^ use of undeclared crate or module `freya`
[INFO] [stdout] 
[INFO] [stdout] error: cannot find macro `rsx` in this scope
[INFO] [stdout]  --> src/_docs/attributes/main_align_cross_align.md:19:5
[INFO] [stdout]   |
[INFO] [stdout] 5 |     rsx!(
[INFO] [stdout]   |     ^^^
[INFO] [stdout] 
[INFO] [stdout] error[E0412]: cannot find type `Element` in this scope
[INFO] [stdout]  --> src/_docs/attributes/main_align_cross_align.md:18:13
[INFO] [stdout]   |
[INFO] [stdout] 4 | fn app() -> Element {
[INFO] [stdout]   |             ^^^^^^^ not found in this scope
[INFO] [stdout]   |
[INFO] [stdout] help: consider importing one of these items
[INFO] [stdout]   |
[INFO] [stdout] 2 + use dioxus_core::Element;
[INFO] [stdout]   |
[INFO] [stdout] 2 + use dioxus_rsx::Element;
[INFO] [stdout]   |
[INFO] [stdout] 
[INFO] [stdout] error: aborting due to 3 previous errors
[INFO] [stdout] 
[INFO] [stdout] Some errors have detailed explanations: E0412, E0433.
[INFO] [stdout] For more information about an error, try `rustc --explain E0412`.
[INFO] [stdout] Couldn't compile the test.
[INFO] [stdout] ---- src/_docs/attributes/line_height.md - definitions::label::line_height (line 7) stdout ----
[INFO] [stdout] error[E0433]: failed to resolve: use of undeclared crate or module `freya`
[INFO] [stdout]  --> src/_docs/attributes/line_height.md:8:5
[INFO] [stdout]   |
[INFO] [stdout] 3 | use freya::prelude::*;
[INFO] [stdout]   |     ^^^^^ use of undeclared crate or module `freya`
[INFO] [stdout] 
[INFO] [stdout] error: cannot find macro `rsx` in this scope
[INFO] [stdout]  --> src/_docs/attributes/line_height.md:10:5
[INFO] [stdout]   |
[INFO] [stdout] 5 |     rsx!(
[INFO] [stdout]   |     ^^^
[INFO] [stdout] 
[INFO] [stdout] error[E0412]: cannot find type `Element` in this scope
[INFO] [stdout]  --> src/_docs/attributes/line_height.md:9:13
[INFO] [stdout]   |
[INFO] [stdout] 4 | fn app() -> Element {
[INFO] [stdout]   |             ^^^^^^^ not found in this scope
[INFO] [stdout]   |
[INFO] [stdout] help: consider importing one of these items
[INFO] [stdout]   |
[INFO] [stdout] 2 + use dioxus_core::Element;
[INFO] [stdout]   |
[INFO] [stdout] 2 + use dioxus_rsx::Element;
[INFO] [stdout]   |
[INFO] [stdout] 
[INFO] [stdout] error: aborting due to 3 previous errors
[INFO] [stdout] 
[INFO] [stdout] Some errors have detailed explanations: E0412, E0433.
[INFO] [stdout] For more information about an error, try `rustc --explain E0412`.
[INFO] [stdout] Couldn't compile the test.
[INFO] [stdout] ---- src/_docs/attributes/line_height.md - definitions::text::line_height (line 7) stdout ----
[INFO] [stdout] error[E0433]: failed to resolve: use of undeclared crate or module `freya`
[INFO] [stdout]  --> src/_docs/attributes/line_height.md:8:5
[INFO] [stdout]   |
[INFO] [stdout] 3 | use freya::prelude::*;
[INFO] [stdout]   |     ^^^^^ use of undeclared crate or module `freya`
[INFO] [stdout] 
[INFO] [stdout] error: cannot find macro `rsx` in this scope
[INFO] [stdout]  --> src/_docs/attributes/line_height.md:10:5
[INFO] [stdout]   |
[INFO] [stdout] 5 |     rsx!(
[INFO] [stdout]   |     ^^^
[INFO] [stdout] 
[INFO] [stdout] error[E0412]: cannot find type `Element` in this scope
[INFO] [stdout]  --> src/_docs/attributes/line_height.md:9:13
[INFO] [stdout]   |
[INFO] [stdout] 4 | fn app() -> Element {
[INFO] [stdout]   |             ^^^^^^^ not found in this scope
[INFO] [stdout]   |
[INFO] [stdout] help: consider importing one of these items
[INFO] [stdout]   |
[INFO] [stdout] 2 + use dioxus_core::Element;
[INFO] [stdout]   |
[INFO] [stdout] 2 + use dioxus_rsx::Element;
[INFO] [stdout]   |
[INFO] [stdout] 
[INFO] [stdout] error: aborting due to 3 previous errors
[INFO] [stdout] 
[INFO] [stdout] Some errors have detailed explanations: E0412, E0433.
[INFO] [stdout] For more information about an error, try `rustc --explain E0412`.
[INFO] [stdout] Couldn't compile the test.
[INFO] [stdout] ---- src/_docs/attributes/margin.md - definitions::paragraph::margin (line 6) stdout ----
[INFO] [stdout] error[E0433]: failed to resolve: use of undeclared crate or module `freya`
[INFO] [stdout]  --> src/_docs/attributes/margin.md:7:5
[INFO] [stdout]   |
[INFO] [stdout] 3 | use freya::prelude::*;
[INFO] [stdout]   |     ^^^^^ use of undeclared crate or module `freya`
[INFO] [stdout] 
[INFO] [stdout] error: cannot find macro `rsx` in this scope
[INFO] [stdout]  --> src/_docs/attributes/margin.md:9:5
[INFO] [stdout]   |
[INFO] [stdout] 5 |     rsx!(
[INFO] [stdout]   |     ^^^
[INFO] [stdout] 
[INFO] [stdout] error[E0412]: cannot find type `Element` in this scope
[INFO] [stdout]  --> src/_docs/attributes/margin.md:8:13
[INFO] [stdout]   |
[INFO] [stdout] 4 | fn app() -> Element {
[INFO] [stdout]   |             ^^^^^^^ not found in this scope
[INFO] [stdout]   |
[INFO] [stdout] help: consider importing one of these items
[INFO] [stdout]   |
[INFO] [stdout] 2 + use dioxus_core::Element;
[INFO] [stdout]   |
[INFO] [stdout] 2 + use dioxus_rsx::Element;
[INFO] [stdout]   |
[INFO] [stdout] 
[INFO] [stdout] error: aborting due to 3 previous errors
[INFO] [stdout] 
[INFO] [stdout] Some errors have detailed explanations: E0412, E0433.
[INFO] [stdout] For more information about an error, try `rustc --explain E0412`.
[INFO] [stdout] Couldn't compile the test.
[INFO] [stdout] ---- src/_docs/attributes/margin.md - definitions::label::margin (line 6) stdout ----
[INFO] [stdout] error[E0433]: failed to resolve: use of undeclared crate or module `freya`
[INFO] [stdout]  --> src/_docs/attributes/margin.md:7:5
[INFO] [stdout]   |
[INFO] [stdout] 3 | use freya::prelude::*;
[INFO] [stdout]   |     ^^^^^ use of undeclared crate or module `freya`
[INFO] [stdout] 
[INFO] [stdout] error: cannot find macro `rsx` in this scope
[INFO] [stdout]  --> src/_docs/attributes/margin.md:9:5
[INFO] [stdout]   |
[INFO] [stdout] 5 |     rsx!(
[INFO] [stdout]   |     ^^^
[INFO] [stdout] 
[INFO] [stdout] error[E0412]: cannot find type `Element` in this scope
[INFO] [stdout]  --> src/_docs/attributes/margin.md:8:13
[INFO] [stdout]   |
[INFO] [stdout] 4 | fn app() -> Element {
[INFO] [stdout]   |             ^^^^^^^ not found in this scope
[INFO] [stdout]   |
[INFO] [stdout] help: consider importing one of these items
[INFO] [stdout]   |
[INFO] [stdout] 2 + use dioxus_core::Element;
[INFO] [stdout]   |
[INFO] [stdout] 2 + use dioxus_rsx::Element;
[INFO] [stdout]   |
[INFO] [stdout] 
[INFO] [stdout] error: aborting due to 3 previous errors
[INFO] [stdout] 
[INFO] [stdout] Some errors have detailed explanations: E0412, E0433.
[INFO] [stdout] For more information about an error, try `rustc --explain E0412`.
[INFO] [stdout] Couldn't compile the test.
[INFO] [stdout] ---- src/_docs/attributes/max_lines.md - definitions::label::max_lines (line 5) stdout ----
[INFO] [stdout] error[E0433]: failed to resolve: use of undeclared crate or module `freya`
[INFO] [stdout]  --> src/_docs/attributes/max_lines.md:6:5
[INFO] [stdout]   |
[INFO] [stdout] 3 | use freya::prelude::*;
[INFO] [stdout]   |     ^^^^^ use of undeclared crate or module `freya`
[INFO] [stdout] 
[INFO] [stdout] error: cannot find macro `rsx` in this scope
[INFO] [stdout]  --> src/_docs/attributes/max_lines.md:8:5
[INFO] [stdout]   |
[INFO] [stdout] 5 |     rsx!(
[INFO] [stdout]   |     ^^^
[INFO] [stdout] 
[INFO] [stdout] error[E0412]: cannot find type `Element` in this scope
[INFO] [stdout]  --> src/_docs/attributes/max_lines.md:7:13
[INFO] [stdout]   |
[INFO] [stdout] 4 | fn app() -> Element {
[INFO] [stdout]   |             ^^^^^^^ not found in this scope
[INFO] [stdout]   |
[INFO] [stdout] help: consider importing one of these items
[INFO] [stdout]   |
[INFO] [stdout] 2 + use dioxus_core::Element;
[INFO] [stdout]   |
[INFO] [stdout] 2 + use dioxus_rsx::Element;
[INFO] [stdout]   |
[INFO] [stdout] 
[INFO] [stdout] error: aborting due to 3 previous errors
[INFO] [stdout] 
[INFO] [stdout] Some errors have detailed explanations: E0412, E0433.
[INFO] [stdout] For more information about an error, try `rustc --explain E0412`.
[INFO] [stdout] Couldn't compile the test.
[INFO] [stdout] ---- src/_docs/attributes/margin.md - definitions::rect::margin (line 6) stdout ----
[INFO] [stdout] error[E0433]: failed to resolve: use of undeclared crate or module `freya`
[INFO] [stdout]  --> src/_docs/attributes/margin.md:7:5
[INFO] [stdout]   |
[INFO] [stdout] 3 | use freya::prelude::*;
[INFO] [stdout]   |     ^^^^^ use of undeclared crate or module `freya`
[INFO] [stdout] 
[INFO] [stdout] error: cannot find macro `rsx` in this scope
[INFO] [stdout]  --> src/_docs/attributes/margin.md:9:5
[INFO] [stdout]   |
[INFO] [stdout] 5 |     rsx!(
[INFO] [stdout]   |     ^^^
[INFO] [stdout] 
[INFO] [stdout] error[E0412]: cannot find type `Element` in this scope
[INFO] [stdout]  --> src/_docs/attributes/margin.md:8:13
[INFO] [stdout]   |
[INFO] [stdout] 4 | fn app() -> Element {
[INFO] [stdout]   |             ^^^^^^^ not found in this scope
[INFO] [stdout]   |
[INFO] [stdout] help: consider importing one of these items
[INFO] [stdout]   |
[INFO] [stdout] 2 + use dioxus_core::Element;
[INFO] [stdout]   |
[INFO] [stdout] 2 + use dioxus_rsx::Element;
[INFO] [stdout]   |
[INFO] [stdout] 
[INFO] [stdout] error: aborting due to 3 previous errors
[INFO] [stdout] 
[INFO] [stdout] Some errors have detailed explanations: E0412, E0433.
[INFO] [stdout] For more information about an error, try `rustc --explain E0412`.
[INFO] [stdout] Couldn't compile the test.
[INFO] [stdout] ---- src/_docs/attributes/margin.md - definitions::svg::margin (line 6) stdout ----
[INFO] [stdout] error[E0433]: failed to resolve: use of undeclared crate or module `freya`
[INFO] [stdout]  --> src/_docs/attributes/margin.md:7:5
[INFO] [stdout]   |
[INFO] [stdout] 3 | use freya::prelude::*;
[INFO] [stdout]   |     ^^^^^ use of undeclared crate or module `freya`
[INFO] [stdout] 
[INFO] [stdout] error: cannot find macro `rsx` in this scope
[INFO] [stdout]  --> src/_docs/attributes/margin.md:9:5
[INFO] [stdout]   |
[INFO] [stdout] 5 |     rsx!(
[INFO] [stdout]   |     ^^^
[INFO] [stdout] 
[INFO] [stdout] error[E0412]: cannot find type `Element` in this scope
[INFO] [stdout]  --> src/_docs/attributes/margin.md:8:13
[INFO] [stdout]   |
[INFO] [stdout] 4 | fn app() -> Element {
[INFO] [stdout]   |             ^^^^^^^ not found in this scope
[INFO] [stdout]   |
[INFO] [stdout] help: consider importing one of these items
[INFO] [stdout]   |
[INFO] [stdout] 2 + use dioxus_core::Element;
[INFO] [stdout]   |
[INFO] [stdout] 2 + use dioxus_rsx::Element;
[INFO] [stdout]   |
[INFO] [stdout] 
[INFO] [stdout] error: aborting due to 3 previous errors
[INFO] [stdout] 
[INFO] [stdout] Some errors have detailed explanations: E0412, E0433.
[INFO] [stdout] For more information about an error, try `rustc --explain E0412`.
[INFO] [stdout] Couldn't compile the test.
[INFO] [stdout] ---- src/_docs/attributes/opacity.md - definitions::image::opacity (line 5) stdout ----
[INFO] [stdout] error[E0433]: failed to resolve: use of undeclared crate or module `freya`
[INFO] [stdout]  --> src/_docs/attributes/opacity.md:6:5
[INFO] [stdout]   |
[INFO] [stdout] 3 | use freya::prelude::*;
[INFO] [stdout]   |     ^^^^^ use of undeclared crate or module `freya`
[INFO] [stdout] 
[INFO] [stdout] error: cannot find macro `rsx` in this scope
[INFO] [stdout]  --> src/_docs/attributes/opacity.md:8:5
[INFO] [stdout]   |
[INFO] [stdout] 5 |     rsx!(
[INFO] [stdout]   |     ^^^
[INFO] [stdout] 
[INFO] [stdout] error[E0412]: cannot find type `Element` in this scope
[INFO] [stdout]  --> src/_docs/attributes/opacity.md:7:13
[INFO] [stdout]   |
[INFO] [stdout] 4 | fn app() -> Element {
[INFO] [stdout]   |             ^^^^^^^ not found in this scope
[INFO] [stdout]   |
[INFO] [stdout] help: consider importing one of these items
[INFO] [stdout]   |
[INFO] [stdout] 2 + use dioxus_core::Element;
[INFO] [stdout]   |
[INFO] [stdout] 2 + use dioxus_rsx::Element;
[INFO] [stdout]   |
[INFO] [stdout] 
[INFO] [stdout] error: aborting due to 3 previous errors
[INFO] [stdout] 
[INFO] [stdout] Some errors have detailed explanations: E0412, E0433.
[INFO] [stdout] For more information about an error, try `rustc --explain E0412`.
[INFO] [stdout] Couldn't compile the test.
[INFO] [stdout] ---- src/_docs/attributes/max_width_max_height.md - definitions::paragraph::max_height (line 9) stdout ----
[INFO] [stdout] error[E0433]: failed to resolve: use of undeclared crate or module `freya`
[INFO] [stdout]  --> src/_docs/attributes/max_width_max_height.md:10:5
[INFO] [stdout]   |
[INFO] [stdout] 3 | use freya::prelude::*;
[INFO] [stdout]   |     ^^^^^ use of undeclared crate or module `freya`
[INFO] [stdout] 
[INFO] [stdout] error: cannot find macro `rsx` in this scope
[INFO] [stdout]  --> src/_docs/attributes/max_width_max_height.md:12:5
[INFO] [stdout]   |
[INFO] [stdout] 5 |     rsx!(
[INFO] [stdout]   |     ^^^
[INFO] [stdout] 
[INFO] [stdout] error[E0412]: cannot find type `Element` in this scope
[INFO] [stdout]  --> src/_docs/attributes/max_width_max_height.md:11:13
[INFO] [stdout]   |
[INFO] [stdout] 4 | fn app() -> Element {
[INFO] [stdout]   |             ^^^^^^^ not found in this scope
[INFO] [stdout]   |
[INFO] [stdout] help: consider importing one of these items
[INFO] [stdout]   |
[INFO] [stdout] 2 + use dioxus_core::Element;
[INFO] [stdout]   |
[INFO] [stdout] 2 + use dioxus_rsx::Element;
[INFO] [stdout]   |
[INFO] [stdout] 
[INFO] [stdout] error: aborting due to 3 previous errors
[INFO] [stdout] 
[INFO] [stdout] Some errors have detailed explanations: E0412, E0433.
[INFO] [stdout] For more information about an error, try `rustc --explain E0412`.
[INFO] [stdout] Couldn't compile the test.
[INFO] [stdout] ---- src/_docs/attributes/opacity.md - definitions::label::opacity (line 5) stdout ----
[INFO] [stdout] error[E0433]: failed to resolve: use of undeclared crate or module `freya`
[INFO] [stdout]  --> src/_docs/attributes/opacity.md:6:5
[INFO] [stdout]   |
[INFO] [stdout] 3 | use freya::prelude::*;
[INFO] [stdout]   |     ^^^^^ use of undeclared crate or module `freya`
[INFO] [stdout] 
[INFO] [stdout] error: cannot find macro `rsx` in this scope
[INFO] [stdout]  --> src/_docs/attributes/opacity.md:8:5
[INFO] [stdout]   |
[INFO] [stdout] 5 |     rsx!(
[INFO] [stdout]   |     ^^^
[INFO] [stdout] 
[INFO] [stdout] error[E0412]: cannot find type `Element` in this scope
[INFO] [stdout]  --> src/_docs/attributes/opacity.md:7:13
[INFO] [stdout]   |
[INFO] [stdout] 4 | fn app() -> Element {
[INFO] [stdout]   |             ^^^^^^^ not found in this scope
[INFO] [stdout]   |
[INFO] [stdout] help: consider importing one of these items
[INFO] [stdout]   |
[INFO] [stdout] 2 + use dioxus_core::Element;
[INFO] [stdout]   |
[INFO] [stdout] 2 + use dioxus_rsx::Element;
[INFO] [stdout]   |
[INFO] [stdout] 
[INFO] [stdout] error: aborting due to 3 previous errors
[INFO] [stdout] 
[INFO] [stdout] Some errors have detailed explanations: E0412, E0433.
[INFO] [stdout] For more information about an error, try `rustc --explain E0412`.
[INFO] [stdout] Couldn't compile the test.
[INFO] [stdout] ---- src/_docs/attributes/opacity.md - definitions::paragraph::opacity (line 5) stdout ----
[INFO] [stdout] error[E0433]: failed to resolve: use of undeclared crate or module `freya`
[INFO] [stdout]  --> src/_docs/attributes/opacity.md:6:5
[INFO] [stdout]   |
[INFO] [stdout] 3 | use freya::prelude::*;
[INFO] [stdout]   |     ^^^^^ use of undeclared crate or module `freya`
[INFO] [stdout] 
[INFO] [stdout] error: cannot find macro `rsx` in this scope
[INFO] [stdout]  --> src/_docs/attributes/opacity.md:8:5
[INFO] [stdout]   |
[INFO] [stdout] 5 |     rsx!(
[INFO] [stdout]   |     ^^^
[INFO] [stdout] 
[INFO] [stdout] error[E0412]: cannot find type `Element` in this scope
[INFO] [stdout]  --> src/_docs/attributes/opacity.md:7:13
[INFO] [stdout]   |
[INFO] [stdout] 4 | fn app() -> Element {
[INFO] [stdout]   |             ^^^^^^^ not found in this scope
[INFO] [stdout]   |
[INFO] [stdout] help: consider importing one of these items
[INFO] [stdout]   |
[INFO] [stdout] 2 + use dioxus_core::Element;
[INFO] [stdout]   |
[INFO] [stdout] 2 + use dioxus_rsx::Element;
[INFO] [stdout]   |
[INFO] [stdout] 
[INFO] [stdout] error: aborting due to 3 previous errors
[INFO] [stdout] 
[INFO] [stdout] Some errors have detailed explanations: E0412, E0433.
[INFO] [stdout] For more information about an error, try `rustc --explain E0412`.
[INFO] [stdout] Couldn't compile the test.
[INFO] [stdout] ---- src/_docs/attributes/min_width_min_height.md - definitions::paragraph::min_height (line 9) stdout ----
[INFO] [stdout] error[E0433]: failed to resolve: use of undeclared crate or module `freya`
[INFO] [stdout]  --> src/_docs/attributes/min_width_min_height.md:10:5
[INFO] [stdout]   |
[INFO] [stdout] 3 | use freya::prelude::*;
[INFO] [stdout]   |     ^^^^^ use of undeclared crate or module `freya`
[INFO] [stdout] 
[INFO] [stdout] error: cannot find macro `rsx` in this scope
[INFO] [stdout]  --> src/_docs/attributes/min_width_min_height.md:12:5
[INFO] [stdout]   |
[INFO] [stdout] 5 |     rsx!(
[INFO] [stdout]   |     ^^^
[INFO] [stdout] 
[INFO] [stdout] error[E0412]: cannot find type `Element` in this scope
[INFO] [stdout]  --> src/_docs/attributes/min_width_min_height.md:11:13
[INFO] [stdout]   |
[INFO] [stdout] 4 | fn app() -> Element {
[INFO] [stdout]   |             ^^^^^^^ not found in this scope
[INFO] [stdout]   |
[INFO] [stdout] help: consider importing one of these items
[INFO] [stdout]   |
[INFO] [stdout] 2 + use dioxus_core::Element;
[INFO] [stdout]   |
[INFO] [stdout] 2 + use dioxus_rsx::Element;
[INFO] [stdout]   |
[INFO] [stdout] 
[INFO] [stdout] error: aborting due to 3 previous errors
[INFO] [stdout] 
[INFO] [stdout] Some errors have detailed explanations: E0412, E0433.
[INFO] [stdout] For more information about an error, try `rustc --explain E0412`.
[INFO] [stdout] Couldn't compile the test.
[INFO] [stdout] ---- src/_docs/attributes/min_width_min_height.md - definitions::rect::min_height (line 9) stdout ----
[INFO] [stdout] error[E0433]: failed to resolve: use of undeclared crate or module `freya`
[INFO] [stdout]  --> src/_docs/attributes/min_width_min_height.md:10:5
[INFO] [stdout]   |
[INFO] [stdout] 3 | use freya::prelude::*;
[INFO] [stdout]   |     ^^^^^ use of undeclared crate or module `freya`
[INFO] [stdout] 
[INFO] [stdout] error: cannot find macro `rsx` in this scope
[INFO] [stdout]  --> src/_docs/attributes/min_width_min_height.md:12:5
[INFO] [stdout]   |
[INFO] [stdout] 5 |     rsx!(
[INFO] [stdout]   |     ^^^
[INFO] [stdout] 
[INFO] [stdout] error[E0412]: cannot find type `Element` in this scope
[INFO] [stdout]  --> src/_docs/attributes/min_width_min_height.md:11:13
[INFO] [stdout]   |
[INFO] [stdout] 4 | fn app() -> Element {
[INFO] [stdout]   |             ^^^^^^^ not found in this scope
[INFO] [stdout]   |
[INFO] [stdout] help: consider importing one of these items
[INFO] [stdout]   |
[INFO] [stdout] 2 + use dioxus_core::Element;
[INFO] [stdout]   |
[INFO] [stdout] 2 + use dioxus_rsx::Element;
[INFO] [stdout]   |
[INFO] [stdout] 
[INFO] [stdout] error: aborting due to 3 previous errors
[INFO] [stdout] 
[INFO] [stdout] Some errors have detailed explanations: E0412, E0433.
[INFO] [stderr] error: doctest failed, to rerun pass `--doc`
[INFO] [stdout] For more information about an error, try `rustc --explain E0412`.
[INFO] [stdout] Couldn't compile the test.
[INFO] [stdout] ---- src/_docs/attributes/opacity.md - definitions::rect::opacity (line 5) stdout ----
[INFO] [stdout] error[E0433]: failed to resolve: use of undeclared crate or module `freya`
[INFO] [stdout]  --> src/_docs/attributes/opacity.md:6:5
[INFO] [stdout]   |
[INFO] [stdout] 3 | use freya::prelude::*;
[INFO] [stdout]   |     ^^^^^ use of undeclared crate or module `freya`
[INFO] [stdout] 
[INFO] [stdout] error: cannot find macro `rsx` in this scope
[INFO] [stdout]  --> src/_docs/attributes/opacity.md:8:5
[INFO] [stdout]   |
[INFO] [stdout] 5 |     rsx!(
[INFO] [stdout]   |     ^^^
[INFO] [stdout] 
[INFO] [stdout] error[E0412]: cannot find type `Element` in this scope
[INFO] [stdout]  --> src/_docs/attributes/opacity.md:7:13
[INFO] [stdout]   |
[INFO] [stdout] 4 | fn app() -> Element {
[INFO] [stdout]   |             ^^^^^^^ not found in this scope
[INFO] [stdout]   |
[INFO] [stdout] help: consider importing one of these items
[INFO] [stdout]   |
[INFO] [stdout] 2 + use dioxus_core::Element;
[INFO] [stdout]   |
[INFO] [stdout] 2 + use dioxus_rsx::Element;
[INFO] [stdout]   |
[INFO] [stdout] 
[INFO] [stdout] error: aborting due to 3 previous errors
[INFO] [stdout] 
[INFO] [stdout] Some errors have detailed explanations: E0412, E0433.
[INFO] [stdout] For more information about an error, try `rustc --explain E0412`.
[INFO] [stdout] Couldn't compile the test.
[INFO] [stdout] ---- src/_docs/attributes/max_width_max_height.md - definitions::rect::max_height (line 9) stdout ----
[INFO] [stdout] error[E0433]: failed to resolve: use of undeclared crate or module `freya`
[INFO] [stdout]  --> src/_docs/attributes/max_width_max_height.md:10:5
[INFO] [stdout]   |
[INFO] [stdout] 3 | use freya::prelude::*;
[INFO] [stdout]   |     ^^^^^ use of undeclared crate or module `freya`
[INFO] [stdout] 
[INFO] [stdout] error: cannot find macro `rsx` in this scope
[INFO] [stdout]  --> src/_docs/attributes/max_width_max_height.md:12:5
[INFO] [stdout]   |
[INFO] [stdout] 5 |     rsx!(
[INFO] [stdout]   |     ^^^
[INFO] [stdout] 
[INFO] [stdout] error[E0412]: cannot find type `Element` in this scope
[INFO] [stdout]  --> src/_docs/attributes/max_width_max_height.md:11:13
[INFO] [stdout]   |
[INFO] [stdout] 4 | fn app() -> Element {
[INFO] [stdout]   |             ^^^^^^^ not found in this scope
[INFO] [stdout]   |
[INFO] [stdout] help: consider importing one of these items
[INFO] [stdout]   |
[INFO] [stdout] 2 + use dioxus_core::Element;
[INFO] [stdout]   |
[INFO] [stdout] 2 + use dioxus_rsx::Element;
[INFO] [stdout]   |
[INFO] [stdout] 
[INFO] [stdout] error: aborting due to 3 previous errors
[INFO] [stdout] 
[INFO] [stdout] Some errors have detailed explanations: E0412, E0433.
[INFO] [stdout] For more information about an error, try `rustc --explain E0412`.
[INFO] [stdout] Couldn't compile the test.
[INFO] [stdout] ---- src/_docs/attributes/opacity.md - definitions::svg::opacity (line 5) stdout ----
[INFO] [stdout] error[E0433]: failed to resolve: use of undeclared crate or module `freya`
[INFO] [stdout]  --> src/_docs/attributes/opacity.md:6:5
[INFO] [stdout]   |
[INFO] [stdout] 3 | use freya::prelude::*;
[INFO] [stdout]   |     ^^^^^ use of undeclared crate or module `freya`
[INFO] [stdout] 
[INFO] [stdout] error: cannot find macro `rsx` in this scope
[INFO] [stdout]  --> src/_docs/attributes/opacity.md:8:5
[INFO] [stdout]   |
[INFO] [stdout] 5 |     rsx!(
[INFO] [stdout]   |     ^^^
[INFO] [stdout] 
[INFO] [stdout] error[E0412]: cannot find type `Element` in this scope
[INFO] [stdout]  --> src/_docs/attributes/opacity.md:7:13
[INFO] [stdout]   |
[INFO] [stdout] 4 | fn app() -> Element {
[INFO] [stdout]   |             ^^^^^^^ not found in this scope
[INFO] [stdout]   |
[INFO] [stdout] help: consider importing one of these items
[INFO] [stdout]   |
[INFO] [stdout] 2 + use dioxus_core::Element;
[INFO] [stdout]   |
[INFO] [stdout] 2 + use dioxus_rsx::Element;
[INFO] [stdout]   |
[INFO] [stdout] 
[INFO] [stdout] error: aborting due to 3 previous errors
[INFO] [stdout] 
[INFO] [stdout] Some errors have detailed explanations: E0412, E0433.
[INFO] [stdout] For more information about an error, try `rustc --explain E0412`.
[INFO] [stdout] Couldn't compile the test.
[INFO] [stdout] ---- src/_docs/attributes/overflow.md - definitions::rect::overflow (line 10) stdout ----
[INFO] [stdout] error[E0433]: failed to resolve: use of undeclared crate or module `freya`
[INFO] [stdout]  --> src/_docs/attributes/overflow.md:11:5
[INFO] [stdout]   |
[INFO] [stdout] 3 | use freya::prelude::*;
[INFO] [stdout]   |     ^^^^^ use of undeclared crate or module `freya`
[INFO] [stdout] 
[INFO] [stdout] error: cannot find macro `rsx` in this scope
[INFO] [stdout]  --> src/_docs/attributes/overflow.md:13:5
[INFO] [stdout]   |
[INFO] [stdout] 5 |     rsx!(
[INFO] [stdout]   |     ^^^
[INFO] [stdout] 
[INFO] [stdout] error[E0412]: cannot find type `Element` in this scope
[INFO] [stdout]  --> src/_docs/attributes/overflow.md:12:13
[INFO] [stdout]   |
[INFO] [stdout] 4 | fn app() -> Element {
[INFO] [stdout]   |             ^^^^^^^ not found in this scope
[INFO] [stdout]   |
[INFO] [stdout] help: consider importing one of these items
[INFO] [stdout]   |
[INFO] [stdout] 2 + use dioxus_core::Element;
[INFO] [stdout]   |
[INFO] [stdout] 2 + use dioxus_rsx::Element;
[INFO] [stdout]   |
[INFO] [stdout] 
[INFO] [stdout] error: aborting due to 3 previous errors
[INFO] [stdout] 
[INFO] [stdout] Some errors have detailed explanations: E0412, E0433.
[INFO] [stdout] For more information about an error, try `rustc --explain E0412`.
[INFO] [stdout] Couldn't compile the test.
[INFO] [stdout] ---- src/_docs/attributes/rotate.md - definitions::label::rotate (line 7) stdout ----
[INFO] [stdout] error[E0433]: failed to resolve: use of undeclared crate or module `freya`
[INFO] [stdout]  --> src/_docs/attributes/rotate.md:8:5
[INFO] [stdout]   |
[INFO] [stdout] 3 | use freya::prelude::*;
[INFO] [stdout]   |     ^^^^^ use of undeclared crate or module `freya`
[INFO] [stdout] 
[INFO] [stdout] error: cannot find macro `rsx` in this scope
[INFO] [stdout]  --> src/_docs/attributes/rotate.md:10:5
[INFO] [stdout]   |
[INFO] [stdout] 5 |     rsx!(
[INFO] [stdout]   |     ^^^
[INFO] [stdout] 
[INFO] [stdout] error[E0412]: cannot find type `Element` in this scope
[INFO] [stdout]  --> src/_docs/attributes/rotate.md:9:13
[INFO] [stdout]   |
[INFO] [stdout] 4 | fn app() -> Element {
[INFO] [stdout]   |             ^^^^^^^ not found in this scope
[INFO] [stdout]   |
[INFO] [stdout] help: consider importing one of these items
[INFO] [stdout]   |
[INFO] [stdout] 2 + use dioxus_core::Element;
[INFO] [stdout]   |
[INFO] [stdout] 2 + use dioxus_rsx::Element;
[INFO] [stdout]   |
[INFO] [stdout] 
[INFO] [stdout] error: aborting due to 3 previous errors
[INFO] [stdout] 
[INFO] [stdout] Some errors have detailed explanations: E0412, E0433.
[INFO] [stdout] For more information about an error, try `rustc --explain E0412`.
[INFO] [stdout] Couldn't compile the test.
[INFO] [stdout] ---- src/_docs/attributes/rotate.md - definitions::rect::rotate (line 7) stdout ----
[INFO] [stdout] error[E0433]: failed to resolve: use of undeclared crate or module `freya`
[INFO] [stdout]  --> src/_docs/attributes/rotate.md:8:5
[INFO] [stdout]   |
[INFO] [stdout] 3 | use freya::prelude::*;
[INFO] [stdout]   |     ^^^^^ use of undeclared crate or module `freya`
[INFO] [stdout] 
[INFO] [stdout] error: cannot find macro `rsx` in this scope
[INFO] [stdout]  --> src/_docs/attributes/rotate.md:10:5
[INFO] [stdout]   |
[INFO] [stdout] 5 |     rsx!(
[INFO] [stdout]   |     ^^^
[INFO] [stdout] 
[INFO] [stdout] error[E0412]: cannot find type `Element` in this scope
[INFO] [stdout]  --> src/_docs/attributes/rotate.md:9:13
[INFO] [stdout]   |
[INFO] [stdout] 4 | fn app() -> Element {
[INFO] [stdout]   |             ^^^^^^^ not found in this scope
[INFO] [stdout]   |
[INFO] [stdout] help: consider importing one of these items
[INFO] [stdout]   |
[INFO] [stdout] 2 + use dioxus_core::Element;
[INFO] [stdout]   |
[INFO] [stdout] 2 + use dioxus_rsx::Element;
[INFO] [stdout]   |
[INFO] [stdout] 
[INFO] [stdout] error: aborting due to 3 previous errors
[INFO] [stdout] 
[INFO] [stdout] Some errors have detailed explanations: E0412, E0433.
[INFO] [stdout] For more information about an error, try `rustc --explain E0412`.
[INFO] [stdout] Couldn't compile the test.
[INFO] [stdout] ---- src/_docs/attributes/position.md - definitions::rect::position (line 19) stdout ----
[INFO] [stdout] error[E0433]: failed to resolve: use of undeclared crate or module `freya`
[INFO] [stdout]  --> src/_docs/attributes/position.md:20:5
[INFO] [stdout]   |
[INFO] [stdout] 3 | use freya::prelude::*;
[INFO] [stdout]   |     ^^^^^ use of undeclared crate or module `freya`
[INFO] [stdout] 
[INFO] [stdout] error: cannot find macro `rsx` in this scope
[INFO] [stdout]  --> src/_docs/attributes/position.md:22:5
[INFO] [stdout]   |
[INFO] [stdout] 5 |     rsx!(
[INFO] [stdout]   |     ^^^
[INFO] [stdout] 
[INFO] [stdout] error[E0412]: cannot find type `Element` in this scope
[INFO] [stdout]  --> src/_docs/attributes/position.md:21:13
[INFO] [stdout]   |
[INFO] [stdout] 4 | fn app() -> Element {
[INFO] [stdout]   |             ^^^^^^^ not found in this scope
[INFO] [stdout]   |
[INFO] [stdout] help: consider importing one of these items
[INFO] [stdout]   |
[INFO] [stdout] 2 + use dioxus_core::Element;
[INFO] [stdout]   |
[INFO] [stdout] 2 + use dioxus_rsx::Element;
[INFO] [stdout]   |
[INFO] [stdout] 
[INFO] [stdout] error: aborting due to 3 previous errors
[INFO] [stdout] 
[INFO] [stdout] Some errors have detailed explanations: E0412, E0433.
[INFO] [stdout] For more information about an error, try `rustc --explain E0412`.
[INFO] [stdout] Couldn't compile the test.
[INFO] [stdout] ---- src/_docs/attributes/overflow.md - definitions::paragraph::overflow (line 10) stdout ----
[INFO] [stdout] error[E0433]: failed to resolve: use of undeclared crate or module `freya`
[INFO] [stdout]  --> src/_docs/attributes/overflow.md:11:5
[INFO] [stdout]   |
[INFO] [stdout] 3 | use freya::prelude::*;
[INFO] [stdout]   |     ^^^^^ use of undeclared crate or module `freya`
[INFO] [stdout] 
[INFO] [stdout] error: cannot find macro `rsx` in this scope
[INFO] [stdout]  --> src/_docs/attributes/overflow.md:13:5
[INFO] [stdout]   |
[INFO] [stdout] 5 |     rsx!(
[INFO] [stdout]   |     ^^^
[INFO] [stdout] 
[INFO] [stdout] error[E0412]: cannot find type `Element` in this scope
[INFO] [stdout]  --> src/_docs/attributes/overflow.md:12:13
[INFO] [stdout]   |
[INFO] [stdout] 4 | fn app() -> Element {
[INFO] [stdout]   |             ^^^^^^^ not found in this scope
[INFO] [stdout]   |
[INFO] [stdout] help: consider importing one of these items
[INFO] [stdout]   |
[INFO] [stdout] 2 + use dioxus_core::Element;
[INFO] [stdout]   |
[INFO] [stdout] 2 + use dioxus_rsx::Element;
[INFO] [stdout]   |
[INFO] [stdout] 
[INFO] [stdout] error: aborting due to 3 previous errors
[INFO] [stdout] 
[INFO] [stdout] Some errors have detailed explanations: E0412, E0433.
[INFO] [stdout] For more information about an error, try `rustc --explain E0412`.
[INFO] [stdout] Couldn't compile the test.
[INFO] [stdout] ---- src/_docs/attributes/rotate.md - definitions::image::rotate (line 7) stdout ----
[INFO] [stdout] error[E0433]: failed to resolve: use of undeclared crate or module `freya`
[INFO] [stdout]  --> src/_docs/attributes/rotate.md:8:5
[INFO] [stdout]   |
[INFO] [stdout] 3 | use freya::prelude::*;
[INFO] [stdout]   |     ^^^^^ use of undeclared crate or module `freya`
[INFO] [stdout] 
[INFO] [stdout] error: cannot find macro `rsx` in this scope
[INFO] [stdout]  --> src/_docs/attributes/rotate.md:10:5
[INFO] [stdout]   |
[INFO] [stdout] 5 |     rsx!(
[INFO] [stdout]   |     ^^^
[INFO] [stdout] 
[INFO] [stdout] error[E0412]: cannot find type `Element` in this scope
[INFO] [stdout]  --> src/_docs/attributes/rotate.md:9:13
[INFO] [stdout]   |
[INFO] [stdout] 4 | fn app() -> Element {
[INFO] [stdout]   |             ^^^^^^^ not found in this scope
[INFO] [stdout]   |
[INFO] [stdout] help: consider importing one of these items
[INFO] [stdout]   |
[INFO] [stdout] 2 + use dioxus_core::Element;
[INFO] [stdout]   |
[INFO] [stdout] 2 + use dioxus_rsx::Element;
[INFO] [stdout]   |
[INFO] [stdout] 
[INFO] [stdout] error: aborting due to 3 previous errors
[INFO] [stdout] 
[INFO] [stdout] Some errors have detailed explanations: E0412, E0433.
[INFO] [stdout] For more information about an error, try `rustc --explain E0412`.
[INFO] [stdout] Couldn't compile the test.
[INFO] [stdout] ---- src/_docs/attributes/padding.md - definitions::rect::padding (line 5) stdout ----
[INFO] [stdout] error[E0433]: failed to resolve: use of undeclared crate or module `freya`
[INFO] [stdout]  --> src/_docs/attributes/padding.md:6:5
[INFO] [stdout]   |
[INFO] [stdout] 3 | use freya::prelude::*;
[INFO] [stdout]   |     ^^^^^ use of undeclared crate or module `freya`
[INFO] [stdout] 
[INFO] [stdout] error: cannot find macro `rsx` in this scope
[INFO] [stdout]  --> src/_docs/attributes/padding.md:8:5
[INFO] [stdout]   |
[INFO] [stdout] 5 |     rsx!(
[INFO] [stdout]   |     ^^^
[INFO] [stdout] 
[INFO] [stdout] error[E0412]: cannot find type `Element` in this scope
[INFO] [stdout]  --> src/_docs/attributes/padding.md:7:13
[INFO] [stdout]   |
[INFO] [stdout] 4 | fn app() -> Element {
[INFO] [stdout]   |             ^^^^^^^ not found in this scope
[INFO] [stdout]   |
[INFO] [stdout] help: consider importing one of these items
[INFO] [stdout]   |
[INFO] [stdout] 2 + use dioxus_core::Element;
[INFO] [stdout]   |
[INFO] [stdout] 2 + use dioxus_rsx::Element;
[INFO] [stdout]   |
[INFO] [stdout] 
[INFO] [stdout] error: aborting due to 3 previous errors
[INFO] [stdout] 
[INFO] [stdout] Some errors have detailed explanations: E0412, E0433.
[INFO] [stdout] For more information about an error, try `rustc --explain E0412`.
[INFO] [stdout] Couldn't compile the test.
[INFO] [stdout] ---- src/_docs/attributes/rotate.md - definitions::paragraph::rotate (line 7) stdout ----
[INFO] [stdout] error[E0433]: failed to resolve: use of undeclared crate or module `freya`
[INFO] [stdout]  --> src/_docs/attributes/rotate.md:8:5
[INFO] [stdout]   |
[INFO] [stdout] 3 | use freya::prelude::*;
[INFO] [stdout]   |     ^^^^^ use of undeclared crate or module `freya`
[INFO] [stdout] 
[INFO] [stdout] error: cannot find macro `rsx` in this scope
[INFO] [stdout]  --> src/_docs/attributes/rotate.md:10:5
[INFO] [stdout]   |
[INFO] [stdout] 5 |     rsx!(
[INFO] [stdout]   |     ^^^
[INFO] [stdout] 
[INFO] [stdout] error[E0412]: cannot find type `Element` in this scope
[INFO] [stdout]  --> src/_docs/attributes/rotate.md:9:13
[INFO] [stdout]   |
[INFO] [stdout] 4 | fn app() -> Element {
[INFO] [stdout]   |             ^^^^^^^ not found in this scope
[INFO] [stdout]   |
[INFO] [stdout] help: consider importing one of these items
[INFO] [stdout]   |
[INFO] [stdout] 2 + use dioxus_core::Element;
[INFO] [stdout]   |
[INFO] [stdout] 2 + use dioxus_rsx::Element;
[INFO] [stdout]   |
[INFO] [stdout] 
[INFO] [stdout] error: aborting due to 3 previous errors
[INFO] [stdout] 
[INFO] [stdout] Some errors have detailed explanations: E0412, E0433.
[INFO] [stdout] For more information about an error, try `rustc --explain E0412`.
[INFO] [stdout] Couldn't compile the test.
[INFO] [stdout] ---- src/_docs/attributes/shadow.md - definitions::rect::shadow (line 7) stdout ----
[INFO] [stdout] error[E0433]: failed to resolve: use of undeclared crate or module `freya`
[INFO] [stdout]  --> src/_docs/attributes/shadow.md:8:5
[INFO] [stdout]   |
[INFO] [stdout] 3 | use freya::prelude::*;
[INFO] [stdout]   |     ^^^^^ use of undeclared crate or module `freya`
[INFO] [stdout] 
[INFO] [stdout] error: cannot find macro `rsx` in this scope
[INFO] [stdout]  --> src/_docs/attributes/shadow.md:10:5
[INFO] [stdout]   |
[INFO] [stdout] 5 |     rsx!(
[INFO] [stdout]   |     ^^^
[INFO] [stdout] 
[INFO] [stdout] error[E0412]: cannot find type `Element` in this scope
[INFO] [stdout]  --> src/_docs/attributes/shadow.md:9:13
[INFO] [stdout]   |
[INFO] [stdout] 4 | fn app() -> Element {
[INFO] [stdout]   |             ^^^^^^^ not found in this scope
[INFO] [stdout]   |
[INFO] [stdout] help: consider importing one of these items
[INFO] [stdout]   |
[INFO] [stdout] 2 + use dioxus_core::Element;
[INFO] [stdout]   |
[INFO] [stdout] 2 + use dioxus_rsx::Element;
[INFO] [stdout]   |
[INFO] [stdout] 
[INFO] [stdout] error: aborting due to 3 previous errors
[INFO] [stdout] 
[INFO] [stdout] Some errors have detailed explanations: E0412, E0433.
[INFO] [stdout] For more information about an error, try `rustc --explain E0412`.
[INFO] [stdout] Couldn't compile the test.
[INFO] [stdout] ---- src/_docs/attributes/width_height.md - definitions::image::height (line 7) stdout ----
[INFO] [stdout] error[E0433]: failed to resolve: use of undeclared crate or module `freya`
[INFO] [stdout]  --> src/_docs/attributes/width_height.md:8:5
[INFO] [stdout]   |
[INFO] [stdout] 3 | use freya::prelude::*;
[INFO] [stdout]   |     ^^^^^ use of undeclared crate or module `freya`
[INFO] [stdout] 
[INFO] [stdout] error: cannot find macro `rsx` in this scope
[INFO] [stdout]  --> src/_docs/attributes/width_height.md:10:5
[INFO] [stdout]   |
[INFO] [stdout] 5 |     rsx!(
[INFO] [stdout]   |     ^^^
[INFO] [stdout] 
[INFO] [stdout] error[E0412]: cannot find type `Element` in this scope
[INFO] [stdout]  --> src/_docs/attributes/width_height.md:9:13
[INFO] [stdout]   |
[INFO] [stdout] 4 | fn app() -> Element {
[INFO] [stdout]   |             ^^^^^^^ not found in this scope
[INFO] [stdout]   |
[INFO] [stdout] help: consider importing one of these items
[INFO] [stdout]   |
[INFO] [stdout] 2 + use dioxus_core::Element;
[INFO] [stdout]   |
[INFO] [stdout] 2 + use dioxus_rsx::Element;
[INFO] [stdout]   |
[INFO] [stdout] 
[INFO] [stdout] error: aborting due to 3 previous errors
[INFO] [stdout] 
[INFO] [stdout] Some errors have detailed explanations: E0412, E0433.
[INFO] [stdout] For more information about an error, try `rustc --explain E0412`.
[INFO] [stdout] Couldn't compile the test.
[INFO] [stdout] ---- src/_docs/attributes/text_align.md - definitions::paragraph::text_align (line 14) stdout ----
[INFO] [stdout] error[E0433]: failed to resolve: use of undeclared crate or module `freya`
[INFO] [stdout]  --> src/_docs/attributes/text_align.md:15:5
[INFO] [stdout]   |
[INFO] [stdout] 3 | use freya::prelude::*;
[INFO] [stdout]   |     ^^^^^ use of undeclared crate or module `freya`
[INFO] [stdout] 
[INFO] [stdout] error: cannot find macro `rsx` in this scope
[INFO] [stdout]  --> src/_docs/attributes/text_align.md:17:5
[INFO] [stdout]   |
[INFO] [stdout] 5 |     rsx!(
[INFO] [stdout]   |     ^^^
[INFO] [stdout] 
[INFO] [stdout] error[E0412]: cannot find type `Element` in this scope
[INFO] [stdout]  --> src/_docs/attributes/text_align.md:16:13
[INFO] [stdout]   |
[INFO] [stdout] 4 | fn app() -> Element {
[INFO] [stdout]   |             ^^^^^^^ not found in this scope
[INFO] [stdout]   |
[INFO] [stdout] help: consider importing one of these items
[INFO] [stdout]   |
[INFO] [stdout] 2 + use dioxus_core::Element;
[INFO] [stdout]   |
[INFO] [stdout] 2 + use dioxus_rsx::Element;
[INFO] [stdout]   |
[INFO] [stdout] 
[INFO] [stdout] error: aborting due to 3 previous errors
[INFO] [stdout] 
[INFO] [stdout] Some errors have detailed explanations: E0412, E0433.
[INFO] [stdout] For more information about an error, try `rustc --explain E0412`.
[INFO] [stdout] Couldn't compile the test.
[INFO] [stdout] ---- src/_docs/attributes/text_align.md - definitions::label::text_align (line 14) stdout ----
[INFO] [stdout] error[E0433]: failed to resolve: use of undeclared crate or module `freya`
[INFO] [stdout]  --> src/_docs/attributes/text_align.md:15:5
[INFO] [stdout]   |
[INFO] [stdout] 3 | use freya::prelude::*;
[INFO] [stdout]   |     ^^^^^ use of undeclared crate or module `freya`
[INFO] [stdout] 
[INFO] [stdout] error: cannot find macro `rsx` in this scope
[INFO] [stdout]  --> src/_docs/attributes/text_align.md:17:5
[INFO] [stdout]   |
[INFO] [stdout] 5 |     rsx!(
[INFO] [stdout]   |     ^^^
[INFO] [stdout] 
[INFO] [stdout] error[E0412]: cannot find type `Element` in this scope
[INFO] [stdout]  --> src/_docs/attributes/text_align.md:16:13
[INFO] [stdout]   |
[INFO] [stdout] 4 | fn app() -> Element {
[INFO] [stdout]   |             ^^^^^^^ not found in this scope
[INFO] [stdout]   |
[INFO] [stdout] help: consider importing one of these items
[INFO] [stdout]   |
[INFO] [stdout] 2 + use dioxus_core::Element;
[INFO] [stdout]   |
[INFO] [stdout] 2 + use dioxus_rsx::Element;
[INFO] [stdout]   |
[INFO] [stdout] 
[INFO] [stdout] error: aborting due to 3 previous errors
[INFO] [stdout] 
[INFO] [stdout] Some errors have detailed explanations: E0412, E0433.
[INFO] [stdout] For more information about an error, try `rustc --explain E0412`.
[INFO] [stdout] Couldn't compile the test.
[INFO] [stdout] ---- src/_docs/attributes/text_align.md - definitions::rect::text_align (line 14) stdout ----
[INFO] [stdout] error[E0433]: failed to resolve: use of undeclared crate or module `freya`
[INFO] [stdout]  --> src/_docs/attributes/text_align.md:15:5
[INFO] [stdout]   |
[INFO] [stdout] 3 | use freya::prelude::*;
[INFO] [stdout]   |     ^^^^^ use of undeclared crate or module `freya`
[INFO] [stdout] 
[INFO] [stdout] error: cannot find macro `rsx` in this scope
[INFO] [stdout]  --> src/_docs/attributes/text_align.md:17:5
[INFO] [stdout]   |
[INFO] [stdout] 5 |     rsx!(
[INFO] [stdout]   |     ^^^
[INFO] [stdout] 
[INFO] [stdout] error[E0412]: cannot find type `Element` in this scope
[INFO] [stdout]  --> src/_docs/attributes/text_align.md:16:13
[INFO] [stdout]   |
[INFO] [stdout] 4 | fn app() -> Element {
[INFO] [stdout]   |             ^^^^^^^ not found in this scope
[INFO] [stdout]   |
[INFO] [stdout] help: consider importing one of these items
[INFO] [stdout]   |
[INFO] [stdout] 2 + use dioxus_core::Element;
[INFO] [stdout]   |
[INFO] [stdout] 2 + use dioxus_rsx::Element;
[INFO] [stdout]   |
[INFO] [stdout] 
[INFO] [stdout] error: aborting due to 3 previous errors
[INFO] [stdout] 
[INFO] [stdout] Some errors have detailed explanations: E0412, E0433.
[INFO] [stdout] For more information about an error, try `rustc --explain E0412`.
[INFO] [stdout] Couldn't compile the test.
[INFO] [stdout] ---- src/_docs/attributes/text_shadow.md - definitions::label::text_shadow (line 7) stdout ----
[INFO] [stdout] error[E0433]: failed to resolve: use of undeclared crate or module `freya`
[INFO] [stdout]  --> src/_docs/attributes/text_shadow.md:8:5
[INFO] [stdout]   |
[INFO] [stdout] 3 | use freya::prelude::*;
[INFO] [stdout]   |     ^^^^^ use of undeclared crate or module `freya`
[INFO] [stdout] 
[INFO] [stdout] error: cannot find macro `rsx` in this scope
[INFO] [stdout]  --> src/_docs/attributes/text_shadow.md:10:5
[INFO] [stdout]   |
[INFO] [stdout] 5 |     rsx!(
[INFO] [stdout]   |     ^^^
[INFO] [stdout] 
[INFO] [stdout] error[E0412]: cannot find type `Element` in this scope
[INFO] [stdout]  --> src/_docs/attributes/text_shadow.md:9:13
[INFO] [stdout]   |
[INFO] [stdout] 4 | fn app() -> Element {
[INFO] [stdout]   |             ^^^^^^^ not found in this scope
[INFO] [stdout]   |
[INFO] [stdout] help: consider importing one of these items
[INFO] [stdout]   |
[INFO] [stdout] 2 + use dioxus_core::Element;
[INFO] [stdout]   |
[INFO] [stdout] 2 + use dioxus_rsx::Element;
[INFO] [stdout]   |
[INFO] [stdout] 
[INFO] [stdout] error: aborting due to 3 previous errors
[INFO] [stdout] 
[INFO] [stdout] Some errors have detailed explanations: E0412, E0433.
[INFO] [stdout] For more information about an error, try `rustc --explain E0412`.
[INFO] [stdout] Couldn't compile the test.
[INFO] [stdout] ---- src/_docs/attributes/rotate.md - definitions::svg::rotate (line 7) stdout ----
[INFO] [stdout] error[E0433]: failed to resolve: use of undeclared crate or module `freya`
[INFO] [stdout]  --> src/_docs/attributes/rotate.md:8:5
[INFO] [stdout]   |
[INFO] [stdout] 3 | use freya::prelude::*;
[INFO] [stdout]   |     ^^^^^ use of undeclared crate or module `freya`
[INFO] [stdout] 
[INFO] [stdout] error: cannot find macro `rsx` in this scope
[INFO] [stdout]  --> src/_docs/attributes/rotate.md:10:5
[INFO] [stdout]   |
[INFO] [stdout] 5 |     rsx!(
[INFO] [stdout]   |     ^^^
[INFO] [stdout] 
[INFO] [stdout] error[E0412]: cannot find type `Element` in this scope
[INFO] [stdout]  --> src/_docs/attributes/rotate.md:9:13
[INFO] [stdout]   |
[INFO] [stdout] 4 | fn app() -> Element {
[INFO] [stdout]   |             ^^^^^^^ not found in this scope
[INFO] [stdout]   |
[INFO] [stdout] help: consider importing one of these items
[INFO] [stdout]   |
[INFO] [stdout] 2 + use dioxus_core::Element;
[INFO] [stdout]   |
[INFO] [stdout] 2 + use dioxus_rsx::Element;
[INFO] [stdout]   |
[INFO] [stdout] 
[INFO] [stdout] error: aborting due to 3 previous errors
[INFO] [stdout] 
[INFO] [stdout] Some errors have detailed explanations: E0412, E0433.
[INFO] [stdout] For more information about an error, try `rustc --explain E0412`.
[INFO] [stdout] Couldn't compile the test.
[INFO] [stdout] ---- src/_docs/attributes/text_overflow.md - definitions::label::text_overflow (line 10) stdout ----
[INFO] [stdout] error[E0433]: failed to resolve: use of undeclared crate or module `freya`
[INFO] [stdout]  --> src/_docs/attributes/text_overflow.md:11:5
[INFO] [stdout]   |
[INFO] [stdout] 3 | use freya::prelude::*;
[INFO] [stdout]   |     ^^^^^ use of undeclared crate or module `freya`
[INFO] [stdout] 
[INFO] [stdout] error: cannot find macro `rsx` in this scope
[INFO] [stdout]  --> src/_docs/attributes/text_overflow.md:13:5
[INFO] [stdout]   |
[INFO] [stdout] 5 |     rsx!(
[INFO] [stdout]   |     ^^^
[INFO] [stdout] 
[INFO] [stdout] error[E0412]: cannot find type `Element` in this scope
[INFO] [stdout]  --> src/_docs/attributes/text_overflow.md:12:13
[INFO] [stdout]   |
[INFO] [stdout] 4 | fn app() -> Element {
[INFO] [stdout]   |             ^^^^^^^ not found in this scope
[INFO] [stdout]   |
[INFO] [stdout] help: consider importing one of these items
[INFO] [stdout]   |
[INFO] [stdout] 2 + use dioxus_core::Element;
[INFO] [stdout]   |
[INFO] [stdout] 2 + use dioxus_rsx::Element;
[INFO] [stdout]   |
[INFO] [stdout] 
[INFO] [stdout] error: aborting due to 3 previous errors
[INFO] [stdout] 
[INFO] [stdout] Some errors have detailed explanations: E0412, E0433.
[INFO] [stdout] For more information about an error, try `rustc --explain E0412`.
[INFO] [stdout] Couldn't compile the test.
[INFO] [stdout] ---- src/_docs/attributes/width_height.md - definitions::svg::height (line 7) stdout ----
[INFO] [stdout] error[E0433]: failed to resolve: use of undeclared crate or module `freya`
[INFO] [stdout]  --> src/_docs/attributes/width_height.md:8:5
[INFO] [stdout]   |
[INFO] [stdout] 3 | use freya::prelude::*;
[INFO] [stdout]   |     ^^^^^ use of undeclared crate or module `freya`
[INFO] [stdout] 
[INFO] [stdout] error: cannot find macro `rsx` in this scope
[INFO] [stdout]  --> src/_docs/attributes/width_height.md:10:5
[INFO] [stdout]   |
[INFO] [stdout] 5 |     rsx!(
[INFO] [stdout]   |     ^^^
[INFO] [stdout] 
[INFO] [stdout] error[E0412]: cannot find type `Element` in this scope
[INFO] [stdout]  --> src/_docs/attributes/width_height.md:9:13
[INFO] [stdout]   |
[INFO] [stdout] 4 | fn app() -> Element {
[INFO] [stdout]   |             ^^^^^^^ not found in this scope
[INFO] [stdout]   |
[INFO] [stdout] help: consider importing one of these items
[INFO] [stdout]   |
[INFO] [stdout] 2 + use dioxus_core::Element;
[INFO] [stdout]   |
[INFO] [stdout] 2 + use dioxus_rsx::Element;
[INFO] [stdout]   |
[INFO] [stdout] 
[INFO] [stdout] error: aborting due to 3 previous errors
[INFO] [stdout] 
[INFO] [stdout] Some errors have detailed explanations: E0412, E0433.
[INFO] [stdout] For more information about an error, try `rustc --explain E0412`.
[INFO] [stdout] Couldn't compile the test.
[INFO] [stdout] ---- src/_docs/attributes/width_height.md - definitions::label::height (line 7) stdout ----
[INFO] [stdout] error[E0433]: failed to resolve: use of undeclared crate or module `freya`
[INFO] [stdout]  --> src/_docs/attributes/width_height.md:8:5
[INFO] [stdout]   |
[INFO] [stdout] 3 | use freya::prelude::*;
[INFO] [stdout]   |     ^^^^^ use of undeclared crate or module `freya`
[INFO] [stdout] 
[INFO] [stdout] error: cannot find macro `rsx` in this scope
[INFO] [stdout]  --> src/_docs/attributes/width_height.md:10:5
[INFO] [stdout]   |
[INFO] [stdout] 5 |     rsx!(
[INFO] [stdout]   |     ^^^
[INFO] [stdout] 
[INFO] [stdout] error[E0412]: cannot find type `Element` in this scope
[INFO] [stdout]  --> src/_docs/attributes/width_height.md:9:13
[INFO] [stdout]   |
[INFO] [stdout] 4 | fn app() -> Element {
[INFO] [stdout]   |             ^^^^^^^ not found in this scope
[INFO] [stdout]   |
[INFO] [stdout] help: consider importing one of these items
[INFO] [stdout]   |
[INFO] [stdout] 2 + use dioxus_core::Element;
[INFO] [stdout]   |
[INFO] [stdout] 2 + use dioxus_rsx::Element;
[INFO] [stdout]   |
[INFO] [stdout] 
[INFO] [stdout] error: aborting due to 3 previous errors
[INFO] [stdout] 
[INFO] [stdout] Some errors have detailed explanations: E0412, E0433.
[INFO] [stdout] For more information about an error, try `rustc --explain E0412`.
[INFO] [stdout] Couldn't compile the test.
[INFO] [stdout] ---- src/_docs/attributes/width_height.md - definitions::rect::height (line 7) stdout ----
[INFO] [stdout] error[E0433]: failed to resolve: use of undeclared crate or module `freya`
[INFO] [stdout]  --> src/_docs/attributes/width_height.md:8:5
[INFO] [stdout]   |
[INFO] [stdout] 3 | use freya::prelude::*;
[INFO] [stdout]   |     ^^^^^ use of undeclared crate or module `freya`
[INFO] [stdout] 
[INFO] [stdout] error: cannot find macro `rsx` in this scope
[INFO] [stdout]  --> src/_docs/attributes/width_height.md:10:5
[INFO] [stdout]   |
[INFO] [stdout] 5 |     rsx!(
[INFO] [stdout]   |     ^^^
[INFO] [stdout] 
[INFO] [stdout] error[E0412]: cannot find type `Element` in this scope
[INFO] [stdout]  --> src/_docs/attributes/width_height.md:9:13
[INFO] [stdout]   |
[INFO] [stdout] 4 | fn app() -> Element {
[INFO] [stdout]   |             ^^^^^^^ not found in this scope
[INFO] [stdout]   |
[INFO] [stdout] help: consider importing one of these items
[INFO] [stdout]   |
[INFO] [stdout] 2 + use dioxus_core::Element;
[INFO] [stdout]   |
[INFO] [stdout] 2 + use dioxus_rsx::Element;
[INFO] [stdout]   |
[INFO] [stdout] 
[INFO] [stdout] error: aborting due to 3 previous errors
[INFO] [stdout] 
[INFO] [stdout] Some errors have detailed explanations: E0412, E0433.
[INFO] [stdout] For more information about an error, try `rustc --explain E0412`.
[INFO] [stdout] Couldn't compile the test.
[INFO] [stdout] ---- src/_docs/attributes/width_height.md - definitions::paragraph::height (line 7) stdout ----
[INFO] [stdout] error[E0433]: failed to resolve: use of undeclared crate or module `freya`
[INFO] [stdout]  --> src/_docs/attributes/width_height.md:8:5
[INFO] [stdout]   |
[INFO] [stdout] 3 | use freya::prelude::*;
[INFO] [stdout]   |     ^^^^^ use of undeclared crate or module `freya`
[INFO] [stdout] 
[INFO] [stdout] error: cannot find macro `rsx` in this scope
[INFO] [stdout]  --> src/_docs/attributes/width_height.md:10:5
[INFO] [stdout]   |
[INFO] [stdout] 5 |     rsx!(
[INFO] [stdout]   |     ^^^
[INFO] [stdout] 
[INFO] [stdout] error[E0412]: cannot find type `Element` in this scope
[INFO] [stdout]  --> src/_docs/attributes/width_height.md:9:13
[INFO] [stdout]   |
[INFO] [stdout] 4 | fn app() -> Element {
[INFO] [stdout]   |             ^^^^^^^ not found in this scope
[INFO] [stdout]   |
[INFO] [stdout] help: consider importing one of these items
[INFO] [stdout]   |
[INFO] [stdout] 2 + use dioxus_core::Element;
[INFO] [stdout]   |
[INFO] [stdout] 2 + use dioxus_rsx::Element;
[INFO] [stdout]   |
[INFO] [stdout] 
[INFO] [stdout] error: aborting due to 3 previous errors
[INFO] [stdout] 
[INFO] [stdout] Some errors have detailed explanations: E0412, E0433.
[INFO] [stdout] For more information about an error, try `rustc --explain E0412`.
[INFO] [stdout] Couldn't compile the test.
[INFO] [stdout] ---- src/_docs/attributes/word_spacing.md - definitions::label::word_spacing (line 5) stdout ----
[INFO] [stdout] error[E0433]: failed to resolve: use of undeclared crate or module `freya`
[INFO] [stdout]  --> src/_docs/attributes/word_spacing.md:6:5
[INFO] [stdout]   |
[INFO] [stdout] 3 | use freya::prelude::*;
[INFO] [stdout]   |     ^^^^^ use of undeclared crate or module `freya`
[INFO] [stdout] 
[INFO] [stdout] error: cannot find macro `rsx` in this scope
[INFO] [stdout]  --> src/_docs/attributes/word_spacing.md:8:5
[INFO] [stdout]   |
[INFO] [stdout] 5 |     rsx!(
[INFO] [stdout]   |     ^^^
[INFO] [stdout] 
[INFO] [stdout] error[E0412]: cannot find type `Element` in this scope
[INFO] [stdout]  --> src/_docs/attributes/word_spacing.md:7:13
[INFO] [stdout]   |
[INFO] [stdout] 4 | fn app() -> Element {
[INFO] [stdout]   |             ^^^^^^^ not found in this scope
[INFO] [stdout]   |
[INFO] [stdout] help: consider importing one of these items
[INFO] [stdout]   |
[INFO] [stdout] 2 + use dioxus_core::Element;
[INFO] [stdout]   |
[INFO] [stdout] 2 + use dioxus_rsx::Element;
[INFO] [stdout]   |
[INFO] [stdout] 
[INFO] [stdout] error: aborting due to 3 previous errors
[INFO] [stdout] 
[INFO] [stdout] Some errors have detailed explanations: E0412, E0433.
[INFO] [stdout] For more information about an error, try `rustc --explain E0412`.
[INFO] [stdout] Couldn't compile the test.
[INFO] [stdout] ---- src/_docs/attributes/word_spacing.md - definitions::paragraph::word_spacing (line 5) stdout ----
[INFO] [stdout] error[E0433]: failed to resolve: use of undeclared crate or module `freya`
[INFO] [stdout]  --> src/_docs/attributes/word_spacing.md:6:5
[INFO] [stdout]   |
[INFO] [stdout] 3 | use freya::prelude::*;
[INFO] [stdout]   |     ^^^^^ use of undeclared crate or module `freya`
[INFO] [stdout] 
[INFO] [stdout] error: cannot find macro `rsx` in this scope
[INFO] [stdout]  --> src/_docs/attributes/word_spacing.md:8:5
[INFO] [stdout]   |
[INFO] [stdout] 5 |     rsx!(
[INFO] [stdout]   |     ^^^
[INFO] [stdout] 
[INFO] [stdout] error[E0412]: cannot find type `Element` in this scope
[INFO] [stdout]  --> src/_docs/attributes/word_spacing.md:7:13
[INFO] [stdout]   |
[INFO] [stdout] 4 | fn app() -> Element {
[INFO] [stdout]   |             ^^^^^^^ not found in this scope
[INFO] [stdout]   |
[INFO] [stdout] help: consider importing one of these items
[INFO] [stdout]   |
[INFO] [stdout] 2 + use dioxus_core::Element;
[INFO] [stdout]   |
[INFO] [stdout] 2 + use dioxus_rsx::Element;
[INFO] [stdout]   |
[INFO] [stdout] 
[INFO] [stdout] error: aborting due to 3 previous errors
[INFO] [stdout] 
[INFO] [stdout] Some errors have detailed explanations: E0412, E0433.
[INFO] [stdout] For more information about an error, try `rustc --explain E0412`.
[INFO] [stdout] Couldn't compile the test.
[INFO] [stdout] ---- src/_docs/attributes/width_height.md - definitions::text::height (line 7) stdout ----
[INFO] [stdout] error[E0433]: failed to resolve: use of undeclared crate or module `freya`
[INFO] [stdout]  --> src/_docs/attributes/width_height.md:8:5
[INFO] [stdout]   |
[INFO] [stdout] 3 | use freya::prelude::*;
[INFO] [stdout]   |     ^^^^^ use of undeclared crate or module `freya`
[INFO] [stdout] 
[INFO] [stdout] error: cannot find macro `rsx` in this scope
[INFO] [stdout]  --> src/_docs/attributes/width_height.md:10:5
[INFO] [stdout]   |
[INFO] [stdout] 5 |     rsx!(
[INFO] [stdout]   |     ^^^
[INFO] [stdout] 
[INFO] [stdout] error[E0412]: cannot find type `Element` in this scope
[INFO] [stdout]  --> src/_docs/attributes/width_height.md:9:13
[INFO] [stdout]   |
[INFO] [stdout] 4 | fn app() -> Element {
[INFO] [stdout]   |             ^^^^^^^ not found in this scope
[INFO] [stdout]   |
[INFO] [stdout] help: consider importing one of these items
[INFO] [stdout]   |
[INFO] [stdout] 2 + use dioxus_core::Element;
[INFO] [stdout]   |
[INFO] [stdout] 2 + use dioxus_rsx::Element;
[INFO] [stdout]   |
[INFO] [stdout] 
[INFO] [stdout] error: aborting due to 3 previous errors
[INFO] [stdout] 
[INFO] [stdout] Some errors have detailed explanations: E0412, E0433.
[INFO] [stdout] For more information about an error, try `rustc --explain E0412`.
[INFO] [stdout] Couldn't compile the test.
[INFO] [stdout] ---- src/_docs/attributes/word_spacing.md - definitions::text::word_spacing (line 5) stdout ----
[INFO] [stdout] error[E0433]: failed to resolve: use of undeclared crate or module `freya`
[INFO] [stdout]  --> src/_docs/attributes/word_spacing.md:6:5
[INFO] [stdout]   |
[INFO] [stdout] 3 | use freya::prelude::*;
[INFO] [stdout]   |     ^^^^^ use of undeclared crate or module `freya`
[INFO] [stdout] 
[INFO] [stdout] error: cannot find macro `rsx` in this scope
[INFO] [stdout]  --> src/_docs/attributes/word_spacing.md:8:5
[INFO] [stdout]   |
[INFO] [stdout] 5 |     rsx!(
[INFO] [stdout]   |     ^^^
[INFO] [stdout] 
[INFO] [stdout] error[E0412]: cannot find type `Element` in this scope
[INFO] [stdout]  --> src/_docs/attributes/word_spacing.md:7:13
[INFO] [stdout]   |
[INFO] [stdout] 4 | fn app() -> Element {
[INFO] [stdout]   |             ^^^^^^^ not found in this scope
[INFO] [stdout]   |
[INFO] [stdout] help: consider importing one of these items
[INFO] [stdout]   |
[INFO] [stdout] 2 + use dioxus_core::Element;
[INFO] [stdout]   |
[INFO] [stdout] 2 + use dioxus_rsx::Element;
[INFO] [stdout]   |
[INFO] [stdout] 
[INFO] [stdout] error: aborting due to 3 previous errors
[INFO] [stdout] 
[INFO] [stdout] Some errors have detailed explanations: E0412, E0433.
[INFO] [stdout] For more information about an error, try `rustc --explain E0412`.
[INFO] [stdout] Couldn't compile the test.
[INFO] [stdout] ---- src/_docs/events/click.md - definitions::events::onclick (line 7) stdout ----
[INFO] [stdout] error[E0433]: failed to resolve: use of undeclared crate or module `freya`
[INFO] [stdout]  --> src/_docs/events/click.md:8:5
[INFO] [stdout]   |
[INFO] [stdout] 3 | use freya::prelude::*;
[INFO] [stdout]   |     ^^^^^ use of undeclared crate or module `freya`
[INFO] [stdout] 
[INFO] [stdout] error: cannot find macro `rsx` in this scope
[INFO] [stdout]  --> src/_docs/events/click.md:10:5
[INFO] [stdout]   |
[INFO] [stdout] 5 |     rsx!(
[INFO] [stdout]   |     ^^^
[INFO] [stdout] 
[INFO] [stdout] error[E0412]: cannot find type `Element` in this scope
[INFO] [stdout]  --> src/_docs/events/click.md:9:13
[INFO] [stdout]   |
[INFO] [stdout] 4 | fn app() -> Element {
[INFO] [stdout]   |             ^^^^^^^ not found in this scope
[INFO] [stdout]   |
[INFO] [stdout] help: consider importing one of these items
[INFO] [stdout]   |
[INFO] [stdout] 2 + use dioxus_core::Element;
[INFO] [stdout]   |
[INFO] [stdout] 2 + use dioxus_rsx::Element;
[INFO] [stdout]   |
[INFO] [stdout] 
[INFO] [stdout] error: aborting due to 3 previous errors
[INFO] [stdout] 
[INFO] [stdout] Some errors have detailed explanations: E0412, E0433.
[INFO] [stdout] For more information about an error, try `rustc --explain E0412`.
[INFO] [stdout] Couldn't compile the test.
[INFO] [stdout] ---- src/_docs/events/globalmouseover.md - definitions::events::onglobalmouseover (line 7) stdout ----
[INFO] [stdout] error[E0433]: failed to resolve: use of undeclared crate or module `freya`
[INFO] [stdout]  --> src/_docs/events/globalmouseover.md:8:5
[INFO] [stdout]   |
[INFO] [stdout] 3 | use freya::prelude::*;
[INFO] [stdout]   |     ^^^^^ use of undeclared crate or module `freya`
[INFO] [stdout] 
[INFO] [stdout] error: cannot find macro `rsx` in this scope
[INFO] [stdout]  --> src/_docs/events/globalmouseover.md:10:5
[INFO] [stdout]   |
[INFO] [stdout] 5 |     rsx!(
[INFO] [stdout]   |     ^^^
[INFO] [stdout] 
[INFO] [stdout] error[E0412]: cannot find type `Element` in this scope
[INFO] [stdout]  --> src/_docs/events/globalmouseover.md:9:13
[INFO] [stdout]   |
[INFO] [stdout] 4 | fn app() -> Element {
[INFO] [stdout]   |             ^^^^^^^ not found in this scope
[INFO] [stdout]   |
[INFO] [stdout] help: consider importing one of these items
[INFO] [stdout]   |
[INFO] [stdout] 2 + use dioxus_core::Element;
[INFO] [stdout]   |
[INFO] [stdout] 2 + use dioxus_rsx::Element;
[INFO] [stdout]   |
[INFO] [stdout] 
[INFO] [stdout] error: aborting due to 3 previous errors
[INFO] [stdout] 
[INFO] [stdout] Some errors have detailed explanations: E0412, E0433.
[INFO] [stdout] For more information about an error, try `rustc --explain E0412`.
[INFO] [stdout] Couldn't compile the test.
[INFO] [stdout] ---- src/_docs/events/globalmousedown.md - definitions::events::onglobalmousedown (line 9) stdout ----
[INFO] [stdout] error[E0433]: failed to resolve: use of undeclared crate or module `freya`
[INFO] [stdout]  --> src/_docs/events/globalmousedown.md:10:5
[INFO] [stdout]   |
[INFO] [stdout] 3 | use freya::prelude::*;
[INFO] [stdout]   |     ^^^^^ use of undeclared crate or module `freya`
[INFO] [stdout] 
[INFO] [stdout] error: cannot find macro `rsx` in this scope
[INFO] [stdout]  --> src/_docs/events/globalmousedown.md:12:5
[INFO] [stdout]   |
[INFO] [stdout] 5 |     rsx!(
[INFO] [stdout]   |     ^^^
[INFO] [stdout] 
[INFO] [stdout] error[E0412]: cannot find type `Element` in this scope
[INFO] [stdout]  --> src/_docs/events/globalmousedown.md:11:13
[INFO] [stdout]   |
[INFO] [stdout] 4 | fn app() -> Element {
[INFO] [stdout]   |             ^^^^^^^ not found in this scope
[INFO] [stdout]   |
[INFO] [stdout] help: consider importing one of these items
[INFO] [stdout]   |
[INFO] [stdout] 2 + use dioxus_core::Element;
[INFO] [stdout]   |
[INFO] [stdout] 2 + use dioxus_rsx::Element;
[INFO] [stdout]   |
[INFO] [stdout] 
[INFO] [stdout] error: aborting due to 3 previous errors
[INFO] [stdout] 
[INFO] [stdout] Some errors have detailed explanations: E0412, E0433.
[INFO] [stdout] For more information about an error, try `rustc --explain E0412`.
[INFO] [stdout] Couldn't compile the test.
[INFO] [stdout] ---- src/_docs/events/globalclick.md - definitions::events::onglobalclick (line 9) stdout ----
[INFO] [stdout] error[E0433]: failed to resolve: use of undeclared crate or module `freya`
[INFO] [stdout]  --> src/_docs/events/globalclick.md:10:5
[INFO] [stdout]   |
[INFO] [stdout] 3 | use freya::prelude::*;
[INFO] [stdout]   |     ^^^^^ use of undeclared crate or module `freya`
[INFO] [stdout] 
[INFO] [stdout] error: cannot find macro `rsx` in this scope
[INFO] [stdout]  --> src/_docs/events/globalclick.md:12:5
[INFO] [stdout]   |
[INFO] [stdout] 5 |     rsx!(
[INFO] [stdout]   |     ^^^
[INFO] [stdout] 
[INFO] [stdout] error[E0412]: cannot find type `Element` in this scope
[INFO] [stdout]  --> src/_docs/events/globalclick.md:11:13
[INFO] [stdout]   |
[INFO] [stdout] 4 | fn app() -> Element {
[INFO] [stdout]   |             ^^^^^^^ not found in this scope
[INFO] [stdout]   |
[INFO] [stdout] help: consider importing one of these items
[INFO] [stdout]   |
[INFO] [stdout] 2 + use dioxus_core::Element;
[INFO] [stdout]   |
[INFO] [stdout] 2 + use dioxus_rsx::Element;
[INFO] [stdout]   |
[INFO] [stdout] 
[INFO] [stdout] error: aborting due to 3 previous errors
[INFO] [stdout] 
[INFO] [stdout] Some errors have detailed explanations: E0412, E0433.
[INFO] [stdout] For more information about an error, try `rustc --explain E0412`.
[INFO] [stdout] Couldn't compile the test.
[INFO] [stdout] ---- src/_docs/events/keydown.md - definitions::events::onkeydown (line 7) stdout ----
[INFO] [stdout] error[E0433]: failed to resolve: use of undeclared crate or module `freya`
[INFO] [stdout]  --> src/_docs/events/keydown.md:8:5
[INFO] [stdout]   |
[INFO] [stdout] 3 | use freya::prelude::*;
[INFO] [stdout]   |     ^^^^^ use of undeclared crate or module `freya`
[INFO] [stdout] 
[INFO] [stdout] error: cannot find macro `rsx` in this scope
[INFO] [stdout]  --> src/_docs/events/keydown.md:10:5
[INFO] [stdout]   |
[INFO] [stdout] 5 |     rsx!(
[INFO] [stdout]   |     ^^^
[INFO] [stdout] 
[INFO] [stdout] error[E0412]: cannot find type `Element` in this scope
[INFO] [stdout]  --> src/_docs/events/keydown.md:9:13
[INFO] [stdout]   |
[INFO] [stdout] 4 | fn app() -> Element {
[INFO] [stdout]   |             ^^^^^^^ not found in this scope
[INFO] [stdout]   |
[INFO] [stdout] help: consider importing one of these items
[INFO] [stdout]   |
[INFO] [stdout] 2 + use dioxus_core::Element;
[INFO] [stdout]   |
[INFO] [stdout] 2 + use dioxus_rsx::Element;
[INFO] [stdout]   |
[INFO] [stdout] 
[INFO] [stdout] error: aborting due to 3 previous errors
[INFO] [stdout] 
[INFO] [stdout] Some errors have detailed explanations: E0412, E0433.
[INFO] [stdout] For more information about an error, try `rustc --explain E0412`.
[INFO] [stdout] Couldn't compile the test.
[INFO] [stdout] ---- src/_docs/events/mouseenter.md - definitions::events::onmouseenter (line 7) stdout ----
[INFO] [stdout] error[E0433]: failed to resolve: use of undeclared crate or module `freya`
[INFO] [stdout]  --> src/_docs/events/mouseenter.md:8:5
[INFO] [stdout]   |
[INFO] [stdout] 3 | use freya::prelude::*;
[INFO] [stdout]   |     ^^^^^ use of undeclared crate or module `freya`
[INFO] [stdout] 
[INFO] [stdout] error: cannot find macro `rsx` in this scope
[INFO] [stdout]  --> src/_docs/events/mouseenter.md:10:5
[INFO] [stdout]   |
[INFO] [stdout] 5 |     rsx!(
[INFO] [stdout]   |     ^^^
[INFO] [stdout] 
[INFO] [stdout] error[E0412]: cannot find type `Element` in this scope
[INFO] [stdout]  --> src/_docs/events/mouseenter.md:9:13
[INFO] [stdout]   |
[INFO] [stdout] 4 | fn app() -> Element {
[INFO] [stdout]   |             ^^^^^^^ not found in this scope
[INFO] [stdout]   |
[INFO] [stdout] help: consider importing one of these items
[INFO] [stdout]   |
[INFO] [stdout] 2 + use dioxus_core::Element;
[INFO] [stdout]   |
[INFO] [stdout] 2 + use dioxus_rsx::Element;
[INFO] [stdout]   |
[INFO] [stdout] 
[INFO] [stdout] error: aborting due to 3 previous errors
[INFO] [stdout] 
[INFO] [stdout] Some errors have detailed explanations: E0412, E0433.
[INFO] [stdout] For more information about an error, try `rustc --explain E0412`.
[INFO] [stdout] Couldn't compile the test.
[INFO] [stdout] ---- src/_docs/events/onfiledrop.md - definitions::events::onfiledrop (line 7) stdout ----
[INFO] [stdout] error[E0433]: failed to resolve: use of undeclared crate or module `freya`
[INFO] [stdout]  --> src/_docs/events/onfiledrop.md:8:5
[INFO] [stdout]   |
[INFO] [stdout] 3 | use freya::prelude::*;
[INFO] [stdout]   |     ^^^^^ use of undeclared crate or module `freya`
[INFO] [stdout] 
[INFO] [stdout] error: cannot find macro `rsx` in this scope
[INFO] [stdout]  --> src/_docs/events/onfiledrop.md:10:5
[INFO] [stdout]   |
[INFO] [stdout] 5 |     rsx!(
[INFO] [stdout]   |     ^^^
[INFO] [stdout] 
[INFO] [stdout] error[E0412]: cannot find type `Element` in this scope
[INFO] [stdout]  --> src/_docs/events/onfiledrop.md:9:13
[INFO] [stdout]   |
[INFO] [stdout] 4 | fn app() -> Element {
[INFO] [stdout]   |             ^^^^^^^ not found in this scope
[INFO] [stdout]   |
[INFO] [stdout] help: consider importing one of these items
[INFO] [stdout]   |
[INFO] [stdout] 2 + use dioxus_core::Element;
[INFO] [stdout]   |
[INFO] [stdout] 2 + use dioxus_rsx::Element;
[INFO] [stdout]   |
[INFO] [stdout] 
[INFO] [stdout] error: aborting due to 3 previous errors
[INFO] [stdout] 
[INFO] [stdout] Some errors have detailed explanations: E0412, E0433.
[INFO] [stdout] For more information about an error, try `rustc --explain E0412`.
[INFO] [stdout] Couldn't compile the test.
[INFO] [stdout] ---- src/_docs/events/keyup.md - definitions::events::onkeyup (line 7) stdout ----
[INFO] [stdout] error[E0433]: failed to resolve: use of undeclared crate or module `freya`
[INFO] [stdout]  --> src/_docs/events/keyup.md:8:5
[INFO] [stdout]   |
[INFO] [stdout] 3 | use freya::prelude::*;
[INFO] [stdout]   |     ^^^^^ use of undeclared crate or module `freya`
[INFO] [stdout] 
[INFO] [stdout] error: cannot find macro `rsx` in this scope
[INFO] [stdout]  --> src/_docs/events/keyup.md:10:5
[INFO] [stdout]   |
[INFO] [stdout] 5 |     rsx!(
[INFO] [stdout]   |     ^^^
[INFO] [stdout] 
[INFO] [stdout] error[E0412]: cannot find type `Element` in this scope
[INFO] [stdout]  --> src/_docs/events/keyup.md:9:13
[INFO] [stdout]   |
[INFO] [stdout] 4 | fn app() -> Element {
[INFO] [stdout]   |             ^^^^^^^ not found in this scope
[INFO] [stdout]   |
[INFO] [stdout] help: consider importing one of these items
[INFO] [stdout]   |
[INFO] [stdout] 2 + use dioxus_core::Element;
[INFO] [stdout]   |
[INFO] [stdout] 2 + use dioxus_rsx::Element;
[INFO] [stdout]   |
[INFO] [stdout] 
[INFO] [stdout] error: aborting due to 3 previous errors
[INFO] [stdout] 
[INFO] [stdout] Some errors have detailed explanations: E0412, E0433.
[INFO] [stdout] For more information about an error, try `rustc --explain E0412`.
[INFO] [stdout] Couldn't compile the test.
[INFO] [stdout] ---- src/_docs/events/mousedown.md - definitions::events::onmousedown (line 9) stdout ----
[INFO] [stdout] error[E0433]: failed to resolve: use of undeclared crate or module `freya`
[INFO] [stdout]  --> src/_docs/events/mousedown.md:10:5
[INFO] [stdout]   |
[INFO] [stdout] 3 | use freya::prelude::*;
[INFO] [stdout]   |     ^^^^^ use of undeclared crate or module `freya`
[INFO] [stdout] 
[INFO] [stdout] error: cannot find macro `rsx` in this scope
[INFO] [stdout]  --> src/_docs/events/mousedown.md:12:5
[INFO] [stdout]   |
[INFO] [stdout] 5 |     rsx!(
[INFO] [stdout]   |     ^^^
[INFO] [stdout] 
[INFO] [stdout] error[E0412]: cannot find type `Element` in this scope
[INFO] [stdout]  --> src/_docs/events/mousedown.md:11:13
[INFO] [stdout]   |
[INFO] [stdout] 4 | fn app() -> Element {
[INFO] [stdout]   |             ^^^^^^^ not found in this scope
[INFO] [stdout]   |
[INFO] [stdout] help: consider importing one of these items
[INFO] [stdout]   |
[INFO] [stdout] 2 + use dioxus_core::Element;
[INFO] [stdout]   |
[INFO] [stdout] 2 + use dioxus_rsx::Element;
[INFO] [stdout]   |
[INFO] [stdout] 
[INFO] [stdout] error: aborting due to 3 previous errors
[INFO] [stdout] 
[INFO] [stdout] Some errors have detailed explanations: E0412, E0433.
[INFO] [stdout] For more information about an error, try `rustc --explain E0412`.
[INFO] [stdout] Couldn't compile the test.
[INFO] [stdout] ---- src/_docs/events/mouseleave.md - definitions::events::onmouseleave (line 7) stdout ----
[INFO] [stdout] error[E0433]: failed to resolve: use of undeclared crate or module `freya`
[INFO] [stdout]  --> src/_docs/events/mouseleave.md:8:5
[INFO] [stdout]   |
[INFO] [stdout] 3 | use freya::prelude::*;
[INFO] [stdout]   |     ^^^^^ use of undeclared crate or module `freya`
[INFO] [stdout] 
[INFO] [stdout] error: cannot find macro `rsx` in this scope
[INFO] [stdout]  --> src/_docs/events/mouseleave.md:10:5
[INFO] [stdout]   |
[INFO] [stdout] 5 |     rsx!(
[INFO] [stdout]   |     ^^^
[INFO] [stdout] 
[INFO] [stdout] error[E0412]: cannot find type `Element` in this scope
[INFO] [stdout]  --> src/_docs/events/mouseleave.md:9:13
[INFO] [stdout]   |
[INFO] [stdout] 4 | fn app() -> Element {
[INFO] [stdout]   |             ^^^^^^^ not found in this scope
[INFO] [stdout]   |
[INFO] [stdout] help: consider importing one of these items
[INFO] [stdout]   |
[INFO] [stdout] 2 + use dioxus_core::Element;
[INFO] [stdout]   |
[INFO] [stdout] 2 + use dioxus_rsx::Element;
[INFO] [stdout]   |
[INFO] [stdout] 
[INFO] [stdout] error: aborting due to 3 previous errors
[INFO] [stdout] 
[INFO] [stdout] Some errors have detailed explanations: E0412, E0433.
[INFO] [stdout] For more information about an error, try `rustc --explain E0412`.
[INFO] [stdout] Couldn't compile the test.
[INFO] [stdout] ---- src/_docs/events/onglobalfilehover.md - definitions::events::onglobalfilehover (line 7) stdout ----
[INFO] [stdout] error[E0433]: failed to resolve: use of undeclared crate or module `freya`
[INFO] [stdout]  --> src/_docs/events/onglobalfilehover.md:8:5
[INFO] [stdout]   |
[INFO] [stdout] 3 | use freya::prelude::*;
[INFO] [stdout]   |     ^^^^^ use of undeclared crate or module `freya`
[INFO] [stdout] 
[INFO] [stdout] error: cannot find macro `rsx` in this scope
[INFO] [stdout]  --> src/_docs/events/onglobalfilehover.md:10:5
[INFO] [stdout]   |
[INFO] [stdout] 5 |     rsx!(
[INFO] [stdout]   |     ^^^
[INFO] [stdout] 
[INFO] [stdout] error[E0412]: cannot find type `Element` in this scope
[INFO] [stdout]  --> src/_docs/events/onglobalfilehover.md:9:13
[INFO] [stdout]   |
[INFO] [stdout] 4 | fn app() -> Element {
[INFO] [stdout]   |             ^^^^^^^ not found in this scope
[INFO] [stdout]   |
[INFO] [stdout] help: consider importing one of these items
[INFO] [stdout]   |
[INFO] [stdout] 2 + use dioxus_core::Element;
[INFO] [stdout]   |
[INFO] [stdout] 2 + use dioxus_rsx::Element;
[INFO] [stdout]   |
[INFO] [stdout] 
[INFO] [stdout] error: aborting due to 3 previous errors
[INFO] [stdout] 
[INFO] [stdout] Some errors have detailed explanations: E0412, E0433.
[INFO] [stdout] For more information about an error, try `rustc --explain E0412`.
[INFO] [stdout] Couldn't compile the test.
[INFO] [stdout] ---- src/_docs/events/pointerdown.md - definitions::events::onpointerdown (line 7) stdout ----
[INFO] [stdout] error[E0433]: failed to resolve: use of undeclared crate or module `freya`
[INFO] [stdout]  --> src/_docs/events/pointerdown.md:8:5
[INFO] [stdout]   |
[INFO] [stdout] 3 | use freya::prelude::*;
[INFO] [stdout]   |     ^^^^^ use of undeclared crate or module `freya`
[INFO] [stdout] 
[INFO] [stdout] error: cannot find macro `rsx` in this scope
[INFO] [stdout]  --> src/_docs/events/pointerdown.md:10:5
[INFO] [stdout]   |
[INFO] [stdout] 5 |     rsx!(
[INFO] [stdout]   |     ^^^
[INFO] [stdout] 
[INFO] [stdout] error[E0412]: cannot find type `Element` in this scope
[INFO] [stdout]  --> src/_docs/events/pointerdown.md:9:13
[INFO] [stdout]   |
[INFO] [stdout] 4 | fn app() -> Element {
[INFO] [stdout]   |             ^^^^^^^ not found in this scope
[INFO] [stdout]   |
[INFO] [stdout] help: consider importing one of these items
[INFO] [stdout]   |
[INFO] [stdout] 2 + use dioxus_core::Element;
[INFO] [stdout]   |
[INFO] [stdout] 2 + use dioxus_rsx::Element;
[INFO] [stdout]   |
[INFO] [stdout] 
[INFO] [stdout] error: aborting due to 3 previous errors
[INFO] [stdout] 
[INFO] [stdout] Some errors have detailed explanations: E0412, E0433.
[INFO] [stdout] For more information about an error, try `rustc --explain E0412`.
[INFO] [stdout] Couldn't compile the test.
[INFO] [stdout] ---- src/_docs/events/mouseover.md - definitions::events::onmouseover (line 9) stdout ----
[INFO] [stdout] error[E0433]: failed to resolve: use of undeclared crate or module `freya`
[INFO] [stdout]  --> src/_docs/events/mouseover.md:10:5
[INFO] [stdout]   |
[INFO] [stdout] 3 | use freya::prelude::*;
[INFO] [stdout]   |     ^^^^^ use of undeclared crate or module `freya`
[INFO] [stdout] 
[INFO] [stdout] error: cannot find macro `rsx` in this scope
[INFO] [stdout]  --> src/_docs/events/mouseover.md:12:5
[INFO] [stdout]   |
[INFO] [stdout] 5 |     rsx!(
[INFO] [stdout]   |     ^^^
[INFO] [stdout] 
[INFO] [stdout] error[E0412]: cannot find type `Element` in this scope
[INFO] [stdout]  --> src/_docs/events/mouseover.md:11:13
[INFO] [stdout]   |
[INFO] [stdout] 4 | fn app() -> Element {
[INFO] [stdout]   |             ^^^^^^^ not found in this scope
[INFO] [stdout]   |
[INFO] [stdout] help: consider importing one of these items
[INFO] [stdout]   |
[INFO] [stdout] 2 + use dioxus_core::Element;
[INFO] [stdout]   |
[INFO] [stdout] 2 + use dioxus_rsx::Element;
[INFO] [stdout]   |
[INFO] [stdout] 
[INFO] [stdout] error: aborting due to 3 previous errors
[INFO] [stdout] 
[INFO] [stdout] Some errors have detailed explanations: E0412, E0433.
[INFO] [stdout] For more information about an error, try `rustc --explain E0412`.
[INFO] [stdout] Couldn't compile the test.
[INFO] [stdout] ---- src/_docs/events/onglobalfilehovercancelled.md - definitions::events::onglobalfilehovercancelled (line 7) stdout ----
[INFO] [stdout] error[E0433]: failed to resolve: use of undeclared crate or module `freya`
[INFO] [stdout]  --> src/_docs/events/onglobalfilehovercancelled.md:8:5
[INFO] [stdout]   |
[INFO] [stdout] 3 | use freya::prelude::*;
[INFO] [stdout]   |     ^^^^^ use of undeclared crate or module `freya`
[INFO] [stdout] 
[INFO] [stdout] error: cannot find macro `rsx` in this scope
[INFO] [stdout]  --> src/_docs/events/onglobalfilehovercancelled.md:10:5
[INFO] [stdout]   |
[INFO] [stdout] 5 |     rsx!(
[INFO] [stdout]   |     ^^^
[INFO] [stdout] 
[INFO] [stdout] error[E0412]: cannot find type `Element` in this scope
[INFO] [stdout]  --> src/_docs/events/onglobalfilehovercancelled.md:9:13
[INFO] [stdout]   |
[INFO] [stdout] 4 | fn app() -> Element {
[INFO] [stdout]   |             ^^^^^^^ not found in this scope
[INFO] [stdout]   |
[INFO] [stdout] help: consider importing one of these items
[INFO] [stdout]   |
[INFO] [stdout] 2 + use dioxus_core::Element;
[INFO] [stdout]   |
[INFO] [stdout] 2 + use dioxus_rsx::Element;
[INFO] [stdout]   |
[INFO] [stdout] 
[INFO] [stdout] error: aborting due to 3 previous errors
[INFO] [stdout] 
[INFO] [stdout] Some errors have detailed explanations: E0412, E0433.
[INFO] [stdout] For more information about an error, try `rustc --explain E0412`.
[INFO] [stdout] Couldn't compile the test.
[INFO] [stdout] ---- src/_docs/events/onrightclick.md - definitions::events::onrightclick (line 7) stdout ----
[INFO] [stdout] error[E0433]: failed to resolve: use of undeclared crate or module `freya`
[INFO] [stdout]  --> src/_docs/events/onrightclick.md:8:5
[INFO] [stdout]   |
[INFO] [stdout] 3 | use freya::prelude::*;
[INFO] [stdout]   |     ^^^^^ use of undeclared crate or module `freya`
[INFO] [stdout] 
[INFO] [stdout] error: cannot find macro `rsx` in this scope
[INFO] [stdout]  --> src/_docs/events/onrightclick.md:10:5
[INFO] [stdout]   |
[INFO] [stdout] 5 |     rsx!(
[INFO] [stdout]   |     ^^^
[INFO] [stdout] 
[INFO] [stdout] error[E0412]: cannot find type `Element` in this scope
[INFO] [stdout]  --> src/_docs/events/onrightclick.md:9:13
[INFO] [stdout]   |
[INFO] [stdout] 4 | fn app() -> Element {
[INFO] [stdout]   |             ^^^^^^^ not found in this scope
[INFO] [stdout]   |
[INFO] [stdout] help: consider importing one of these items
[INFO] [stdout]   |
[INFO] [stdout] 2 + use dioxus_core::Element;
[INFO] [stdout]   |
[INFO] [stdout] 2 + use dioxus_rsx::Element;
[INFO] [stdout]   |
[INFO] [stdout] 
[INFO] [stdout] error: aborting due to 3 previous errors
[INFO] [stdout] 
[INFO] [stdout] Some errors have detailed explanations: E0412, E0433.
[INFO] [stdout] For more information about an error, try `rustc --explain E0412`.
[INFO] [stdout] Couldn't compile the test.
[INFO] [stdout] ---- src/_docs/events/onglobalpointerup.md - definitions::events::onglobalpointerup (line 7) stdout ----
[INFO] [stdout] error[E0433]: failed to resolve: use of undeclared crate or module `freya`
[INFO] [stdout]  --> src/_docs/events/onglobalpointerup.md:8:5
[INFO] [stdout]   |
[INFO] [stdout] 3 | use freya::prelude::*;
[INFO] [stdout]   |     ^^^^^ use of undeclared crate or module `freya`
[INFO] [stdout] 
[INFO] [stdout] error: cannot find macro `rsx` in this scope
[INFO] [stdout]  --> src/_docs/events/onglobalpointerup.md:10:5
[INFO] [stdout]   |
[INFO] [stdout] 5 |     rsx!(
[INFO] [stdout]   |     ^^^
[INFO] [stdout] 
[INFO] [stdout] error[E0412]: cannot find type `Element` in this scope
[INFO] [stdout]  --> src/_docs/events/onglobalpointerup.md:9:13
[INFO] [stdout]   |
[INFO] [stdout] 4 | fn app() -> Element {
[INFO] [stdout]   |             ^^^^^^^ not found in this scope
[INFO] [stdout]   |
[INFO] [stdout] help: consider importing one of these items
[INFO] [stdout]   |
[INFO] [stdout] 2 + use dioxus_core::Element;
[INFO] [stdout]   |
[INFO] [stdout] 2 + use dioxus_rsx::Element;
[INFO] [stdout]   |
[INFO] [stdout] 
[INFO] [stdout] error: aborting due to 3 previous errors
[INFO] [stdout] 
[INFO] [stdout] Some errors have detailed explanations: E0412, E0433.
[INFO] [stdout] For more information about an error, try `rustc --explain E0412`.
[INFO] [stdout] Couldn't compile the test.
[INFO] [stdout] ---- src/_docs/events/onmiddleclick.md - definitions::events::onmiddleclick (line 7) stdout ----
[INFO] [stdout] error[E0433]: failed to resolve: use of undeclared crate or module `freya`
[INFO] [stdout]  --> src/_docs/events/onmiddleclick.md:8:5
[INFO] [stdout]   |
[INFO] [stdout] 3 | use freya::prelude::*;
[INFO] [stdout]   |     ^^^^^ use of undeclared crate or module `freya`
[INFO] [stdout] 
[INFO] [stdout] error: cannot find macro `rsx` in this scope
[INFO] [stdout]  --> src/_docs/events/onmiddleclick.md:10:5
[INFO] [stdout]   |
[INFO] [stdout] 5 |     rsx!(
[INFO] [stdout]   |     ^^^
[INFO] [stdout] 
[INFO] [stdout] error[E0412]: cannot find type `Element` in this scope
[INFO] [stdout]  --> src/_docs/events/onmiddleclick.md:9:13
[INFO] [stdout]   |
[INFO] [stdout] 4 | fn app() -> Element {
[INFO] [stdout]   |             ^^^^^^^ not found in this scope
[INFO] [stdout]   |
[INFO] [stdout] help: consider importing one of these items
[INFO] [stdout]   |
[INFO] [stdout] 2 + use dioxus_core::Element;
[INFO] [stdout]   |
[INFO] [stdout] 2 + use dioxus_rsx::Element;
[INFO] [stdout]   |
[INFO] [stdout] 
[INFO] [stdout] error: aborting due to 3 previous errors
[INFO] [stdout] 
[INFO] [stdout] Some errors have detailed explanations: E0412, E0433.
[INFO] [stdout] For more information about an error, try `rustc --explain E0412`.
[INFO] [stdout] Couldn't compile the test.
[INFO] [stdout] ---- src/_docs/events/pointerenter.md - definitions::events::onpointerenter (line 7) stdout ----
[INFO] [stdout] error[E0433]: failed to resolve: use of undeclared crate or module `freya`
[INFO] [stdout]  --> src/_docs/events/pointerenter.md:8:5
[INFO] [stdout]   |
[INFO] [stdout] 3 | use freya::prelude::*;
[INFO] [stdout]   |     ^^^^^ use of undeclared crate or module `freya`
[INFO] [stdout] 
[INFO] [stdout] error: cannot find macro `rsx` in this scope
[INFO] [stdout]  --> src/_docs/events/pointerenter.md:10:5
[INFO] [stdout]   |
[INFO] [stdout] 5 |     rsx!(
[INFO] [stdout]   |     ^^^
[INFO] [stdout] 
[INFO] [stdout] error[E0412]: cannot find type `Element` in this scope
[INFO] [stdout]  --> src/_docs/events/pointerenter.md:9:13
[INFO] [stdout]   |
[INFO] [stdout] 4 | fn app() -> Element {
[INFO] [stdout]   |             ^^^^^^^ not found in this scope
[INFO] [stdout]   |
[INFO] [stdout] help: consider importing one of these items
[INFO] [stdout]   |
[INFO] [stdout] 2 + use dioxus_core::Element;
[INFO] [stdout]   |
[INFO] [stdout] 2 + use dioxus_rsx::Element;
[INFO] [stdout]   |
[INFO] [stdout] 
[INFO] [stdout] error: aborting due to 3 previous errors
[INFO] [stdout] 
[INFO] [stdout] Some errors have detailed explanations: E0412, E0433.
[INFO] [stdout] For more information about an error, try `rustc --explain E0412`.
[INFO] [stdout] Couldn't compile the test.
[INFO] [stdout] ---- src/_docs/events/pointerup.md - definitions::events::onpointerup (line 7) stdout ----
[INFO] [stdout] error[E0433]: failed to resolve: use of undeclared crate or module `freya`
[INFO] [stdout]  --> src/_docs/events/pointerup.md:8:5
[INFO] [stdout]   |
[INFO] [stdout] 3 | use freya::prelude::*;
[INFO] [stdout]   |     ^^^^^ use of undeclared crate or module `freya`
[INFO] [stdout] 
[INFO] [stdout] error: cannot find macro `rsx` in this scope
[INFO] [stdout]  --> src/_docs/events/pointerup.md:10:5
[INFO] [stdout]   |
[INFO] [stdout] 5 |     rsx!(
[INFO] [stdout]   |     ^^^
[INFO] [stdout] 
[INFO] [stdout] error[E0412]: cannot find type `Element` in this scope
[INFO] [stdout]  --> src/_docs/events/pointerup.md:9:13
[INFO] [stdout]   |
[INFO] [stdout] 4 | fn app() -> Element {
[INFO] [stdout]   |             ^^^^^^^ not found in this scope
[INFO] [stdout]   |
[INFO] [stdout] help: consider importing one of these items
[INFO] [stdout]   |
[INFO] [stdout] 2 + use dioxus_core::Element;
[INFO] [stdout]   |
[INFO] [stdout] 2 + use dioxus_rsx::Element;
[INFO] [stdout]   |
[INFO] [stdout] 
[INFO] [stdout] error: aborting due to 3 previous errors
[INFO] [stdout] 
[INFO] [stdout] Some errors have detailed explanations: E0412, E0433.
[INFO] [stdout] For more information about an error, try `rustc --explain E0412`.
[INFO] [stdout] Couldn't compile the test.
[INFO] [stdout] ---- src/_docs/events/pointerleave.md - definitions::events::onpointerleave (line 7) stdout ----
[INFO] [stdout] error[E0433]: failed to resolve: use of undeclared crate or module `freya`
[INFO] [stdout]  --> src/_docs/events/pointerleave.md:8:5
[INFO] [stdout]   |
[INFO] [stdout] 3 | use freya::prelude::*;
[INFO] [stdout]   |     ^^^^^ use of undeclared crate or module `freya`
[INFO] [stdout] 
[INFO] [stdout] error: cannot find macro `rsx` in this scope
[INFO] [stdout]  --> src/_docs/events/pointerleave.md:10:5
[INFO] [stdout]   |
[INFO] [stdout] 5 |     rsx!(
[INFO] [stdout]   |     ^^^
[INFO] [stdout] 
[INFO] [stdout] error[E0412]: cannot find type `Element` in this scope
[INFO] [stdout]  --> src/_docs/events/pointerleave.md:9:13
[INFO] [stdout]   |
[INFO] [stdout] 4 | fn app() -> Element {
[INFO] [stdout]   |             ^^^^^^^ not found in this scope
[INFO] [stdout]   |
[INFO] [stdout] help: consider importing one of these items
[INFO] [stdout]   |
[INFO] [stdout] 2 + use dioxus_core::Element;
[INFO] [stdout]   |
[INFO] [stdout] 2 + use dioxus_rsx::Element;
[INFO] [stdout]   |
[INFO] [stdout] 
[INFO] [stdout] error: aborting due to 3 previous errors
[INFO] [stdout] 
[INFO] [stdout] Some errors have detailed explanations: E0412, E0433.
[INFO] [stdout] For more information about an error, try `rustc --explain E0412`.
[INFO] [stdout] Couldn't compile the test.
[INFO] [stdout] ---- src/_docs/events/touchend.md - definitions::events::ontouchend (line 7) stdout ----
[INFO] [stdout] error[E0433]: failed to resolve: use of undeclared crate or module `freya`
[INFO] [stdout]  --> src/_docs/events/touchend.md:8:5
[INFO] [stdout]   |
[INFO] [stdout] 3 | use freya::prelude::*;
[INFO] [stdout]   |     ^^^^^ use of undeclared crate or module `freya`
[INFO] [stdout] 
[INFO] [stdout] error: cannot find macro `rsx` in this scope
[INFO] [stdout]  --> src/_docs/events/touchend.md:10:5
[INFO] [stdout]   |
[INFO] [stdout] 5 |     rsx!(
[INFO] [stdout]   |     ^^^
[INFO] [stdout] 
[INFO] [stdout] error[E0412]: cannot find type `Element` in this scope
[INFO] [stdout]  --> src/_docs/events/touchend.md:9:13
[INFO] [stdout]   |
[INFO] [stdout] 4 | fn app() -> Element {
[INFO] [stdout]   |             ^^^^^^^ not found in this scope
[INFO] [stdout]   |
[INFO] [stdout] help: consider importing one of these items
[INFO] [stdout]   |
[INFO] [stdout] 2 + use dioxus_core::Element;
[INFO] [stdout]   |
[INFO] [stdout] 2 + use dioxus_rsx::Element;
[INFO] [stdout]   |
[INFO] [stdout] 
[INFO] [stdout] error: aborting due to 3 previous errors
[INFO] [stdout] 
[INFO] [stdout] Some errors have detailed explanations: E0412, E0433.
[INFO] [stdout] For more information about an error, try `rustc --explain E0412`.
[INFO] [stdout] Couldn't compile the test.
[INFO] [stdout] ---- src/_docs/events/pointerover.md - definitions::events::onpointerover (line 9) stdout ----
[INFO] [stdout] error[E0433]: failed to resolve: use of undeclared crate or module `freya`
[INFO] [stdout]  --> src/_docs/events/pointerover.md:10:5
[INFO] [stdout]   |
[INFO] [stdout] 3 | use freya::prelude::*;
[INFO] [stdout]   |     ^^^^^ use of undeclared crate or module `freya`
[INFO] [stdout] 
[INFO] [stdout] error: cannot find macro `rsx` in this scope
[INFO] [stdout]  --> src/_docs/events/pointerover.md:12:5
[INFO] [stdout]   |
[INFO] [stdout] 5 |     rsx!(
[INFO] [stdout]   |     ^^^
[INFO] [stdout] 
[INFO] [stdout] error[E0412]: cannot find type `Element` in this scope
[INFO] [stdout]  --> src/_docs/events/pointerover.md:11:13
[INFO] [stdout]   |
[INFO] [stdout] 4 | fn app() -> Element {
[INFO] [stdout]   |             ^^^^^^^ not found in this scope
[INFO] [stdout]   |
[INFO] [stdout] help: consider importing one of these items
[INFO] [stdout]   |
[INFO] [stdout] 2 + use dioxus_core::Element;
[INFO] [stdout]   |
[INFO] [stdout] 2 + use dioxus_rsx::Element;
[INFO] [stdout]   |
[INFO] [stdout] 
[INFO] [stdout] error: aborting due to 3 previous errors
[INFO] [stdout] 
[INFO] [stdout] Some errors have detailed explanations: E0412, E0433.
[INFO] [stdout] For more information about an error, try `rustc --explain E0412`.
[INFO] [stdout] Couldn't compile the test.
[INFO] [stdout] ---- src/_docs/events/touchstart.md - definitions::events::ontouchstart (line 7) stdout ----
[INFO] [stdout] error[E0433]: failed to resolve: use of undeclared crate or module `freya`
[INFO] [stdout]  --> src/_docs/events/touchstart.md:8:5
[INFO] [stdout]   |
[INFO] [stdout] 3 | use freya::prelude::*;
[INFO] [stdout]   |     ^^^^^ use of undeclared crate or module `freya`
[INFO] [stdout] 
[INFO] [stdout] error: cannot find macro `rsx` in this scope
[INFO] [stdout]  --> src/_docs/events/touchstart.md:10:5
[INFO] [stdout]   |
[INFO] [stdout] 5 |     rsx!(
[INFO] [stdout]   |     ^^^
[INFO] [stdout] 
[INFO] [stdout] error[E0412]: cannot find type `Element` in this scope
[INFO] [stdout]  --> src/_docs/events/touchstart.md:9:13
[INFO] [stdout]   |
[INFO] [stdout] 4 | fn app() -> Element {
[INFO] [stdout]   |             ^^^^^^^ not found in this scope
[INFO] [stdout]   |
[INFO] [stdout] help: consider importing one of these items
[INFO] [stdout]   |
[INFO] [stdout] 2 + use dioxus_core::Element;
[INFO] [stdout]   |
[INFO] [stdout] 2 + use dioxus_rsx::Element;
[INFO] [stdout]   |
[INFO] [stdout] 
[INFO] [stdout] error: aborting due to 3 previous errors
[INFO] [stdout] 
[INFO] [stdout] Some errors have detailed explanations: E0412, E0433.
[INFO] [stdout] For more information about an error, try `rustc --explain E0412`.
[INFO] [stdout] Couldn't compile the test.
[INFO] [stdout] ---- src/_docs/events/touchcancel.md - definitions::events::ontouchcancel (line 8) stdout ----
[INFO] [stdout] error[E0433]: failed to resolve: use of undeclared crate or module `freya`
[INFO] [stdout]  --> src/_docs/events/touchcancel.md:9:5
[INFO] [stdout]   |
[INFO] [stdout] 3 | use freya::prelude::*;
[INFO] [stdout]   |     ^^^^^ use of undeclared crate or module `freya`
[INFO] [stdout] 
[INFO] [stdout] error: cannot find macro `rsx` in this scope
[INFO] [stdout]  --> src/_docs/events/touchcancel.md:11:5
[INFO] [stdout]   |
[INFO] [stdout] 5 |     rsx!(
[INFO] [stdout]   |     ^^^
[INFO] [stdout] 
[INFO] [stdout] error[E0412]: cannot find type `Element` in this scope
[INFO] [stdout]  --> src/_docs/events/touchcancel.md:10:13
[INFO] [stdout]   |
[INFO] [stdout] 4 | fn app() -> Element {
[INFO] [stdout]   |             ^^^^^^^ not found in this scope
[INFO] [stdout]   |
[INFO] [stdout] help: consider importing one of these items
[INFO] [stdout]   |
[INFO] [stdout] 2 + use dioxus_core::Element;
[INFO] [stdout]   |
[INFO] [stdout] 2 + use dioxus_rsx::Element;
[INFO] [stdout]   |
[INFO] [stdout] 
[INFO] [stdout] error: aborting due to 3 previous errors
[INFO] [stdout] 
[INFO] [stdout] Some errors have detailed explanations: E0412, E0433.
[INFO] [stdout] For more information about an error, try `rustc --explain E0412`.
[INFO] [stdout] Couldn't compile the test.
[INFO] [stdout] ---- src/_docs/size_unit.rs - _docs::size_unit (line 6) stdout ----
[INFO] [stdout] error[E0433]: failed to resolve: use of undeclared crate or module `freya`
[INFO] [stdout]  --> src/_docs/size_unit.rs:7:5
[INFO] [stdout]   |
[INFO] [stdout] 3 | use freya::prelude::*;
[INFO] [stdout]   |     ^^^^^ use of undeclared crate or module `freya`
[INFO] [stdout] 
[INFO] [stdout] error: cannot find macro `rsx` in this scope
[INFO] [stdout]  --> src/_docs/size_unit.rs:9:5
[INFO] [stdout]   |
[INFO] [stdout] 5 |     rsx!(
[INFO] [stdout]   |     ^^^
[INFO] [stdout] 
[INFO] [stdout] error[E0412]: cannot find type `Element` in this scope
[INFO] [stdout]  --> src/_docs/size_unit.rs:8:13
[INFO] [stdout]   |
[INFO] [stdout] 4 | fn app() -> Element {
[INFO] [stdout]   |             ^^^^^^^ not found in this scope
[INFO] [stdout]   |
[INFO] [stdout] help: consider importing one of these items
[INFO] [stdout]   |
[INFO] [stdout] 2 + use dioxus_core::Element;
[INFO] [stdout]   |
[INFO] [stdout] 2 + use dioxus_rsx::Element;
[INFO] [stdout]   |
[INFO] [stdout] 
[INFO] [stdout] error: aborting due to 3 previous errors
[INFO] [stdout] 
[INFO] [stdout] Some errors have detailed explanations: E0412, E0433.
[INFO] [stdout] For more information about an error, try `rustc --explain E0412`.
[INFO] [stdout] Couldn't compile the test.
[INFO] [stdout] ---- src/_docs/size_unit.rs - _docs::size_unit (line 38) stdout ----
[INFO] [stdout] error[E0433]: failed to resolve: use of undeclared crate or module `freya`
[INFO] [stdout]  --> src/_docs/size_unit.rs:39:5
[INFO] [stdout]   |
[INFO] [stdout] 3 | use freya::prelude::*;
[INFO] [stdout]   |     ^^^^^ use of undeclared crate or module `freya`
[INFO] [stdout] 
[INFO] [stdout] error: cannot find macro `rsx` in this scope
[INFO] [stdout]  --> src/_docs/size_unit.rs:41:5
[INFO] [stdout]   |
[INFO] [stdout] 5 |     rsx!(
[INFO] [stdout]   |     ^^^
[INFO] [stdout] 
[INFO] [stdout] error[E0412]: cannot find type `Element` in this scope
[INFO] [stdout]  --> src/_docs/size_unit.rs:40:13
[INFO] [stdout]   |
[INFO] [stdout] 4 | fn app() -> Element {
[INFO] [stdout]   |             ^^^^^^^ not found in this scope
[INFO] [stdout]   |
[INFO] [stdout] help: consider importing one of these items
[INFO] [stdout]   |
[INFO] [stdout] 2 + use dioxus_core::Element;
[INFO] [stdout]   |
[INFO] [stdout] 2 + use dioxus_rsx::Element;
[INFO] [stdout]   |
[INFO] [stdout] 
[INFO] [stdout] error: aborting due to 3 previous errors
[INFO] [stdout] 
[INFO] [stdout] Some errors have detailed explanations: E0412, E0433.
[INFO] [stdout] For more information about an error, try `rustc --explain E0412`.
[INFO] [stdout] Couldn't compile the test.
[INFO] [stdout] ---- src/_docs/events/wheel.md - definitions::events::onwheel (line 7) stdout ----
[INFO] [stdout] error[E0433]: failed to resolve: use of undeclared crate or module `freya`
[INFO] [stdout]  --> src/_docs/events/wheel.md:8:5
[INFO] [stdout]   |
[INFO] [stdout] 3 | use freya::prelude::*;
[INFO] [stdout]   |     ^^^^^ use of undeclared crate or module `freya`
[INFO] [stdout] 
[INFO] [stdout] error: cannot find macro `rsx` in this scope
[INFO] [stdout]  --> src/_docs/events/wheel.md:10:5
[INFO] [stdout]   |
[INFO] [stdout] 5 |     rsx!(
[INFO] [stdout]   |     ^^^
[INFO] [stdout] 
[INFO] [stdout] error[E0412]: cannot find type `Element` in this scope
[INFO] [stdout]  --> src/_docs/events/wheel.md:9:13
[INFO] [stdout]   |
[INFO] [stdout] 4 | fn app() -> Element {
[INFO] [stdout]   |             ^^^^^^^ not found in this scope
[INFO] [stdout]   |
[INFO] [stdout] help: consider importing one of these items
[INFO] [stdout]   |
[INFO] [stdout] 2 + use dioxus_core::Element;
[INFO] [stdout]   |
[INFO] [stdout] 2 + use dioxus_rsx::Element;
[INFO] [stdout]   |
[INFO] [stdout] 
[INFO] [stdout] error: aborting due to 3 previous errors
[INFO] [stdout] 
[INFO] [stdout] Some errors have detailed explanations: E0412, E0433.
[INFO] [stdout] For more information about an error, try `rustc --explain E0412`.
[INFO] [stdout] Couldn't compile the test.
[INFO] [stdout] ---- src/_docs/size_unit.rs - _docs::size_unit (line 96) stdout ----
[INFO] [stdout] error[E0433]: failed to resolve: use of undeclared crate or module `freya`
[INFO] [stdout]  --> src/_docs/size_unit.rs:97:5
[INFO] [stdout]   |
[INFO] [stdout] 3 | use freya::prelude::*;
[INFO] [stdout]   |     ^^^^^ use of undeclared crate or module `freya`
[INFO] [stdout] 
[INFO] [stdout] error: cannot find macro `rsx` in this scope
[INFO] [stdout]  --> src/_docs/size_unit.rs:99:5
[INFO] [stdout]   |
[INFO] [stdout] 5 |     rsx!(
[INFO] [stdout]   |     ^^^
[INFO] [stdout] 
[INFO] [stdout] error[E0412]: cannot find type `Element` in this scope
[INFO] [stdout]  --> src/_docs/size_unit.rs:98:13
[INFO] [stdout]   |
[INFO] [stdout] 4 | fn app() -> Element {
[INFO] [stdout]   |             ^^^^^^^ not found in this scope
[INFO] [stdout]   |
[INFO] [stdout] help: consider importing one of these items
[INFO] [stdout]   |
[INFO] [stdout] 2 + use dioxus_core::Element;
[INFO] [stdout]   |
[INFO] [stdout] 2 + use dioxus_rsx::Element;
[INFO] [stdout]   |
[INFO] [stdout] 
[INFO] [stdout] error: aborting due to 3 previous errors
[INFO] [stdout] 
[INFO] [stdout] Some errors have detailed explanations: E0412, E0433.
[INFO] [stdout] For more information about an error, try `rustc --explain E0412`.
[INFO] [stdout] Couldn't compile the test.
[INFO] [stdout] ---- src/_docs/events/touchmove.md - definitions::events::ontouchmove (line 7) stdout ----
[INFO] [stdout] error[E0433]: failed to resolve: use of undeclared crate or module `freya`
[INFO] [stdout]  --> src/_docs/events/touchmove.md:8:5
[INFO] [stdout]   |
[INFO] [stdout] 3 | use freya::prelude::*;
[INFO] [stdout]   |     ^^^^^ use of undeclared crate or module `freya`
[INFO] [stdout] 
[INFO] [stdout] error: cannot find macro `rsx` in this scope
[INFO] [stdout]  --> src/_docs/events/touchmove.md:10:5
[INFO] [stdout]   |
[INFO] [stdout] 5 |     rsx!(
[INFO] [stdout]   |     ^^^
[INFO] [stdout] 
[INFO] [stdout] error[E0412]: cannot find type `Element` in this scope
[INFO] [stdout]  --> src/_docs/events/touchmove.md:9:13
[INFO] [stdout]   |
[INFO] [stdout] 4 | fn app() -> Element {
[INFO] [stdout]   |             ^^^^^^^ not found in this scope
[INFO] [stdout]   |
[INFO] [stdout] help: consider importing one of these items
[INFO] [stdout]   |
[INFO] [stdout] 2 + use dioxus_core::Element;
[INFO] [stdout]   |
[INFO] [stdout] 2 + use dioxus_rsx::Element;
[INFO] [stdout]   |
[INFO] [stdout] 
[INFO] [stdout] error: aborting due to 3 previous errors
[INFO] [stdout] 
[INFO] [stdout] Some errors have detailed explanations: E0412, E0433.
[INFO] [stdout] For more information about an error, try `rustc --explain E0412`.
[INFO] [stdout] Couldn't compile the test.
[INFO] [stdout] ---- src/_docs/size_unit.rs - _docs::size_unit (line 69) stdout ----
[INFO] [stdout] error[E0433]: failed to resolve: use of undeclared crate or module `freya`
[INFO] [stdout]  --> src/_docs/size_unit.rs:70:5
[INFO] [stdout]   |
[INFO] [stdout] 3 | use freya::prelude::*;
[INFO] [stdout]   |     ^^^^^ use of undeclared crate or module `freya`
[INFO] [stdout] 
[INFO] [stdout] error: cannot find macro `rsx` in this scope
[INFO] [stdout]  --> src/_docs/size_unit.rs:72:5
[INFO] [stdout]   |
[INFO] [stdout] 5 |     rsx!(
[INFO] [stdout]   |     ^^^
[INFO] [stdout] 
[INFO] [stdout] error[E0412]: cannot find type `Element` in this scope
[INFO] [stdout]  --> src/_docs/size_unit.rs:71:13
[INFO] [stdout]   |
[INFO] [stdout] 4 | fn app() -> Element {
[INFO] [stdout]   |             ^^^^^^^ not found in this scope
[INFO] [stdout]   |
[INFO] [stdout] help: consider importing one of these items
[INFO] [stdout]   |
[INFO] [stdout] 2 + use dioxus_core::Element;
[INFO] [stdout]   |
[INFO] [stdout] 2 + use dioxus_rsx::Element;
[INFO] [stdout]   |
[INFO] [stdout] 
[INFO] [stdout] error: aborting due to 3 previous errors
[INFO] [stdout] 
[INFO] [stdout] Some errors have detailed explanations: E0412, E0433.
[INFO] [stdout] For more information about an error, try `rustc --explain E0412`.
[INFO] [stdout] Couldn't compile the test.
[INFO] [stdout] ---- src/definitions.rs - definitions::label (line 249) stdout ----
[INFO] [stdout] error[E0433]: failed to resolve: use of undeclared crate or module `freya`
[INFO] [stdout]  --> src/definitions.rs:250:5
[INFO] [stdout]   |
[INFO] [stdout] 3 | use freya::prelude::*;
[INFO] [stdout]   |     ^^^^^ use of undeclared crate or module `freya`
[INFO] [stdout] 
[INFO] [stdout] error: cannot find macro `rsx` in this scope
[INFO] [stdout]  --> src/definitions.rs:252:5
[INFO] [stdout]   |
[INFO] [stdout] 5 |     rsx!(
[INFO] [stdout]   |     ^^^
[INFO] [stdout] 
[INFO] [stdout] error[E0412]: cannot find type `Element` in this scope
[INFO] [stdout]  --> src/definitions.rs:251:13
[INFO] [stdout]   |
[INFO] [stdout] 4 | fn app() -> Element {
[INFO] [stdout]   |             ^^^^^^^ not found in this scope
[INFO] [stdout]   |
[INFO] [stdout] help: consider importing one of these items
[INFO] [stdout]   |
[INFO] [stdout] 2 + use dioxus_core::Element;
[INFO] [stdout]   |
[INFO] [stdout] 2 + use dioxus_rsx::Element;
[INFO] [stdout]   |
[INFO] [stdout] 
[INFO] [stdout] error: aborting due to 3 previous errors
[INFO] [stdout] 
[INFO] [stdout] Some errors have detailed explanations: E0412, E0433.
[INFO] [stdout] For more information about an error, try `rustc --explain E0412`.
[INFO] [stdout] Couldn't compile the test.
[INFO] [stdout] ---- src/_docs/size_unit.rs - _docs::size_unit (line 23) stdout ----
[INFO] [stdout] error[E0433]: failed to resolve: use of undeclared crate or module `freya`
[INFO] [stdout]  --> src/_docs/size_unit.rs:24:5
[INFO] [stdout]   |
[INFO] [stdout] 3 | use freya::prelude::*;
[INFO] [stdout]   |     ^^^^^ use of undeclared crate or module `freya`
[INFO] [stdout] 
[INFO] [stdout] error: cannot find macro `rsx` in this scope
[INFO] [stdout]  --> src/_docs/size_unit.rs:26:5
[INFO] [stdout]   |
[INFO] [stdout] 5 |     rsx!(
[INFO] [stdout]   |     ^^^
[INFO] [stdout] 
[INFO] [stdout] error[E0412]: cannot find type `Element` in this scope
[INFO] [stdout]  --> src/_docs/size_unit.rs:25:13
[INFO] [stdout]   |
[INFO] [stdout] 4 | fn app() -> Element {
[INFO] [stdout]   |             ^^^^^^^ not found in this scope
[INFO] [stdout]   |
[INFO] [stdout] help: consider importing one of these items
[INFO] [stdout]   |
[INFO] [stdout] 2 + use dioxus_core::Element;
[INFO] [stdout]   |
[INFO] [stdout] 2 + use dioxus_rsx::Element;
[INFO] [stdout]   |
[INFO] [stdout] 
[INFO] [stdout] error: aborting due to 3 previous errors
[INFO] [stdout] 
[INFO] [stdout] Some errors have detailed explanations: E0412, E0433.
[INFO] [stdout] For more information about an error, try `rustc --explain E0412`.
[INFO] [stdout] Couldn't compile the test.
[INFO] [stdout] ---- src/_docs/size_unit.rs - _docs::size_unit (line 54) stdout ----
[INFO] [stdout] error[E0433]: failed to resolve: use of undeclared crate or module `freya`
[INFO] [stdout]  --> src/_docs/size_unit.rs:55:5
[INFO] [stdout]   |
[INFO] [stdout] 3 | use freya::prelude::*;
[INFO] [stdout]   |     ^^^^^ use of undeclared crate or module `freya`
[INFO] [stdout] 
[INFO] [stdout] error: cannot find macro `rsx` in this scope
[INFO] [stdout]  --> src/_docs/size_unit.rs:57:5
[INFO] [stdout]   |
[INFO] [stdout] 5 |     rsx!(
[INFO] [stdout]   |     ^^^
[INFO] [stdout] 
[INFO] [stdout] error[E0412]: cannot find type `Element` in this scope
[INFO] [stdout]  --> src/_docs/size_unit.rs:56:13
[INFO] [stdout]   |
[INFO] [stdout] 4 | fn app() -> Element {
[INFO] [stdout]   |             ^^^^^^^ not found in this scope
[INFO] [stdout]   |
[INFO] [stdout] help: consider importing one of these items
[INFO] [stdout]   |
[INFO] [stdout] 2 + use dioxus_core::Element;
[INFO] [stdout]   |
[INFO] [stdout] 2 + use dioxus_rsx::Element;
[INFO] [stdout]   |
[INFO] [stdout] 
[INFO] [stdout] error: aborting due to 3 previous errors
[INFO] [stdout] 
[INFO] [stdout] Some errors have detailed explanations: E0412, E0433.
[INFO] [stdout] For more information about an error, try `rustc --explain E0412`.
[INFO] [stdout] Couldn't compile the test.
[INFO] [stdout] ---- src/definitions.rs - definitions::paragraph (line 313) stdout ----
[INFO] [stdout] error[E0433]: failed to resolve: use of undeclared crate or module `freya`
[INFO] [stdout]  --> src/definitions.rs:314:5
[INFO] [stdout]   |
[INFO] [stdout] 3 | use freya::prelude::*;
[INFO] [stdout]   |     ^^^^^ use of undeclared crate or module `freya`
[INFO] [stdout] 
[INFO] [stdout] error: cannot find macro `rsx` in this scope
[INFO] [stdout]  --> src/definitions.rs:316:5
[INFO] [stdout]   |
[INFO] [stdout] 5 |     rsx!(
[INFO] [stdout]   |     ^^^
[INFO] [stdout] 
[INFO] [stdout] error[E0412]: cannot find type `Element` in this scope
[INFO] [stdout]  --> src/definitions.rs:315:13
[INFO] [stdout]   |
[INFO] [stdout] 4 | fn app() -> Element {
[INFO] [stdout]   |             ^^^^^^^ not found in this scope
[INFO] [stdout]   |
[INFO] [stdout] help: consider importing one of these items
[INFO] [stdout]   |
[INFO] [stdout] 2 + use dioxus_core::Element;
[INFO] [stdout]   |
[INFO] [stdout] 2 + use dioxus_rsx::Element;
[INFO] [stdout]   |
[INFO] [stdout] 
[INFO] [stdout] error: aborting due to 3 previous errors
[INFO] [stdout] 
[INFO] [stdout] Some errors have detailed explanations: E0412, E0433.
[INFO] [stdout] For more information about an error, try `rustc --explain E0412`.
[INFO] [stdout] Couldn't compile the test.
[INFO] [stdout] ---- src/definitions.rs - definitions::rect (line 163) stdout ----
[INFO] [stdout] error[E0433]: failed to resolve: use of undeclared crate or module `freya`
[INFO] [stdout]  --> src/definitions.rs:164:5
[INFO] [stdout]   |
[INFO] [stdout] 3 | use freya::prelude::*;
[INFO] [stdout]   |     ^^^^^ use of undeclared crate or module `freya`
[INFO] [stdout] 
[INFO] [stdout] error: cannot find macro `rsx` in this scope
[INFO] [stdout]  --> src/definitions.rs:166:5
[INFO] [stdout]   |
[INFO] [stdout] 5 |     rsx!(
[INFO] [stdout]   |     ^^^
[INFO] [stdout] 
[INFO] [stdout] error[E0412]: cannot find type `Element` in this scope
[INFO] [stdout]  --> src/definitions.rs:165:13
[INFO] [stdout]   |
[INFO] [stdout] 4 | fn app() -> Element {
[INFO] [stdout]   |             ^^^^^^^ not found in this scope
[INFO] [stdout]   |
[INFO] [stdout] help: consider importing one of these items
[INFO] [stdout]   |
[INFO] [stdout] 2 + use dioxus_core::Element;
[INFO] [stdout]   |
[INFO] [stdout] 2 + use dioxus_rsx::Element;
[INFO] [stdout]   |
[INFO] [stdout] 
[INFO] [stdout] error: aborting due to 3 previous errors
[INFO] [stdout] 
[INFO] [stdout] Some errors have detailed explanations: E0412, E0433.
[INFO] [stdout] For more information about an error, try `rustc --explain E0412`.
[INFO] [stdout] Couldn't compile the test.
[INFO] [stdout] 
[INFO] [stdout] failures:
[INFO] [stdout]     src/_docs/attributes/background.md - definitions::rect::background (line 7)
[INFO] [stdout]     src/_docs/attributes/border.md - definitions::rect::border (line 8)
[INFO] [stdout]     src/_docs/attributes/color.md - definitions::label::color (line 21)
[INFO] [stdout]     src/_docs/attributes/color.md - definitions::label::color (line 7)
[INFO] [stdout]     src/_docs/attributes/color.md - definitions::rect::color (line 21)
[INFO] [stdout]     src/_docs/attributes/color.md - definitions::rect::color (line 7)
[INFO] [stdout]     src/_docs/attributes/color.md - definitions::text::color (line 21)
[INFO] [stdout]     src/_docs/attributes/color.md - definitions::text::color (line 7)
[INFO] [stdout]     src/_docs/attributes/content.md - definitions::rect::content (line 12)
[INFO] [stdout]     src/_docs/attributes/corner.md - definitions::rect::corner_radius (line 7)
[INFO] [stdout]     src/_docs/attributes/decoration.md - definitions::label::decoration (line 11)
[INFO] [stdout]     src/_docs/attributes/decoration.md - definitions::paragraph::decoration (line 11)
[INFO] [stdout]     src/_docs/attributes/decoration.md - definitions::text::decoration (line 11)
[INFO] [stdout]     src/_docs/attributes/decoration_color.md - definitions::label::decoration_color (line 7)
[INFO] [stdout]     src/_docs/attributes/decoration_color.md - definitions::paragraph::text_overflow (line 7)
[INFO] [stdout]     src/_docs/attributes/decoration_color.md - definitions::text::decoration_color (line 7)
[INFO] [stdout]     src/_docs/attributes/decoration_style.md - definitions::label::decoration_style (line 13)
[INFO] [stdout]     src/_docs/attributes/decoration_style.md - definitions::paragraph::decoration_style (line 13)
[INFO] [stdout]     src/_docs/attributes/decoration_style.md - definitions::text::decoration_style (line 13)
[INFO] [stdout]     src/_docs/attributes/direction.md - definitions::rect::direction (line 10)
[INFO] [stdout]     src/_docs/attributes/font_family.md - definitions::label::font_family (line 10)
[INFO] [stdout]     src/_docs/attributes/font_family.md - definitions::paragraph::font_family (line 10)
[INFO] [stdout]     src/_docs/attributes/font_family.md - definitions::rect::font_family (line 10)
[INFO] [stdout]     src/_docs/attributes/font_family.md - definitions::text::font_family (line 10)
[INFO] [stdout]     src/_docs/attributes/font_size.md - definitions::label::font_size (line 5)
[INFO] [stdout]     src/_docs/attributes/font_size.md - definitions::paragraph::font_size (line 5)
[INFO] [stdout]     src/_docs/attributes/font_size.md - definitions::rect::font_size (line 5)
[INFO] [stdout]     src/_docs/attributes/font_size.md - definitions::text::font_size (line 5)
[INFO] [stdout]     src/_docs/attributes/font_size.md - definitions::text::text_shadow (line 5)
[INFO] [stdout]     src/_docs/attributes/font_style.md - definitions::label::font_style (line 11)
[INFO] [stdout]     src/_docs/attributes/font_style.md - definitions::label::font_style (line 27)
[INFO] [stdout]     src/_docs/attributes/font_style.md - definitions::paragraph::font_style (line 11)
[INFO] [stdout]     src/_docs/attributes/font_style.md - definitions::paragraph::font_style (line 27)
[INFO] [stdout]     src/_docs/attributes/font_style.md - definitions::rect::font_style (line 11)
[INFO] [stdout]     src/_docs/attributes/font_style.md - definitions::rect::font_style (line 27)
[INFO] [stdout]     src/_docs/attributes/font_style.md - definitions::text::font_style (line 11)
[INFO] [stdout]     src/_docs/attributes/font_style.md - definitions::text::font_style (line 27)
[INFO] [stdout]     src/_docs/attributes/font_weight.md - definitions::label::font_weight (line 30)
[INFO] [stdout]     src/_docs/attributes/font_weight.md - definitions::paragraph::font_weight (line 30)
[INFO] [stdout]     src/_docs/attributes/font_weight.md - definitions::rect::font_weight (line 30)
[INFO] [stdout]     src/_docs/attributes/font_weight.md - definitions::text::font_weight (line 30)
[INFO] [stdout]     src/_docs/attributes/font_width.md - definitions::label::font_width (line 18)
[INFO] [stdout]     src/_docs/attributes/font_width.md - definitions::paragraph::font_width (line 18)
[INFO] [stdout]     src/_docs/attributes/font_width.md - definitions::rect::font_width (line 18)
[INFO] [stdout]     src/_docs/attributes/font_width.md - definitions::text::font_width (line 18)
[INFO] [stdout]     src/_docs/attributes/letter_spacing.md - definitions::label::letter_spacing (line 5)
[INFO] [stdout]     src/_docs/attributes/letter_spacing.md - definitions::paragraph::letter_spacing (line 5)
[INFO] [stdout]     src/_docs/attributes/letter_spacing.md - definitions::text::letter_spacing (line 5)
[INFO] [stdout]     src/_docs/attributes/line_height.md - definitions::label::line_height (line 7)
[INFO] [stdout]     src/_docs/attributes/line_height.md - definitions::paragraph::line_height (line 7)
[INFO] [stdout]     src/_docs/attributes/line_height.md - definitions::text::line_height (line 7)
[INFO] [stdout]     src/_docs/attributes/main_align_cross_align.md - definitions::rect::main_align (line 16)
[INFO] [stdout]     src/_docs/attributes/margin.md - definitions::label::margin (line 6)
[INFO] [stdout]     src/_docs/attributes/margin.md - definitions::paragraph::margin (line 6)
[INFO] [stdout]     src/_docs/attributes/margin.md - definitions::rect::margin (line 6)
[INFO] [stdout]     src/_docs/attributes/margin.md - definitions::svg::margin (line 6)
[INFO] [stdout]     src/_docs/attributes/max_lines.md - definitions::label::max_lines (line 5)
[INFO] [stdout]     src/_docs/attributes/max_width_max_height.md - definitions::paragraph::max_height (line 9)
[INFO] [stdout]     src/_docs/attributes/max_width_max_height.md - definitions::rect::max_height (line 9)
[INFO] [stdout]     src/_docs/attributes/min_width_min_height.md - definitions::paragraph::min_height (line 9)
[INFO] [stdout]     src/_docs/attributes/min_width_min_height.md - definitions::rect::min_height (line 9)
[INFO] [stdout]     src/_docs/attributes/opacity.md - definitions::image::opacity (line 5)
[INFO] [stdout]     src/_docs/attributes/opacity.md - definitions::label::opacity (line 5)
[INFO] [stdout]     src/_docs/attributes/opacity.md - definitions::paragraph::opacity (line 5)
[INFO] [stdout]     src/_docs/attributes/opacity.md - definitions::rect::opacity (line 5)
[INFO] [stdout]     src/_docs/attributes/opacity.md - definitions::svg::opacity (line 5)
[INFO] [stdout]     src/_docs/attributes/overflow.md - definitions::paragraph::overflow (line 10)
[INFO] [stdout]     src/_docs/attributes/overflow.md - definitions::rect::overflow (line 10)
[INFO] [stdout]     src/_docs/attributes/padding.md - definitions::rect::padding (line 5)
[INFO] [stdout]     src/_docs/attributes/position.md - definitions::rect::position (line 19)
[INFO] [stdout]     src/_docs/attributes/rotate.md - definitions::image::rotate (line 7)
[INFO] [stdout]     src/_docs/attributes/rotate.md - definitions::label::rotate (line 7)
[INFO] [stdout]     src/_docs/attributes/rotate.md - definitions::paragraph::rotate (line 7)
[INFO] [stdout]     src/_docs/attributes/rotate.md - definitions::rect::rotate (line 7)
[INFO] [stdout]     src/_docs/attributes/rotate.md - definitions::svg::rotate (line 7)
[INFO] [stdout]     src/_docs/attributes/shadow.md - definitions::rect::shadow (line 7)
[INFO] [stdout]     src/_docs/attributes/text_align.md - definitions::label::text_align (line 14)
[INFO] [stdout]     src/_docs/attributes/text_align.md - definitions::paragraph::text_align (line 14)
[INFO] [stdout]     src/_docs/attributes/text_align.md - definitions::rect::text_align (line 14)
[INFO] [stdout]     src/_docs/attributes/text_overflow.md - definitions::label::text_overflow (line 10)
[INFO] [stdout]     src/_docs/attributes/text_shadow.md - definitions::label::text_shadow (line 7)
[INFO] [stdout]     src/_docs/attributes/width_height.md - definitions::image::height (line 7)
[INFO] [stdout]     src/_docs/attributes/width_height.md - definitions::label::height (line 7)
[INFO] [stdout]     src/_docs/attributes/width_height.md - definitions::paragraph::height (line 7)
[INFO] [stdout]     src/_docs/attributes/width_height.md - definitions::rect::height (line 7)
[INFO] [stdout]     src/_docs/attributes/width_height.md - definitions::svg::height (line 7)
[INFO] [stdout]     src/_docs/attributes/width_height.md - definitions::text::height (line 7)
[INFO] [stdout]     src/_docs/attributes/word_spacing.md - definitions::label::word_spacing (line 5)
[INFO] [stdout]     src/_docs/attributes/word_spacing.md - definitions::paragraph::word_spacing (line 5)
[INFO] [stdout]     src/_docs/attributes/word_spacing.md - definitions::text::word_spacing (line 5)
[INFO] [stdout]     src/_docs/events/click.md - definitions::events::onclick (line 7)
[INFO] [stdout]     src/_docs/events/globalclick.md - definitions::events::onglobalclick (line 9)
[INFO] [stdout]     src/_docs/events/globalmousedown.md - definitions::events::onglobalmousedown (line 9)
[INFO] [stdout]     src/_docs/events/globalmouseover.md - definitions::events::onglobalmouseover (line 7)
[INFO] [stdout]     src/_docs/events/keydown.md - definitions::events::onkeydown (line 7)
[INFO] [stdout]     src/_docs/events/keyup.md - definitions::events::onkeyup (line 7)
[INFO] [stdout]     src/_docs/events/mousedown.md - definitions::events::onmousedown (line 9)
[INFO] [stdout]     src/_docs/events/mouseenter.md - definitions::events::onmouseenter (line 7)
[INFO] [stdout]     src/_docs/events/mouseleave.md - definitions::events::onmouseleave (line 7)
[INFO] [stdout]     src/_docs/events/mouseover.md - definitions::events::onmouseover (line 9)
[INFO] [stdout]     src/_docs/events/onfiledrop.md - definitions::events::onfiledrop (line 7)
[INFO] [stdout]     src/_docs/events/onglobalfilehover.md - definitions::events::onglobalfilehover (line 7)
[INFO] [stdout]     src/_docs/events/onglobalfilehovercancelled.md - definitions::events::onglobalfilehovercancelled (line 7)
[INFO] [stdout]     src/_docs/events/onglobalpointerup.md - definitions::events::onglobalpointerup (line 7)
[INFO] [stdout]     src/_docs/events/onmiddleclick.md - definitions::events::onmiddleclick (line 7)
[INFO] [stdout]     src/_docs/events/onrightclick.md - definitions::events::onrightclick (line 7)
[INFO] [stdout]     src/_docs/events/pointerdown.md - definitions::events::onpointerdown (line 7)
[INFO] [stdout]     src/_docs/events/pointerenter.md - definitions::events::onpointerenter (line 7)
[INFO] [stdout]     src/_docs/events/pointerleave.md - definitions::events::onpointerleave (line 7)
[INFO] [stdout]     src/_docs/events/pointerover.md - definitions::events::onpointerover (line 9)
[INFO] [stdout]     src/_docs/events/pointerup.md - definitions::events::onpointerup (line 7)
[INFO] [stdout]     src/_docs/events/touchcancel.md - definitions::events::ontouchcancel (line 8)
[INFO] [stdout]     src/_docs/events/touchend.md - definitions::events::ontouchend (line 7)
[INFO] [stdout]     src/_docs/events/touchmove.md - definitions::events::ontouchmove (line 7)
[INFO] [stdout]     src/_docs/events/touchstart.md - definitions::events::ontouchstart (line 7)
[INFO] [stdout]     src/_docs/events/wheel.md - definitions::events::onwheel (line 7)
[INFO] [stdout]     src/_docs/size_unit.rs - _docs::size_unit (line 23)
[INFO] [stdout]     src/_docs/size_unit.rs - _docs::size_unit (line 38)
[INFO] [stdout]     src/_docs/size_unit.rs - _docs::size_unit (line 54)
[INFO] [stdout]     src/_docs/size_unit.rs - _docs::size_unit (line 6)
[INFO] [stdout]     src/_docs/size_unit.rs - _docs::size_unit (line 69)
[INFO] [stdout]     src/_docs/size_unit.rs - _docs::size_unit (line 96)
[INFO] [stdout]     src/definitions.rs - definitions::label (line 249)
[INFO] [stdout]     src/definitions.rs - definitions::paragraph (line 313)
[INFO] [stdout]     src/definitions.rs - definitions::rect (line 163)
[INFO] [stdout] 
[INFO] [stdout] test result: FAILED. 0 passed; 125 failed; 2 ignored; 0 measured; 0 filtered out; finished in 4.78s
[INFO] [stdout] 
[INFO] running `Command { std: "docker" "inspect" "7473a93cdb6fd0e8810b87d68165dd919e3e27a30d77b1c5a7957c0ed55a8a0d", kill_on_drop: false }`
[INFO] running `Command { std: "docker" "rm" "-f" "7473a93cdb6fd0e8810b87d68165dd919e3e27a30d77b1c5a7957c0ed55a8a0d", kill_on_drop: false }`
[INFO] [stdout] 7473a93cdb6fd0e8810b87d68165dd919e3e27a30d77b1c5a7957c0ed55a8a0d
