[INFO] fetching crate freertos-rust 0.1.2...
[INFO] testing freertos-rust-0.1.2 against nightly-2024-10-28+rustflags=-Zrandomize-layout for randomize-layout
[INFO] extracting crate freertos-rust 0.1.2 into /workspace/builds/worker-2-tc2/source
[INFO] validating manifest of crates.io crate freertos-rust 0.1.2 on toolchain nightly-2024-10-28
[INFO] running `Command { std: CARGO_HOME="/workspace/cargo-home" RUSTUP_HOME="/workspace/rustup-home" "/workspace/cargo-home/bin/cargo" "+nightly-2024-10-28" "metadata" "--manifest-path" "Cargo.toml" "--no-deps", kill_on_drop: false }`
[INFO] started tweaking crates.io crate freertos-rust 0.1.2
[INFO] finished tweaking crates.io crate freertos-rust 0.1.2
[INFO] tweaked toml for crates.io crate freertos-rust 0.1.2 written to /workspace/builds/worker-2-tc2/source/Cargo.toml
[INFO] running `Command { std: CARGO_HOME="/workspace/cargo-home" RUSTUP_HOME="/workspace/rustup-home" "/workspace/cargo-home/bin/cargo" "+nightly-2024-10-28" "generate-lockfile" "--manifest-path" "Cargo.toml", kill_on_drop: false }`
[INFO] running `Command { std: CARGO_HOME="/workspace/cargo-home" RUSTUP_HOME="/workspace/rustup-home" "/workspace/cargo-home/bin/cargo" "+nightly-2024-10-28" "fetch" "--manifest-path" "Cargo.toml", kill_on_drop: false }`
[INFO] running `Command { std: "docker" "create" "-v" "/var/lib/crater-agent-workspace/builds/worker-2-tc2/target:/opt/rustwide/target:rw,Z" "-v" "/var/lib/crater-agent-workspace/builds/worker-2-tc2/source:/opt/rustwide/workdir:ro,Z" "-v" "/var/lib/crater-agent-workspace/cargo-home:/opt/rustwide/cargo-home:ro,Z" "-v" "/var/lib/crater-agent-workspace/rustup-home:/opt/rustwide/rustup-home:ro,Z" "-e" "SOURCE_DIR=/opt/rustwide/workdir" "-e" "CARGO_TARGET_DIR=/opt/rustwide/target" "-e" "CARGO_HOME=/opt/rustwide/cargo-home" "-e" "RUSTUP_HOME=/opt/rustwide/rustup-home" "-w" "/opt/rustwide/workdir" "-m" "1610612736" "--user" "0:0" "--network" "none" "ghcr.io/rust-lang/crates-build-env/linux@sha256:4a844ea9eb2546a2d2c7022eacef16ef2e8229c7fbb2c7d4d55a9ceca922f72d" "/opt/rustwide/cargo-home/bin/cargo" "+nightly-2024-10-28" "metadata" "--no-deps" "--format-version=1", kill_on_drop: false }`
[INFO] [stdout] 277c52fb37a46e1eec48ce3c720f1a59968df2f5af2e4dcb4379f77667aa1c0b
[INFO] running `Command { std: "docker" "start" "-a" "277c52fb37a46e1eec48ce3c720f1a59968df2f5af2e4dcb4379f77667aa1c0b", kill_on_drop: false }`
[INFO] running `Command { std: "docker" "inspect" "277c52fb37a46e1eec48ce3c720f1a59968df2f5af2e4dcb4379f77667aa1c0b", kill_on_drop: false }`
[INFO] running `Command { std: "docker" "rm" "-f" "277c52fb37a46e1eec48ce3c720f1a59968df2f5af2e4dcb4379f77667aa1c0b", kill_on_drop: false }`
[INFO] [stdout] 277c52fb37a46e1eec48ce3c720f1a59968df2f5af2e4dcb4379f77667aa1c0b
[INFO] running `Command { std: "docker" "create" "-v" "/var/lib/crater-agent-workspace/builds/worker-2-tc2/target:/opt/rustwide/target:rw,Z" "-v" "/var/lib/crater-agent-workspace/builds/worker-2-tc2/source:/opt/rustwide/workdir:ro,Z" "-v" "/var/lib/crater-agent-workspace/cargo-home:/opt/rustwide/cargo-home:ro,Z" "-v" "/var/lib/crater-agent-workspace/rustup-home:/opt/rustwide/rustup-home:ro,Z" "-e" "SOURCE_DIR=/opt/rustwide/workdir" "-e" "CARGO_TARGET_DIR=/opt/rustwide/target" "-e" "CARGO_INCREMENTAL=0" "-e" "RUST_BACKTRACE=full" "-e" "RUSTFLAGS=--cap-lints=forbid -Zrandomize-layout" "-e" "RUSTDOCFLAGS=--cap-lints=forbid" "-e" "CARGO_HOME=/opt/rustwide/cargo-home" "-e" "RUSTUP_HOME=/opt/rustwide/rustup-home" "-w" "/opt/rustwide/workdir" "-m" "1610612736" "--user" "0:0" "--network" "none" "ghcr.io/rust-lang/crates-build-env/linux@sha256:4a844ea9eb2546a2d2c7022eacef16ef2e8229c7fbb2c7d4d55a9ceca922f72d" "/opt/rustwide/cargo-home/bin/cargo" "+nightly-2024-10-28" "build" "--frozen" "--message-format=json", kill_on_drop: false }`
[INFO] [stdout] ac4af6b0f79c7a9f173cea71fd2afc299c3b82d13d184a53a7191da199e834ea
[INFO] running `Command { std: "docker" "start" "-a" "ac4af6b0f79c7a9f173cea71fd2afc299c3b82d13d184a53a7191da199e834ea", kill_on_drop: false }`
[INFO] [stderr]    Compiling freertos-rust v0.1.2 (/opt/rustwide/workdir)
[INFO] [stdout] warning: function `print_env` is never used
[INFO] [stdout]  --> build.rs:5:4
[INFO] [stdout]   |
[INFO] [stdout] 5 | fn print_env() {
[INFO] [stdout]   |    ^^^^^^^^^
[INFO] [stdout]   |
[INFO] [stdout]   = note: `#[warn(dead_code)]` on by default
[INFO] [stdout] 
[INFO] [stdout] 
[INFO] [stdout] warning: unused import: `core::prelude::*`
[INFO] [stdout]  --> src/prelude/no_std.rs:1:9
[INFO] [stdout]   |
[INFO] [stdout] 1 | pub use core::prelude::*;
[INFO] [stdout]   |         ^^^^^^^^^^^^^^^^
[INFO] [stdout]   |
[INFO] [stdout]   = note: `#[warn(unused_imports)]` on by default
[INFO] [stdout] 
[INFO] [stdout] 
[INFO] [stdout] warning: unused import: `core::cell::RefCell`
[INFO] [stdout]  --> src/prelude/no_std.rs:4:9
[INFO] [stdout]   |
[INFO] [stdout] 4 | pub use core::cell::RefCell;
[INFO] [stdout]   |         ^^^^^^^^^^^^^^^^^^^
[INFO] [stdout] 
[INFO] [stdout] 
[INFO] [stdout] warning: unused import: `core::ops::Range`
[INFO] [stdout]  --> src/prelude/no_std.rs:6:9
[INFO] [stdout]   |
[INFO] [stdout] 6 | pub use core::ops::Range;
[INFO] [stdout]   |         ^^^^^^^^^^^^^^^^
[INFO] [stdout] 
[INFO] [stdout] 
[INFO] [stdout] warning: unused import: `core::num::Wrapping`
[INFO] [stdout]  --> src/prelude/no_std.rs:7:9
[INFO] [stdout]   |
[INFO] [stdout] 7 | pub use core::num::Wrapping;
[INFO] [stdout]   |         ^^^^^^^^^^^^^^^^^^^
[INFO] [stdout] 
[INFO] [stdout] 
[INFO] [stdout] warning: unused import: `core::intrinsics::write_bytes`
[INFO] [stdout]   --> src/prelude/no_std.rs:10:9
[INFO] [stdout]    |
[INFO] [stdout] 10 | pub use core::intrinsics::write_bytes;
[INFO] [stdout]    |         ^^^^^^^^^^^^^^^^^^^^^^^^^^^^^
[INFO] [stdout] 
[INFO] [stdout] 
[INFO] [stdout] warning: unused import: `alloc::rc::Rc`
[INFO] [stdout]   --> src/prelude/no_std.rs:15:9
[INFO] [stdout]    |
[INFO] [stdout] 15 | pub use alloc::rc::Rc;
[INFO] [stdout]    |         ^^^^^^^^^^^^^
[INFO] [stdout] 
[INFO] [stdout] 
[INFO] [stdout] warning: fields `id`, `c_size`, and `rust_size` are never read
[INFO] [stdout]  --> src/utils.rs:7:5
[INFO] [stdout]   |
[INFO] [stdout] 6 | pub struct TypeSizeError {
[INFO] [stdout]   |            ------------- fields in this struct
[INFO] [stdout] 7 |     id: usize,
[INFO] [stdout]   |     ^^
[INFO] [stdout] 8 |     c_size: usize,
[INFO] [stdout]   |     ^^^^^^
[INFO] [stdout] 9 |     rust_size: usize
[INFO] [stdout]   |     ^^^^^^^^^
[INFO] [stdout]   |
[INFO] [stdout]   = note: `TypeSizeError` has derived impls for the traits `Clone` and `Debug`, but these are intentionally ignored during dead code analysis
[INFO] [stdout]   = note: `#[warn(dead_code)]` on by default
[INFO] [stdout] 
[INFO] [stdout] 
[INFO] [stdout] warning: creating a shared reference to mutable static is discouraged
[INFO] [stdout]   --> src/hooks.rs:34:14
[INFO] [stdout]    |
[INFO] [stdout] 34 |     unsafe { FREERTOS_HOOKS.do_on_assert(); }
[INFO] [stdout]    |              ^^^^^^^^^^^^^^^^^^^^^^^^^^^^^ shared reference to mutable static
[INFO] [stdout]    |
[INFO] [stdout]    = note: for more information, see <https://doc.rust-lang.org/nightly/edition-guide/rust-2024/static-mut-references.html>
[INFO] [stdout]    = note: shared references to mutable statics are dangerous; it's undefined behavior if the static is mutated or if a mutable reference is created for it while the shared reference lives
[INFO] [stdout]    = note: `#[warn(static_mut_refs)]` on by default
[INFO] [stdout] 
[INFO] [stdout] 
[INFO] [stdout] warning: unused return value of `alloc::boxed::Box::<T, A>::into_raw` that must be used
[INFO] [stdout]    --> src/timers.rs:107:25
[INFO] [stdout]     |
[INFO] [stdout] 107 |                         Box::into_raw(b);
[INFO] [stdout]     |                         ^^^^^^^^^^^^^^^^
[INFO] [stdout]     |
[INFO] [stdout]     = note: losing the pointer will leak memory
[INFO] [stdout]     = note: `#[warn(unused_must_use)]` on by default
[INFO] [stdout] help: use `let _ = ...` to ignore the resulting value
[INFO] [stdout]     |
[INFO] [stdout] 107 |                         let _ = Box::into_raw(b);
[INFO] [stdout]     |                         +++++++
[INFO] [stdout] 
[INFO] [stdout] 
[INFO] [stdout] warning: bounds on `Self: Drop` are most likely incorrect, consider instead using `core::mem::needs_drop` to detect whether a type can be trivially dropped
[INFO] [stdout]    --> src/mutex.rs:102:46
[INFO] [stdout]     |
[INFO] [stdout] 102 | pub trait MutexInnerImpl where Self: Sized + Drop {
[INFO] [stdout]     |                                              ^^^^
[INFO] [stdout]     |
[INFO] [stdout]     = note: `#[warn(drop_bounds)]` on by default
[INFO] [stdout] 
[INFO] [stdout] 
[INFO] [stderr]     Finished `dev` profile [unoptimized + debuginfo] target(s) in 0.49s
[INFO] running `Command { std: "docker" "inspect" "ac4af6b0f79c7a9f173cea71fd2afc299c3b82d13d184a53a7191da199e834ea", kill_on_drop: false }`
[INFO] running `Command { std: "docker" "rm" "-f" "ac4af6b0f79c7a9f173cea71fd2afc299c3b82d13d184a53a7191da199e834ea", kill_on_drop: false }`
[INFO] [stdout] ac4af6b0f79c7a9f173cea71fd2afc299c3b82d13d184a53a7191da199e834ea
[INFO] running `Command { std: "docker" "create" "-v" "/var/lib/crater-agent-workspace/builds/worker-2-tc2/target:/opt/rustwide/target:rw,Z" "-v" "/var/lib/crater-agent-workspace/builds/worker-2-tc2/source:/opt/rustwide/workdir:ro,Z" "-v" "/var/lib/crater-agent-workspace/cargo-home:/opt/rustwide/cargo-home:ro,Z" "-v" "/var/lib/crater-agent-workspace/rustup-home:/opt/rustwide/rustup-home:ro,Z" "-e" "SOURCE_DIR=/opt/rustwide/workdir" "-e" "CARGO_TARGET_DIR=/opt/rustwide/target" "-e" "CARGO_INCREMENTAL=0" "-e" "RUST_BACKTRACE=full" "-e" "RUSTFLAGS=--cap-lints=forbid -Zrandomize-layout" "-e" "RUSTDOCFLAGS=--cap-lints=forbid" "-e" "CARGO_HOME=/opt/rustwide/cargo-home" "-e" "RUSTUP_HOME=/opt/rustwide/rustup-home" "-w" "/opt/rustwide/workdir" "-m" "1610612736" "--user" "0:0" "--network" "none" "ghcr.io/rust-lang/crates-build-env/linux@sha256:4a844ea9eb2546a2d2c7022eacef16ef2e8229c7fbb2c7d4d55a9ceca922f72d" "/opt/rustwide/cargo-home/bin/cargo" "+nightly-2024-10-28" "test" "--frozen" "--no-run" "--message-format=json", kill_on_drop: false }`
[INFO] [stdout] 38cebad98bc22fb8e84b15f97a3038869a654254ba0b9dcfe74faaa98c5a9855
[INFO] running `Command { std: "docker" "start" "-a" "38cebad98bc22fb8e84b15f97a3038869a654254ba0b9dcfe74faaa98c5a9855", kill_on_drop: false }`
[INFO] [stdout] warning: function `print_env` is never used
[INFO] [stdout]  --> build.rs:5:4
[INFO] [stdout]   |
[INFO] [stdout] 5 | fn print_env() {
[INFO] [stdout]   |    ^^^^^^^^^
[INFO] [stdout]   |
[INFO] [stdout]   = note: `#[warn(dead_code)]` on by default
[INFO] [stdout] 
[INFO] [stdout] 
[INFO] [stdout] warning: unused import: `core::prelude::*`
[INFO] [stdout]  --> src/prelude/no_std.rs:1:9
[INFO] [stdout]   |
[INFO] [stdout] 1 | pub use core::prelude::*;
[INFO] [stdout]   |         ^^^^^^^^^^^^^^^^
[INFO] [stdout]   |
[INFO] [stdout]   = note: `#[warn(unused_imports)]` on by default
[INFO] [stdout] 
[INFO] [stdout] 
[INFO] [stdout] warning: unused import: `core::cell::RefCell`
[INFO] [stdout]  --> src/prelude/no_std.rs:4:9
[INFO] [stdout]   |
[INFO] [stdout] 4 | pub use core::cell::RefCell;
[INFO] [stdout]   |         ^^^^^^^^^^^^^^^^^^^
[INFO] [stdout] 
[INFO] [stdout] 
[INFO] [stdout] warning: unused import: `core::ops::Range`
[INFO] [stdout]  --> src/prelude/no_std.rs:6:9
[INFO] [stdout]   |
[INFO] [stdout] 6 | pub use core::ops::Range;
[INFO] [stdout]   |         ^^^^^^^^^^^^^^^^
[INFO] [stdout] 
[INFO] [stdout] 
[INFO] [stdout] warning: unused import: `core::num::Wrapping`
[INFO] [stdout]  --> src/prelude/no_std.rs:7:9
[INFO] [stdout]   |
[INFO] [stdout] 7 | pub use core::num::Wrapping;
[INFO] [stdout]   |         ^^^^^^^^^^^^^^^^^^^
[INFO] [stdout] 
[INFO] [stdout] 
[INFO] [stdout] warning: unused import: `core::intrinsics::write_bytes`
[INFO] [stdout]   --> src/prelude/no_std.rs:10:9
[INFO] [stdout]    |
[INFO] [stdout] 10 | pub use core::intrinsics::write_bytes;
[INFO] [stdout]    |         ^^^^^^^^^^^^^^^^^^^^^^^^^^^^^
[INFO] [stdout] 
[INFO] [stdout] 
[INFO] [stdout] warning: unused import: `alloc::rc::Rc`
[INFO] [stdout]   --> src/prelude/no_std.rs:15:9
[INFO] [stdout]    |
[INFO] [stdout] 15 | pub use alloc::rc::Rc;
[INFO] [stdout]    |         ^^^^^^^^^^^^^
[INFO] [stdout] 
[INFO] [stdout] 
[INFO] [stdout] warning: fields `id`, `c_size`, and `rust_size` are never read
[INFO] [stdout]  --> src/utils.rs:7:5
[INFO] [stdout]   |
[INFO] [stdout] 6 | pub struct TypeSizeError {
[INFO] [stdout]   |            ------------- fields in this struct
[INFO] [stdout] 7 |     id: usize,
[INFO] [stdout]   |     ^^
[INFO] [stdout] 8 |     c_size: usize,
[INFO] [stdout]   |     ^^^^^^
[INFO] [stdout] 9 |     rust_size: usize
[INFO] [stdout]   |     ^^^^^^^^^
[INFO] [stdout]   |
[INFO] [stdout]   = note: `TypeSizeError` has derived impls for the traits `Clone` and `Debug`, but these are intentionally ignored during dead code analysis
[INFO] [stdout]   = note: `#[warn(dead_code)]` on by default
[INFO] [stdout] 
[INFO] [stdout] 
[INFO] [stdout] warning: creating a shared reference to mutable static is discouraged
[INFO] [stdout]   --> src/hooks.rs:34:14
[INFO] [stdout]    |
[INFO] [stdout] 34 |     unsafe { FREERTOS_HOOKS.do_on_assert(); }
[INFO] [stdout]    |              ^^^^^^^^^^^^^^^^^^^^^^^^^^^^^ shared reference to mutable static
[INFO] [stdout]    |
[INFO] [stdout]    = note: for more information, see <https://doc.rust-lang.org/nightly/edition-guide/rust-2024/static-mut-references.html>
[INFO] [stdout]    = note: shared references to mutable statics are dangerous; it's undefined behavior if the static is mutated or if a mutable reference is created for it while the shared reference lives
[INFO] [stdout]    = note: `#[warn(static_mut_refs)]` on by default
[INFO] [stdout] 
[INFO] [stdout] 
[INFO] [stdout] warning: unused return value of `alloc::boxed::Box::<T, A>::into_raw` that must be used
[INFO] [stdout]    --> src/timers.rs:107:25
[INFO] [stdout]     |
[INFO] [stdout] 107 |                         Box::into_raw(b);
[INFO] [stdout]     |                         ^^^^^^^^^^^^^^^^
[INFO] [stdout]     |
[INFO] [stdout]     = note: losing the pointer will leak memory
[INFO] [stdout]     = note: `#[warn(unused_must_use)]` on by default
[INFO] [stdout] help: use `let _ = ...` to ignore the resulting value
[INFO] [stdout]     |
[INFO] [stdout] 107 |                         let _ = Box::into_raw(b);
[INFO] [stdout]     |                         +++++++
[INFO] [stdout] 
[INFO] [stdout] 
[INFO] [stdout] warning: bounds on `Self: Drop` are most likely incorrect, consider instead using `core::mem::needs_drop` to detect whether a type can be trivially dropped
[INFO] [stdout]    --> src/mutex.rs:102:46
[INFO] [stdout]     |
[INFO] [stdout] 102 | pub trait MutexInnerImpl where Self: Sized + Drop {
[INFO] [stdout]     |                                              ^^^^
[INFO] [stdout]     |
[INFO] [stdout]     = note: `#[warn(drop_bounds)]` on by default
[INFO] [stdout] 
[INFO] [stdout] 
[INFO] [stderr]    Compiling freertos-rust v0.1.2 (/opt/rustwide/workdir)
[INFO] [stdout] warning: unused import: `core::prelude::*`
[INFO] [stdout]  --> src/prelude/no_std.rs:1:9
[INFO] [stdout]   |
[INFO] [stdout] 1 | pub use core::prelude::*;
[INFO] [stdout]   |         ^^^^^^^^^^^^^^^^
[INFO] [stdout]   |
[INFO] [stdout]   = note: `#[warn(unused_imports)]` on by default
[INFO] [stdout] 
[INFO] [stdout] 
[INFO] [stdout] warning: unused import: `core::cell::RefCell`
[INFO] [stdout]  --> src/prelude/no_std.rs:4:9
[INFO] [stdout]   |
[INFO] [stdout] 4 | pub use core::cell::RefCell;
[INFO] [stdout]   |         ^^^^^^^^^^^^^^^^^^^
[INFO] [stdout] 
[INFO] [stdout] 
[INFO] [stdout] warning: unused import: `core::ops::Range`
[INFO] [stdout]  --> src/prelude/no_std.rs:6:9
[INFO] [stdout]   |
[INFO] [stdout] 6 | pub use core::ops::Range;
[INFO] [stdout]   |         ^^^^^^^^^^^^^^^^
[INFO] [stdout] 
[INFO] [stdout] 
[INFO] [stdout] warning: unused import: `core::num::Wrapping`
[INFO] [stdout]  --> src/prelude/no_std.rs:7:9
[INFO] [stdout]   |
[INFO] [stdout] 7 | pub use core::num::Wrapping;
[INFO] [stdout]   |         ^^^^^^^^^^^^^^^^^^^
[INFO] [stdout] 
[INFO] [stdout] 
[INFO] [stdout] warning: unused import: `core::intrinsics::write_bytes`
[INFO] [stdout]   --> src/prelude/no_std.rs:10:9
[INFO] [stdout]    |
[INFO] [stdout] 10 | pub use core::intrinsics::write_bytes;
[INFO] [stdout]    |         ^^^^^^^^^^^^^^^^^^^^^^^^^^^^^
[INFO] [stdout] 
[INFO] [stdout] 
[INFO] [stdout] warning: unused import: `alloc::rc::Rc`
[INFO] [stdout]   --> src/prelude/no_std.rs:15:9
[INFO] [stdout]    |
[INFO] [stdout] 15 | pub use alloc::rc::Rc;
[INFO] [stdout]    |         ^^^^^^^^^^^^^
[INFO] [stdout] 
[INFO] [stdout] 
[INFO] [stdout] warning: fields `id`, `c_size`, and `rust_size` are never read
[INFO] [stdout]  --> src/utils.rs:7:5
[INFO] [stdout]   |
[INFO] [stdout] 6 | pub struct TypeSizeError {
[INFO] [stdout]   |            ------------- fields in this struct
[INFO] [stdout] 7 |     id: usize,
[INFO] [stdout]   |     ^^
[INFO] [stdout] 8 |     c_size: usize,
[INFO] [stdout]   |     ^^^^^^
[INFO] [stdout] 9 |     rust_size: usize
[INFO] [stdout]   |     ^^^^^^^^^
[INFO] [stdout]   |
[INFO] [stdout]   = note: `TypeSizeError` has derived impls for the traits `Clone` and `Debug`, but these are intentionally ignored during dead code analysis
[INFO] [stdout]   = note: `#[warn(dead_code)]` on by default
[INFO] [stdout] 
[INFO] [stdout] 
[INFO] [stdout] warning: creating a shared reference to mutable static is discouraged
[INFO] [stdout]   --> src/hooks.rs:34:14
[INFO] [stdout]    |
[INFO] [stdout] 34 |     unsafe { FREERTOS_HOOKS.do_on_assert(); }
[INFO] [stdout]    |              ^^^^^^^^^^^^^^^^^^^^^^^^^^^^^ shared reference to mutable static
[INFO] [stdout]    |
[INFO] [stdout]    = note: for more information, see <https://doc.rust-lang.org/nightly/edition-guide/rust-2024/static-mut-references.html>
[INFO] [stdout]    = note: shared references to mutable statics are dangerous; it's undefined behavior if the static is mutated or if a mutable reference is created for it while the shared reference lives
[INFO] [stdout]    = note: `#[warn(static_mut_refs)]` on by default
[INFO] [stdout] 
[INFO] [stdout] 
[INFO] [stdout] warning: unused return value of `alloc::boxed::Box::<T, A>::into_raw` that must be used
[INFO] [stdout]    --> src/timers.rs:107:25
[INFO] [stdout]     |
[INFO] [stdout] 107 |                         Box::into_raw(b);
[INFO] [stdout]     |                         ^^^^^^^^^^^^^^^^
[INFO] [stdout]     |
[INFO] [stdout]     = note: losing the pointer will leak memory
[INFO] [stdout]     = note: `#[warn(unused_must_use)]` on by default
[INFO] [stdout] help: use `let _ = ...` to ignore the resulting value
[INFO] [stdout]     |
[INFO] [stdout] 107 |                         let _ = Box::into_raw(b);
[INFO] [stdout]     |                         +++++++
[INFO] [stdout] 
[INFO] [stdout] 
[INFO] [stdout] warning: bounds on `Self: Drop` are most likely incorrect, consider instead using `core::mem::needs_drop` to detect whether a type can be trivially dropped
[INFO] [stdout]    --> src/mutex.rs:102:46
[INFO] [stdout]     |
[INFO] [stdout] 102 | pub trait MutexInnerImpl where Self: Sized + Drop {
[INFO] [stdout]     |                                              ^^^^
[INFO] [stdout]     |
[INFO] [stdout]     = note: `#[warn(drop_bounds)]` on by default
[INFO] [stdout] 
[INFO] [stdout] 
[INFO] [stderr]     Finished `test` profile [unoptimized + debuginfo] target(s) in 0.24s
[INFO] running `Command { std: "docker" "inspect" "38cebad98bc22fb8e84b15f97a3038869a654254ba0b9dcfe74faaa98c5a9855", kill_on_drop: false }`
[INFO] running `Command { std: "docker" "rm" "-f" "38cebad98bc22fb8e84b15f97a3038869a654254ba0b9dcfe74faaa98c5a9855", kill_on_drop: false }`
[INFO] [stdout] 38cebad98bc22fb8e84b15f97a3038869a654254ba0b9dcfe74faaa98c5a9855
[INFO] running `Command { std: "docker" "create" "-v" "/var/lib/crater-agent-workspace/builds/worker-2-tc2/target:/opt/rustwide/target:rw,Z" "-v" "/var/lib/crater-agent-workspace/builds/worker-2-tc2/source:/opt/rustwide/workdir:ro,Z" "-v" "/var/lib/crater-agent-workspace/cargo-home:/opt/rustwide/cargo-home:ro,Z" "-v" "/var/lib/crater-agent-workspace/rustup-home:/opt/rustwide/rustup-home:ro,Z" "-e" "SOURCE_DIR=/opt/rustwide/workdir" "-e" "CARGO_TARGET_DIR=/opt/rustwide/target" "-e" "CARGO_INCREMENTAL=0" "-e" "RUST_BACKTRACE=full" "-e" "RUSTFLAGS=--cap-lints=forbid -Zrandomize-layout" "-e" "RUSTDOCFLAGS=--cap-lints=forbid" "-e" "CARGO_HOME=/opt/rustwide/cargo-home" "-e" "RUSTUP_HOME=/opt/rustwide/rustup-home" "-w" "/opt/rustwide/workdir" "-m" "1610612736" "--user" "0:0" "--network" "none" "ghcr.io/rust-lang/crates-build-env/linux@sha256:4a844ea9eb2546a2d2c7022eacef16ef2e8229c7fbb2c7d4d55a9ceca922f72d" "/opt/rustwide/cargo-home/bin/cargo" "+nightly-2024-10-28" "test" "--frozen", kill_on_drop: false }`
[INFO] [stdout] d5d6ac1f533721a1162a1bb3a747857c458372417fba40f853110912c62d7403
[INFO] running `Command { std: "docker" "start" "-a" "d5d6ac1f533721a1162a1bb3a747857c458372417fba40f853110912c62d7403", kill_on_drop: false }`
[INFO] [stderr] warning: function `print_env` is never used
[INFO] [stderr]  --> build.rs:5:4
[INFO] [stderr]   |
[INFO] [stderr] 5 | fn print_env() {
[INFO] [stderr]   |    ^^^^^^^^^
[INFO] [stderr]   |
[INFO] [stderr]   = note: `#[warn(dead_code)]` on by default
[INFO] [stderr] 
[INFO] [stderr] warning: `freertos-rust` (build script) generated 1 warning
[INFO] [stderr] warning: unused import: `core::prelude::*`
[INFO] [stderr]  --> src/prelude/no_std.rs:1:9
[INFO] [stderr]   |
[INFO] [stderr] 1 | pub use core::prelude::*;
[INFO] [stderr]   |         ^^^^^^^^^^^^^^^^
[INFO] [stderr]   |
[INFO] [stderr]   = note: `#[warn(unused_imports)]` on by default
[INFO] [stderr] 
[INFO] [stderr] warning: unused import: `core::cell::RefCell`
[INFO] [stderr]  --> src/prelude/no_std.rs:4:9
[INFO] [stderr]   |
[INFO] [stderr] 4 | pub use core::cell::RefCell;
[INFO] [stderr]   |         ^^^^^^^^^^^^^^^^^^^
[INFO] [stderr] 
[INFO] [stderr] warning: unused import: `core::ops::Range`
[INFO] [stderr]  --> src/prelude/no_std.rs:6:9
[INFO] [stderr]   |
[INFO] [stderr] 6 | pub use core::ops::Range;
[INFO] [stderr]   |         ^^^^^^^^^^^^^^^^
[INFO] [stderr] 
[INFO] [stderr] warning: unused import: `core::num::Wrapping`
[INFO] [stderr]  --> src/prelude/no_std.rs:7:9
[INFO] [stderr]   |
[INFO] [stderr] 7 | pub use core::num::Wrapping;
[INFO] [stderr]   |         ^^^^^^^^^^^^^^^^^^^
[INFO] [stderr] 
[INFO] [stderr] warning: unused import: `core::intrinsics::write_bytes`
[INFO] [stderr]   --> src/prelude/no_std.rs:10:9
[INFO] [stderr]    |
[INFO] [stderr] 10 | pub use core::intrinsics::write_bytes;
[INFO] [stderr]    |         ^^^^^^^^^^^^^^^^^^^^^^^^^^^^^
[INFO] [stderr] 
[INFO] [stderr] warning: unused import: `alloc::rc::Rc`
[INFO] [stderr]   --> src/prelude/no_std.rs:15:9
[INFO] [stderr]    |
[INFO] [stderr] 15 | pub use alloc::rc::Rc;
[INFO] [stderr]    |         ^^^^^^^^^^^^^
[INFO] [stderr] 
[INFO] [stderr] warning: fields `id`, `c_size`, and `rust_size` are never read
[INFO] [stderr]  --> src/utils.rs:7:5
[INFO] [stderr]   |
[INFO] [stderr] 6 | pub struct TypeSizeError {
[INFO] [stderr]   |            ------------- fields in this struct
[INFO] [stderr] 7 |     id: usize,
[INFO] [stderr]   |     ^^
[INFO] [stderr] 8 |     c_size: usize,
[INFO] [stderr]   |     ^^^^^^
[INFO] [stderr] 9 |     rust_size: usize
[INFO] [stderr]   |     ^^^^^^^^^
[INFO] [stderr]   |
[INFO] [stderr]   = note: `TypeSizeError` has derived impls for the traits `Clone` and `Debug`, but these are intentionally ignored during dead code analysis
[INFO] [stderr]   = note: `#[warn(dead_code)]` on by default
[INFO] [stderr] 
[INFO] [stderr] warning: creating a shared reference to mutable static is discouraged
[INFO] [stderr]   --> src/hooks.rs:34:14
[INFO] [stderr]    |
[INFO] [stderr] 34 |     unsafe { FREERTOS_HOOKS.do_on_assert(); }
[INFO] [stderr]    |              ^^^^^^^^^^^^^^^^^^^^^^^^^^^^^ shared reference to mutable static
[INFO] [stderr]    |
[INFO] [stderr]    = note: for more information, see <https://doc.rust-lang.org/nightly/edition-guide/rust-2024/static-mut-references.html>
[INFO] [stderr]    = note: shared references to mutable statics are dangerous; it's undefined behavior if the static is mutated or if a mutable reference is created for it while the shared reference lives
[INFO] [stderr]    = note: `#[warn(static_mut_refs)]` on by default
[INFO] [stderr] 
[INFO] [stderr] warning: unused return value of `alloc::boxed::Box::<T, A>::into_raw` that must be used
[INFO] [stderr]    --> src/timers.rs:107:25
[INFO] [stderr]     |
[INFO] [stderr] 107 |                         Box::into_raw(b);
[INFO] [stderr]     |                         ^^^^^^^^^^^^^^^^
[INFO] [stderr]     |
[INFO] [stderr]     = note: losing the pointer will leak memory
[INFO] [stderr]     = note: `#[warn(unused_must_use)]` on by default
[INFO] [stderr] help: use `let _ = ...` to ignore the resulting value
[INFO] [stderr]     |
[INFO] [stderr] 107 |                         let _ = Box::into_raw(b);
[INFO] [stderr]     |                         +++++++
[INFO] [stderr] 
[INFO] [stderr] warning: bounds on `Self: Drop` are most likely incorrect, consider instead using `core::mem::needs_drop` to detect whether a type can be trivially dropped
[INFO] [stderr]    --> src/mutex.rs:102:46
[INFO] [stderr]     |
[INFO] [stderr] 102 | pub trait MutexInnerImpl where Self: Sized + Drop {
[INFO] [stderr]     |                                              ^^^^
[INFO] [stderr]     |
[INFO] [stderr]     = note: `#[warn(drop_bounds)]` on by default
[INFO] [stderr] 
[INFO] [stderr] warning: `freertos-rust` (lib) generated 10 warnings (run `cargo fix --lib -p freertos-rust` to apply 6 suggestions)
[INFO] [stderr] warning: `freertos-rust` (lib test) generated 10 warnings (10 duplicates)
[INFO] [stderr]     Finished `test` profile [unoptimized + debuginfo] target(s) in 0.01s
[INFO] [stderr]      Running unittests src/lib.rs (/opt/rustwide/target/debug/deps/freertos_rust-67ba7c687316f699)
[INFO] [stdout] 
[INFO] [stdout] running 0 tests
[INFO] [stdout] 
[INFO] [stdout] test result: ok. 0 passed; 0 failed; 0 ignored; 0 measured; 0 filtered out; finished in 0.00s
[INFO] [stdout] 
[INFO] [stderr]    Doc-tests freertos_rust
[INFO] [stdout] 
[INFO] [stdout] running 5 tests
[INFO] [stdout] test src/lib.rs - (line 38) ... FAILED
[INFO] [stdout] test src/lib.rs - (line 47) ... FAILED
[INFO] [stdout] test src/patterns/compute_task.rs - patterns::compute_task::ComputeTask (line 75) ... FAILED
[INFO] [stdout] test src/allocator.rs - allocator::FreeRtosAllocator (line 7) ... FAILED
[INFO] [stdout] test src/lib.rs - (line 24) ... FAILED
[INFO] [stdout] 
[INFO] [stdout] failures:
[INFO] [stdout] 
[INFO] [stdout] ---- src/lib.rs - (line 38) stdout ----
[INFO] [stdout] error[E0432]: unresolved import `freertos_rs`
[INFO] [stdout]  --> src/lib.rs:39:5
[INFO] [stdout]   |
[INFO] [stdout] 3 | use freertos_rs::*;
[INFO] [stdout]   |     ^^^^^^^^^^^ use of undeclared crate or module `freertos_rs`
[INFO] [stdout]   |
[INFO] [stdout] help: there is a crate or module with a similar name
[INFO] [stdout]   |
[INFO] [stdout] 3 | use freertos_rust::*;
[INFO] [stdout]   |     ~~~~~~~~~~~~~
[INFO] [stdout] 
[INFO] [stdout] error: aborting due to 1 previous error
[INFO] [stdout] 
[INFO] [stdout] For more information about this error, try `rustc --explain E0432`.
[INFO] [stdout] Couldn't compile the test.
[INFO] [stdout] ---- src/lib.rs - (line 47) stdout ----
[INFO] [stdout] error[E0432]: unresolved import `freertos_rs`
[INFO] [stdout]  --> src/lib.rs:48:5
[INFO] [stdout]   |
[INFO] [stdout] 3 | use freertos_rs::*;
[INFO] [stdout]   |     ^^^^^^^^^^^ use of undeclared crate or module `freertos_rs`
[INFO] [stdout]   |
[INFO] [stdout] help: there is a crate or module with a similar name
[INFO] [stdout]   |
[INFO] [stdout] 3 | use freertos_rust::*;
[INFO] [stdout]   |     ~~~~~~~~~~~~~
[INFO] [stdout] 
[INFO] [stdout] error: aborting due to 1 previous error
[INFO] [stdout] 
[INFO] [stdout] For more information about this error, try `rustc --explain E0432`.
[INFO] [stdout] Couldn't compile the test.
[INFO] [stdout] ---- src/patterns/compute_task.rs - patterns::compute_task::ComputeTask (line 75) stdout ----
[INFO] [stdout] error[E0433]: failed to resolve: use of undeclared crate or module `freertos_rs`
[INFO] [stdout]  --> src/patterns/compute_task.rs:77:5
[INFO] [stdout]   |
[INFO] [stdout] 4 | use freertos_rs::patterns::compute_task::*;
[INFO] [stdout]   |     ^^^^^^^^^^^ use of undeclared crate or module `freertos_rs`
[INFO] [stdout]   |
[INFO] [stdout] help: there is a crate or module with a similar name
[INFO] [stdout]   |
[INFO] [stdout] 4 | use freertos_rust::patterns::compute_task::*;
[INFO] [stdout]   |     ~~~~~~~~~~~~~
[INFO] [stdout] 
[INFO] [stdout] error[E0432]: unresolved import `freertos_rs`
[INFO] [stdout]  --> src/patterns/compute_task.rs:76:5
[INFO] [stdout]   |
[INFO] [stdout] 3 | use freertos_rs::*;
[INFO] [stdout]   |     ^^^^^^^^^^^ use of undeclared crate or module `freertos_rs`
[INFO] [stdout]   |
[INFO] [stdout] help: there is a crate or module with a similar name
[INFO] [stdout]   |
[INFO] [stdout] 3 | use freertos_rust::*;
[INFO] [stdout]   |     ~~~~~~~~~~~~~
[INFO] [stdout] 
[INFO] [stdout] error: aborting due to 2 previous errors
[INFO] [stdout] 
[INFO] [stdout] Some errors have detailed explanations: E0432, E0433.
[INFO] [stdout] For more information about an error, try `rustc --explain E0432`.
[INFO] [stdout] Couldn't compile the test.
[INFO] [stdout] ---- src/allocator.rs - allocator::FreeRtosAllocator (line 7) stdout ----
[INFO] [stdout] error[E0412]: cannot find type `FreeRtosAllocator` in this scope
[INFO] [stdout]  --> src/allocator.rs:9:16
[INFO] [stdout]   |
[INFO] [stdout] 4 | static GLOBAL: FreeRtosAllocator = FreeRtosAllocator;
[INFO] [stdout]   |                ^^^^^^^^^^^^^^^^^ not found in this scope
[INFO] [stdout]   |
[INFO] [stdout] help: consider importing this struct
[INFO] [stdout]   |
[INFO] [stdout] 2 + use freertos_rust::FreeRtosAllocator;
[INFO] [stdout]   |
[INFO] [stdout] 
[INFO] [stdout] error[E0425]: cannot find value `FreeRtosAllocator` in this scope
[INFO] [stdout]  --> src/allocator.rs:9:36
[INFO] [stdout]   |
[INFO] [stdout] 4 | static GLOBAL: FreeRtosAllocator = FreeRtosAllocator;
[INFO] [stdout]   |                                    ^^^^^^^^^^^^^^^^^ not found in this scope
[INFO] [stdout]   |
[INFO] [stdout] help: consider importing this unit struct
[INFO] [stdout]   |
[INFO] [stdout] 2 + use freertos_rust::FreeRtosAllocator;
[INFO] [stdout]   |
[INFO] [stdout] 
[INFO] [stdout] error: aborting due to 2 previous errors
[INFO] [stdout] 
[INFO] [stdout] Some errors have detailed explanations: E0412, E0425.
[INFO] [stdout] For more information about an error, try `rustc --explain E0412`.
[INFO] [stdout] Couldn't compile the test.
[INFO] [stdout] ---- src/lib.rs - (line 24) stdout ----
[INFO] [stdout] error[E0432]: unresolved import `freertos_rs`
[INFO] [stdout]  --> src/lib.rs:25:5
[INFO] [stdout]   |
[INFO] [stdout] 3 | use freertos_rs::*;
[INFO] [stdout]   |     ^^^^^^^^^^^ use of undeclared crate or module `freertos_rs`
[INFO] [stdout]   |
[INFO] [stdout] help: there is a crate or module with a similar name
[INFO] [stdout]   |
[INFO] [stdout] 3 | use freertos_rust::*;
[INFO] [stdout]   |     ~~~~~~~~~~~~~
[INFO] [stdout] 
[INFO] [stdout] error: aborting due to 1 previous error
[INFO] [stdout] 
[INFO] [stdout] For more information about this error, try `rustc --explain E0432`.
[INFO] [stdout] Couldn't compile the test.
[INFO] [stdout] 
[INFO] [stdout] failures:
[INFO] [stdout]     src/allocator.rs - allocator::FreeRtosAllocator (line 7)
[INFO] [stdout]     src/lib.rs - (line 24)
[INFO] [stdout]     src/lib.rs - (line 38)
[INFO] [stdout]     src/lib.rs - (line 47)
[INFO] [stdout]     src/patterns/compute_task.rs - patterns::compute_task::ComputeTask (line 75)
[INFO] [stdout] 
[INFO] [stdout] test result: FAILED. 0 passed; 5 failed; 0 ignored; 0 measured; 0 filtered out; finished in 0.06s
[INFO] [stdout] 
[INFO] [stderr] error: doctest failed, to rerun pass `--doc`
[INFO] running `Command { std: "docker" "inspect" "d5d6ac1f533721a1162a1bb3a747857c458372417fba40f853110912c62d7403", kill_on_drop: false }`
[INFO] running `Command { std: "docker" "rm" "-f" "d5d6ac1f533721a1162a1bb3a747857c458372417fba40f853110912c62d7403", kill_on_drop: false }`
[INFO] [stdout] d5d6ac1f533721a1162a1bb3a747857c458372417fba40f853110912c62d7403
