[INFO] fetching crate fred 9.3.0...
[INFO] testing fred-9.3.0 against nightly-2024-10-28 for randomize-layout
[INFO] extracting crate fred 9.3.0 into /workspace/builds/worker-2-tc1/source
[INFO] validating manifest of crates.io crate fred 9.3.0 on toolchain nightly-2024-10-28
[INFO] running `Command { std: CARGO_HOME="/workspace/cargo-home" RUSTUP_HOME="/workspace/rustup-home" "/workspace/cargo-home/bin/cargo" "+nightly-2024-10-28" "metadata" "--manifest-path" "Cargo.toml" "--no-deps", kill_on_drop: false }`
[INFO] started tweaking crates.io crate fred 9.3.0
[INFO] removed 0 missing examples
[INFO] finished tweaking crates.io crate fred 9.3.0
[INFO] tweaked toml for crates.io crate fred 9.3.0 written to /workspace/builds/worker-2-tc1/source/Cargo.toml
[INFO] crate crates.io crate fred 9.3.0 already has a lockfile, it will not be regenerated
[INFO] running `Command { std: CARGO_HOME="/workspace/cargo-home" RUSTUP_HOME="/workspace/rustup-home" "/workspace/cargo-home/bin/cargo" "+nightly-2024-10-28" "fetch" "--manifest-path" "Cargo.toml", kill_on_drop: false }`
[INFO] [stderr]     Updating crates.io index
[INFO] [stderr]  Downloading crates ...
[INFO] [stderr]   Downloaded trust-dns-resolver v0.23.2
[INFO] [stderr]   Downloaded addr2line v0.24.1
[INFO] [stderr]   Downloaded fred-macros v0.1.0
[INFO] [stderr]   Downloaded enclose v1.2.0
[INFO] [stderr]   Downloaded buddy-alloc v0.4.2
[INFO] [stderr]   Downloaded axum-macros v0.4.2
[INFO] [stderr]   Downloaded subprocess v0.2.9
[INFO] [stderr]   Downloaded lockfree v0.5.1
[INFO] [stderr]   Downloaded redis-protocol v5.0.1
[INFO] [stderr]   Downloaded cc v1.1.23
[INFO] [stderr]   Downloaded once_cell v1.20.1
[INFO] [stderr]   Downloaded cache-padded v1.3.0
[INFO] [stderr]   Downloaded owned-alloc v0.2.0
[INFO] [stderr]   Downloaded aws-lc-rs v1.9.0
[INFO] [stderr]   Downloaded rlimit v0.6.2
[INFO] [stderr]   Downloaded cookie-factory v0.3.2
[INFO] [stderr]   Downloaded crc16 v0.4.0
[INFO] [stderr]   Downloaded sketches-ddsketch v0.1.3
[INFO] [stderr]   Downloaded gimli v0.31.0
[INFO] [stderr]   Downloaded trust-dns-proto v0.23.2
[INFO] [stderr]   Downloaded glommio v0.9.0
[INFO] [stderr]   Downloaded aws-lc-sys v0.21.2
[INFO] running `Command { std: "docker" "create" "-v" "/var/lib/crater-agent-workspace/builds/worker-2-tc1/target:/opt/rustwide/target:rw,Z" "-v" "/var/lib/crater-agent-workspace/builds/worker-2-tc1/source:/opt/rustwide/workdir:ro,Z" "-v" "/var/lib/crater-agent-workspace/cargo-home:/opt/rustwide/cargo-home:ro,Z" "-v" "/var/lib/crater-agent-workspace/rustup-home:/opt/rustwide/rustup-home:ro,Z" "-e" "SOURCE_DIR=/opt/rustwide/workdir" "-e" "CARGO_TARGET_DIR=/opt/rustwide/target" "-e" "CARGO_HOME=/opt/rustwide/cargo-home" "-e" "RUSTUP_HOME=/opt/rustwide/rustup-home" "-w" "/opt/rustwide/workdir" "-m" "1610612736" "--user" "0:0" "--network" "none" "ghcr.io/rust-lang/crates-build-env/linux@sha256:4a844ea9eb2546a2d2c7022eacef16ef2e8229c7fbb2c7d4d55a9ceca922f72d" "/opt/rustwide/cargo-home/bin/cargo" "+nightly-2024-10-28" "metadata" "--no-deps" "--format-version=1", kill_on_drop: false }`
[INFO] [stdout] ed7d21e15945c01194b4b41136cd0c48b3bbfb968f188ea23f1d143e65620c69
[INFO] running `Command { std: "docker" "start" "-a" "ed7d21e15945c01194b4b41136cd0c48b3bbfb968f188ea23f1d143e65620c69", kill_on_drop: false }`
[INFO] running `Command { std: "docker" "inspect" "ed7d21e15945c01194b4b41136cd0c48b3bbfb968f188ea23f1d143e65620c69", kill_on_drop: false }`
[INFO] running `Command { std: "docker" "rm" "-f" "ed7d21e15945c01194b4b41136cd0c48b3bbfb968f188ea23f1d143e65620c69", kill_on_drop: false }`
[INFO] [stdout] ed7d21e15945c01194b4b41136cd0c48b3bbfb968f188ea23f1d143e65620c69
[INFO] running `Command { std: "docker" "create" "-v" "/var/lib/crater-agent-workspace/builds/worker-2-tc1/target:/opt/rustwide/target:rw,Z" "-v" "/var/lib/crater-agent-workspace/builds/worker-2-tc1/source:/opt/rustwide/workdir:ro,Z" "-v" "/var/lib/crater-agent-workspace/cargo-home:/opt/rustwide/cargo-home:ro,Z" "-v" "/var/lib/crater-agent-workspace/rustup-home:/opt/rustwide/rustup-home:ro,Z" "-e" "SOURCE_DIR=/opt/rustwide/workdir" "-e" "CARGO_TARGET_DIR=/opt/rustwide/target" "-e" "CARGO_INCREMENTAL=0" "-e" "RUST_BACKTRACE=full" "-e" "RUSTFLAGS=--cap-lints=forbid" "-e" "RUSTDOCFLAGS=--cap-lints=forbid" "-e" "CARGO_HOME=/opt/rustwide/cargo-home" "-e" "RUSTUP_HOME=/opt/rustwide/rustup-home" "-w" "/opt/rustwide/workdir" "-m" "1610612736" "--user" "0:0" "--network" "none" "ghcr.io/rust-lang/crates-build-env/linux@sha256:4a844ea9eb2546a2d2c7022eacef16ef2e8229c7fbb2c7d4d55a9ceca922f72d" "/opt/rustwide/cargo-home/bin/cargo" "+nightly-2024-10-28" "build" "--frozen" "--message-format=json", kill_on_drop: false }`
[INFO] [stdout] 7690ee8775fbd734e6999f047ff865b9ef39d345897f59facb99404f8c7bd9ae
[INFO] running `Command { std: "docker" "start" "-a" "7690ee8775fbd734e6999f047ff865b9ef39d345897f59facb99404f8c7bd9ae", kill_on_drop: false }`
[INFO] [stderr]    Compiling proc-macro2 v1.0.86
[INFO] [stderr]    Compiling pin-project-lite v0.2.14
[INFO] [stderr]    Compiling futures-core v0.3.30
[INFO] [stderr]    Compiling futures-sink v0.3.30
[INFO] [stderr]    Compiling byteorder v1.5.0
[INFO] [stderr]    Compiling getrandom v0.2.15
[INFO] [stderr]    Compiling socket2 v0.5.7
[INFO] [stderr]    Compiling mio v1.0.2
[INFO] [stderr]    Compiling lock_api v0.4.12
[INFO] [stderr]    Compiling crc16 v0.4.0
[INFO] [stderr]    Compiling futures-channel v0.3.30
[INFO] [stderr]    Compiling crossbeam-utils v0.8.20
[INFO] [stderr]    Compiling futures-io v0.3.30
[INFO] [stderr]    Compiling futures-task v0.3.30
[INFO] [stderr]    Compiling parking_lot_core v0.9.10
[INFO] [stderr]    Compiling bytes v1.7.2
[INFO] [stderr]    Compiling rand_core v0.6.4
[INFO] [stderr]    Compiling scopeguard v1.2.0
[INFO] [stderr]    Compiling smallvec v1.13.2
[INFO] [stderr]    Compiling unicode-bidi v0.3.15
[INFO] [stderr]    Compiling minimal-lexical v0.2.1
[INFO] [stderr]    Compiling semver v1.0.23
[INFO] [stderr]    Compiling nom v7.1.3
[INFO] [stderr]    Compiling idna v0.5.0
[INFO] [stderr]    Compiling bytes-utils v0.1.4
[INFO] [stderr]    Compiling quote v1.0.37
[INFO] [stderr]    Compiling cookie-factory v0.3.2
[INFO] [stderr]    Compiling float-cmp v0.9.0
[INFO] [stderr]    Compiling syn v2.0.79
[INFO] [stderr]    Compiling parking_lot v0.12.3
[INFO] [stderr]    Compiling urlencoding v2.1.3
[INFO] [stderr]    Compiling crossbeam-queue v0.3.11
[INFO] [stderr]    Compiling url v2.5.2
[INFO] [stderr]    Compiling arc-swap v1.7.1
[INFO] [stderr]    Compiling redis-protocol v5.0.1
[INFO] [stderr]    Compiling zerocopy-derive v0.7.35
[INFO] [stderr]    Compiling tokio-macros v2.4.0
[INFO] [stderr]    Compiling futures-macro v0.3.30
[INFO] [stderr]    Compiling async-trait v0.1.83
[INFO] [stderr]    Compiling fred-macros v0.1.0
[INFO] [stderr]    Compiling tokio v1.40.0
[INFO] [stderr]    Compiling futures-util v0.3.30
[INFO] [stderr]    Compiling zerocopy v0.7.35
[INFO] [stderr]    Compiling ppv-lite86 v0.2.20
[INFO] [stderr]    Compiling rand_chacha v0.3.1
[INFO] [stderr]    Compiling rand v0.8.5
[INFO] [stderr]    Compiling tokio-util v0.7.12
[INFO] [stderr]    Compiling tokio-stream v0.1.16
[INFO] [stderr]    Compiling futures-executor v0.3.30
[INFO] [stderr]    Compiling futures v0.3.30
[INFO] [stderr]    Compiling fred v9.3.0 (/opt/rustwide/workdir)
[INFO] [stderr]     Finished `dev` profile [unoptimized + debuginfo] target(s) in 1m 03s
[INFO] running `Command { std: "docker" "inspect" "7690ee8775fbd734e6999f047ff865b9ef39d345897f59facb99404f8c7bd9ae", kill_on_drop: false }`
[INFO] running `Command { std: "docker" "rm" "-f" "7690ee8775fbd734e6999f047ff865b9ef39d345897f59facb99404f8c7bd9ae", kill_on_drop: false }`
[INFO] [stdout] 7690ee8775fbd734e6999f047ff865b9ef39d345897f59facb99404f8c7bd9ae
[INFO] running `Command { std: "docker" "create" "-v" "/var/lib/crater-agent-workspace/builds/worker-2-tc1/target:/opt/rustwide/target:rw,Z" "-v" "/var/lib/crater-agent-workspace/builds/worker-2-tc1/source:/opt/rustwide/workdir:ro,Z" "-v" "/var/lib/crater-agent-workspace/cargo-home:/opt/rustwide/cargo-home:ro,Z" "-v" "/var/lib/crater-agent-workspace/rustup-home:/opt/rustwide/rustup-home:ro,Z" "-e" "SOURCE_DIR=/opt/rustwide/workdir" "-e" "CARGO_TARGET_DIR=/opt/rustwide/target" "-e" "CARGO_INCREMENTAL=0" "-e" "RUST_BACKTRACE=full" "-e" "RUSTFLAGS=--cap-lints=forbid" "-e" "RUSTDOCFLAGS=--cap-lints=forbid" "-e" "CARGO_HOME=/opt/rustwide/cargo-home" "-e" "RUSTUP_HOME=/opt/rustwide/rustup-home" "-w" "/opt/rustwide/workdir" "-m" "1610612736" "--user" "0:0" "--network" "none" "ghcr.io/rust-lang/crates-build-env/linux@sha256:4a844ea9eb2546a2d2c7022eacef16ef2e8229c7fbb2c7d4d55a9ceca922f72d" "/opt/rustwide/cargo-home/bin/cargo" "+nightly-2024-10-28" "test" "--frozen" "--no-run" "--message-format=json", kill_on_drop: false }`
[INFO] [stdout] 5c9ae22525bd554e66a4573b5ebad284bf3b775799e97c023bb3c7f3737a555d
[INFO] running `Command { std: "docker" "start" "-a" "5c9ae22525bd554e66a4573b5ebad284bf3b775799e97c023bb3c7f3737a555d", kill_on_drop: false }`
[INFO] [stderr]    Compiling futures-channel v0.3.30
[INFO] [stderr]    Compiling log v0.4.22
[INFO] [stderr]    Compiling http v1.1.0
[INFO] [stderr]    Compiling smallvec v1.13.2
[INFO] [stderr]    Compiling serde v1.0.210
[INFO] [stderr]    Compiling tokio v1.40.0
[INFO] [stderr]    Compiling serde_derive v1.0.210
[INFO] [stderr]    Compiling once_cell v1.20.1
[INFO] [stderr]    Compiling aho-corasick v1.1.3
[INFO] [stderr]    Compiling futures-util v0.3.30
[INFO] [stderr]    Compiling tracing-core v0.1.32
[INFO] [stderr]    Compiling regex-syntax v0.8.5
[INFO] [stderr]    Compiling rustversion v1.0.17
[INFO] [stderr]    Compiling tracing v0.1.40
[INFO] [stderr]    Compiling httpdate v1.0.3
[INFO] [stderr]    Compiling http-body v1.0.1
[INFO] [stderr]    Compiling tower-layer v0.3.3
[INFO] [stderr]    Compiling serde_json v1.0.128
[INFO] [stderr]    Compiling parking_lot_core v0.9.10
[INFO] [stderr]    Compiling regex-automata v0.4.8
[INFO] [stderr]    Compiling is-terminal v0.4.13
[INFO] [stderr]    Compiling termcolor v1.4.1
[INFO] [stderr]    Compiling sync_wrapper v1.0.1
[INFO] [stderr]    Compiling sync_wrapper v0.1.2
[INFO] [stderr]    Compiling humantime v2.1.0
[INFO] [stderr]    Compiling redis-protocol v5.0.1
[INFO] [stderr]    Compiling parking_lot v0.12.3
[INFO] [stderr]    Compiling tokio-util v0.7.12
[INFO] [stderr]    Compiling axum-macros v0.4.2
[INFO] [stderr]    Compiling hyper v1.4.1
[INFO] [stderr]    Compiling http-body-util v0.1.2
[INFO] [stderr]    Compiling regex v1.11.0
[INFO] [stderr]    Compiling futures-executor v0.3.30
[INFO] [stderr]    Compiling env_logger v0.10.2
[INFO] [stderr]    Compiling hyper-util v0.1.9
[INFO] [stderr]    Compiling futures v0.3.30
[INFO] [stderr]    Compiling axum-core v0.4.5
[INFO] [stderr]    Compiling tower v0.5.1
[INFO] [stderr]    Compiling tokio-stream v0.1.16
[INFO] [stderr]    Compiling matchit v0.7.3
[INFO] [stderr]    Compiling pretty_env_logger v0.5.0
[INFO] [stderr]    Compiling subprocess v0.2.9
[INFO] [stderr]    Compiling base64 v0.22.1
[INFO] [stderr]    Compiling maplit v1.0.2
[INFO] [stderr]    Compiling fred v9.3.0 (/opt/rustwide/workdir)
[INFO] [stderr]    Compiling serde_urlencoded v0.7.1
[INFO] [stderr]    Compiling serde_path_to_error v0.1.16
[INFO] [stderr]    Compiling axum v0.7.7
[INFO] [stderr]     Finished `test` profile [unoptimized + debuginfo] target(s) in 1m 20s
[INFO] running `Command { std: "docker" "inspect" "5c9ae22525bd554e66a4573b5ebad284bf3b775799e97c023bb3c7f3737a555d", kill_on_drop: false }`
[INFO] running `Command { std: "docker" "rm" "-f" "5c9ae22525bd554e66a4573b5ebad284bf3b775799e97c023bb3c7f3737a555d", kill_on_drop: false }`
[INFO] [stdout] 5c9ae22525bd554e66a4573b5ebad284bf3b775799e97c023bb3c7f3737a555d
[INFO] running `Command { std: "docker" "create" "-v" "/var/lib/crater-agent-workspace/builds/worker-2-tc1/target:/opt/rustwide/target:rw,Z" "-v" "/var/lib/crater-agent-workspace/builds/worker-2-tc1/source:/opt/rustwide/workdir:ro,Z" "-v" "/var/lib/crater-agent-workspace/cargo-home:/opt/rustwide/cargo-home:ro,Z" "-v" "/var/lib/crater-agent-workspace/rustup-home:/opt/rustwide/rustup-home:ro,Z" "-e" "SOURCE_DIR=/opt/rustwide/workdir" "-e" "CARGO_TARGET_DIR=/opt/rustwide/target" "-e" "CARGO_INCREMENTAL=0" "-e" "RUST_BACKTRACE=full" "-e" "RUSTFLAGS=--cap-lints=forbid" "-e" "RUSTDOCFLAGS=--cap-lints=forbid" "-e" "CARGO_HOME=/opt/rustwide/cargo-home" "-e" "RUSTUP_HOME=/opt/rustwide/rustup-home" "-w" "/opt/rustwide/workdir" "-m" "1610612736" "--user" "0:0" "--network" "none" "ghcr.io/rust-lang/crates-build-env/linux@sha256:4a844ea9eb2546a2d2c7022eacef16ef2e8229c7fbb2c7d4d55a9ceca922f72d" "/opt/rustwide/cargo-home/bin/cargo" "+nightly-2024-10-28" "test" "--frozen", kill_on_drop: false }`
[INFO] [stdout] db886b60a77a5139031b4b43fdb4488d3b198904d2d27c0e72f609eb12fcccf1
[INFO] running `Command { std: "docker" "start" "-a" "db886b60a77a5139031b4b43fdb4488d3b198904d2d27c0e72f609eb12fcccf1", kill_on_drop: false }`
[INFO] [stderr]     Finished `test` profile [unoptimized + debuginfo] target(s) in 0.27s
[INFO] [stderr]      Running unittests src/lib.rs (/opt/rustwide/target/debug/deps/fred-98c6564d13172ad5)
[INFO] [stdout] 
[INFO] [stdout] running 39 tests
[INFO] [stdout] test modules::response::tests::should_convert_array_tuples ... ok
[INFO] [stdout] test modules::response::tests::should_convert_arrays ... ok
[INFO] [stdout] test modules::response::tests::should_convert_btree_maps ... ok
[INFO] [stdout] test modules::response::tests::should_convert_btree_sets ... ok
[INFO] [stdout] test modules::response::tests::should_convert_bytes ... ok
[INFO] [stdout] test modules::response::tests::should_convert_hash_maps ... ok
[INFO] [stdout] test modules::response::tests::should_convert_hash_sets ... ok
[INFO] [stdout] test modules::response::tests::should_convert_null_to_empty_array ... ok
[INFO] [stdout] test modules::response::tests::should_convert_numbers_to_bools ... ok
[INFO] [stdout] test modules::response::tests::should_convert_signed_numeric_types ... ok
[INFO] [stdout] test modules::response::tests::should_convert_strings ... ok
[INFO] [stdout] test modules::response::tests::should_convert_to_fixed_arrays ... ok
[INFO] [stdout] test modules::response::tests::should_convert_tuples ... ok
[INFO] [stdout] test modules::response::tests::should_convert_unsigned_numeric_types ... ok
[INFO] [stdout] test modules::response::tests::should_handle_single_element_vector_to_scalar ... ok
[INFO] [stdout] test modules::response::tests::should_return_not_found_with_null_number_types ... ok
[INFO] [stdout] test types::args::tests::redis_bytes_from_vec_u8 ... ignored
[INFO] [stdout] test protocol::cluster::tests::should_parse_cluster_slots_example_empty_hostname ... ok
[INFO] [stdout] test protocol::cluster::tests::should_parse_cluster_slots_example_empty_metadata ... ok
[INFO] [stdout] test protocol::cluster::tests::should_parse_cluster_slots_example_metadata_hostnames ... ok
[INFO] [stdout] test protocol::cluster::tests::should_parse_cluster_slots_example_no_metadata ... ok
[INFO] [stdout] test protocol::cluster::tests::should_parse_cluster_slots_example_null_hostname ... ok
[INFO] [stdout] test types::args::tests::redis_map_from_iter ... ok
[INFO] [stdout] test types::config::tests::should_parse_centralized_url ... ok
[INFO] [stdout] test types::config::tests::should_parse_centralized_url_without_creds ... ok
[INFO] [stdout] test types::config::tests::should_parse_centralized_url_without_db ... ok
[INFO] [stdout] test types::config::tests::should_parse_clustered_url ... ok
[INFO] [stdout] test types::config::tests::should_parse_centralized_url_without_port ... ok
[INFO] [stdout] test types::config::tests::should_parse_clustered_url_with_other_nodes ... ok
[INFO] [stdout] test types::config::tests::should_parse_clustered_url_without_creds ... ok
[INFO] [stdout] test types::config::tests::should_parse_clustered_url_without_port ... ok
[INFO] [stdout] test types::config::tests::should_parse_sentinel_url_with_other_nodes ... ok
[INFO] [stdout] test types::config::tests::should_parse_sentinel_url ... ok
[INFO] [stdout] test utils::tests::should_parse_url_credentials_no_creds ... ok
[INFO] [stdout] test utils::tests::should_flatten_xread_example ... ok
[INFO] [stdout] test utils::tests::should_parse_url_credentials_with_creds ... ok
[INFO] [stdout] test utils::tests::should_parse_url_credentials_with_percent_encoded_creds ... ok
[INFO] [stdout] test utils::tests::should_not_panic_with_zero_jitter ... ok
[INFO] [stdout] test modules::response::tests::should_not_convert_null_to_false - should panic ... ok
[INFO] [stdout] 
[INFO] [stdout] test result: ok. 38 passed; 0 failed; 1 ignored; 0 measured; 0 filtered out; finished in 0.05s
[INFO] [stdout] 
[INFO] [stderr]    Doc-tests fred
[INFO] [stdout] 
[INFO] [stdout] running 19 tests
[INFO] [stdout] test src/clients/pool.rs - clients::pool::ExclusivePool (line 416) - compile ... FAILED
[INFO] [stdout] test src/clients/pipeline.rs - clients::pipeline::Pipeline<C>::last (line 248) - compile ... ok
[INFO] [stdout] test src/clients/pipeline.rs - clients::pipeline::Pipeline<C>::all (line 191) - compile ... ok
[INFO] [stdout] test src/clients/pipeline.rs - clients::pipeline::Pipeline<C>::try_all (line 218) - compile ... ok
[INFO] [stdout] test src/clients/transaction.rs - clients::transaction::Transaction::exec (line 240) - compile ... ok
[INFO] [stdout] test src/commands/interfaces/streams.rs - commands::interfaces::streams::StreamsInterface::xread_map (line 287) - compile ... ok
[INFO] [stdout] test src/clients/pool.rs - clients::pool::ExclusivePool (line 431) ... ok
[INFO] [stdout] test src/clients/redis.rs - clients::redis::RedisClient::with_cluster_node (line 287) ... FAILED
[INFO] [stdout] test src/clients/options.rs - clients::options::WithOptions (line 15) ... ok
[INFO] [stdout] test src/macros.rs - macros::cmd (line 102) - compile ... ok
[INFO] [stdout] test src/modules/response.rs - modules::response::FromRedis (line 141) ... FAILED
[INFO] [stdout] test src/modules/response.rs - modules::response::FromRedis (line 166) ... FAILED
[INFO] [stdout] test src/types/builder.rs - types::builder::Builder (line 17) ... FAILED
[INFO] [stdout] test src/lib.rs - util::group_by_hash_slot (line 116) ... ok
[INFO] [stdout] test src/_tokio.rs - _tokio::ClientLike::init (line 251) ... FAILED
[INFO] [stdout] test src/clients/pool.rs - clients::pool::RedisPool::init (line 259) ... FAILED
[INFO] [stdout] test src/types/config.rs - types::config::Options (line 1395) ... ok
[INFO] [stdout] test src/../README.md - (line 14) ... FAILED
[INFO] [stdout] test src/clients/pool.rs - clients::pool::ExclusivePool::init (line 587) ... FAILED
[INFO] [stdout] 
[INFO] [stdout] failures:
[INFO] [stdout] 
[INFO] [stdout] ---- src/clients/pool.rs - clients::pool::ExclusivePool (line 416) stdout ----
[INFO] [stdout] error: expected one of `!`, `.`, `::`, `;`, `?`, `{`, `}`, or an operator, found `foo`
[INFO] [stdout]  --> src/clients/pool.rs:417:7
[INFO] [stdout]   |
[INFO] [stdout] 3 | WATCH foo
[INFO] [stdout]   |       ^^^ expected one of 8 possible tokens
[INFO] [stdout] 
[INFO] [stdout] error: aborting due to 1 previous error
[INFO] [stdout] 
[INFO] [stdout] Couldn't compile the test.
[INFO] [stdout] ---- src/clients/redis.rs - clients::redis::RedisClient::with_cluster_node (line 287) stdout ----
[INFO] [stdout] error[E0599]: no method named `cached_cluster_state` found for reference `&fred::clients::RedisClient` in the current scope
[INFO] [stdout]   --> src/clients/redis.rs:301:6
[INFO] [stdout]    |
[INFO] [stdout] 16 |     let servers = client
[INFO] [stdout]    |  _________________-
[INFO] [stdout] 17 | |     .cached_cluster_state()
[INFO] [stdout]    | |     -^^^^^^^^^^^^^^^^^^^^ method not found in `&RedisClient`
[INFO] [stdout]    | |_____|
[INFO] [stdout]    |
[INFO] [stdout] 
[INFO] [stdout] error[E0599]: no method named `client_info` found for struct `WithOptions<fred::clients::RedisClient>` in the current scope
[INFO] [stdout]   --> src/clients/redis.rs:309:8
[INFO] [stdout]    |
[INFO] [stdout] 23 |       let server_addr = client
[INFO] [stdout]    |  _______________________-
[INFO] [stdout] 24 | |       .with_cluster_node(&server)
[INFO] [stdout] 25 | |       .client_info::<String>()
[INFO] [stdout]    | |_______-^^^^^^^^^^^
[INFO] [stdout]    |
[INFO] [stdout] help: there is a method `client_config` with a similar name
[INFO] [stdout]    |
[INFO] [stdout] 25 |       .client_config::<String>()
[INFO] [stdout]    |        ~~~~~~~~~~~~~
[INFO] [stdout] 
[INFO] [stdout] error: aborting due to 2 previous errors
[INFO] [stdout] 
[INFO] [stdout] For more information about this error, try `rustc --explain E0599`.
[INFO] [stdout] Couldn't compile the test.
[INFO] [stdout] ---- src/modules/response.rs - modules::response::FromRedis (line 141) stdout ----
[INFO] [stdout] error[E0277]: the `?` operator can only be used in a function that returns `Result` or `Option` (or another type that implements `FromResidual`)
[INFO] [stdout]  --> src/modules/response.rs:145:60
[INFO] [stdout]   |
[INFO] [stdout] 4 | fn main() { #[allow(non_snake_case)] fn _doctest_main_src_modules_response_rs_141_0() {
[INFO] [stdout]   |                                      ------------------------------------------------ this function should return `Result` or `Option` to accept `?`
[INFO] [stdout] ...
[INFO] [stdout] 7 | let foo: usize = RedisValue::String("123".into()).convert()?;
[INFO] [stdout]   |                                                            ^ cannot use the `?` operator in a function that returns `()`
[INFO] [stdout]   |
[INFO] [stdout]   = help: the trait `FromResidual<Result<Infallible, RedisError>>` is not implemented for `()`
[INFO] [stdout] help: consider adding return type
[INFO] [stdout]   |
[INFO] [stdout] 4 ~ fn main() { #[allow(non_snake_case)] fn _doctest_main_src_modules_response_rs_141_0() -> Result<(), Box<dyn std::error::Error>> {
[INFO] [stdout] 5 | use fred::types::RedisValue;
[INFO] [stdout] ...
[INFO] [stdout] 18| // ...
[INFO] [stdout] 19+     Ok(())
[INFO] [stdout]   |
[INFO] [stdout] 
[INFO] [stdout] error[E0277]: the `?` operator can only be used in a function that returns `Result` or `Option` (or another type that implements `FromResidual`)
[INFO] [stdout]  --> src/modules/response.rs:146:58
[INFO] [stdout]   |
[INFO] [stdout] 4 | fn main() { #[allow(non_snake_case)] fn _doctest_main_src_modules_response_rs_141_0() {
[INFO] [stdout]   |                                      ------------------------------------------------ this function should return `Result` or `Option` to accept `?`
[INFO] [stdout] ...
[INFO] [stdout] 8 | let foo: i64 = RedisValue::String("123".into()).convert()?;
[INFO] [stdout]   |                                                          ^ cannot use the `?` operator in a function that returns `()`
[INFO] [stdout]   |
[INFO] [stdout]   = help: the trait `FromResidual<Result<Infallible, RedisError>>` is not implemented for `()`
[INFO] [stdout] help: consider adding return type
[INFO] [stdout]   |
[INFO] [stdout] 4 ~ fn main() { #[allow(non_snake_case)] fn _doctest_main_src_modules_response_rs_141_0() -> Result<(), Box<dyn std::error::Error>> {
[INFO] [stdout] 5 | use fred::types::RedisValue;
[INFO] [stdout] ...
[INFO] [stdout] 18| // ...
[INFO] [stdout] 19+     Ok(())
[INFO] [stdout]   |
[INFO] [stdout] 
[INFO] [stdout] error[E0277]: the `?` operator can only be used in a function that returns `Result` or `Option` (or another type that implements `FromResidual`)
[INFO] [stdout]  --> src/modules/response.rs:147:61
[INFO] [stdout]   |
[INFO] [stdout] 4 | fn main() { #[allow(non_snake_case)] fn _doctest_main_src_modules_response_rs_141_0() {
[INFO] [stdout]   |                                      ------------------------------------------------ this function should return `Result` or `Option` to accept `?`
[INFO] [stdout] ...
[INFO] [stdout] 9 | let foo: String = RedisValue::String("123".into()).convert()?;
[INFO] [stdout]   |                                                             ^ cannot use the `?` operator in a function that returns `()`
[INFO] [stdout]   |
[INFO] [stdout]   = help: the trait `FromResidual<Result<Infallible, RedisError>>` is not implemented for `()`
[INFO] [stdout] help: consider adding return type
[INFO] [stdout]   |
[INFO] [stdout] 4 ~ fn main() { #[allow(non_snake_case)] fn _doctest_main_src_modules_response_rs_141_0() -> Result<(), Box<dyn std::error::Error>> {
[INFO] [stdout] 5 | use fred::types::RedisValue;
[INFO] [stdout] ...
[INFO] [stdout] 18| // ...
[INFO] [stdout] 19+     Ok(())
[INFO] [stdout]   |
[INFO] [stdout] 
[INFO] [stdout] error[E0277]: the `?` operator can only be used in a function that returns `Result` or `Option` (or another type that implements `FromResidual`)
[INFO] [stdout]   --> src/modules/response.rs:148:75
[INFO] [stdout]    |
[INFO] [stdout] 4  | fn main() { #[allow(non_snake_case)] fn _doctest_main_src_modules_response_rs_141_0() {
[INFO] [stdout]    |                                      ------------------------------------------------ this function should return `Result` or `Option` to accept `?`
[INFO] [stdout] ...
[INFO] [stdout] 10 | let foo: Vec<u8> = RedisValue::Bytes(vec![102, 111, 111].into()).convert()?;
[INFO] [stdout]    |                                                                           ^ cannot use the `?` operator in a function that returns `()`
[INFO] [stdout]    |
[INFO] [stdout]    = help: the trait `FromResidual<Result<Infallible, RedisError>>` is not implemented for `()`
[INFO] [stdout] help: consider adding return type
[INFO] [stdout]    |
[INFO] [stdout] 4  ~ fn main() { #[allow(non_snake_case)] fn _doctest_main_src_modules_response_rs_141_0() -> Result<(), Box<dyn std::error::Error>> {
[INFO] [stdout] 5  | use fred::types::RedisValue;
[INFO] [stdout] ...
[INFO] [stdout] 18 | // ...
[INFO] [stdout] 19 +     Ok(())
[INFO] [stdout]    |
[INFO] [stdout] 
[INFO] [stdout] error[E0277]: the `?` operator can only be used in a function that returns `Result` or `Option` (or another type that implements `FromResidual`)
[INFO] [stdout]   --> src/modules/response.rs:149:62
[INFO] [stdout]    |
[INFO] [stdout] 4  | fn main() { #[allow(non_snake_case)] fn _doctest_main_src_modules_response_rs_141_0() {
[INFO] [stdout]    |                                      ------------------------------------------------ this function should return `Result` or `Option` to accept `?`
[INFO] [stdout] ...
[INFO] [stdout] 11 | let foo: Vec<u8> = RedisValue::String("foo".into()).convert()?;
[INFO] [stdout]    |                                                              ^ cannot use the `?` operator in a function that returns `()`
[INFO] [stdout]    |
[INFO] [stdout]    = help: the trait `FromResidual<Result<Infallible, RedisError>>` is not implemented for `()`
[INFO] [stdout] help: consider adding return type
[INFO] [stdout]    |
[INFO] [stdout] 4  ~ fn main() { #[allow(non_snake_case)] fn _doctest_main_src_modules_response_rs_141_0() -> Result<(), Box<dyn std::error::Error>> {
[INFO] [stdout] 5  | use fred::types::RedisValue;
[INFO] [stdout] ...
[INFO] [stdout] 18 | // ...
[INFO] [stdout] 19 +     Ok(())
[INFO] [stdout]    |
[INFO] [stdout] 
[INFO] [stdout] error[E0277]: the `?` operator can only be used in a function that returns `Result` or `Option` (or another type that implements `FromResidual`)
[INFO] [stdout]   --> src/modules/response.rs:150:81
[INFO] [stdout]    |
[INFO] [stdout] 4  | fn main() { #[allow(non_snake_case)] fn _doctest_main_src_modules_response_rs_141_0() {
[INFO] [stdout]    |                                      ------------------------------------------------ this function should return `Result` or `Option` to accept `?`
[INFO] [stdout] ...
[INFO] [stdout] 12 | let foo: Vec<String> = RedisValue::Array(vec!["a".into(), "b".into()]).convert()?;
[INFO] [stdout]    |                                                                                 ^ cannot use the `?` operator in a function that returns `()`
[INFO] [stdout]    |
[INFO] [stdout]    = help: the trait `FromResidual<Result<Infallible, RedisError>>` is not implemented for `()`
[INFO] [stdout] help: consider adding return type
[INFO] [stdout]    |
[INFO] [stdout] 4  ~ fn main() { #[allow(non_snake_case)] fn _doctest_main_src_modules_response_rs_141_0() -> Result<(), Box<dyn std::error::Error>> {
[INFO] [stdout] 5  | use fred::types::RedisValue;
[INFO] [stdout] ...
[INFO] [stdout] 18 | // ...
[INFO] [stdout] 19 +     Ok(())
[INFO] [stdout]    |
[INFO] [stdout] 
[INFO] [stdout] error[E0277]: the `?` operator can only be used in a function that returns `Result` or `Option` (or another type that implements `FromResidual`)
[INFO] [stdout]   --> src/modules/response.rs:152:80
[INFO] [stdout]    |
[INFO] [stdout] 4  | fn main() { #[allow(non_snake_case)] fn _doctest_main_src_modules_response_rs_141_0() {
[INFO] [stdout]    |                                      ------------------------------------------------ this function should return `Result` or `Option` to accept `?`
[INFO] [stdout] ...
[INFO] [stdout] 14 |   RedisValue::Array(vec!["a".into(), 1.into(), "b".into(), 2.into()]).convert()?;
[INFO] [stdout]    |                                                                                ^ cannot use the `?` operator in a function that returns `()`
[INFO] [stdout]    |
[INFO] [stdout]    = help: the trait `FromResidual<Result<Infallible, RedisError>>` is not implemented for `()`
[INFO] [stdout] help: consider adding return type
[INFO] [stdout]    |
[INFO] [stdout] 4  ~ fn main() { #[allow(non_snake_case)] fn _doctest_main_src_modules_response_rs_141_0() -> Result<(), Box<dyn std::error::Error>> {
[INFO] [stdout] 5  | use fred::types::RedisValue;
[INFO] [stdout] ...
[INFO] [stdout] 18 | // ...
[INFO] [stdout] 19 +     Ok(())
[INFO] [stdout]    |
[INFO] [stdout] 
[INFO] [stdout] error[E0277]: the `?` operator can only be used in a function that returns `Result` or `Option` (or another type that implements `FromResidual`)
[INFO] [stdout]   --> src/modules/response.rs:153:81
[INFO] [stdout]    |
[INFO] [stdout] 4  | fn main() { #[allow(non_snake_case)] fn _doctest_main_src_modules_response_rs_141_0() {
[INFO] [stdout]    |                                      ------------------------------------------------ this function should return `Result` or `Option` to accept `?`
[INFO] [stdout] ...
[INFO] [stdout] 15 | let foo: (String, i64) = RedisValue::Array(vec!["a".into(), 1.into()]).convert()?;
[INFO] [stdout]    |                                                                                 ^ cannot use the `?` operator in a function that returns `()`
[INFO] [stdout]    |
[INFO] [stdout]    = help: the trait `FromResidual<Result<Infallible, RedisError>>` is not implemented for `()`
[INFO] [stdout] help: consider adding return type
[INFO] [stdout]    |
[INFO] [stdout] 4  ~ fn main() { #[allow(non_snake_case)] fn _doctest_main_src_modules_response_rs_141_0() -> Result<(), Box<dyn std::error::Error>> {
[INFO] [stdout] 5  | use fred::types::RedisValue;
[INFO] [stdout] ...
[INFO] [stdout] 18 | // ...
[INFO] [stdout] 19 +     Ok(())
[INFO] [stdout]    |
[INFO] [stdout] 
[INFO] [stdout] error[E0277]: the `?` operator can only be used in a function that returns `Result` or `Option` (or another type that implements `FromResidual`)
[INFO] [stdout]   --> src/modules/response.rs:155:80
[INFO] [stdout]    |
[INFO] [stdout] 4  | fn main() { #[allow(non_snake_case)] fn _doctest_main_src_modules_response_rs_141_0() {
[INFO] [stdout]    |                                      ------------------------------------------------ this function should return `Result` or `Option` to accept `?`
[INFO] [stdout] ...
[INFO] [stdout] 17 |   RedisValue::Array(vec!["a".into(), 1.into(), "b".into(), 2.into()]).convert()?;
[INFO] [stdout]    |                                                                                ^ cannot use the `?` operator in a function that returns `()`
[INFO] [stdout]    |
[INFO] [stdout]    = help: the trait `FromResidual<Result<Infallible, RedisError>>` is not implemented for `()`
[INFO] [stdout] help: consider adding return type
[INFO] [stdout]    |
[INFO] [stdout] 4  ~ fn main() { #[allow(non_snake_case)] fn _doctest_main_src_modules_response_rs_141_0() -> Result<(), Box<dyn std::error::Error>> {
[INFO] [stdout] 5  | use fred::types::RedisValue;
[INFO] [stdout] ...
[INFO] [stdout] 18 | // ...
[INFO] [stdout] 19 +     Ok(())
[INFO] [stdout]    |
[INFO] [stdout] 
[INFO] [stdout] error: aborting due to 9 previous errors
[INFO] [stdout] 
[INFO] [stdout] For more information about this error, try `rustc --explain E0277`.
[INFO] [stdout] Couldn't compile the test.
[INFO] [stdout] ---- src/modules/response.rs - modules::response::FromRedis (line 166) stdout ----
[INFO] [stdout] error[E0277]: the `?` operator can only be used in a function that returns `Result` or `Option` (or another type that implements `FromResidual`)
[INFO] [stdout]  --> src/modules/response.rs:169:52
[INFO] [stdout]   |
[INFO] [stdout] 4 | fn main() { #[allow(non_snake_case)] fn _doctest_main_src_modules_response_rs_166_0() {
[INFO] [stdout]   |                                      ------------------------------------------------ this function should return `Result` or `Option` to accept `?`
[INFO] [stdout] 5 | use fred::types::RedisValue;
[INFO] [stdout] 6 | let _: String = RedisValue::Array(vec![]).convert()?; // error
[INFO] [stdout]   |                                                    ^ cannot use the `?` operator in a function that returns `()`
[INFO] [stdout]   |
[INFO] [stdout]   = help: the trait `FromResidual<Result<Infallible, RedisError>>` is not implemented for `()`
[INFO] [stdout] help: consider adding return type
[INFO] [stdout]   |
[INFO] [stdout] 4 ~ fn main() { #[allow(non_snake_case)] fn _doctest_main_src_modules_response_rs_166_0() -> Result<(), Box<dyn std::error::Error>> {
[INFO] [stdout] 5 | use fred::types::RedisValue;
[INFO] [stdout] ...
[INFO] [stdout] 11| let _: Option<String> = RedisValue::Array(vec!["a".into(), "b".into()]).convert()?; // error
[INFO] [stdout] 12+     Ok(())
[INFO] [stdout]   |
[INFO] [stdout] 
[INFO] [stdout] error[E0277]: the `?` operator can only be used in a function that returns `Result` or `Option` (or another type that implements `FromResidual`)
[INFO] [stdout]  --> src/modules/response.rs:170:62
[INFO] [stdout]   |
[INFO] [stdout] 4 | fn main() { #[allow(non_snake_case)] fn _doctest_main_src_modules_response_rs_166_0() {
[INFO] [stdout]   |                                      ------------------------------------------------ this function should return `Result` or `Option` to accept `?`
[INFO] [stdout] ...
[INFO] [stdout] 7 | let _: String = RedisValue::Array(vec!["a".into()]).convert()?; // "a"
[INFO] [stdout]   |                                                              ^ cannot use the `?` operator in a function that returns `()`
[INFO] [stdout]   |
[INFO] [stdout]   = help: the trait `FromResidual<Result<Infallible, RedisError>>` is not implemented for `()`
[INFO] [stdout] help: consider adding return type
[INFO] [stdout]   |
[INFO] [stdout] 4 ~ fn main() { #[allow(non_snake_case)] fn _doctest_main_src_modules_response_rs_166_0() -> Result<(), Box<dyn std::error::Error>> {
[INFO] [stdout] 5 | use fred::types::RedisValue;
[INFO] [stdout] ...
[INFO] [stdout] 11| let _: Option<String> = RedisValue::Array(vec!["a".into(), "b".into()]).convert()?; // error
[INFO] [stdout] 12+     Ok(())
[INFO] [stdout]   |
[INFO] [stdout] 
[INFO] [stdout] error[E0277]: the `?` operator can only be used in a function that returns `Result` or `Option` (or another type that implements `FromResidual`)
[INFO] [stdout]  --> src/modules/response.rs:171:74
[INFO] [stdout]   |
[INFO] [stdout] 4 | fn main() { #[allow(non_snake_case)] fn _doctest_main_src_modules_response_rs_166_0() {
[INFO] [stdout]   |                                      ------------------------------------------------ this function should return `Result` or `Option` to accept `?`
[INFO] [stdout] ...
[INFO] [stdout] 8 | let _: String = RedisValue::Array(vec!["a".into(), "b".into()]).convert()?; // error
[INFO] [stdout]   |                                                                          ^ cannot use the `?` operator in a function that returns `()`
[INFO] [stdout]   |
[INFO] [stdout]   = help: the trait `FromResidual<Result<Infallible, RedisError>>` is not implemented for `()`
[INFO] [stdout] help: consider adding return type
[INFO] [stdout]   |
[INFO] [stdout] 4 ~ fn main() { #[allow(non_snake_case)] fn _doctest_main_src_modules_response_rs_166_0() -> Result<(), Box<dyn std::error::Error>> {
[INFO] [stdout] 5 | use fred::types::RedisValue;
[INFO] [stdout] ...
[INFO] [stdout] 11| let _: Option<String> = RedisValue::Array(vec!["a".into(), "b".into()]).convert()?; // error
[INFO] [stdout] 12+     Ok(())
[INFO] [stdout]   |
[INFO] [stdout] 
[INFO] [stdout] error[E0277]: the `?` operator can only be used in a function that returns `Result` or `Option` (or another type that implements `FromResidual`)
[INFO] [stdout]  --> src/modules/response.rs:172:60
[INFO] [stdout]   |
[INFO] [stdout] 4 | fn main() { #[allow(non_snake_case)] fn _doctest_main_src_modules_response_rs_166_0() {
[INFO] [stdout]   |                                      ------------------------------------------------ this function should return `Result` or `Option` to accept `?`
[INFO] [stdout] ...
[INFO] [stdout] 9 | let _: Option<String> = RedisValue::Array(vec![]).convert()?; // None
[INFO] [stdout]   |                                                            ^ cannot use the `?` operator in a function that returns `()`
[INFO] [stdout]   |
[INFO] [stdout]   = help: the trait `FromResidual<Result<Infallible, RedisError>>` is not implemented for `()`
[INFO] [stdout] help: consider adding return type
[INFO] [stdout]   |
[INFO] [stdout] 4 ~ fn main() { #[allow(non_snake_case)] fn _doctest_main_src_modules_response_rs_166_0() -> Result<(), Box<dyn std::error::Error>> {
[INFO] [stdout] 5 | use fred::types::RedisValue;
[INFO] [stdout] ...
[INFO] [stdout] 11| let _: Option<String> = RedisValue::Array(vec!["a".into(), "b".into()]).convert()?; // error
[INFO] [stdout] 12+     Ok(())
[INFO] [stdout]   |
[INFO] [stdout] 
[INFO] [stdout] error[E0277]: the `?` operator can only be used in a function that returns `Result` or `Option` (or another type that implements `FromResidual`)
[INFO] [stdout]   --> src/modules/response.rs:173:70
[INFO] [stdout]    |
[INFO] [stdout] 4  | fn main() { #[allow(non_snake_case)] fn _doctest_main_src_modules_response_rs_166_0() {
[INFO] [stdout]    |                                      ------------------------------------------------ this function should return `Result` or `Option` to accept `?`
[INFO] [stdout] ...
[INFO] [stdout] 10 | let _: Option<String> = RedisValue::Array(vec!["a".into()]).convert()?; // Some("a")
[INFO] [stdout]    |                                                                      ^ cannot use the `?` operator in a function that returns `()`
[INFO] [stdout]    |
[INFO] [stdout]    = help: the trait `FromResidual<Result<Infallible, RedisError>>` is not implemented for `()`
[INFO] [stdout] help: consider adding return type
[INFO] [stdout]    |
[INFO] [stdout] 4  ~ fn main() { #[allow(non_snake_case)] fn _doctest_main_src_modules_response_rs_166_0() -> Result<(), Box<dyn std::error::Error>> {
[INFO] [stdout] 5  | use fred::types::RedisValue;
[INFO] [stdout] ...
[INFO] [stdout] 11 | let _: Option<String> = RedisValue::Array(vec!["a".into(), "b".into()]).convert()?; // error
[INFO] [stdout] 12 +     Ok(())
[INFO] [stdout]    |
[INFO] [stdout] 
[INFO] [stdout] error[E0277]: the `?` operator can only be used in a function that returns `Result` or `Option` (or another type that implements `FromResidual`)
[INFO] [stdout]   --> src/modules/response.rs:174:82
[INFO] [stdout]    |
[INFO] [stdout] 4  | fn main() { #[allow(non_snake_case)] fn _doctest_main_src_modules_response_rs_166_0() {
[INFO] [stdout]    |                                      ------------------------------------------------ this function should return `Result` or `Option` to accept `?`
[INFO] [stdout] ...
[INFO] [stdout] 11 | let _: Option<String> = RedisValue::Array(vec!["a".into(), "b".into()]).convert()?; // error
[INFO] [stdout]    |                                                                                  ^ cannot use the `?` operator in a function that returns `()`
[INFO] [stdout]    |
[INFO] [stdout]    = help: the trait `FromResidual<Result<Infallible, RedisError>>` is not implemented for `()`
[INFO] [stdout] help: consider adding return type
[INFO] [stdout]    |
[INFO] [stdout] 4  ~ fn main() { #[allow(non_snake_case)] fn _doctest_main_src_modules_response_rs_166_0() -> Result<(), Box<dyn std::error::Error>> {
[INFO] [stdout] 5  | use fred::types::RedisValue;
[INFO] [stdout] ...
[INFO] [stdout] 11 | let _: Option<String> = RedisValue::Array(vec!["a".into(), "b".into()]).convert()?; // error
[INFO] [stdout] 12 +     Ok(())
[INFO] [stdout]    |
[INFO] [stdout] 
[INFO] [stdout] error: aborting due to 6 previous errors
[INFO] [stdout] 
[INFO] [stdout] For more information about this error, try `rustc --explain E0277`.
[INFO] [stdout] Couldn't compile the test.
[INFO] [stdout] ---- src/types/builder.rs - types::builder::Builder (line 17) stdout ----
[INFO] [stdout] error[E0599]: no method named `build_subscriber_client` found for struct `fred::types::Builder` in the current scope
[INFO] [stdout]   --> src/types/builder.rs:52:28
[INFO] [stdout]    |
[INFO] [stdout] 38 |   let subscriber = builder.build_subscriber_client()?;
[INFO] [stdout]    |                            ^^^^^^^^^^^^^^^^^^^^^^^ method not found in `Builder`
[INFO] [stdout] 
[INFO] [stdout] error: aborting due to 1 previous error
[INFO] [stdout] 
[INFO] [stdout] For more information about this error, try `rustc --explain E0599`.
[INFO] [stdout] Couldn't compile the test.
[INFO] [stdout] ---- src/_tokio.rs - _tokio::ClientLike::init (line 251) stdout ----
[INFO] [stdout] Test executable failed (exit status: 1).
[INFO] [stdout] 
[INFO] [stdout] stderr:
[INFO] [stdout] Error: Redis Error - kind: IO, details: Os { code: 111, kind: ConnectionRefused, message: "Connection refused" }
[INFO] [stdout] 
[INFO] [stdout] 
[INFO] [stdout] ---- src/clients/pool.rs - clients::pool::RedisPool::init (line 259) stdout ----
[INFO] [stdout] Test executable failed (exit status: 1).
[INFO] [stdout] 
[INFO] [stdout] stderr:
[INFO] [stdout] Error: Redis Error - kind: IO, details: Os { code: 111, kind: ConnectionRefused, message: "Connection refused" }
[INFO] [stdout] 
[INFO] [stdout] 
[INFO] [stdout] ---- src/../README.md - (line 14) stdout ----
[INFO] [stdout] warning: this function depends on never type fallback being `()`
[INFO] [stdout]   --> src/../README.md:19:7
[INFO] [stdout]    |
[INFO] [stdout] 7  | async fn main() -> Result<(), RedisError> {
[INFO] [stdout]    |       ^^^^^^^^^^^^^^^^^^^^^^^^^^^^^^^^^^^
[INFO] [stdout]    |
[INFO] [stdout]    = warning: this was previously accepted by the compiler but is being phased out; it will become a hard error in a future release!
[INFO] [stdout]    = note: for more information, see issue #123748 <https://github.com/rust-lang/rust/issues/123748>
[INFO] [stdout]    = help: specify the types explicitly
[INFO] [stdout] note: in edition 2024, the requirement `!: FromRedis` will fail
[INFO] [stdout]   --> src/../README.md:27:10
[INFO] [stdout]    |
[INFO] [stdout] 15 |   client.set("foo", "bar", None, None, false).await?;
[INFO] [stdout]    |          ^^^
[INFO] [stdout]    = note: `#[warn(dependency_on_unit_never_type_fallback)]` on by default
[INFO] [stdout] 
[INFO] [stdout] warning: 1 warning emitted
[INFO] [stdout] 
[INFO] [stdout] Test executable failed (exit status: 1).
[INFO] [stdout] 
[INFO] [stdout] stderr:
[INFO] [stdout] Error: Redis Error - kind: IO, details: Os { code: 111, kind: ConnectionRefused, message: "Connection refused" }
[INFO] [stdout] 
[INFO] [stdout] 
[INFO] [stdout] ---- src/clients/pool.rs - clients::pool::ExclusivePool::init (line 587) stdout ----
[INFO] [stdout] Test executable failed (exit status: 1).
[INFO] [stdout] 
[INFO] [stdout] stderr:
[INFO] [stdout] Error: Redis Error - kind: IO, details: Os { code: 111, kind: ConnectionRefused, message: "Connection refused" }
[INFO] [stdout] 
[INFO] [stdout] 
[INFO] [stdout] 
[INFO] [stdout] failures:
[INFO] [stdout]     src/../README.md - (line 14)
[INFO] [stdout]     src/_tokio.rs - _tokio::ClientLike::init (line 251)
[INFO] [stdout]     src/clients/pool.rs - clients::pool::ExclusivePool (line 416)
[INFO] [stdout]     src/clients/pool.rs - clients::pool::ExclusivePool::init (line 587)
[INFO] [stdout]     src/clients/pool.rs - clients::pool::RedisPool::init (line 259)
[INFO] [stdout]     src/clients/redis.rs - clients::redis::RedisClient::with_cluster_node (line 287)
[INFO] [stdout]     src/modules/response.rs - modules::response::FromRedis (line 141)
[INFO] [stdout]     src/modules/response.rs - modules::response::FromRedis (line 166)
[INFO] [stdout]     src/types/builder.rs - types::builder::Builder (line 17)
[INFO] [stdout] 
[INFO] [stdout] test result: FAILED. 10 passed; 9 failed; 0 ignored; 0 measured; 0 filtered out; finished in 4.24s
[INFO] [stdout] 
[INFO] [stderr] error: doctest failed, to rerun pass `--doc`
[INFO] running `Command { std: "docker" "inspect" "db886b60a77a5139031b4b43fdb4488d3b198904d2d27c0e72f609eb12fcccf1", kill_on_drop: false }`
[INFO] running `Command { std: "docker" "rm" "-f" "db886b60a77a5139031b4b43fdb4488d3b198904d2d27c0e72f609eb12fcccf1", kill_on_drop: false }`
[INFO] [stdout] db886b60a77a5139031b4b43fdb4488d3b198904d2d27c0e72f609eb12fcccf1
