[INFO] fetching crate franz-client 0.6.2...
[INFO] testing franz-client-0.6.2 against nightly-2024-10-28 for randomize-layout
[INFO] extracting crate franz-client 0.6.2 into /workspace/builds/worker-1-tc1/source
[INFO] validating manifest of crates.io crate franz-client 0.6.2 on toolchain nightly-2024-10-28
[INFO] running `Command { std: CARGO_HOME="/workspace/cargo-home" RUSTUP_HOME="/workspace/rustup-home" "/workspace/cargo-home/bin/cargo" "+nightly-2024-10-28" "metadata" "--manifest-path" "Cargo.toml" "--no-deps", kill_on_drop: false }`
[INFO] started tweaking crates.io crate franz-client 0.6.2
[INFO] finished tweaking crates.io crate franz-client 0.6.2
[INFO] tweaked toml for crates.io crate franz-client 0.6.2 written to /workspace/builds/worker-1-tc1/source/Cargo.toml
[INFO] running `Command { std: CARGO_HOME="/workspace/cargo-home" RUSTUP_HOME="/workspace/rustup-home" "/workspace/cargo-home/bin/cargo" "+nightly-2024-10-28" "generate-lockfile" "--manifest-path" "Cargo.toml", kill_on_drop: false }`
[INFO] [stderr]     Updating crates.io index
[INFO] [stderr]      Locking 51 packages to latest compatible versions
[INFO] running `Command { std: CARGO_HOME="/workspace/cargo-home" RUSTUP_HOME="/workspace/rustup-home" "/workspace/cargo-home/bin/cargo" "+nightly-2024-10-28" "fetch" "--manifest-path" "Cargo.toml", kill_on_drop: false }`
[INFO] running `Command { std: "docker" "create" "-v" "/var/lib/crater-agent-workspace/builds/worker-1-tc1/target:/opt/rustwide/target:rw,Z" "-v" "/var/lib/crater-agent-workspace/builds/worker-1-tc1/source:/opt/rustwide/workdir:ro,Z" "-v" "/var/lib/crater-agent-workspace/cargo-home:/opt/rustwide/cargo-home:ro,Z" "-v" "/var/lib/crater-agent-workspace/rustup-home:/opt/rustwide/rustup-home:ro,Z" "-e" "SOURCE_DIR=/opt/rustwide/workdir" "-e" "CARGO_TARGET_DIR=/opt/rustwide/target" "-e" "CARGO_HOME=/opt/rustwide/cargo-home" "-e" "RUSTUP_HOME=/opt/rustwide/rustup-home" "-w" "/opt/rustwide/workdir" "-m" "1610612736" "--user" "0:0" "--network" "none" "ghcr.io/rust-lang/crates-build-env/linux@sha256:4a844ea9eb2546a2d2c7022eacef16ef2e8229c7fbb2c7d4d55a9ceca922f72d" "/opt/rustwide/cargo-home/bin/cargo" "+nightly-2024-10-28" "metadata" "--no-deps" "--format-version=1", kill_on_drop: false }`
[INFO] [stdout] eca51556c761f8129fbd14fea993720c85dc585412bc5a01f2c8a8dadd6446ca
[INFO] running `Command { std: "docker" "start" "-a" "eca51556c761f8129fbd14fea993720c85dc585412bc5a01f2c8a8dadd6446ca", kill_on_drop: false }`
[INFO] running `Command { std: "docker" "inspect" "eca51556c761f8129fbd14fea993720c85dc585412bc5a01f2c8a8dadd6446ca", kill_on_drop: false }`
[INFO] running `Command { std: "docker" "rm" "-f" "eca51556c761f8129fbd14fea993720c85dc585412bc5a01f2c8a8dadd6446ca", kill_on_drop: false }`
[INFO] [stdout] eca51556c761f8129fbd14fea993720c85dc585412bc5a01f2c8a8dadd6446ca
[INFO] running `Command { std: "docker" "create" "-v" "/var/lib/crater-agent-workspace/builds/worker-1-tc1/target:/opt/rustwide/target:rw,Z" "-v" "/var/lib/crater-agent-workspace/builds/worker-1-tc1/source:/opt/rustwide/workdir:ro,Z" "-v" "/var/lib/crater-agent-workspace/cargo-home:/opt/rustwide/cargo-home:ro,Z" "-v" "/var/lib/crater-agent-workspace/rustup-home:/opt/rustwide/rustup-home:ro,Z" "-e" "SOURCE_DIR=/opt/rustwide/workdir" "-e" "CARGO_TARGET_DIR=/opt/rustwide/target" "-e" "CARGO_INCREMENTAL=0" "-e" "RUST_BACKTRACE=full" "-e" "RUSTFLAGS=--cap-lints=forbid" "-e" "RUSTDOCFLAGS=--cap-lints=forbid" "-e" "CARGO_HOME=/opt/rustwide/cargo-home" "-e" "RUSTUP_HOME=/opt/rustwide/rustup-home" "-w" "/opt/rustwide/workdir" "-m" "1610612736" "--user" "0:0" "--network" "none" "ghcr.io/rust-lang/crates-build-env/linux@sha256:4a844ea9eb2546a2d2c7022eacef16ef2e8229c7fbb2c7d4d55a9ceca922f72d" "/opt/rustwide/cargo-home/bin/cargo" "+nightly-2024-10-28" "build" "--frozen" "--message-format=json", kill_on_drop: false }`
[INFO] [stdout] 007d05933584e43f3547ab533d50df5841a7c868d12d16575755220a2e85e385
[INFO] running `Command { std: "docker" "start" "-a" "007d05933584e43f3547ab533d50df5841a7c868d12d16575755220a2e85e385", kill_on_drop: false }`
[INFO] [stderr]    Compiling autocfg v1.4.0
[INFO] [stderr]    Compiling futures-sink v0.3.31
[INFO] [stderr]    Compiling futures-core v0.3.31
[INFO] [stderr]    Compiling pin-project-lite v0.2.15
[INFO] [stderr]    Compiling rustversion v1.0.18
[INFO] [stderr]    Compiling libc v0.2.161
[INFO] [stderr]    Compiling memchr v2.7.4
[INFO] [stderr]    Compiling syn v2.0.86
[INFO] [stderr]    Compiling futures-io v0.3.31
[INFO] [stderr]    Compiling futures-channel v0.3.31
[INFO] [stderr]    Compiling futures-task v0.3.31
[INFO] [stderr]    Compiling heck v0.5.0
[INFO] [stderr]    Compiling thiserror v1.0.66
[INFO] [stderr]    Compiling bytes v1.8.0
[INFO] [stderr]    Compiling slab v0.4.9
[INFO] [stderr]    Compiling mio v1.0.2
[INFO] [stderr]    Compiling socket2 v0.5.7
[INFO] [stderr]    Compiling futures-macro v0.3.31
[INFO] [stderr]    Compiling tokio-macros v2.4.0
[INFO] [stderr]    Compiling strum_macros v0.26.4
[INFO] [stderr]    Compiling thiserror-impl v1.0.66
[INFO] [stderr]    Compiling tokio v1.41.0
[INFO] [stderr]    Compiling futures-util v0.3.31
[INFO] [stderr]    Compiling strum v0.26.3
[INFO] [stderr]    Compiling tokio-util v0.7.12
[INFO] [stderr]    Compiling futures-executor v0.3.31
[INFO] [stderr]    Compiling futures v0.3.31
[INFO] [stderr]    Compiling franz-client v0.6.2 (/opt/rustwide/workdir)
[INFO] [stdout] warning: unused import: `AddrParseError`
[INFO] [stdout]  --> src/lib.rs:5:11
[INFO] [stdout]   |
[INFO] [stdout] 5 |     net::{AddrParseError, TcpStream, ToSocketAddrs},
[INFO] [stdout]   |           ^^^^^^^^^^^^^^
[INFO] [stdout]   |
[INFO] [stdout]   = note: `#[warn(unused_imports)]` on by default
[INFO] [stdout] 
[INFO] [stdout] 
[INFO] [stderr]     Finished `dev` profile [unoptimized + debuginfo] target(s) in 6.38s
[INFO] running `Command { std: "docker" "inspect" "007d05933584e43f3547ab533d50df5841a7c868d12d16575755220a2e85e385", kill_on_drop: false }`
[INFO] running `Command { std: "docker" "rm" "-f" "007d05933584e43f3547ab533d50df5841a7c868d12d16575755220a2e85e385", kill_on_drop: false }`
[INFO] [stdout] 007d05933584e43f3547ab533d50df5841a7c868d12d16575755220a2e85e385
[INFO] running `Command { std: "docker" "create" "-v" "/var/lib/crater-agent-workspace/builds/worker-1-tc1/target:/opt/rustwide/target:rw,Z" "-v" "/var/lib/crater-agent-workspace/builds/worker-1-tc1/source:/opt/rustwide/workdir:ro,Z" "-v" "/var/lib/crater-agent-workspace/cargo-home:/opt/rustwide/cargo-home:ro,Z" "-v" "/var/lib/crater-agent-workspace/rustup-home:/opt/rustwide/rustup-home:ro,Z" "-e" "SOURCE_DIR=/opt/rustwide/workdir" "-e" "CARGO_TARGET_DIR=/opt/rustwide/target" "-e" "CARGO_INCREMENTAL=0" "-e" "RUST_BACKTRACE=full" "-e" "RUSTFLAGS=--cap-lints=forbid" "-e" "RUSTDOCFLAGS=--cap-lints=forbid" "-e" "CARGO_HOME=/opt/rustwide/cargo-home" "-e" "RUSTUP_HOME=/opt/rustwide/rustup-home" "-w" "/opt/rustwide/workdir" "-m" "1610612736" "--user" "0:0" "--network" "none" "ghcr.io/rust-lang/crates-build-env/linux@sha256:4a844ea9eb2546a2d2c7022eacef16ef2e8229c7fbb2c7d4d55a9ceca922f72d" "/opt/rustwide/cargo-home/bin/cargo" "+nightly-2024-10-28" "test" "--frozen" "--no-run" "--message-format=json", kill_on_drop: false }`
[INFO] [stdout] f25826fa109e34b7b43d51d57671d5b23e0c6ff98203fbcc409c2b602129b9a9
[INFO] running `Command { std: "docker" "start" "-a" "f25826fa109e34b7b43d51d57671d5b23e0c6ff98203fbcc409c2b602129b9a9", kill_on_drop: false }`
[INFO] [stderr]    Compiling franz-client v0.6.2 (/opt/rustwide/workdir)
[INFO] [stdout] warning: unused import: `AddrParseError`
[INFO] [stdout]  --> src/lib.rs:5:11
[INFO] [stdout]   |
[INFO] [stdout] 5 |     net::{AddrParseError, TcpStream, ToSocketAddrs},
[INFO] [stdout]   |           ^^^^^^^^^^^^^^
[INFO] [stdout]   |
[INFO] [stdout]   = note: `#[warn(unused_imports)]` on by default
[INFO] [stdout] 
[INFO] [stdout] 
[INFO] [stdout] warning: unused import: `AddrParseError`
[INFO] [stdout]  --> src/lib.rs:5:11
[INFO] [stdout]   |
[INFO] [stdout] 5 |     net::{AddrParseError, TcpStream, ToSocketAddrs},
[INFO] [stdout]   |           ^^^^^^^^^^^^^^
[INFO] [stdout]   |
[INFO] [stdout]   = note: `#[warn(unused_imports)]` on by default
[INFO] [stdout] 
[INFO] [stdout] 
[INFO] [stderr]     Finished `test` profile [unoptimized + debuginfo] target(s) in 0.14s
[INFO] running `Command { std: "docker" "inspect" "f25826fa109e34b7b43d51d57671d5b23e0c6ff98203fbcc409c2b602129b9a9", kill_on_drop: false }`
[INFO] running `Command { std: "docker" "rm" "-f" "f25826fa109e34b7b43d51d57671d5b23e0c6ff98203fbcc409c2b602129b9a9", kill_on_drop: false }`
[INFO] [stdout] f25826fa109e34b7b43d51d57671d5b23e0c6ff98203fbcc409c2b602129b9a9
[INFO] running `Command { std: "docker" "create" "-v" "/var/lib/crater-agent-workspace/builds/worker-1-tc1/target:/opt/rustwide/target:rw,Z" "-v" "/var/lib/crater-agent-workspace/builds/worker-1-tc1/source:/opt/rustwide/workdir:ro,Z" "-v" "/var/lib/crater-agent-workspace/cargo-home:/opt/rustwide/cargo-home:ro,Z" "-v" "/var/lib/crater-agent-workspace/rustup-home:/opt/rustwide/rustup-home:ro,Z" "-e" "SOURCE_DIR=/opt/rustwide/workdir" "-e" "CARGO_TARGET_DIR=/opt/rustwide/target" "-e" "CARGO_INCREMENTAL=0" "-e" "RUST_BACKTRACE=full" "-e" "RUSTFLAGS=--cap-lints=forbid" "-e" "RUSTDOCFLAGS=--cap-lints=forbid" "-e" "CARGO_HOME=/opt/rustwide/cargo-home" "-e" "RUSTUP_HOME=/opt/rustwide/rustup-home" "-w" "/opt/rustwide/workdir" "-m" "1610612736" "--user" "0:0" "--network" "none" "ghcr.io/rust-lang/crates-build-env/linux@sha256:4a844ea9eb2546a2d2c7022eacef16ef2e8229c7fbb2c7d4d55a9ceca922f72d" "/opt/rustwide/cargo-home/bin/cargo" "+nightly-2024-10-28" "test" "--frozen", kill_on_drop: false }`
[INFO] [stdout] 7c43491c82e6ba4fba8697de0f86c6fd38c2d7d75ca23736cd0d18f05d685d12
[INFO] running `Command { std: "docker" "start" "-a" "7c43491c82e6ba4fba8697de0f86c6fd38c2d7d75ca23736cd0d18f05d685d12", kill_on_drop: false }`
[INFO] [stderr] warning: unused import: `AddrParseError`
[INFO] [stderr]  --> src/lib.rs:5:11
[INFO] [stderr]   |
[INFO] [stderr] 5 |     net::{AddrParseError, TcpStream, ToSocketAddrs},
[INFO] [stderr]   |           ^^^^^^^^^^^^^^
[INFO] [stderr]   |
[INFO] [stderr]   = note: `#[warn(unused_imports)]` on by default
[INFO] [stderr] 
[INFO] [stderr] warning: `franz-client` (lib) generated 1 warning (run `cargo fix --lib -p franz-client` to apply 1 suggestion)
[INFO] [stderr] warning: `franz-client` (lib test) generated 1 warning (1 duplicate)
[INFO] [stderr]     Finished `test` profile [unoptimized + debuginfo] target(s) in 0.02s
[INFO] [stderr]      Running unittests src/lib.rs (/opt/rustwide/target/debug/deps/franz_client-cfa39c85edf1701e)
[INFO] [stdout] 
[INFO] [stdout] running 0 tests
[INFO] [stdout] 
[INFO] [stdout] test result: ok. 0 passed; 0 failed; 0 ignored; 0 measured; 0 filtered out; finished in 0.00s
[INFO] [stdout] 
[INFO] [stderr]    Doc-tests franz_client
[INFO] [stdout] 
[INFO] [stdout] running 3 tests
[INFO] [stdout] test src/lib.rs - Consumer (line 89) ... FAILED
[INFO] [stdout] test src/lib.rs - Producer (line 23) ... FAILED
[INFO] [stdout] test src/../README.md - (line 9) ... FAILED
[INFO] [stdout] 
[INFO] [stdout] failures:
[INFO] [stdout] 
[INFO] [stdout] ---- src/lib.rs - Consumer (line 89) stdout ----
[INFO] [stdout] error[E0432]: unresolved import `franz_client::FranzConsumer`
[INFO] [stdout]  --> src/lib.rs:91:39
[INFO] [stdout]   |
[INFO] [stdout] 4 | use franz_client::{ FranzClientError, FranzConsumer };
[INFO] [stdout]   |                                       ^^^^^^^^^^^^^ no `FranzConsumer` in the root
[INFO] [stdout] 
[INFO] [stdout] error: aborting due to 1 previous error
[INFO] [stdout] 
[INFO] [stdout] For more information about this error, try `rustc --explain E0432`.
[INFO] [stdout] Couldn't compile the test.
[INFO] [stdout] ---- src/lib.rs - Producer (line 23) stdout ----
[INFO] [stdout] error[E0432]: unresolved import `franz_client::FranzProducer`
[INFO] [stdout]  --> src/lib.rs:25:39
[INFO] [stdout]   |
[INFO] [stdout] 4 | use franz_client::{ FranzClientError, FranzProducer };
[INFO] [stdout]   |                                       ^^^^^^^^^^^^^ no `FranzProducer` in the root
[INFO] [stdout] 
[INFO] [stdout] error: aborting due to 1 previous error
[INFO] [stdout] 
[INFO] [stdout] For more information about this error, try `rustc --explain E0432`.
[INFO] [stdout] Couldn't compile the test.
[INFO] [stdout] ---- src/../README.md - (line 9) stdout ----
[INFO] [stdout] error[E0432]: unresolved imports `franz_client::FranzConsumer`, `franz_client::FranzProducer`
[INFO] [stdout]  --> src/../README.md:11:39
[INFO] [stdout]   |
[INFO] [stdout] 4 | use franz_client::{ FranzClientError, FranzConsumer, FranzProducer };
[INFO] [stdout]   |                                       ^^^^^^^^^^^^^  ^^^^^^^^^^^^^ no `FranzProducer` in the root
[INFO] [stdout]   |                                       |
[INFO] [stdout]   |                                       no `FranzConsumer` in the root
[INFO] [stdout] 
[INFO] [stdout] error: aborting due to 1 previous error
[INFO] [stdout] 
[INFO] [stdout] For more information about this error, try `rustc --explain E0432`.
[INFO] [stdout] Couldn't compile the test.
[INFO] [stdout] 
[INFO] [stdout] failures:
[INFO] [stdout]     src/../README.md - (line 9)
[INFO] [stdout]     src/lib.rs - Consumer (line 89)
[INFO] [stdout]     src/lib.rs - Producer (line 23)
[INFO] [stdout] 
[INFO] [stdout] test result: FAILED. 0 passed; 3 failed; 0 ignored; 0 measured; 0 filtered out; finished in 0.06s
[INFO] [stdout] 
[INFO] [stderr] error: doctest failed, to rerun pass `--doc`
[INFO] running `Command { std: "docker" "inspect" "7c43491c82e6ba4fba8697de0f86c6fd38c2d7d75ca23736cd0d18f05d685d12", kill_on_drop: false }`
[INFO] running `Command { std: "docker" "rm" "-f" "7c43491c82e6ba4fba8697de0f86c6fd38c2d7d75ca23736cd0d18f05d685d12", kill_on_drop: false }`
[INFO] [stdout] 7c43491c82e6ba4fba8697de0f86c6fd38c2d7d75ca23736cd0d18f05d685d12
