[INFO] fetching crate four-cc-nokhwa 0.4.0...
[INFO] testing four-cc-nokhwa-0.4.0 against nightly-2024-10-28 for randomize-layout
[INFO] extracting crate four-cc-nokhwa 0.4.0 into /workspace/builds/worker-2-tc1/source
[INFO] validating manifest of crates.io crate four-cc-nokhwa 0.4.0 on toolchain nightly-2024-10-28
[INFO] running `Command { std: CARGO_HOME="/workspace/cargo-home" RUSTUP_HOME="/workspace/rustup-home" "/workspace/cargo-home/bin/cargo" "+nightly-2024-10-28" "metadata" "--manifest-path" "Cargo.toml" "--no-deps", kill_on_drop: false }`
[INFO] started tweaking crates.io crate four-cc-nokhwa 0.4.0
[INFO] finished tweaking crates.io crate four-cc-nokhwa 0.4.0
[INFO] tweaked toml for crates.io crate four-cc-nokhwa 0.4.0 written to /workspace/builds/worker-2-tc1/source/Cargo.toml
[INFO] running `Command { std: CARGO_HOME="/workspace/cargo-home" RUSTUP_HOME="/workspace/rustup-home" "/workspace/cargo-home/bin/cargo" "+nightly-2024-10-28" "generate-lockfile" "--manifest-path" "Cargo.toml", kill_on_drop: false }`
[INFO] [stderr]     Updating crates.io index
[INFO] [stderr]      Locking 18 packages to latest compatible versions
[INFO] [stderr]       Adding zerocopy v0.7.35 (available: v0.8.8)
[INFO] running `Command { std: CARGO_HOME="/workspace/cargo-home" RUSTUP_HOME="/workspace/rustup-home" "/workspace/cargo-home/bin/cargo" "+nightly-2024-10-28" "fetch" "--manifest-path" "Cargo.toml", kill_on_drop: false }`
[INFO] running `Command { std: "docker" "create" "-v" "/var/lib/crater-agent-workspace/builds/worker-2-tc1/target:/opt/rustwide/target:rw,Z" "-v" "/var/lib/crater-agent-workspace/builds/worker-2-tc1/source:/opt/rustwide/workdir:ro,Z" "-v" "/var/lib/crater-agent-workspace/cargo-home:/opt/rustwide/cargo-home:ro,Z" "-v" "/var/lib/crater-agent-workspace/rustup-home:/opt/rustwide/rustup-home:ro,Z" "-e" "SOURCE_DIR=/opt/rustwide/workdir" "-e" "CARGO_TARGET_DIR=/opt/rustwide/target" "-e" "CARGO_HOME=/opt/rustwide/cargo-home" "-e" "RUSTUP_HOME=/opt/rustwide/rustup-home" "-w" "/opt/rustwide/workdir" "-m" "1610612736" "--user" "0:0" "--network" "none" "ghcr.io/rust-lang/crates-build-env/linux@sha256:4a844ea9eb2546a2d2c7022eacef16ef2e8229c7fbb2c7d4d55a9ceca922f72d" "/opt/rustwide/cargo-home/bin/cargo" "+nightly-2024-10-28" "metadata" "--no-deps" "--format-version=1", kill_on_drop: false }`
[INFO] [stdout] f32e56df152111b4d9a10c6d190a33bddc5b50fc5baa3adec5b04a59b937c7c5
[INFO] running `Command { std: "docker" "start" "-a" "f32e56df152111b4d9a10c6d190a33bddc5b50fc5baa3adec5b04a59b937c7c5", kill_on_drop: false }`
[INFO] running `Command { std: "docker" "inspect" "f32e56df152111b4d9a10c6d190a33bddc5b50fc5baa3adec5b04a59b937c7c5", kill_on_drop: false }`
[INFO] running `Command { std: "docker" "rm" "-f" "f32e56df152111b4d9a10c6d190a33bddc5b50fc5baa3adec5b04a59b937c7c5", kill_on_drop: false }`
[INFO] [stdout] f32e56df152111b4d9a10c6d190a33bddc5b50fc5baa3adec5b04a59b937c7c5
[INFO] running `Command { std: "docker" "create" "-v" "/var/lib/crater-agent-workspace/builds/worker-2-tc1/target:/opt/rustwide/target:rw,Z" "-v" "/var/lib/crater-agent-workspace/builds/worker-2-tc1/source:/opt/rustwide/workdir:ro,Z" "-v" "/var/lib/crater-agent-workspace/cargo-home:/opt/rustwide/cargo-home:ro,Z" "-v" "/var/lib/crater-agent-workspace/rustup-home:/opt/rustwide/rustup-home:ro,Z" "-e" "SOURCE_DIR=/opt/rustwide/workdir" "-e" "CARGO_TARGET_DIR=/opt/rustwide/target" "-e" "CARGO_INCREMENTAL=0" "-e" "RUST_BACKTRACE=full" "-e" "RUSTFLAGS=--cap-lints=forbid" "-e" "RUSTDOCFLAGS=--cap-lints=forbid" "-e" "CARGO_HOME=/opt/rustwide/cargo-home" "-e" "RUSTUP_HOME=/opt/rustwide/rustup-home" "-w" "/opt/rustwide/workdir" "-m" "1610612736" "--user" "0:0" "--network" "none" "ghcr.io/rust-lang/crates-build-env/linux@sha256:4a844ea9eb2546a2d2c7022eacef16ef2e8229c7fbb2c7d4d55a9ceca922f72d" "/opt/rustwide/cargo-home/bin/cargo" "+nightly-2024-10-28" "build" "--frozen" "--message-format=json", kill_on_drop: false }`
[INFO] [stdout] 2f08abccd94a41d46f240006c32e732200308bd60413b348a8593ae87f7da65f
[INFO] running `Command { std: "docker" "start" "-a" "2f08abccd94a41d46f240006c32e732200308bd60413b348a8593ae87f7da65f", kill_on_drop: false }`
[INFO] [stderr]    Compiling four-cc-nokhwa v0.4.0 (/opt/rustwide/workdir)
[INFO] [stderr]     Finished `dev` profile [unoptimized + debuginfo] target(s) in 0.09s
[INFO] running `Command { std: "docker" "inspect" "2f08abccd94a41d46f240006c32e732200308bd60413b348a8593ae87f7da65f", kill_on_drop: false }`
[INFO] running `Command { std: "docker" "rm" "-f" "2f08abccd94a41d46f240006c32e732200308bd60413b348a8593ae87f7da65f", kill_on_drop: false }`
[INFO] [stdout] 2f08abccd94a41d46f240006c32e732200308bd60413b348a8593ae87f7da65f
[INFO] running `Command { std: "docker" "create" "-v" "/var/lib/crater-agent-workspace/builds/worker-2-tc1/target:/opt/rustwide/target:rw,Z" "-v" "/var/lib/crater-agent-workspace/builds/worker-2-tc1/source:/opt/rustwide/workdir:ro,Z" "-v" "/var/lib/crater-agent-workspace/cargo-home:/opt/rustwide/cargo-home:ro,Z" "-v" "/var/lib/crater-agent-workspace/rustup-home:/opt/rustwide/rustup-home:ro,Z" "-e" "SOURCE_DIR=/opt/rustwide/workdir" "-e" "CARGO_TARGET_DIR=/opt/rustwide/target" "-e" "CARGO_INCREMENTAL=0" "-e" "RUST_BACKTRACE=full" "-e" "RUSTFLAGS=--cap-lints=forbid" "-e" "RUSTDOCFLAGS=--cap-lints=forbid" "-e" "CARGO_HOME=/opt/rustwide/cargo-home" "-e" "RUSTUP_HOME=/opt/rustwide/rustup-home" "-w" "/opt/rustwide/workdir" "-m" "1610612736" "--user" "0:0" "--network" "none" "ghcr.io/rust-lang/crates-build-env/linux@sha256:4a844ea9eb2546a2d2c7022eacef16ef2e8229c7fbb2c7d4d55a9ceca922f72d" "/opt/rustwide/cargo-home/bin/cargo" "+nightly-2024-10-28" "test" "--frozen" "--no-run" "--message-format=json", kill_on_drop: false }`
[INFO] [stdout] 11f667580e66675e5993eb9bdc69d0342660bd9336d4f37e81968a6d98859736
[INFO] running `Command { std: "docker" "start" "-a" "11f667580e66675e5993eb9bdc69d0342660bd9336d4f37e81968a6d98859736", kill_on_drop: false }`
[INFO] [stderr]    Compiling serde v1.0.214
[INFO] [stderr]    Compiling serde_test v1.0.177
[INFO] [stderr]    Compiling four-cc-nokhwa v0.4.0 (/opt/rustwide/workdir)
[INFO] [stderr]     Finished `test` profile [unoptimized + debuginfo] target(s) in 2.39s
[INFO] running `Command { std: "docker" "inspect" "11f667580e66675e5993eb9bdc69d0342660bd9336d4f37e81968a6d98859736", kill_on_drop: false }`
[INFO] running `Command { std: "docker" "rm" "-f" "11f667580e66675e5993eb9bdc69d0342660bd9336d4f37e81968a6d98859736", kill_on_drop: false }`
[INFO] [stdout] 11f667580e66675e5993eb9bdc69d0342660bd9336d4f37e81968a6d98859736
[INFO] running `Command { std: "docker" "create" "-v" "/var/lib/crater-agent-workspace/builds/worker-2-tc1/target:/opt/rustwide/target:rw,Z" "-v" "/var/lib/crater-agent-workspace/builds/worker-2-tc1/source:/opt/rustwide/workdir:ro,Z" "-v" "/var/lib/crater-agent-workspace/cargo-home:/opt/rustwide/cargo-home:ro,Z" "-v" "/var/lib/crater-agent-workspace/rustup-home:/opt/rustwide/rustup-home:ro,Z" "-e" "SOURCE_DIR=/opt/rustwide/workdir" "-e" "CARGO_TARGET_DIR=/opt/rustwide/target" "-e" "CARGO_INCREMENTAL=0" "-e" "RUST_BACKTRACE=full" "-e" "RUSTFLAGS=--cap-lints=forbid" "-e" "RUSTDOCFLAGS=--cap-lints=forbid" "-e" "CARGO_HOME=/opt/rustwide/cargo-home" "-e" "RUSTUP_HOME=/opt/rustwide/rustup-home" "-w" "/opt/rustwide/workdir" "-m" "1610612736" "--user" "0:0" "--network" "none" "ghcr.io/rust-lang/crates-build-env/linux@sha256:4a844ea9eb2546a2d2c7022eacef16ef2e8229c7fbb2c7d4d55a9ceca922f72d" "/opt/rustwide/cargo-home/bin/cargo" "+nightly-2024-10-28" "test" "--frozen", kill_on_drop: false }`
[INFO] [stdout] 7822e142337b87817c45ff604480fee17643cce2f2d7ae48b99af806c9659b66
[INFO] running `Command { std: "docker" "start" "-a" "7822e142337b87817c45ff604480fee17643cce2f2d7ae48b99af806c9659b66", kill_on_drop: false }`
[INFO] [stderr]     Finished `test` profile [unoptimized + debuginfo] target(s) in 0.01s
[INFO] [stderr]      Running unittests src/lib.rs (/opt/rustwide/target/debug/deps/four_cc_nokhwa-fd7fff44ca307fa6)
[INFO] [stdout] 
[INFO] [stdout] running 3 tests
[INFO] [stdout] test tests::display ... ok
[INFO] [stdout] test tests::eq ... ok
[INFO] [stdout] test tests::int_conversions ... ok
[INFO] [stdout] 
[INFO] [stdout] test result: ok. 3 passed; 0 failed; 0 ignored; 0 measured; 0 filtered out; finished in 0.00s
[INFO] [stdout] 
[INFO] [stderr]    Doc-tests four_cc_nokhwa
[INFO] [stdout] 
[INFO] [stdout] running 8 tests
[INFO] [stdout] test src/lib.rs - (line 70) - compile fail ... ok
[INFO] [stdout] test src/lib.rs - (line 53) ... FAILED
[INFO] [stdout] test src/lib.rs - (line 21) ... FAILED
[INFO] [stdout] test src/lib.rs - (line 9) ... FAILED
[INFO] [stdout] test src/lib.rs - (line 90) ... FAILED
[INFO] [stdout] test src/lib.rs - (line 44) ... FAILED
[INFO] [stdout] test src/lib.rs - (line 79) ... FAILED
[INFO] [stdout] test src/lib.rs - (line 30) ... FAILED
[INFO] [stdout] 
[INFO] [stdout] failures:
[INFO] [stdout] 
[INFO] [stdout] ---- src/lib.rs - (line 53) stdout ----
[INFO] [stdout] error[E0432]: unresolved import `four_cc`
[INFO] [stdout]  --> src/lib.rs:54:5
[INFO] [stdout]   |
[INFO] [stdout] 3 | use four_cc::FourCC;
[INFO] [stdout]   |     ^^^^^^^ use of undeclared crate or module `four_cc`
[INFO] [stdout] 
[INFO] [stdout] error: aborting due to 1 previous error
[INFO] [stdout] 
[INFO] [stdout] For more information about this error, try `rustc --explain E0432`.
[INFO] [stdout] Couldn't compile the test.
[INFO] [stdout] ---- src/lib.rs - (line 21) stdout ----
[INFO] [stdout] error[E0432]: unresolved import `four_cc`
[INFO] [stdout]  --> src/lib.rs:22:5
[INFO] [stdout]   |
[INFO] [stdout] 3 | use four_cc::FourCC;
[INFO] [stdout]   |     ^^^^^^^ use of undeclared crate or module `four_cc`
[INFO] [stdout] 
[INFO] [stdout] error: aborting due to 1 previous error
[INFO] [stdout] 
[INFO] [stdout] For more information about this error, try `rustc --explain E0432`.
[INFO] [stdout] Couldn't compile the test.
[INFO] [stdout] ---- src/lib.rs - (line 9) stdout ----
[INFO] [stdout] error[E0432]: unresolved import `four_cc`
[INFO] [stdout]  --> src/lib.rs:10:5
[INFO] [stdout]   |
[INFO] [stdout] 3 | use four_cc::FourCC;
[INFO] [stdout]   |     ^^^^^^^ use of undeclared crate or module `four_cc`
[INFO] [stdout] 
[INFO] [stdout] error: aborting due to 1 previous error
[INFO] [stdout] 
[INFO] [stdout] For more information about this error, try `rustc --explain E0432`.
[INFO] [stdout] Couldn't compile the test.
[INFO] [stdout] ---- src/lib.rs - (line 90) stdout ----
[INFO] [stdout] error[E0432]: unresolved import `four_cc`
[INFO] [stdout]  --> src/lib.rs:91:5
[INFO] [stdout]   |
[INFO] [stdout] 3 | use four_cc::FourCC;
[INFO] [stdout]   |     ^^^^^^^ use of undeclared crate or module `four_cc`
[INFO] [stdout] 
[INFO] [stdout] error: aborting due to 1 previous error
[INFO] [stdout] 
[INFO] [stdout] For more information about this error, try `rustc --explain E0432`.
[INFO] [stdout] Couldn't compile the test.
[INFO] [stdout] ---- src/lib.rs - (line 44) stdout ----
[INFO] [stdout] error[E0432]: unresolved import `four_cc`
[INFO] [stdout]  --> src/lib.rs:45:5
[INFO] [stdout]   |
[INFO] [stdout] 3 | use four_cc::FourCC;
[INFO] [stdout]   |     ^^^^^^^ use of undeclared crate or module `four_cc`
[INFO] [stdout] 
[INFO] [stdout] error: aborting due to 1 previous error
[INFO] [stdout] 
[INFO] [stdout] For more information about this error, try `rustc --explain E0432`.
[INFO] [stdout] Couldn't compile the test.
[INFO] [stdout] ---- src/lib.rs - (line 79) stdout ----
[INFO] [stdout] error[E0432]: unresolved import `four_cc`
[INFO] [stdout]  --> src/lib.rs:80:5
[INFO] [stdout]   |
[INFO] [stdout] 3 | use four_cc::FourCC;
[INFO] [stdout]   |     ^^^^^^^ use of undeclared crate or module `four_cc`
[INFO] [stdout] 
[INFO] [stdout] error: aborting due to 1 previous error
[INFO] [stdout] 
[INFO] [stdout] For more information about this error, try `rustc --explain E0432`.
[INFO] [stdout] Couldn't compile the test.
[INFO] [stdout] ---- src/lib.rs - (line 30) stdout ----
[INFO] [stdout] error[E0432]: unresolved import `four_cc`
[INFO] [stdout]  --> src/lib.rs:31:5
[INFO] [stdout]   |
[INFO] [stdout] 3 | use four_cc::FourCC;
[INFO] [stdout]   |     ^^^^^^^ use of undeclared crate or module `four_cc`
[INFO] [stdout] 
[INFO] [stdout] error: aborting due to 1 previous error
[INFO] [stdout] 
[INFO] [stdout] For more information about this error, try `rustc --explain E0432`.
[INFO] [stdout] Couldn't compile the test.
[INFO] [stdout] 
[INFO] [stdout] failures:
[INFO] [stdout]     src/lib.rs - (line 21)
[INFO] [stdout]     src/lib.rs - (line 30)
[INFO] [stdout]     src/lib.rs - (line 44)
[INFO] [stdout]     src/lib.rs - (line 53)
[INFO] [stdout]     src/lib.rs - (line 79)
[INFO] [stdout]     src/lib.rs - (line 9)
[INFO] [stdout]     src/lib.rs - (line 90)
[INFO] [stdout] 
[INFO] [stdout] test result: FAILED. 1 passed; 7 failed; 0 ignored; 0 measured; 0 filtered out; finished in 0.03s
[INFO] [stdout] 
[INFO] [stderr] error: doctest failed, to rerun pass `--doc`
[INFO] running `Command { std: "docker" "inspect" "7822e142337b87817c45ff604480fee17643cce2f2d7ae48b99af806c9659b66", kill_on_drop: false }`
[INFO] running `Command { std: "docker" "rm" "-f" "7822e142337b87817c45ff604480fee17643cce2f2d7ae48b99af806c9659b66", kill_on_drop: false }`
[INFO] [stdout] 7822e142337b87817c45ff604480fee17643cce2f2d7ae48b99af806c9659b66
