[INFO] fetching crate foundations 4.0.0...
[INFO] testing foundations-4.0.0 against nightly-2024-10-28+rustflags=-Zrandomize-layout for randomize-layout
[INFO] extracting crate foundations 4.0.0 into /workspace/builds/worker-5-tc2/source
[INFO] validating manifest of crates.io crate foundations 4.0.0 on toolchain nightly-2024-10-28
[INFO] running `Command { std: CARGO_HOME="/workspace/cargo-home" RUSTUP_HOME="/workspace/rustup-home" "/workspace/cargo-home/bin/cargo" "+nightly-2024-10-28" "metadata" "--manifest-path" "Cargo.toml" "--no-deps", kill_on_drop: false }`
[INFO] started tweaking crates.io crate foundations 4.0.0
[INFO] removed 0 missing tests
[INFO] finished tweaking crates.io crate foundations 4.0.0
[INFO] tweaked toml for crates.io crate foundations 4.0.0 written to /workspace/builds/worker-5-tc2/source/Cargo.toml
[INFO] running `Command { std: CARGO_HOME="/workspace/cargo-home" RUSTUP_HOME="/workspace/rustup-home" "/workspace/cargo-home/bin/cargo" "+nightly-2024-10-28" "generate-lockfile" "--manifest-path" "Cargo.toml", kill_on_drop: false }`
[INFO] [stderr]     Updating crates.io index
[INFO] [stderr]      Locking 270 packages to latest compatible versions
[INFO] [stderr]       Adding bindgen v0.68.1 (available: v0.70.1)
[INFO] [stderr]       Adding erased-serde v0.3.31 (available: v0.4.5)
[INFO] [stderr]       Adding governor v0.6.3 (available: v0.7.0)
[INFO] [stderr]       Adding hyper v0.14.31 (available: v1.5.0)
[INFO] [stderr]       Adding local-ip-address v0.5.7 (available: v0.6.3)
[INFO] [stderr]       Adding opentelemetry-proto v0.5.0 (available: v0.26.1)
[INFO] [stderr]       Adding prometheus-client v0.18.1 (available: v0.22.3)
[INFO] [stderr]       Adding serde_yaml v0.8.26 (available: v0.9.34+deprecated)
[INFO] [stderr]       Adding tikv-jemalloc-ctl v0.5.4 (available: v0.6.0)
[INFO] [stderr]       Adding tikv-jemallocator v0.5.4 (available: v0.6.0)
[INFO] [stderr]       Adding tonic v0.11.0 (available: v0.12.3)
[INFO] [stderr]       Adding yaml-merge-keys v0.5.1 (available: v0.7.0)
[INFO] running `Command { std: CARGO_HOME="/workspace/cargo-home" RUSTUP_HOME="/workspace/rustup-home" "/workspace/cargo-home/bin/cargo" "+nightly-2024-10-28" "fetch" "--manifest-path" "Cargo.toml", kill_on_drop: false }`
[INFO] running `Command { std: "docker" "create" "-v" "/var/lib/crater-agent-workspace/builds/worker-5-tc2/target:/opt/rustwide/target:rw,Z" "-v" "/var/lib/crater-agent-workspace/builds/worker-5-tc2/source:/opt/rustwide/workdir:ro,Z" "-v" "/var/lib/crater-agent-workspace/cargo-home:/opt/rustwide/cargo-home:ro,Z" "-v" "/var/lib/crater-agent-workspace/rustup-home:/opt/rustwide/rustup-home:ro,Z" "-e" "SOURCE_DIR=/opt/rustwide/workdir" "-e" "CARGO_TARGET_DIR=/opt/rustwide/target" "-e" "CARGO_HOME=/opt/rustwide/cargo-home" "-e" "RUSTUP_HOME=/opt/rustwide/rustup-home" "-w" "/opt/rustwide/workdir" "-m" "1610612736" "--user" "0:0" "--network" "none" "ghcr.io/rust-lang/crates-build-env/linux@sha256:4a844ea9eb2546a2d2c7022eacef16ef2e8229c7fbb2c7d4d55a9ceca922f72d" "/opt/rustwide/cargo-home/bin/cargo" "+nightly-2024-10-28" "metadata" "--no-deps" "--format-version=1", kill_on_drop: false }`
[INFO] [stdout] d77989727a6ff28bb2745aad5f2ab3158f2cf3ce75a5804c60e61bf077ce8a46
[INFO] running `Command { std: "docker" "start" "-a" "d77989727a6ff28bb2745aad5f2ab3158f2cf3ce75a5804c60e61bf077ce8a46", kill_on_drop: false }`
[INFO] running `Command { std: "docker" "inspect" "d77989727a6ff28bb2745aad5f2ab3158f2cf3ce75a5804c60e61bf077ce8a46", kill_on_drop: false }`
[INFO] running `Command { std: "docker" "rm" "-f" "d77989727a6ff28bb2745aad5f2ab3158f2cf3ce75a5804c60e61bf077ce8a46", kill_on_drop: false }`
[INFO] [stdout] d77989727a6ff28bb2745aad5f2ab3158f2cf3ce75a5804c60e61bf077ce8a46
[INFO] running `Command { std: "docker" "create" "-v" "/var/lib/crater-agent-workspace/builds/worker-5-tc2/target:/opt/rustwide/target:rw,Z" "-v" "/var/lib/crater-agent-workspace/builds/worker-5-tc2/source:/opt/rustwide/workdir:ro,Z" "-v" "/var/lib/crater-agent-workspace/cargo-home:/opt/rustwide/cargo-home:ro,Z" "-v" "/var/lib/crater-agent-workspace/rustup-home:/opt/rustwide/rustup-home:ro,Z" "-e" "SOURCE_DIR=/opt/rustwide/workdir" "-e" "CARGO_TARGET_DIR=/opt/rustwide/target" "-e" "CARGO_INCREMENTAL=0" "-e" "RUST_BACKTRACE=full" "-e" "RUSTFLAGS=--cap-lints=forbid -Zrandomize-layout" "-e" "RUSTDOCFLAGS=--cap-lints=forbid" "-e" "CARGO_HOME=/opt/rustwide/cargo-home" "-e" "RUSTUP_HOME=/opt/rustwide/rustup-home" "-w" "/opt/rustwide/workdir" "-m" "1610612736" "--user" "0:0" "--network" "none" "ghcr.io/rust-lang/crates-build-env/linux@sha256:4a844ea9eb2546a2d2c7022eacef16ef2e8229c7fbb2c7d4d55a9ceca922f72d" "/opt/rustwide/cargo-home/bin/cargo" "+nightly-2024-10-28" "build" "--frozen" "--message-format=json", kill_on_drop: false }`
[INFO] [stdout] 283a4864a8b5698271c211e6b95dc7701427f05a2aecc1e9804b9da578ad60e2
[INFO] running `Command { std: "docker" "start" "-a" "283a4864a8b5698271c211e6b95dc7701427f05a2aecc1e9804b9da578ad60e2", kill_on_drop: false }`
[INFO] [stderr]    Compiling libc v0.2.161
[INFO] [stderr]    Compiling futures-channel v0.3.31
[INFO] [stderr]    Compiling http v0.2.12
[INFO] [stderr]    Compiling indexmap v1.9.3
[INFO] [stderr]    Compiling strsim v0.11.1
[INFO] [stderr]    Compiling crossbeam-utils v0.8.20
[INFO] [stderr]    Compiling hashbrown v0.15.0
[INFO] [stderr]    Compiling hashbrown v0.12.3
[INFO] [stderr]    Compiling try-lock v0.2.5
[INFO] [stderr]    Compiling want v0.3.1
[INFO] [stderr]    Compiling futures-util v0.3.31
[INFO] [stderr]    Compiling ident_case v1.0.1
[INFO] [stderr]    Compiling darling_core v0.20.10
[INFO] [stderr]    Compiling indexmap v2.6.0
[INFO] [stderr]    Compiling serde v1.0.214
[INFO] [stderr]    Compiling axum-core v0.3.4
[INFO] [stderr]    Compiling num-traits v0.2.19
[INFO] [stderr]    Compiling slog v2.7.0
[INFO] [stderr]    Compiling rustix v0.38.38
[INFO] [stderr]    Compiling mio v1.0.2
[INFO] [stderr]    Compiling socket2 v0.5.7
[INFO] [stderr]    Compiling getrandom v0.2.15
[INFO] [stderr]    Compiling rand_core v0.6.4
[INFO] [stderr]    Compiling http-body v0.4.6
[INFO] [stderr]    Compiling parking_lot_core v0.9.10
[INFO] [stderr]    Compiling tokio v1.41.0
[INFO] [stderr]    Compiling rand_chacha v0.3.1
[INFO] [stderr]    Compiling regex-automata v0.4.8
[INFO] [stderr]    Compiling parking_lot v0.12.3
[INFO] [stderr]    Compiling rand v0.8.5
[INFO] [stderr]    Compiling tikv-jemalloc-sys v0.5.4+5.3.0-patched
[INFO] [stderr]    Compiling axum v0.6.20
[INFO] [stderr]    Compiling itertools v0.12.1
[INFO] [stderr]    Compiling trackable_derive v1.0.0
[INFO] [stderr]    Compiling linux-raw-sys v0.4.14
[INFO] [stderr]    Compiling utf8parse v0.2.2
[INFO] [stderr]    Compiling futures-executor v0.3.31
[INFO] [stderr]    Compiling bindgen v0.68.1
[INFO] [stderr]    Compiling time-macros v0.2.18
[INFO] [stderr]    Compiling prost-derive v0.12.6
[INFO] [stderr]    Compiling darling_macro v0.20.10
[INFO] [stderr]    Compiling darling v0.20.10
[INFO] [stderr]    Compiling regex v1.11.1
[INFO] [stderr]    Compiling anstyle-parse v0.2.6
[INFO] [stderr]    Compiling backtrace v0.3.74
[INFO] [stderr]    Compiling neli-proc-macros v0.1.3
[INFO] [stderr]    Compiling clang-sys v1.8.1
[INFO] [stderr]    Compiling trackable v1.3.0
[INFO] [stderr]    Compiling tokio-util v0.7.12
[INFO] [stderr]    Compiling tokio-io-timeout v1.2.0
[INFO] [stderr]    Compiling h2 v0.3.26
[INFO] [stderr]    Compiling tower v0.4.13
[INFO] [stderr]    Compiling dirs-sys-next v0.1.2
[INFO] [stderr]    Compiling crossbeam-channel v0.5.13
[INFO] [stderr]    Compiling async-stream-impl v0.3.6
[INFO] [stderr]    Compiling colorchoice v1.0.3
[INFO] [stderr]    Compiling regex-syntax v0.8.5
[INFO] [stderr]    Compiling anstyle-query v1.1.2
[INFO] [stderr]    Compiling portable-atomic v1.9.0
[INFO] [stderr]    Compiling bitflags v2.6.0
[INFO] [stderr]    Compiling urlencoding v2.1.3
[INFO] [stderr]    Compiling procfs v0.16.0
[INFO] [stderr]    Compiling is_terminal_polyfill v1.70.1
[INFO] [stderr]    Compiling anstream v0.6.17
[INFO] [stderr]    Compiling yaml-rust v0.4.5
[INFO] [stderr]    Compiling neli v0.6.4
[INFO] [stderr]    Compiling opentelemetry v0.22.0
[INFO] [stderr]    Compiling hyper v0.14.31
[INFO] [stderr]    Compiling async-stream v0.3.6
[INFO] [stderr]    Compiling procfs-core v0.16.0
[INFO] [stderr]    Compiling dirs-next v2.0.0
[INFO] [stderr]    Compiling ordered-float v4.4.0
[INFO] [stderr]    Compiling tokio-stream v0.1.16
[INFO] [stderr]    Compiling prost v0.12.6
[INFO] [stderr]    Compiling time v0.3.36
[INFO] [stderr]    Compiling raw-cpuid v11.2.0
[INFO] [stderr]    Compiling prometheus-client-derive-text-encode v0.3.0
[INFO] [stderr]    Compiling prometheus v0.13.4
[INFO] [stderr]    Compiling slog-async v2.8.0
[INFO] [stderr]    Compiling clap_lex v0.7.2
[INFO] [stderr]    Compiling hashbrown v0.14.5
[INFO] [stderr]    Compiling hyper-timeout v0.4.1
[INFO] [stderr]    Compiling dtoa v1.0.9
[INFO] [stderr]    Compiling prometheus-client v0.18.1
[INFO] [stderr]    Compiling dashmap v5.5.3
[INFO] [stderr]    Compiling quanta v0.12.3
[INFO] [stderr]    Compiling clap_builder v4.5.20
[INFO] [stderr]    Compiling hostname v0.3.1
[INFO] [stderr]    Compiling opentelemetry_sdk v0.22.1
[INFO] [stderr]    Compiling term v0.7.0
[INFO] [stderr]    Compiling local-ip-address v0.5.7
[INFO] [stderr]    Compiling serde_yaml v0.8.26
[INFO] [stderr]    Compiling foundations v4.0.0 (/opt/rustwide/workdir)
[INFO] [stderr]    Compiling cf-rustracing v1.0.1
[INFO] [stderr]    Compiling thrift_codec v0.2.0
[INFO] [stderr]    Compiling serde_with_macros v3.11.0
[INFO] [stderr]    Compiling futures v0.3.31
[INFO] [stderr]    Compiling is-terminal v0.4.13
[INFO] [stderr]    Compiling spinning_top v0.3.0
[INFO] [stderr]    Compiling no-std-compat v0.4.1
[INFO] [stderr]    Compiling nonzero_ext v0.3.0
[INFO] [stderr]    Compiling take_mut v0.2.2
[INFO] [stderr]    Compiling governor v0.6.3
[INFO] [stderr]    Compiling cf-rustracing-jaeger v1.2.0
[INFO] [stderr]    Compiling tempfile v3.13.0
[INFO] [stderr]    Compiling slog-term v2.9.1
[INFO] [stderr]    Compiling yaml-merge-keys v0.5.1
[INFO] [stderr]    Compiling clap v4.5.20
[INFO] [stderr]    Compiling serde_with v3.11.0
[INFO] [stderr]    Compiling slog-json v2.6.1
[INFO] [stderr]    Compiling tonic v0.11.0
[INFO] [stderr]    Compiling routerify v3.0.0
[INFO] [stderr]    Compiling anyhow v1.0.92
[INFO] [stderr]    Compiling prometools v0.2.2
[INFO] [stderr]    Compiling foundations-macros v4.0.0
[INFO] [stderr]    Compiling erased-serde v0.3.31
[INFO] [stderr]    Compiling serde_path_to_error v0.1.16
[INFO] [stderr]    Compiling opentelemetry-proto v0.5.0
[INFO] [stderr]    Compiling tikv-jemallocator v0.5.4
[INFO] [stderr]    Compiling tikv-jemalloc-ctl v0.5.4
[INFO] [stderr]     Finished `dev` profile [unoptimized + debuginfo] target(s) in 2m 01s
[INFO] running `Command { std: "docker" "inspect" "283a4864a8b5698271c211e6b95dc7701427f05a2aecc1e9804b9da578ad60e2", kill_on_drop: false }`
[INFO] running `Command { std: "docker" "rm" "-f" "283a4864a8b5698271c211e6b95dc7701427f05a2aecc1e9804b9da578ad60e2", kill_on_drop: false }`
[INFO] [stdout] 283a4864a8b5698271c211e6b95dc7701427f05a2aecc1e9804b9da578ad60e2
[INFO] running `Command { std: "docker" "create" "-v" "/var/lib/crater-agent-workspace/builds/worker-5-tc2/target:/opt/rustwide/target:rw,Z" "-v" "/var/lib/crater-agent-workspace/builds/worker-5-tc2/source:/opt/rustwide/workdir:ro,Z" "-v" "/var/lib/crater-agent-workspace/cargo-home:/opt/rustwide/cargo-home:ro,Z" "-v" "/var/lib/crater-agent-workspace/rustup-home:/opt/rustwide/rustup-home:ro,Z" "-e" "SOURCE_DIR=/opt/rustwide/workdir" "-e" "CARGO_TARGET_DIR=/opt/rustwide/target" "-e" "CARGO_INCREMENTAL=0" "-e" "RUST_BACKTRACE=full" "-e" "RUSTFLAGS=--cap-lints=forbid -Zrandomize-layout" "-e" "RUSTDOCFLAGS=--cap-lints=forbid" "-e" "CARGO_HOME=/opt/rustwide/cargo-home" "-e" "RUSTUP_HOME=/opt/rustwide/rustup-home" "-w" "/opt/rustwide/workdir" "-m" "1610612736" "--user" "0:0" "--network" "none" "ghcr.io/rust-lang/crates-build-env/linux@sha256:4a844ea9eb2546a2d2c7022eacef16ef2e8229c7fbb2c7d4d55a9ceca922f72d" "/opt/rustwide/cargo-home/bin/cargo" "+nightly-2024-10-28" "test" "--frozen" "--no-run" "--message-format=json", kill_on_drop: false }`
[INFO] [stdout] 0c080fb669c26b52dbcf7938ef7a066542775441656c632e58f31266f62e1ff8
[INFO] running `Command { std: "docker" "start" "-a" "0c080fb669c26b52dbcf7938ef7a066542775441656c632e58f31266f62e1ff8", kill_on_drop: false }`
[INFO] [stderr]    Compiling tokio v1.41.0
[INFO] [stderr]    Compiling parking_lot_core v0.9.10
[INFO] [stderr]    Compiling serde_urlencoded v0.7.1
[INFO] [stderr]    Compiling http-body-util v0.1.2
[INFO] [stderr]    Compiling sync_wrapper v1.0.1
[INFO] [stderr]    Compiling ipnetwork v0.20.0
[INFO] [stderr]    Compiling parking_lot v0.12.3
[INFO] [stderr]    Compiling dashmap v5.5.3
[INFO] [stderr]    Compiling prometheus-client v0.18.1
[INFO] [stderr]    Compiling governor v0.6.3
[INFO] [stderr]    Compiling prometheus v0.13.4
[INFO] [stderr]    Compiling prometools v0.2.2
[INFO] [stderr]    Compiling tokio-util v0.7.12
[INFO] [stderr]    Compiling tokio-io-timeout v1.2.0
[INFO] [stderr]    Compiling tokio-stream v0.1.16
[INFO] [stderr]    Compiling hyper v1.5.0
[INFO] [stderr]    Compiling cf-rustracing v1.0.1
[INFO] [stderr]    Compiling cf-rustracing-jaeger v1.2.0
[INFO] [stderr]    Compiling h2 v0.3.26
[INFO] [stderr]    Compiling tower v0.4.13
[INFO] [stderr]    Compiling hyper-util v0.1.10
[INFO] [stderr]    Compiling reqwest v0.12.9
[INFO] [stderr]    Compiling hyper v0.14.31
[INFO] [stderr]    Compiling axum v0.6.20
[INFO] [stderr]    Compiling hyper-timeout v0.4.1
[INFO] [stderr]    Compiling routerify v3.0.0
[INFO] [stderr]    Compiling tonic v0.11.0
[INFO] [stderr]    Compiling opentelemetry-proto v0.5.0
[INFO] [stderr]    Compiling foundations v4.0.0 (/opt/rustwide/workdir)
[INFO] [stderr]     Finished `test` profile [unoptimized + debuginfo] target(s) in 50.21s
[INFO] running `Command { std: "docker" "inspect" "0c080fb669c26b52dbcf7938ef7a066542775441656c632e58f31266f62e1ff8", kill_on_drop: false }`
[INFO] running `Command { std: "docker" "rm" "-f" "0c080fb669c26b52dbcf7938ef7a066542775441656c632e58f31266f62e1ff8", kill_on_drop: false }`
[INFO] [stdout] 0c080fb669c26b52dbcf7938ef7a066542775441656c632e58f31266f62e1ff8
[INFO] running `Command { std: "docker" "create" "-v" "/var/lib/crater-agent-workspace/builds/worker-5-tc2/target:/opt/rustwide/target:rw,Z" "-v" "/var/lib/crater-agent-workspace/builds/worker-5-tc2/source:/opt/rustwide/workdir:ro,Z" "-v" "/var/lib/crater-agent-workspace/cargo-home:/opt/rustwide/cargo-home:ro,Z" "-v" "/var/lib/crater-agent-workspace/rustup-home:/opt/rustwide/rustup-home:ro,Z" "-e" "SOURCE_DIR=/opt/rustwide/workdir" "-e" "CARGO_TARGET_DIR=/opt/rustwide/target" "-e" "CARGO_INCREMENTAL=0" "-e" "RUST_BACKTRACE=full" "-e" "RUSTFLAGS=--cap-lints=forbid -Zrandomize-layout" "-e" "RUSTDOCFLAGS=--cap-lints=forbid" "-e" "CARGO_HOME=/opt/rustwide/cargo-home" "-e" "RUSTUP_HOME=/opt/rustwide/rustup-home" "-w" "/opt/rustwide/workdir" "-m" "1610612736" "--user" "0:0" "--network" "none" "ghcr.io/rust-lang/crates-build-env/linux@sha256:4a844ea9eb2546a2d2c7022eacef16ef2e8229c7fbb2c7d4d55a9ceca922f72d" "/opt/rustwide/cargo-home/bin/cargo" "+nightly-2024-10-28" "test" "--frozen", kill_on_drop: false }`
[INFO] [stdout] 9e0ffc3949d7af262cf08391bf98f027c82070316e17aca414e1fd389ae87461
[INFO] running `Command { std: "docker" "start" "-a" "9e0ffc3949d7af262cf08391bf98f027c82070316e17aca414e1fd389ae87461", kill_on_drop: false }`
[INFO] [stderr]     Finished `test` profile [unoptimized + debuginfo] target(s) in 0.54s
[INFO] [stderr]      Running unittests src/lib.rs (/opt/rustwide/target/debug/deps/foundations-3bef9a1dc76327b2)
[INFO] [stdout] 
[INFO] [stdout] running 10 tests
[INFO] [stdout] test telemetry::log::field_dedup::tests::remove_context_field_duplicates ... ok
[INFO] [stdout] test telemetry::log::field_dedup::tests::remove_record_field_duplicates ... ok
[INFO] [stdout] test telemetry::log::field_redact::tests::redact_context_fields ... ok
[INFO] [stdout] test telemetry::log::field_redact::tests::redact_record_fields ... ok
[INFO] [stdout] test telemetry::metrics::gauge::tests::test_rangegauge_values ... ok
[INFO] [stdout] test security::sys::bindgen_test_layout_scmp_arg_cmp ... ok
[INFO] [stdout] test telemetry::tracing::testing::tests::span_tree ... ok
[INFO] [stdout] test telemetry::tracing::testing::tests::span_iterator ... ok
[INFO] [stdout] test telemetry::memory_profiler::tests::profile_heap_after_seccomp_initialized ... FAILED
[INFO] [stdout] test telemetry::memory_profiler::tests::sample_interval_out_of_bounds ... ok
[INFO] [stdout] 
[INFO] [stdout] failures:
[INFO] [stdout] 
[INFO] [stdout] ---- telemetry::memory_profiler::tests::profile_heap_after_seccomp_initialized stdout ----
[INFO] [stdout] thread 'telemetry::memory_profiler::tests::profile_heap_after_seccomp_initialized' panicked at src/telemetry/memory_profiler.rs:236:13:
[INFO] [stdout] profiling should be enabled via `_RJEM_MALLOC_CONF=prof:true` env var
[INFO] [stdout] stack backtrace:
[INFO] [stdout]    0:     0x652178dfa84a - std::backtrace_rs::backtrace::libunwind::trace::h207520d6e9873551
[INFO] [stdout]                                at /rustc/df4ca44d3fbc9301ee17f30f4d474e6ae4b05252/library/std/src/../../backtrace/src/backtrace/libunwind.rs:116:5
[INFO] [stdout]    1:     0x652178dfa84a - std::backtrace_rs::backtrace::trace_unsynchronized::h2ed7433f370e3eca
[INFO] [stdout]                                at /rustc/df4ca44d3fbc9301ee17f30f4d474e6ae4b05252/library/std/src/../../backtrace/src/backtrace/mod.rs:66:5
[INFO] [stdout]    2:     0x652178dfa84a - std::sys::backtrace::_print_fmt::h916fac51166b18d7
[INFO] [stdout]                                at /rustc/df4ca44d3fbc9301ee17f30f4d474e6ae4b05252/library/std/src/sys/backtrace.rs:66:9
[INFO] [stdout]    3:     0x652178dfa84a - <std::sys::backtrace::BacktraceLock::print::DisplayBacktrace as core::fmt::Display>::fmt::ha0a4c9b8ce3802e6
[INFO] [stdout]                                at /rustc/df4ca44d3fbc9301ee17f30f4d474e6ae4b05252/library/std/src/sys/backtrace.rs:39:26
[INFO] [stdout]    4:     0x652178e229d3 - core::fmt::rt::Argument::fmt::h4cfc8587d52b3eb5
[INFO] [stdout]                                at /rustc/df4ca44d3fbc9301ee17f30f4d474e6ae4b05252/library/core/src/fmt/rt.rs:177:76
[INFO] [stdout]    5:     0x652178e229d3 - core::fmt::write::h522cc39e5b36ae9f
[INFO] [stdout]                                at /rustc/df4ca44d3fbc9301ee17f30f4d474e6ae4b05252/library/core/src/fmt/mod.rs:1190:21
[INFO] [stdout]    6:     0x652178df6ec3 - std::io::Write::write_fmt::h7d3c26752da97734
[INFO] [stdout]                                at /rustc/df4ca44d3fbc9301ee17f30f4d474e6ae4b05252/library/std/src/io/mod.rs:1839:15
[INFO] [stdout]    7:     0x652178dfa692 - std::sys::backtrace::BacktraceLock::print::h4b9e00b29e9c0942
[INFO] [stdout]                                at /rustc/df4ca44d3fbc9301ee17f30f4d474e6ae4b05252/library/std/src/sys/backtrace.rs:42:9
[INFO] [stdout]    8:     0x652178dfbb2a - std::panicking::default_hook::{{closure}}::hb59b88280d0324d9
[INFO] [stdout]                                at /rustc/df4ca44d3fbc9301ee17f30f4d474e6ae4b05252/library/std/src/panicking.rs:268:22
[INFO] [stdout]    9:     0x652178dfb934 - std::panicking::default_hook::he1dd496665be4a29
[INFO] [stdout]                                at /rustc/df4ca44d3fbc9301ee17f30f4d474e6ae4b05252/library/std/src/panicking.rs:292:9
[INFO] [stdout]   10:     0x652178cc5129 - <alloc::boxed::Box<F,A> as core::ops::function::Fn<Args>>::call::h4ff71de18744e1dc
[INFO] [stdout]                                at /rustc/df4ca44d3fbc9301ee17f30f4d474e6ae4b05252/library/alloc/src/boxed.rs:2468:9
[INFO] [stdout]   11:     0x652178cc5129 - test::test_main::{{closure}}::hcf7c055ce117aa81
[INFO] [stdout]                                at /rustc/df4ca44d3fbc9301ee17f30f4d474e6ae4b05252/library/test/src/lib.rs:133:21
[INFO] [stdout]   12:     0x652178dfc228 - <alloc::boxed::Box<F,A> as core::ops::function::Fn<Args>>::call::h1d66c6bbd60c9692
[INFO] [stdout]                                at /rustc/df4ca44d3fbc9301ee17f30f4d474e6ae4b05252/library/alloc/src/boxed.rs:2468:9
[INFO] [stdout]   13:     0x652178dfc228 - std::panicking::rust_panic_with_hook::h2ff17fe8f26dfcf8
[INFO] [stdout]                                at /rustc/df4ca44d3fbc9301ee17f30f4d474e6ae4b05252/library/std/src/panicking.rs:809:13
[INFO] [stdout]   14:     0x652178dfbfb6 - std::panicking::begin_panic_handler::{{closure}}::h4fad77951c07e101
[INFO] [stdout]                                at /rustc/df4ca44d3fbc9301ee17f30f4d474e6ae4b05252/library/std/src/panicking.rs:667:13
[INFO] [stdout]   15:     0x652178dfad29 - std::sys::backtrace::__rust_end_short_backtrace::hb1a25b3da5d0ea08
[INFO] [stdout]                                at /rustc/df4ca44d3fbc9301ee17f30f4d474e6ae4b05252/library/std/src/sys/backtrace.rs:170:18
[INFO] [stdout]   16:     0x652178dfbc7c - rust_begin_unwind
[INFO] [stdout]                                at /rustc/df4ca44d3fbc9301ee17f30f4d474e6ae4b05252/library/std/src/panicking.rs:665:5
[INFO] [stdout]   17:     0x652178e20440 - core::panicking::panic_fmt::ha9db07b529f9b256
[INFO] [stdout]                                at /rustc/df4ca44d3fbc9301ee17f30f4d474e6ae4b05252/library/core/src/panicking.rs:75:14
[INFO] [stdout]   18:     0x652178922543 - foundations::telemetry::memory_profiler::tests::profile_heap_after_seccomp_initialized::{{closure}}::{{closure}}::h38ef0ea2724ee550
[INFO] [stdout]                                at /opt/rustwide/workdir/src/telemetry/memory_profiler.rs:236:13
[INFO] [stdout]   19:     0x65217892692e - core::option::Option<T>::unwrap_or_else::hcdf38cf6a3f33baf
[INFO] [stdout]                                at /rustc/df4ca44d3fbc9301ee17f30f4d474e6ae4b05252/library/core/src/option.rs:1016:21
[INFO] [stdout]   20:     0x652178922152 - foundations::telemetry::memory_profiler::tests::profile_heap_after_seccomp_initialized::{{closure}}::h94dba708a5f475c5
[INFO] [stdout]                                at /opt/rustwide/workdir/src/telemetry/memory_profiler.rs:230:24
[INFO] [stdout]   21:     0x652178952252 - <core::pin::Pin<P> as core::future::future::Future>::poll::h1e658b4c2380dd85
[INFO] [stdout]                                at /rustc/df4ca44d3fbc9301ee17f30f4d474e6ae4b05252/library/core/src/future/future.rs:123:9
[INFO] [stdout]   22:     0x6521789522cd - <core::pin::Pin<P> as core::future::future::Future>::poll::h8f2796744841eed9
[INFO] [stdout]                                at /rustc/df4ca44d3fbc9301ee17f30f4d474e6ae4b05252/library/core/src/future/future.rs:123:9
[INFO] [stdout]   23:     0x652178901b3f - tokio::runtime::scheduler::current_thread::CoreGuard::block_on::{{closure}}::{{closure}}::{{closure}}::hd7fb96f4d3f669f3
[INFO] [stdout]                                at /opt/rustwide/cargo-home/registry/src/index.crates.io-6f17d22bba15001f/tokio-1.41.0/src/runtime/scheduler/current_thread/mod.rs:729:57
[INFO] [stdout]   24:     0x652178901885 - tokio::runtime::coop::with_budget::h551518c90826f3be
[INFO] [stdout]                                at /opt/rustwide/cargo-home/registry/src/index.crates.io-6f17d22bba15001f/tokio-1.41.0/src/runtime/coop.rs:107:5
[INFO] [stdout]   25:     0x652178901885 - tokio::runtime::coop::budget::h1b70be11df4cbe73
[INFO] [stdout]                                at /opt/rustwide/cargo-home/registry/src/index.crates.io-6f17d22bba15001f/tokio-1.41.0/src/runtime/coop.rs:73:5
[INFO] [stdout]   26:     0x652178901885 - tokio::runtime::scheduler::current_thread::CoreGuard::block_on::{{closure}}::{{closure}}::h29b35d823c639ef7
[INFO] [stdout]                                at /opt/rustwide/cargo-home/registry/src/index.crates.io-6f17d22bba15001f/tokio-1.41.0/src/runtime/scheduler/current_thread/mod.rs:729:25
[INFO] [stdout]   27:     0x6521788ff120 - tokio::runtime::scheduler::current_thread::Context::enter::ha588f9f476111de0
[INFO] [stdout]                                at /opt/rustwide/cargo-home/registry/src/index.crates.io-6f17d22bba15001f/tokio-1.41.0/src/runtime/scheduler/current_thread/mod.rs:428:19
[INFO] [stdout]   28:     0x6521789008a7 - tokio::runtime::scheduler::current_thread::CoreGuard::block_on::{{closure}}::h893f726017f587e2
[INFO] [stdout]                                at /opt/rustwide/cargo-home/registry/src/index.crates.io-6f17d22bba15001f/tokio-1.41.0/src/runtime/scheduler/current_thread/mod.rs:728:36
[INFO] [stdout]   29:     0x6521789005a4 - tokio::runtime::scheduler::current_thread::CoreGuard::enter::{{closure}}::h4f3f247870445bd9
[INFO] [stdout]                                at /opt/rustwide/cargo-home/registry/src/index.crates.io-6f17d22bba15001f/tokio-1.41.0/src/runtime/scheduler/current_thread/mod.rs:807:68
[INFO] [stdout]   30:     0x65217893104b - tokio::runtime::context::scoped::Scoped<T>::set::h254e9c9135987b0a
[INFO] [stdout]                                at /opt/rustwide/cargo-home/registry/src/index.crates.io-6f17d22bba15001f/tokio-1.41.0/src/runtime/context/scoped.rs:40:9
[INFO] [stdout]   31:     0x652178912cc9 - tokio::runtime::context::set_scheduler::{{closure}}::hfcab0fb8c03a042b
[INFO] [stdout]                                at /opt/rustwide/cargo-home/registry/src/index.crates.io-6f17d22bba15001f/tokio-1.41.0/src/runtime/context.rs:180:26
[INFO] [stdout]   32:     0x65217892559d - std::thread::local::LocalKey<T>::try_with::h193b8dcc0700bcc3
[INFO] [stdout]                                at /rustc/df4ca44d3fbc9301ee17f30f4d474e6ae4b05252/library/std/src/thread/local.rs:283:12
[INFO] [stdout]   33:     0x65217892515a - std::thread::local::LocalKey<T>::with::h73dd6c2898512d2e
[INFO] [stdout]                                at /rustc/df4ca44d3fbc9301ee17f30f4d474e6ae4b05252/library/std/src/thread/local.rs:260:9
[INFO] [stdout]   34:     0x652178912bfd - tokio::runtime::context::set_scheduler::h199e546e637b12ed
[INFO] [stdout]                                at /opt/rustwide/cargo-home/registry/src/index.crates.io-6f17d22bba15001f/tokio-1.41.0/src/runtime/context.rs:180:9
[INFO] [stdout]   35:     0x6521788fff30 - tokio::runtime::scheduler::current_thread::CoreGuard::enter::h578f922eaddec1fe
[INFO] [stdout]                                at /opt/rustwide/cargo-home/registry/src/index.crates.io-6f17d22bba15001f/tokio-1.41.0/src/runtime/scheduler/current_thread/mod.rs:807:27
[INFO] [stdout]   36:     0x652178900643 - tokio::runtime::scheduler::current_thread::CoreGuard::block_on::h1315292dfc38e974
[INFO] [stdout]                                at /opt/rustwide/cargo-home/registry/src/index.crates.io-6f17d22bba15001f/tokio-1.41.0/src/runtime/scheduler/current_thread/mod.rs:716:19
[INFO] [stdout]   37:     0x6521788fe3c1 - tokio::runtime::scheduler::current_thread::CurrentThread::block_on::{{closure}}::h2564caee68a0d440
[INFO] [stdout]                                at /opt/rustwide/cargo-home/registry/src/index.crates.io-6f17d22bba15001f/tokio-1.41.0/src/runtime/scheduler/current_thread/mod.rs:196:28
[INFO] [stdout]   38:     0x65217894ecf6 - tokio::runtime::context::runtime::enter_runtime::ha194feed4108057c
[INFO] [stdout]                                at /opt/rustwide/cargo-home/registry/src/index.crates.io-6f17d22bba15001f/tokio-1.41.0/src/runtime/context/runtime.rs:65:16
[INFO] [stdout]   39:     0x6521788fe161 - tokio::runtime::scheduler::current_thread::CurrentThread::block_on::h822b54f5383dad56
[INFO] [stdout]                                at /opt/rustwide/cargo-home/registry/src/index.crates.io-6f17d22bba15001f/tokio-1.41.0/src/runtime/scheduler/current_thread/mod.rs:184:9
[INFO] [stdout]   40:     0x652178960c50 - tokio::runtime::runtime::Runtime::block_on_inner::hbe04417b8d477e0c
[INFO] [stdout]                                at /opt/rustwide/cargo-home/registry/src/index.crates.io-6f17d22bba15001f/tokio-1.41.0/src/runtime/runtime.rs:368:47
[INFO] [stdout]   41:     0x652178960e47 - tokio::runtime::runtime::Runtime::block_on::h034d3fd4bd30b496
[INFO] [stdout]                                at /opt/rustwide/cargo-home/registry/src/index.crates.io-6f17d22bba15001f/tokio-1.41.0/src/runtime/runtime.rs:342:13
[INFO] [stdout]   42:     0x652178921f09 - foundations::telemetry::memory_profiler::tests::profile_heap_after_seccomp_initialized::h9f33c992b5207855
[INFO] [stdout]                                at /opt/rustwide/workdir/src/telemetry/memory_profiler.rs:248:9
[INFO] [stdout]   43:     0x652178921dc7 - foundations::telemetry::memory_profiler::tests::profile_heap_after_seccomp_initialized::{{closure}}::h36d9953a151befe9
[INFO] [stdout]                                at /opt/rustwide/workdir/src/telemetry/memory_profiler.rs:229:54
[INFO] [stdout]   44:     0x652178919766 - core::ops::function::FnOnce::call_once::h86cda3885de7d911
[INFO] [stdout]                                at /rustc/df4ca44d3fbc9301ee17f30f4d474e6ae4b05252/library/core/src/ops/function.rs:250:5
[INFO] [stdout]   45:     0x652178cc99fb - core::ops::function::FnOnce::call_once::h22c3ba5715e93f05
[INFO] [stdout]                                at /rustc/df4ca44d3fbc9301ee17f30f4d474e6ae4b05252/library/core/src/ops/function.rs:250:5
[INFO] [stdout]   46:     0x652178cc99fb - test::__rust_begin_short_backtrace::h8e82d8113d0da17f
[INFO] [stdout]                                at /rustc/df4ca44d3fbc9301ee17f30f4d474e6ae4b05252/library/test/src/lib.rs:621:18
[INFO] [stdout]   47:     0x652178cc9377 - test::run_test_in_process::{{closure}}::h33235f4f20b7b7c7
[INFO] [stdout]                                at /rustc/df4ca44d3fbc9301ee17f30f4d474e6ae4b05252/library/test/src/lib.rs:644:60
[INFO] [stdout]   48:     0x652178cc9377 - <core::panic::unwind_safe::AssertUnwindSafe<F> as core::ops::function::FnOnce<()>>::call_once::hb5043206310c586f
[INFO] [stdout]                                at /rustc/df4ca44d3fbc9301ee17f30f4d474e6ae4b05252/library/core/src/panic/unwind_safe.rs:272:9
[INFO] [stdout]   49:     0x652178cc9377 - std::panicking::try::do_call::h9ad4731a60ab23e2
[INFO] [stdout]                                at /rustc/df4ca44d3fbc9301ee17f30f4d474e6ae4b05252/library/std/src/panicking.rs:557:40
[INFO] [stdout]   50:     0x652178cc9377 - std::panicking::try::h3824d23db772a716
[INFO] [stdout]                                at /rustc/df4ca44d3fbc9301ee17f30f4d474e6ae4b05252/library/std/src/panicking.rs:520:19
[INFO] [stdout]   51:     0x652178cc9377 - std::panic::catch_unwind::h5afd514605fde46b
[INFO] [stdout]                                at /rustc/df4ca44d3fbc9301ee17f30f4d474e6ae4b05252/library/std/src/panic.rs:358:14
[INFO] [stdout]   52:     0x652178cc9377 - test::run_test_in_process::h0d5cbfa7067d1720
[INFO] [stdout]                                at /rustc/df4ca44d3fbc9301ee17f30f4d474e6ae4b05252/library/test/src/lib.rs:644:27
[INFO] [stdout]   53:     0x652178cc9377 - test::run_test::{{closure}}::h708eb8872708115d
[INFO] [stdout]                                at /rustc/df4ca44d3fbc9301ee17f30f4d474e6ae4b05252/library/test/src/lib.rs:565:43
[INFO] [stdout]   54:     0x652178c8ca94 - test::run_test::{{closure}}::h392c51cee94713ab
[INFO] [stdout]                                at /rustc/df4ca44d3fbc9301ee17f30f4d474e6ae4b05252/library/test/src/lib.rs:595:41
[INFO] [stdout]   55:     0x652178c8ca94 - std::sys::backtrace::__rust_begin_short_backtrace::h2f40290710935a8b
[INFO] [stdout]                                at /rustc/df4ca44d3fbc9301ee17f30f4d474e6ae4b05252/library/std/src/sys/backtrace.rs:154:18
[INFO] [stdout]   56:     0x652178c9023e - std::thread::Builder::spawn_unchecked_::{{closure}}::{{closure}}::h3fd968d89053a903
[INFO] [stdout]                                at /rustc/df4ca44d3fbc9301ee17f30f4d474e6ae4b05252/library/std/src/thread/mod.rs:541:17
[INFO] [stdout]   57:     0x652178c9023e - <core::panic::unwind_safe::AssertUnwindSafe<F> as core::ops::function::FnOnce<()>>::call_once::h743f637ba4229880
[INFO] [stdout]                                at /rustc/df4ca44d3fbc9301ee17f30f4d474e6ae4b05252/library/core/src/panic/unwind_safe.rs:272:9
[INFO] [stdout]   58:     0x652178c9023e - std::panicking::try::do_call::h07440897322525a6
[INFO] [stdout]                                at /rustc/df4ca44d3fbc9301ee17f30f4d474e6ae4b05252/library/std/src/panicking.rs:557:40
[INFO] [stdout]   59:     0x652178c9023e - std::panicking::try::he5a2e00188156637
[INFO] [stdout]                                at /rustc/df4ca44d3fbc9301ee17f30f4d474e6ae4b05252/library/std/src/panicking.rs:520:19
[INFO] [stdout]   60:     0x652178c9023e - std::panic::catch_unwind::hbaf3cae49b3c6433
[INFO] [stdout]                                at /rustc/df4ca44d3fbc9301ee17f30f4d474e6ae4b05252/library/std/src/panic.rs:358:14
[INFO] [stdout]   61:     0x652178c9023e - std::thread::Builder::spawn_unchecked_::{{closure}}::h8e141ea224820bce
[INFO] [stdout]                                at /rustc/df4ca44d3fbc9301ee17f30f4d474e6ae4b05252/library/std/src/thread/mod.rs:540:30
[INFO] [stdout]   62:     0x652178c9023e - core::ops::function::FnOnce::call_once{{vtable.shim}}::h90d312fedd7b8ea8
[INFO] [stdout]                                at /rustc/df4ca44d3fbc9301ee17f30f4d474e6ae4b05252/library/core/src/ops/function.rs:250:5
[INFO] [stdout]   63:     0x652178e0025b - <alloc::boxed::Box<F,A> as core::ops::function::FnOnce<Args>>::call_once::h69aa08ddb6adb8b6
[INFO] [stdout]                                at /rustc/df4ca44d3fbc9301ee17f30f4d474e6ae4b05252/library/alloc/src/boxed.rs:2454:9
[INFO] [stdout]   64:     0x652178e0025b - <alloc::boxed::Box<F,A> as core::ops::function::FnOnce<Args>>::call_once::h5aa36efdb79c806f
[INFO] [stdout]                                at /rustc/df4ca44d3fbc9301ee17f30f4d474e6ae4b05252/library/alloc/src/boxed.rs:2454:9
[INFO] [stdout]   65:     0x652178e0025b - std::sys::pal::unix::thread::Thread::new::thread_start::h6cd80a1b4be5158d
[INFO] [stdout]                                at /rustc/df4ca44d3fbc9301ee17f30f4d474e6ae4b05252/library/std/src/sys/pal/unix/thread.rs:105:17
[INFO] [stdout]   66:     0x7c582f418ac3 - <unknown>
[INFO] [stdout]   67:     0x7c582f4a9a04 - clone
[INFO] [stdout]   68:                0x0 - <unknown>
[INFO] [stdout] 
[INFO] [stdout] 
[INFO] [stdout] failures:
[INFO] [stdout]     telemetry::memory_profiler::tests::profile_heap_after_seccomp_initialized
[INFO] [stdout] 
[INFO] [stdout] test result: FAILED. 9 passed; 1 failed; 0 ignored; 0 measured; 0 filtered out; finished in 0.46s
[INFO] [stdout] 
[INFO] [stderr] error: test failed, to rerun pass `--lib`
[INFO] running `Command { std: "docker" "inspect" "9e0ffc3949d7af262cf08391bf98f027c82070316e17aca414e1fd389ae87461", kill_on_drop: false }`
[INFO] running `Command { std: "docker" "rm" "-f" "9e0ffc3949d7af262cf08391bf98f027c82070316e17aca414e1fd389ae87461", kill_on_drop: false }`
[INFO] [stdout] 9e0ffc3949d7af262cf08391bf98f027c82070316e17aca414e1fd389ae87461
