[INFO] fetching crate forza_dataout_parse 0.2.0...
[INFO] testing forza_dataout_parse-0.2.0 against nightly-2024-10-28+rustflags=-Zrandomize-layout for randomize-layout
[INFO] extracting crate forza_dataout_parse 0.2.0 into /workspace/builds/worker-6-tc2/source
[INFO] validating manifest of crates.io crate forza_dataout_parse 0.2.0 on toolchain nightly-2024-10-28
[INFO] running `Command { std: CARGO_HOME="/workspace/cargo-home" RUSTUP_HOME="/workspace/rustup-home" "/workspace/cargo-home/bin/cargo" "+nightly-2024-10-28" "metadata" "--manifest-path" "Cargo.toml" "--no-deps", kill_on_drop: false }`
[INFO] started tweaking crates.io crate forza_dataout_parse 0.2.0
[INFO] finished tweaking crates.io crate forza_dataout_parse 0.2.0
[INFO] tweaked toml for crates.io crate forza_dataout_parse 0.2.0 written to /workspace/builds/worker-6-tc2/source/Cargo.toml
[INFO] running `Command { std: CARGO_HOME="/workspace/cargo-home" RUSTUP_HOME="/workspace/rustup-home" "/workspace/cargo-home/bin/cargo" "+nightly-2024-10-28" "generate-lockfile" "--manifest-path" "Cargo.toml", kill_on_drop: false }`
[INFO] [stderr]     Updating crates.io index
[INFO] [stderr]      Locking 10 packages to latest compatible versions
[INFO] running `Command { std: CARGO_HOME="/workspace/cargo-home" RUSTUP_HOME="/workspace/rustup-home" "/workspace/cargo-home/bin/cargo" "+nightly-2024-10-28" "fetch" "--manifest-path" "Cargo.toml", kill_on_drop: false }`
[INFO] running `Command { std: "docker" "create" "-v" "/var/lib/crater-agent-workspace/builds/worker-6-tc2/target:/opt/rustwide/target:rw,Z" "-v" "/var/lib/crater-agent-workspace/builds/worker-6-tc2/source:/opt/rustwide/workdir:ro,Z" "-v" "/var/lib/crater-agent-workspace/cargo-home:/opt/rustwide/cargo-home:ro,Z" "-v" "/var/lib/crater-agent-workspace/rustup-home:/opt/rustwide/rustup-home:ro,Z" "-e" "SOURCE_DIR=/opt/rustwide/workdir" "-e" "CARGO_TARGET_DIR=/opt/rustwide/target" "-e" "CARGO_HOME=/opt/rustwide/cargo-home" "-e" "RUSTUP_HOME=/opt/rustwide/rustup-home" "-w" "/opt/rustwide/workdir" "-m" "1610612736" "--user" "0:0" "--network" "none" "ghcr.io/rust-lang/crates-build-env/linux@sha256:4a844ea9eb2546a2d2c7022eacef16ef2e8229c7fbb2c7d4d55a9ceca922f72d" "/opt/rustwide/cargo-home/bin/cargo" "+nightly-2024-10-28" "metadata" "--no-deps" "--format-version=1", kill_on_drop: false }`
[INFO] [stdout] f1d97bc08ffead15bff9baff5ac4daecba11a228386ba27cc0555a75f7da1a1b
[INFO] running `Command { std: "docker" "start" "-a" "f1d97bc08ffead15bff9baff5ac4daecba11a228386ba27cc0555a75f7da1a1b", kill_on_drop: false }`
[INFO] running `Command { std: "docker" "inspect" "f1d97bc08ffead15bff9baff5ac4daecba11a228386ba27cc0555a75f7da1a1b", kill_on_drop: false }`
[INFO] running `Command { std: "docker" "rm" "-f" "f1d97bc08ffead15bff9baff5ac4daecba11a228386ba27cc0555a75f7da1a1b", kill_on_drop: false }`
[INFO] [stdout] f1d97bc08ffead15bff9baff5ac4daecba11a228386ba27cc0555a75f7da1a1b
[INFO] running `Command { std: "docker" "create" "-v" "/var/lib/crater-agent-workspace/builds/worker-6-tc2/target:/opt/rustwide/target:rw,Z" "-v" "/var/lib/crater-agent-workspace/builds/worker-6-tc2/source:/opt/rustwide/workdir:ro,Z" "-v" "/var/lib/crater-agent-workspace/cargo-home:/opt/rustwide/cargo-home:ro,Z" "-v" "/var/lib/crater-agent-workspace/rustup-home:/opt/rustwide/rustup-home:ro,Z" "-e" "SOURCE_DIR=/opt/rustwide/workdir" "-e" "CARGO_TARGET_DIR=/opt/rustwide/target" "-e" "CARGO_INCREMENTAL=0" "-e" "RUST_BACKTRACE=full" "-e" "RUSTFLAGS=--cap-lints=forbid -Zrandomize-layout" "-e" "RUSTDOCFLAGS=--cap-lints=forbid" "-e" "CARGO_HOME=/opt/rustwide/cargo-home" "-e" "RUSTUP_HOME=/opt/rustwide/rustup-home" "-w" "/opt/rustwide/workdir" "-m" "1610612736" "--user" "0:0" "--network" "none" "ghcr.io/rust-lang/crates-build-env/linux@sha256:4a844ea9eb2546a2d2c7022eacef16ef2e8229c7fbb2c7d4d55a9ceca922f72d" "/opt/rustwide/cargo-home/bin/cargo" "+nightly-2024-10-28" "build" "--frozen" "--message-format=json", kill_on_drop: false }`
[INFO] [stdout] cfe8cb88bddd2edff851f29058b16724d4d853a7fab74872f928c5857e506366
[INFO] running `Command { std: "docker" "start" "-a" "cfe8cb88bddd2edff851f29058b16724d4d853a7fab74872f928c5857e506366", kill_on_drop: false }`
[INFO] [stderr]    Compiling proc-macro2 v1.0.89
[INFO] [stderr]    Compiling quote v1.0.37
[INFO] [stderr]    Compiling syn v2.0.86
[INFO] [stderr]    Compiling serde_derive v1.0.214
[INFO] [stderr]    Compiling serde v1.0.214
[INFO] [stderr]    Compiling serde_json v1.0.132
[INFO] [stderr]    Compiling forza_dataout_parse v0.2.0 (/opt/rustwide/workdir)
[INFO] [stderr]     Finished `dev` profile [unoptimized + debuginfo] target(s) in 6.71s
[INFO] running `Command { std: "docker" "inspect" "cfe8cb88bddd2edff851f29058b16724d4d853a7fab74872f928c5857e506366", kill_on_drop: false }`
[INFO] running `Command { std: "docker" "rm" "-f" "cfe8cb88bddd2edff851f29058b16724d4d853a7fab74872f928c5857e506366", kill_on_drop: false }`
[INFO] [stdout] cfe8cb88bddd2edff851f29058b16724d4d853a7fab74872f928c5857e506366
[INFO] running `Command { std: "docker" "create" "-v" "/var/lib/crater-agent-workspace/builds/worker-6-tc2/target:/opt/rustwide/target:rw,Z" "-v" "/var/lib/crater-agent-workspace/builds/worker-6-tc2/source:/opt/rustwide/workdir:ro,Z" "-v" "/var/lib/crater-agent-workspace/cargo-home:/opt/rustwide/cargo-home:ro,Z" "-v" "/var/lib/crater-agent-workspace/rustup-home:/opt/rustwide/rustup-home:ro,Z" "-e" "SOURCE_DIR=/opt/rustwide/workdir" "-e" "CARGO_TARGET_DIR=/opt/rustwide/target" "-e" "CARGO_INCREMENTAL=0" "-e" "RUST_BACKTRACE=full" "-e" "RUSTFLAGS=--cap-lints=forbid -Zrandomize-layout" "-e" "RUSTDOCFLAGS=--cap-lints=forbid" "-e" "CARGO_HOME=/opt/rustwide/cargo-home" "-e" "RUSTUP_HOME=/opt/rustwide/rustup-home" "-w" "/opt/rustwide/workdir" "-m" "1610612736" "--user" "0:0" "--network" "none" "ghcr.io/rust-lang/crates-build-env/linux@sha256:4a844ea9eb2546a2d2c7022eacef16ef2e8229c7fbb2c7d4d55a9ceca922f72d" "/opt/rustwide/cargo-home/bin/cargo" "+nightly-2024-10-28" "test" "--frozen" "--no-run" "--message-format=json", kill_on_drop: false }`
[INFO] [stdout] ef73d7b8d09d88c0e9cec6f830a4f76abbd7bbdf5654fd7bd64f2549e4034a29
[INFO] running `Command { std: "docker" "start" "-a" "ef73d7b8d09d88c0e9cec6f830a4f76abbd7bbdf5654fd7bd64f2549e4034a29", kill_on_drop: false }`
[INFO] [stderr]    Compiling forza_dataout_parse v0.2.0 (/opt/rustwide/workdir)
[INFO] [stderr]     Finished `test` profile [unoptimized + debuginfo] target(s) in 0.37s
[INFO] running `Command { std: "docker" "inspect" "ef73d7b8d09d88c0e9cec6f830a4f76abbd7bbdf5654fd7bd64f2549e4034a29", kill_on_drop: false }`
[INFO] running `Command { std: "docker" "rm" "-f" "ef73d7b8d09d88c0e9cec6f830a4f76abbd7bbdf5654fd7bd64f2549e4034a29", kill_on_drop: false }`
[INFO] [stdout] ef73d7b8d09d88c0e9cec6f830a4f76abbd7bbdf5654fd7bd64f2549e4034a29
[INFO] running `Command { std: "docker" "create" "-v" "/var/lib/crater-agent-workspace/builds/worker-6-tc2/target:/opt/rustwide/target:rw,Z" "-v" "/var/lib/crater-agent-workspace/builds/worker-6-tc2/source:/opt/rustwide/workdir:ro,Z" "-v" "/var/lib/crater-agent-workspace/cargo-home:/opt/rustwide/cargo-home:ro,Z" "-v" "/var/lib/crater-agent-workspace/rustup-home:/opt/rustwide/rustup-home:ro,Z" "-e" "SOURCE_DIR=/opt/rustwide/workdir" "-e" "CARGO_TARGET_DIR=/opt/rustwide/target" "-e" "CARGO_INCREMENTAL=0" "-e" "RUST_BACKTRACE=full" "-e" "RUSTFLAGS=--cap-lints=forbid -Zrandomize-layout" "-e" "RUSTDOCFLAGS=--cap-lints=forbid" "-e" "CARGO_HOME=/opt/rustwide/cargo-home" "-e" "RUSTUP_HOME=/opt/rustwide/rustup-home" "-w" "/opt/rustwide/workdir" "-m" "1610612736" "--user" "0:0" "--network" "none" "ghcr.io/rust-lang/crates-build-env/linux@sha256:4a844ea9eb2546a2d2c7022eacef16ef2e8229c7fbb2c7d4d55a9ceca922f72d" "/opt/rustwide/cargo-home/bin/cargo" "+nightly-2024-10-28" "test" "--frozen", kill_on_drop: false }`
[INFO] [stdout] d69fe71ba244be7eb4906f23323bf79a003b51c91015d69063f91658cbb6563a
[INFO] running `Command { std: "docker" "start" "-a" "d69fe71ba244be7eb4906f23323bf79a003b51c91015d69063f91658cbb6563a", kill_on_drop: false }`
[INFO] [stderr]     Finished `test` profile [unoptimized + debuginfo] target(s) in 0.01s
[INFO] [stderr]      Running unittests src/lib.rs (/opt/rustwide/target/debug/deps/forza_dataout_parse-2512d2b9a75ab2e1)
[INFO] [stdout] 
[INFO] [stdout] running 0 tests
[INFO] [stdout] 
[INFO] [stdout] test result: ok. 0 passed; 0 failed; 0 ignored; 0 measured; 0 filtered out; finished in 0.00s
[INFO] [stdout] 
[INFO] [stderr]    Doc-tests forza_dataout_parse
[INFO] [stdout] 
[INFO] [stdout] running 1 test
[INFO] [stdout] test src/dash_parser.rs - dash_parser::parse (line 186) ... FAILED
[INFO] [stdout] 
[INFO] [stdout] failures:
[INFO] [stdout] 
[INFO] [stdout] ---- src/dash_parser.rs - dash_parser::parse (line 186) stdout ----
[INFO] [stdout] error[E0425]: cannot find value `udp_buf` in this scope
[INFO] [stdout]  --> src/dash_parser.rs:190:36
[INFO] [stdout]   |
[INFO] [stdout] 7 | let datagram = dash_parser::parse(&udp_buf);
[INFO] [stdout]   |                                    ^^^^^^^ not found in this scope
[INFO] [stdout] 
[INFO] [stdout] error: aborting due to 1 previous error
[INFO] [stdout] 
[INFO] [stdout] For more information about this error, try `rustc --explain E0425`.
[INFO] [stdout] Couldn't compile the test.
[INFO] [stdout] 
[INFO] [stdout] failures:
[INFO] [stdout]     src/dash_parser.rs - dash_parser::parse (line 186)
[INFO] [stdout] 
[INFO] [stdout] test result: FAILED. 0 passed; 1 failed; 0 ignored; 0 measured; 0 filtered out; finished in 0.05s
[INFO] [stdout] 
[INFO] [stderr] error: doctest failed, to rerun pass `--doc`
[INFO] running `Command { std: "docker" "inspect" "d69fe71ba244be7eb4906f23323bf79a003b51c91015d69063f91658cbb6563a", kill_on_drop: false }`
[INFO] running `Command { std: "docker" "rm" "-f" "d69fe71ba244be7eb4906f23323bf79a003b51c91015d69063f91658cbb6563a", kill_on_drop: false }`
[INFO] [stdout] d69fe71ba244be7eb4906f23323bf79a003b51c91015d69063f91658cbb6563a
