[INFO] fetching crate forwarding_gen 0.1.0...
[INFO] testing forwarding_gen-0.1.0 against nightly-2024-10-28+rustflags=-Zrandomize-layout for randomize-layout
[INFO] extracting crate forwarding_gen 0.1.0 into /workspace/builds/worker-1-tc2/source
[INFO] validating manifest of crates.io crate forwarding_gen 0.1.0 on toolchain nightly-2024-10-28
[INFO] running `Command { std: CARGO_HOME="/workspace/cargo-home" RUSTUP_HOME="/workspace/rustup-home" "/workspace/cargo-home/bin/cargo" "+nightly-2024-10-28" "metadata" "--manifest-path" "Cargo.toml" "--no-deps", kill_on_drop: false }`
[INFO] started tweaking crates.io crate forwarding_gen 0.1.0
[INFO] finished tweaking crates.io crate forwarding_gen 0.1.0
[INFO] tweaked toml for crates.io crate forwarding_gen 0.1.0 written to /workspace/builds/worker-1-tc2/source/Cargo.toml
[INFO] running `Command { std: CARGO_HOME="/workspace/cargo-home" RUSTUP_HOME="/workspace/rustup-home" "/workspace/cargo-home/bin/cargo" "+nightly-2024-10-28" "generate-lockfile" "--manifest-path" "Cargo.toml", kill_on_drop: false }`
[INFO] [stderr]     Updating crates.io index
[INFO] [stderr]      Locking 16 packages to latest compatible versions
[INFO] running `Command { std: CARGO_HOME="/workspace/cargo-home" RUSTUP_HOME="/workspace/rustup-home" "/workspace/cargo-home/bin/cargo" "+nightly-2024-10-28" "fetch" "--manifest-path" "Cargo.toml", kill_on_drop: false }`
[INFO] running `Command { std: "docker" "create" "-v" "/var/lib/crater-agent-workspace/builds/worker-1-tc2/target:/opt/rustwide/target:rw,Z" "-v" "/var/lib/crater-agent-workspace/builds/worker-1-tc2/source:/opt/rustwide/workdir:ro,Z" "-v" "/var/lib/crater-agent-workspace/cargo-home:/opt/rustwide/cargo-home:ro,Z" "-v" "/var/lib/crater-agent-workspace/rustup-home:/opt/rustwide/rustup-home:ro,Z" "-e" "SOURCE_DIR=/opt/rustwide/workdir" "-e" "CARGO_TARGET_DIR=/opt/rustwide/target" "-e" "CARGO_HOME=/opt/rustwide/cargo-home" "-e" "RUSTUP_HOME=/opt/rustwide/rustup-home" "-w" "/opt/rustwide/workdir" "-m" "1610612736" "--user" "0:0" "--network" "none" "ghcr.io/rust-lang/crates-build-env/linux@sha256:4a844ea9eb2546a2d2c7022eacef16ef2e8229c7fbb2c7d4d55a9ceca922f72d" "/opt/rustwide/cargo-home/bin/cargo" "+nightly-2024-10-28" "metadata" "--no-deps" "--format-version=1", kill_on_drop: false }`
[INFO] [stdout] f7f4a0f7a10c3cce775fe57d2e1dc9e707b868f23ba01c9efa369210daa31901
[INFO] running `Command { std: "docker" "start" "-a" "f7f4a0f7a10c3cce775fe57d2e1dc9e707b868f23ba01c9efa369210daa31901", kill_on_drop: false }`
[INFO] running `Command { std: "docker" "inspect" "f7f4a0f7a10c3cce775fe57d2e1dc9e707b868f23ba01c9efa369210daa31901", kill_on_drop: false }`
[INFO] running `Command { std: "docker" "rm" "-f" "f7f4a0f7a10c3cce775fe57d2e1dc9e707b868f23ba01c9efa369210daa31901", kill_on_drop: false }`
[INFO] [stdout] f7f4a0f7a10c3cce775fe57d2e1dc9e707b868f23ba01c9efa369210daa31901
[INFO] running `Command { std: "docker" "create" "-v" "/var/lib/crater-agent-workspace/builds/worker-1-tc2/target:/opt/rustwide/target:rw,Z" "-v" "/var/lib/crater-agent-workspace/builds/worker-1-tc2/source:/opt/rustwide/workdir:ro,Z" "-v" "/var/lib/crater-agent-workspace/cargo-home:/opt/rustwide/cargo-home:ro,Z" "-v" "/var/lib/crater-agent-workspace/rustup-home:/opt/rustwide/rustup-home:ro,Z" "-e" "SOURCE_DIR=/opt/rustwide/workdir" "-e" "CARGO_TARGET_DIR=/opt/rustwide/target" "-e" "CARGO_INCREMENTAL=0" "-e" "RUST_BACKTRACE=full" "-e" "RUSTFLAGS=--cap-lints=forbid -Zrandomize-layout" "-e" "RUSTDOCFLAGS=--cap-lints=forbid" "-e" "CARGO_HOME=/opt/rustwide/cargo-home" "-e" "RUSTUP_HOME=/opt/rustwide/rustup-home" "-w" "/opt/rustwide/workdir" "-m" "1610612736" "--user" "0:0" "--network" "none" "ghcr.io/rust-lang/crates-build-env/linux@sha256:4a844ea9eb2546a2d2c7022eacef16ef2e8229c7fbb2c7d4d55a9ceca922f72d" "/opt/rustwide/cargo-home/bin/cargo" "+nightly-2024-10-28" "build" "--frozen" "--message-format=json", kill_on_drop: false }`
[INFO] [stdout] c59d44b56065364d02dcfe28832d5a28b0d7ab51bcc8619975550faa5e0cff89
[INFO] running `Command { std: "docker" "start" "-a" "c59d44b56065364d02dcfe28832d5a28b0d7ab51bcc8619975550faa5e0cff89", kill_on_drop: false }`
[INFO] [stderr]    Compiling typenum v1.17.0
[INFO] [stderr]    Compiling version_check v0.9.5
[INFO] [stderr]    Compiling unicode-ident v1.0.13
[INFO] [stderr]    Compiling keccak v0.1.5
[INFO] [stderr]    Compiling base32ct v0.2.1
[INFO] [stderr]    Compiling proc-macro2 v1.0.89
[INFO] [stderr]    Compiling generic-array v0.14.7
[INFO] [stderr]    Compiling quote v1.0.37
[INFO] [stderr]    Compiling syn v2.0.86
[INFO] [stderr]    Compiling block-buffer v0.10.4
[INFO] [stderr]    Compiling crypto-common v0.1.6
[INFO] [stderr]    Compiling digest v0.10.7
[INFO] [stderr]    Compiling sha3 v0.10.8
[INFO] [stderr]    Compiling trait_info_gen v0.1.0
[INFO] [stderr]    Compiling forwarding_gen v0.1.0 (/opt/rustwide/workdir)
[INFO] [stderr]     Finished `dev` profile [unoptimized + debuginfo] target(s) in 4.12s
[INFO] running `Command { std: "docker" "inspect" "c59d44b56065364d02dcfe28832d5a28b0d7ab51bcc8619975550faa5e0cff89", kill_on_drop: false }`
[INFO] running `Command { std: "docker" "rm" "-f" "c59d44b56065364d02dcfe28832d5a28b0d7ab51bcc8619975550faa5e0cff89", kill_on_drop: false }`
[INFO] [stdout] c59d44b56065364d02dcfe28832d5a28b0d7ab51bcc8619975550faa5e0cff89
[INFO] running `Command { std: "docker" "create" "-v" "/var/lib/crater-agent-workspace/builds/worker-1-tc2/target:/opt/rustwide/target:rw,Z" "-v" "/var/lib/crater-agent-workspace/builds/worker-1-tc2/source:/opt/rustwide/workdir:ro,Z" "-v" "/var/lib/crater-agent-workspace/cargo-home:/opt/rustwide/cargo-home:ro,Z" "-v" "/var/lib/crater-agent-workspace/rustup-home:/opt/rustwide/rustup-home:ro,Z" "-e" "SOURCE_DIR=/opt/rustwide/workdir" "-e" "CARGO_TARGET_DIR=/opt/rustwide/target" "-e" "CARGO_INCREMENTAL=0" "-e" "RUST_BACKTRACE=full" "-e" "RUSTFLAGS=--cap-lints=forbid -Zrandomize-layout" "-e" "RUSTDOCFLAGS=--cap-lints=forbid" "-e" "CARGO_HOME=/opt/rustwide/cargo-home" "-e" "RUSTUP_HOME=/opt/rustwide/rustup-home" "-w" "/opt/rustwide/workdir" "-m" "1610612736" "--user" "0:0" "--network" "none" "ghcr.io/rust-lang/crates-build-env/linux@sha256:4a844ea9eb2546a2d2c7022eacef16ef2e8229c7fbb2c7d4d55a9ceca922f72d" "/opt/rustwide/cargo-home/bin/cargo" "+nightly-2024-10-28" "test" "--frozen" "--no-run" "--message-format=json", kill_on_drop: false }`
[INFO] [stdout] 0cc65f865bd27f915fdbc9543a5d4285a6b1309d8a2599c4b9a49ec1cb9ea0d9
[INFO] running `Command { std: "docker" "start" "-a" "0cc65f865bd27f915fdbc9543a5d4285a6b1309d8a2599c4b9a49ec1cb9ea0d9", kill_on_drop: false }`
[INFO] [stderr]    Compiling forwarding_gen v0.1.0 (/opt/rustwide/workdir)
[INFO] [stderr]     Finished `test` profile [unoptimized + debuginfo] target(s) in 0.36s
[INFO] running `Command { std: "docker" "inspect" "0cc65f865bd27f915fdbc9543a5d4285a6b1309d8a2599c4b9a49ec1cb9ea0d9", kill_on_drop: false }`
[INFO] running `Command { std: "docker" "rm" "-f" "0cc65f865bd27f915fdbc9543a5d4285a6b1309d8a2599c4b9a49ec1cb9ea0d9", kill_on_drop: false }`
[INFO] [stdout] 0cc65f865bd27f915fdbc9543a5d4285a6b1309d8a2599c4b9a49ec1cb9ea0d9
[INFO] running `Command { std: "docker" "create" "-v" "/var/lib/crater-agent-workspace/builds/worker-1-tc2/target:/opt/rustwide/target:rw,Z" "-v" "/var/lib/crater-agent-workspace/builds/worker-1-tc2/source:/opt/rustwide/workdir:ro,Z" "-v" "/var/lib/crater-agent-workspace/cargo-home:/opt/rustwide/cargo-home:ro,Z" "-v" "/var/lib/crater-agent-workspace/rustup-home:/opt/rustwide/rustup-home:ro,Z" "-e" "SOURCE_DIR=/opt/rustwide/workdir" "-e" "CARGO_TARGET_DIR=/opt/rustwide/target" "-e" "CARGO_INCREMENTAL=0" "-e" "RUST_BACKTRACE=full" "-e" "RUSTFLAGS=--cap-lints=forbid -Zrandomize-layout" "-e" "RUSTDOCFLAGS=--cap-lints=forbid" "-e" "CARGO_HOME=/opt/rustwide/cargo-home" "-e" "RUSTUP_HOME=/opt/rustwide/rustup-home" "-w" "/opt/rustwide/workdir" "-m" "1610612736" "--user" "0:0" "--network" "none" "ghcr.io/rust-lang/crates-build-env/linux@sha256:4a844ea9eb2546a2d2c7022eacef16ef2e8229c7fbb2c7d4d55a9ceca922f72d" "/opt/rustwide/cargo-home/bin/cargo" "+nightly-2024-10-28" "test" "--frozen", kill_on_drop: false }`
[INFO] [stdout] e94023677d56fc7b4a3674f74dd0819546fd42e8af08c7c3f587b6163b6bff37
[INFO] running `Command { std: "docker" "start" "-a" "e94023677d56fc7b4a3674f74dd0819546fd42e8af08c7c3f587b6163b6bff37", kill_on_drop: false }`
[INFO] [stderr]     Finished `test` profile [unoptimized + debuginfo] target(s) in 0.75s
[INFO] [stderr]      Running unittests src/lib.rs (/opt/rustwide/target/debug/deps/forwarding_gen-c3500730238d1f29)
[INFO] [stdout] 
[INFO] [stdout] running 0 tests
[INFO] [stdout] 
[INFO] [stderr]    Doc-tests forwarding_gen
[INFO] [stdout] test result: ok. 0 passed; 0 failed; 0 ignored; 0 measured; 0 filtered out; finished in 0.00s
[INFO] [stdout] 
[INFO] [stdout] 
[INFO] [stdout] running 2 tests
[INFO] [stdout] test src/forwarding_derive_member_receiver.rs - forwarding_derive_member_receiver::ForwardingDeriveMemberReceiver::parse (line 148) ... FAILED
[INFO] [stdout] test src/forwarding_trait_impl_receiver.rs - forwarding_trait_impl_receiver::ForwardingTraitImplReceiver::parse (line 136) ... FAILED
[INFO] [stdout] 
[INFO] [stdout] failures:
[INFO] [stdout] 
[INFO] [stdout] ---- src/forwarding_derive_member_receiver.rs - forwarding_derive_member_receiver::ForwardingDeriveMemberReceiver::parse (line 148) stdout ----
[INFO] [stdout] error: cannot find macro `ForwardingDeriveMemberProcess` in this scope
[INFO] [stdout]  --> src/forwarding_derive_member_receiver.rs:149:1
[INFO] [stdout]   |
[INFO] [stdout] 3 | ForwardingDeriveMemberProcess!(
[INFO] [stdout]   | ^^^^^^^^^^^^^^^^^^^^^^^^^^^^^
[INFO] [stdout] 
[INFO] [stdout] error: aborting due to 1 previous error
[INFO] [stdout] 
[INFO] [stdout] Couldn't compile the test.
[INFO] [stdout] ---- src/forwarding_trait_impl_receiver.rs - forwarding_trait_impl_receiver::ForwardingTraitImplReceiver::parse (line 136) stdout ----
[INFO] [stderr] error: doctest failed, to rerun pass `--doc`
[INFO] [stdout] error: cannot find macro `ForwardingTraitImplProcess` in this scope
[INFO] [stdout]  --> src/forwarding_trait_impl_receiver.rs:137:1
[INFO] [stdout]   |
[INFO] [stdout] 3 | ForwardingTraitImplProcess!(
[INFO] [stdout]   | ^^^^^^^^^^^^^^^^^^^^^^^^^^
[INFO] [stdout] 
[INFO] [stdout] error: aborting due to 1 previous error
[INFO] [stdout] 
[INFO] [stdout] Couldn't compile the test.
[INFO] [stdout] 
[INFO] [stdout] failures:
[INFO] [stdout]     src/forwarding_derive_member_receiver.rs - forwarding_derive_member_receiver::ForwardingDeriveMemberReceiver::parse (line 148)
[INFO] [stdout]     src/forwarding_trait_impl_receiver.rs - forwarding_trait_impl_receiver::ForwardingTraitImplReceiver::parse (line 136)
[INFO] [stdout] 
[INFO] [stdout] test result: FAILED. 0 passed; 2 failed; 0 ignored; 0 measured; 0 filtered out; finished in 0.08s
[INFO] [stdout] 
[INFO] running `Command { std: "docker" "inspect" "e94023677d56fc7b4a3674f74dd0819546fd42e8af08c7c3f587b6163b6bff37", kill_on_drop: false }`
[INFO] running `Command { std: "docker" "rm" "-f" "e94023677d56fc7b4a3674f74dd0819546fd42e8af08c7c3f587b6163b6bff37", kill_on_drop: false }`
[INFO] [stdout] e94023677d56fc7b4a3674f74dd0819546fd42e8af08c7c3f587b6163b6bff37
