[INFO] fetching crate fortuples 0.9.1...
[INFO] testing fortuples-0.9.1 against nightly-2024-10-28+rustflags=-Zrandomize-layout for randomize-layout
[INFO] extracting crate fortuples 0.9.1 into /workspace/builds/worker-5-tc2/source
[INFO] validating manifest of crates.io crate fortuples 0.9.1 on toolchain nightly-2024-10-28
[INFO] running `Command { std: CARGO_HOME="/workspace/cargo-home" RUSTUP_HOME="/workspace/rustup-home" "/workspace/cargo-home/bin/cargo" "+nightly-2024-10-28" "metadata" "--manifest-path" "Cargo.toml" "--no-deps", kill_on_drop: false }`
[INFO] started tweaking crates.io crate fortuples 0.9.1
[INFO] finished tweaking crates.io crate fortuples 0.9.1
[INFO] tweaked toml for crates.io crate fortuples 0.9.1 written to /workspace/builds/worker-5-tc2/source/Cargo.toml
[INFO] running `Command { std: CARGO_HOME="/workspace/cargo-home" RUSTUP_HOME="/workspace/rustup-home" "/workspace/cargo-home/bin/cargo" "+nightly-2024-10-28" "generate-lockfile" "--manifest-path" "Cargo.toml", kill_on_drop: false }`
[INFO] [stderr]     Updating crates.io index
[INFO] [stderr]      Locking 35 packages to latest compatible versions
[INFO] [stderr]       Adding syn v1.0.109 (available: v2.0.86)
[INFO] running `Command { std: CARGO_HOME="/workspace/cargo-home" RUSTUP_HOME="/workspace/rustup-home" "/workspace/cargo-home/bin/cargo" "+nightly-2024-10-28" "fetch" "--manifest-path" "Cargo.toml", kill_on_drop: false }`
[INFO] running `Command { std: "docker" "create" "-v" "/var/lib/crater-agent-workspace/builds/worker-5-tc2/target:/opt/rustwide/target:rw,Z" "-v" "/var/lib/crater-agent-workspace/builds/worker-5-tc2/source:/opt/rustwide/workdir:ro,Z" "-v" "/var/lib/crater-agent-workspace/cargo-home:/opt/rustwide/cargo-home:ro,Z" "-v" "/var/lib/crater-agent-workspace/rustup-home:/opt/rustwide/rustup-home:ro,Z" "-e" "SOURCE_DIR=/opt/rustwide/workdir" "-e" "CARGO_TARGET_DIR=/opt/rustwide/target" "-e" "CARGO_HOME=/opt/rustwide/cargo-home" "-e" "RUSTUP_HOME=/opt/rustwide/rustup-home" "-w" "/opt/rustwide/workdir" "-m" "1610612736" "--user" "0:0" "--network" "none" "ghcr.io/rust-lang/crates-build-env/linux@sha256:4a844ea9eb2546a2d2c7022eacef16ef2e8229c7fbb2c7d4d55a9ceca922f72d" "/opt/rustwide/cargo-home/bin/cargo" "+nightly-2024-10-28" "metadata" "--no-deps" "--format-version=1", kill_on_drop: false }`
[INFO] [stdout] a4671541b2b28b0729c9d3d408777cb3d470b1f9a7844d3c1d2136bd4fb98ae5
[INFO] running `Command { std: "docker" "start" "-a" "a4671541b2b28b0729c9d3d408777cb3d470b1f9a7844d3c1d2136bd4fb98ae5", kill_on_drop: false }`
[INFO] running `Command { std: "docker" "inspect" "a4671541b2b28b0729c9d3d408777cb3d470b1f9a7844d3c1d2136bd4fb98ae5", kill_on_drop: false }`
[INFO] running `Command { std: "docker" "rm" "-f" "a4671541b2b28b0729c9d3d408777cb3d470b1f9a7844d3c1d2136bd4fb98ae5", kill_on_drop: false }`
[INFO] [stdout] a4671541b2b28b0729c9d3d408777cb3d470b1f9a7844d3c1d2136bd4fb98ae5
[INFO] running `Command { std: "docker" "create" "-v" "/var/lib/crater-agent-workspace/builds/worker-5-tc2/target:/opt/rustwide/target:rw,Z" "-v" "/var/lib/crater-agent-workspace/builds/worker-5-tc2/source:/opt/rustwide/workdir:ro,Z" "-v" "/var/lib/crater-agent-workspace/cargo-home:/opt/rustwide/cargo-home:ro,Z" "-v" "/var/lib/crater-agent-workspace/rustup-home:/opt/rustwide/rustup-home:ro,Z" "-e" "SOURCE_DIR=/opt/rustwide/workdir" "-e" "CARGO_TARGET_DIR=/opt/rustwide/target" "-e" "CARGO_INCREMENTAL=0" "-e" "RUST_BACKTRACE=full" "-e" "RUSTFLAGS=--cap-lints=forbid -Zrandomize-layout" "-e" "RUSTDOCFLAGS=--cap-lints=forbid" "-e" "CARGO_HOME=/opt/rustwide/cargo-home" "-e" "RUSTUP_HOME=/opt/rustwide/rustup-home" "-w" "/opt/rustwide/workdir" "-m" "1610612736" "--user" "0:0" "--network" "none" "ghcr.io/rust-lang/crates-build-env/linux@sha256:4a844ea9eb2546a2d2c7022eacef16ef2e8229c7fbb2c7d4d55a9ceca922f72d" "/opt/rustwide/cargo-home/bin/cargo" "+nightly-2024-10-28" "build" "--frozen" "--message-format=json", kill_on_drop: false }`
[INFO] [stdout] 64fe0ba0a96fcd7c04de5190de1835a03c973764ae3f6f70037dd03d75a79590
[INFO] running `Command { std: "docker" "start" "-a" "64fe0ba0a96fcd7c04de5190de1835a03c973764ae3f6f70037dd03d75a79590", kill_on_drop: false }`
[INFO] [stderr]    Compiling syn v1.0.109
[INFO] [stderr]    Compiling fortuples v0.9.1 (/opt/rustwide/workdir)
[INFO] [stderr]     Finished `dev` profile [unoptimized + debuginfo] target(s) in 2.76s
[INFO] running `Command { std: "docker" "inspect" "64fe0ba0a96fcd7c04de5190de1835a03c973764ae3f6f70037dd03d75a79590", kill_on_drop: false }`
[INFO] running `Command { std: "docker" "rm" "-f" "64fe0ba0a96fcd7c04de5190de1835a03c973764ae3f6f70037dd03d75a79590", kill_on_drop: false }`
[INFO] [stdout] 64fe0ba0a96fcd7c04de5190de1835a03c973764ae3f6f70037dd03d75a79590
[INFO] running `Command { std: "docker" "create" "-v" "/var/lib/crater-agent-workspace/builds/worker-5-tc2/target:/opt/rustwide/target:rw,Z" "-v" "/var/lib/crater-agent-workspace/builds/worker-5-tc2/source:/opt/rustwide/workdir:ro,Z" "-v" "/var/lib/crater-agent-workspace/cargo-home:/opt/rustwide/cargo-home:ro,Z" "-v" "/var/lib/crater-agent-workspace/rustup-home:/opt/rustwide/rustup-home:ro,Z" "-e" "SOURCE_DIR=/opt/rustwide/workdir" "-e" "CARGO_TARGET_DIR=/opt/rustwide/target" "-e" "CARGO_INCREMENTAL=0" "-e" "RUST_BACKTRACE=full" "-e" "RUSTFLAGS=--cap-lints=forbid -Zrandomize-layout" "-e" "RUSTDOCFLAGS=--cap-lints=forbid" "-e" "CARGO_HOME=/opt/rustwide/cargo-home" "-e" "RUSTUP_HOME=/opt/rustwide/rustup-home" "-w" "/opt/rustwide/workdir" "-m" "1610612736" "--user" "0:0" "--network" "none" "ghcr.io/rust-lang/crates-build-env/linux@sha256:4a844ea9eb2546a2d2c7022eacef16ef2e8229c7fbb2c7d4d55a9ceca922f72d" "/opt/rustwide/cargo-home/bin/cargo" "+nightly-2024-10-28" "test" "--frozen" "--no-run" "--message-format=json", kill_on_drop: false }`
[INFO] [stdout] 840d5c1b3c16915e635ebcfcb7c9c8e04fcf13aae51fdb06441e0c86fc795946
[INFO] running `Command { std: "docker" "start" "-a" "840d5c1b3c16915e635ebcfcb7c9c8e04fcf13aae51fdb06441e0c86fc795946", kill_on_drop: false }`
[INFO] [stderr]    Compiling syn v1.0.109
[INFO] [stderr]    Compiling target-triple v0.1.3
[INFO] [stderr]    Compiling winnow v0.6.20
[INFO] [stderr]    Compiling termcolor v1.4.1
[INFO] [stderr]    Compiling glob v0.3.1
[INFO] [stderr]    Compiling serde v1.0.214
[INFO] [stderr]    Compiling syn v2.0.86
[INFO] [stderr]    Compiling serde_derive v1.0.214
[INFO] [stderr]    Compiling serde_spanned v0.6.8
[INFO] [stderr]    Compiling toml_datetime v0.6.8
[INFO] [stderr]    Compiling serde_json v1.0.132
[INFO] [stderr]    Compiling toml_edit v0.22.22
[INFO] [stderr]    Compiling impl-trait-for-tuples v0.2.2
[INFO] [stderr]    Compiling fortuples v0.9.1 (/opt/rustwide/workdir)
[INFO] [stderr]    Compiling toml v0.8.19
[INFO] [stderr]    Compiling trybuild v1.0.101
[INFO] [stdout] warning: unexpected `cfg` condition value: `test`
[INFO] [stdout]   --> tests/attr_preserve.rs:10:11
[INFO] [stdout]    |
[INFO] [stdout] 10 |     #[cfg(feature = "test")]
[INFO] [stdout]    |           ^^^^^^^^^^^^^^^^
[INFO] [stdout]    |
[INFO] [stdout]    = note: expected values for `feature` are: `debug`
[INFO] [stdout]    = help: consider adding `test` as a feature in `Cargo.toml`
[INFO] [stdout]    = note: see <https://doc.rust-lang.org/nightly/rustc/check-cfg/cargo-specifics.html> for more information about checking conditional configuration
[INFO] [stdout]    = note: `#[warn(unexpected_cfgs)]` on by default
[INFO] [stdout] 
[INFO] [stdout] 
[INFO] [stderr]     Finished `test` profile [unoptimized + debuginfo] target(s) in 9.21s
[INFO] running `Command { std: "docker" "inspect" "840d5c1b3c16915e635ebcfcb7c9c8e04fcf13aae51fdb06441e0c86fc795946", kill_on_drop: false }`
[INFO] running `Command { std: "docker" "rm" "-f" "840d5c1b3c16915e635ebcfcb7c9c8e04fcf13aae51fdb06441e0c86fc795946", kill_on_drop: false }`
[INFO] [stdout] 840d5c1b3c16915e635ebcfcb7c9c8e04fcf13aae51fdb06441e0c86fc795946
[INFO] running `Command { std: "docker" "create" "-v" "/var/lib/crater-agent-workspace/builds/worker-5-tc2/target:/opt/rustwide/target:rw,Z" "-v" "/var/lib/crater-agent-workspace/builds/worker-5-tc2/source:/opt/rustwide/workdir:ro,Z" "-v" "/var/lib/crater-agent-workspace/cargo-home:/opt/rustwide/cargo-home:ro,Z" "-v" "/var/lib/crater-agent-workspace/rustup-home:/opt/rustwide/rustup-home:ro,Z" "-e" "SOURCE_DIR=/opt/rustwide/workdir" "-e" "CARGO_TARGET_DIR=/opt/rustwide/target" "-e" "CARGO_INCREMENTAL=0" "-e" "RUST_BACKTRACE=full" "-e" "RUSTFLAGS=--cap-lints=forbid -Zrandomize-layout" "-e" "RUSTDOCFLAGS=--cap-lints=forbid" "-e" "CARGO_HOME=/opt/rustwide/cargo-home" "-e" "RUSTUP_HOME=/opt/rustwide/rustup-home" "-w" "/opt/rustwide/workdir" "-m" "1610612736" "--user" "0:0" "--network" "none" "ghcr.io/rust-lang/crates-build-env/linux@sha256:4a844ea9eb2546a2d2c7022eacef16ef2e8229c7fbb2c7d4d55a9ceca922f72d" "/opt/rustwide/cargo-home/bin/cargo" "+nightly-2024-10-28" "test" "--frozen", kill_on_drop: false }`
[INFO] [stdout] 9d7ab44194d62f82c5ba65ca39ecd93d23c163d8ba3b20c04be5eda52d6be2af
[INFO] running `Command { std: "docker" "start" "-a" "9d7ab44194d62f82c5ba65ca39ecd93d23c163d8ba3b20c04be5eda52d6be2af", kill_on_drop: false }`
[INFO] [stderr] warning: unexpected `cfg` condition value: `test`
[INFO] [stderr]   --> tests/attr_preserve.rs:10:11
[INFO] [stderr]    |
[INFO] [stderr] 10 |     #[cfg(feature = "test")]
[INFO] [stderr]    |           ^^^^^^^^^^^^^^^^
[INFO] [stderr]    |
[INFO] [stderr]    = note: expected values for `feature` are: `debug`
[INFO] [stderr]    = help: consider adding `test` as a feature in `Cargo.toml`
[INFO] [stderr]    = note: see <https://doc.rust-lang.org/nightly/rustc/check-cfg/cargo-specifics.html> for more information about checking conditional configuration
[INFO] [stderr]    = note: `#[warn(unexpected_cfgs)]` on by default
[INFO] [stderr] 
[INFO] [stderr] warning: `fortuples` (test "attr_preserve") generated 1 warning
[INFO] [stderr]     Finished `test` profile [unoptimized + debuginfo] target(s) in 0.03s
[INFO] [stderr]      Running unittests src/lib.rs (/opt/rustwide/target/debug/deps/fortuples-e109c795c72cb901)
[INFO] [stdout] 
[INFO] [stdout] running 0 tests
[INFO] [stdout] 
[INFO] [stdout] test result: ok. 0 passed; 0 failed; 0 ignored; 0 measured; 0 filtered out; finished in 0.00s
[INFO] [stdout] 
[INFO] [stderr]      Running tests/attr_preserve.rs (/opt/rustwide/target/debug/deps/attr_preserve-35b6076c8d8a8ce5)
[INFO] [stdout] 
[INFO] [stdout] running 1 test
[INFO] [stdout] test test_attr_preserve ... ok
[INFO] [stdout] 
[INFO] [stdout] test result: ok. 1 passed; 0 failed; 0 ignored; 0 measured; 0 filtered out; finished in 0.00s
[INFO] [stdout] 
[INFO] [stderr]      Running tests/auto_impl_codegen.rs (/opt/rustwide/target/debug/deps/auto_impl_codegen-a96bd43e47b55b01)
[INFO] [stdout] 
[INFO] [stdout] running 10 tests
[INFO] [stdout] test test_auto_impl_args ... ok
[INFO] [stdout] test test_auto_impl_generalized ... ok
[INFO] [stdout] test test_auto_impl_member_type ... ok
[INFO] [stdout] test test_auto_impl_mut_refs ... ok
[INFO] [stdout] test test_auto_impl_no_args ... ok
[INFO] [stdout] test test_auto_impl_only_self ... ok
[INFO] [stdout] test test_auto_impl_refs ... ok
[INFO] [stdout] test test_auto_impl_simple ... ok
[INFO] [stdout] test test_auto_impl_unsafe ... ok
[INFO] [stdout] test test_auto_impl_wildcard ... ok
[INFO] [stdout] 
[INFO] [stdout] test result: ok. 10 passed; 0 failed; 0 ignored; 0 measured; 0 filtered out; finished in 0.00s
[INFO] [stdout] 
[INFO] [stderr]      Running tests/errors.rs (/opt/rustwide/target/debug/deps/errors-b8beae5fd4349fd0)
[INFO] [stdout] 
[INFO] [stdout] running 1 test
[INFO] [stderr]    Compiling proc-macro2 v1.0.89
[INFO] [stderr]    Compiling unicode-ident v1.0.13
[INFO] [stderr]    Compiling syn v1.0.109
[INFO] [stderr]     Checking quote v1.0.37
[INFO] [stderr]    Compiling impl-trait-for-tuples v0.2.2
[INFO] [stderr]    Compiling fortuples v0.9.1 (/opt/rustwide/workdir)
[INFO] [stderr]     Checking fortuples-tests v0.0.0 (/opt/rustwide/target/tests/trybuild/fortuples)
[INFO] [stderr]     Finished `dev` profile [unoptimized + debuginfo] target(s) in 6.49s
[INFO] [stderr] 
[INFO] [stderr] 
[INFO] [stderr] test tests/ui/errors/attr.tuples.debug-expand.empty-arg.rs ... ok
[INFO] [stderr] test tests/ui/errors/attr.tuples.debug-expand.invalid-arg.rs ... ok
[INFO] [stderr] test tests/ui/errors/attr.tuples.debug-expand.invalid-path.rs ... ok
[INFO] [stderr] test tests/ui/errors/attr.tuples.debug-expand.not-existent-path.rs ... error
[INFO] [stderr] Expected test case to fail to compile, but it succeeded.
[INFO] [stderr] 
[INFO] [stderr] test tests/ui/errors/attr.tuples.refs-tuple.invalid-arg.rs ... ok
[INFO] [stderr] test tests/ui/errors/attr.tuples.unique.debug-expand.rs ... ok
[INFO] [stderr] test tests/ui/errors/attr.tuples.unique.max-size.rs ... ok
[INFO] [stderr] test tests/ui/errors/attr.tuples.unique.member-name.rs ... ok
[INFO] [stderr] test tests/ui/errors/attr.tuples.unique.member-type.rs ... ok
[INFO] [stderr] test tests/ui/errors/attr.tuples.unique.min-size.rs ... ok
[INFO] [stderr] test tests/ui/errors/attr.tuples.unique.refs-tuple.rs ... ok
[INFO] [stderr] test tests/ui/errors/attr.tuples.unique.tuple_name.rs ... ok
[INFO] [stderr] test tests/ui/errors/attr.tuples.unknown.rs ... ok
[INFO] [stderr] test tests/ui/errors/attr.tuples.unknown.too-many-segments.rs ... ok
[INFO] [stderr] test tests/ui/errors/auto-impl.args.rs ... ok
[INFO] [stderr] test tests/ui/errors/auto-impl.assoc-const.rs ... ok
[INFO] [stderr] test tests/ui/errors/auto-impl.assoc-type.rs ... ok
[INFO] [stderr] test tests/ui/errors/auto-impl.macro.rs ... ok
[INFO] [stderr] test tests/ui/errors/auto-impl.member-name.rs ... ok
[INFO] [stderr] test tests/ui/errors/auto-impl.pattern.box.rs ... ok
[INFO] [stderr] test tests/ui/errors/auto-impl.pattern.macro.rs ... ok
[INFO] [stderr] test tests/ui/errors/auto-impl.pattern.ref.rs ... ok
[INFO] [stderr] test tests/ui/errors/auto-impl.pattern.struct.rs ... ok
[INFO] [stderr] test tests/ui/errors/auto-impl.pattern.tuple-struct.rs ... ok
[INFO] [stderr] test tests/ui/errors/auto-impl.pattern.tuple.rs ... ok
[INFO] [stderr] test tests/ui/errors/auto-impl.return-type.rs ... ok
[INFO] [stderr] test tests/ui/errors/auto-impl.tuple-name.rs ... ok
[INFO] [stderr] test tests/ui/errors/inconsistent-sizes.both-present.rs ... ok
[INFO] [stderr] test tests/ui/errors/inconsistent-sizes.max-only.rs ... ok
[INFO] [stderr] test tests/ui/errors/inconsistent-sizes.min-only.rs ... ok
[INFO] [stderr] test tests/ui/errors/repetition.missing-separator.rs ... ok
[INFO] [stderr] test tests/ui/errors/repetition.missing-star.rs ... ok
[INFO] [stderr] test tests/ui/errors/repetition.no-context.member-type.rs ... ok
[INFO] [stderr] test tests/ui/errors/repetition.no-context.var.rs ... ok
[INFO] [stderr] test tests/ui/errors/repetition.not-a-star.rs ... ok
[INFO] [stderr] 
[INFO] [stderr] 
[INFO] [stdout] test ui_errors ... FAILED
[INFO] [stdout] 
[INFO] [stdout] failures:
[INFO] [stdout] 
[INFO] [stdout] ---- ui_errors stdout ----
[INFO] [stdout] thread 'ui_errors' panicked at /opt/rustwide/cargo-home/registry/src/index.crates.io-6f17d22bba15001f/trybuild-1.0.101/src/run.rs:101:13:
[INFO] [stdout] 1 of 35 tests failed
[INFO] [stdout] stack backtrace:
[INFO] [stdout]    0:     0x6171859188ca - std::backtrace_rs::backtrace::libunwind::trace::h207520d6e9873551
[INFO] [stdout]                                at /rustc/df4ca44d3fbc9301ee17f30f4d474e6ae4b05252/library/std/src/../../backtrace/src/backtrace/libunwind.rs:116:5
[INFO] [stdout]    1:     0x6171859188ca - std::backtrace_rs::backtrace::trace_unsynchronized::h2ed7433f370e3eca
[INFO] [stdout]                                at /rustc/df4ca44d3fbc9301ee17f30f4d474e6ae4b05252/library/std/src/../../backtrace/src/backtrace/mod.rs:66:5
[INFO] [stdout]    2:     0x6171859188ca - std::sys::backtrace::_print_fmt::h916fac51166b18d7
[INFO] [stdout]                                at /rustc/df4ca44d3fbc9301ee17f30f4d474e6ae4b05252/library/std/src/sys/backtrace.rs:66:9
[INFO] [stdout]    3:     0x6171859188ca - <std::sys::backtrace::BacktraceLock::print::DisplayBacktrace as core::fmt::Display>::fmt::ha0a4c9b8ce3802e6
[INFO] [stdout]                                at /rustc/df4ca44d3fbc9301ee17f30f4d474e6ae4b05252/library/std/src/sys/backtrace.rs:39:26
[INFO] [stdout]    4:     0x617185942d73 - core::fmt::rt::Argument::fmt::h4cfc8587d52b3eb5
[INFO] [stdout]                                at /rustc/df4ca44d3fbc9301ee17f30f4d474e6ae4b05252/library/core/src/fmt/rt.rs:177:76
[INFO] [stdout]    5:     0x617185942d73 - core::fmt::write::h522cc39e5b36ae9f
[INFO] [stdout]                                at /rustc/df4ca44d3fbc9301ee17f30f4d474e6ae4b05252/library/core/src/fmt/mod.rs:1190:21
[INFO] [stdout]    6:     0x617185914903 - std::io::Write::write_fmt::h7d3c26752da97734
[INFO] [stdout]                                at /rustc/df4ca44d3fbc9301ee17f30f4d474e6ae4b05252/library/std/src/io/mod.rs:1839:15
[INFO] [stdout]    7:     0x617185918712 - std::sys::backtrace::BacktraceLock::print::h4b9e00b29e9c0942
[INFO] [stdout]                                at /rustc/df4ca44d3fbc9301ee17f30f4d474e6ae4b05252/library/std/src/sys/backtrace.rs:42:9
[INFO] [stdout]    8:     0x61718591a35a - std::panicking::default_hook::{{closure}}::hb59b88280d0324d9
[INFO] [stdout]                                at /rustc/df4ca44d3fbc9301ee17f30f4d474e6ae4b05252/library/std/src/panicking.rs:268:22
[INFO] [stdout]    9:     0x61718591a164 - std::panicking::default_hook::he1dd496665be4a29
[INFO] [stdout]                                at /rustc/df4ca44d3fbc9301ee17f30f4d474e6ae4b05252/library/std/src/panicking.rs:292:9
[INFO] [stdout]   10:     0x6171858e0e59 - <alloc::boxed::Box<F,A> as core::ops::function::Fn<Args>>::call::h4ff71de18744e1dc
[INFO] [stdout]                                at /rustc/df4ca44d3fbc9301ee17f30f4d474e6ae4b05252/library/alloc/src/boxed.rs:2468:9
[INFO] [stdout]   11:     0x6171858e0e59 - test::test_main::{{closure}}::hcf7c055ce117aa81
[INFO] [stdout]                                at /rustc/df4ca44d3fbc9301ee17f30f4d474e6ae4b05252/library/test/src/lib.rs:133:21
[INFO] [stdout]   12:     0x61718591aa58 - <alloc::boxed::Box<F,A> as core::ops::function::Fn<Args>>::call::h1d66c6bbd60c9692
[INFO] [stdout]                                at /rustc/df4ca44d3fbc9301ee17f30f4d474e6ae4b05252/library/alloc/src/boxed.rs:2468:9
[INFO] [stdout]   13:     0x61718591aa58 - std::panicking::rust_panic_with_hook::h2ff17fe8f26dfcf8
[INFO] [stdout]                                at /rustc/df4ca44d3fbc9301ee17f30f4d474e6ae4b05252/library/std/src/panicking.rs:809:13
[INFO] [stdout]   14:     0x61718591a81a - std::panicking::begin_panic_handler::{{closure}}::h4fad77951c07e101
[INFO] [stdout]                                at /rustc/df4ca44d3fbc9301ee17f30f4d474e6ae4b05252/library/std/src/panicking.rs:674:13
[INFO] [stdout]   15:     0x617185918da9 - std::sys::backtrace::__rust_end_short_backtrace::hb1a25b3da5d0ea08
[INFO] [stdout]                                at /rustc/df4ca44d3fbc9301ee17f30f4d474e6ae4b05252/library/std/src/sys/backtrace.rs:170:18
[INFO] [stdout]   16:     0x61718591a4ac - rust_begin_unwind
[INFO] [stdout]                                at /rustc/df4ca44d3fbc9301ee17f30f4d474e6ae4b05252/library/std/src/panicking.rs:665:5
[INFO] [stdout]   17:     0x617185941120 - core::panicking::panic_fmt::ha9db07b529f9b256
[INFO] [stdout]                                at /rustc/df4ca44d3fbc9301ee17f30f4d474e6ae4b05252/library/core/src/panicking.rs:75:14
[INFO] [stdout]   18:     0x6171856bed45 - trybuild::run::<impl trybuild::Runner>::run::h8552e4200e71e63d
[INFO] [stdout]                                at /opt/rustwide/cargo-home/registry/src/index.crates.io-6f17d22bba15001f/trybuild-1.0.101/src/run.rs:101:13
[INFO] [stdout]   19:     0x6171856c4278 - <trybuild::TestCases as core::ops::drop::Drop>::drop::hc4a735a9454cdfbe
[INFO] [stdout]                                at /opt/rustwide/cargo-home/registry/src/index.crates.io-6f17d22bba15001f/trybuild-1.0.101/src/lib.rs:340:13
[INFO] [stdout]   20:     0x6171855f0477 - core::ptr::drop_in_place<trybuild::TestCases>::h99ac29c40e7e2da9
[INFO] [stdout]                                at /rustc/df4ca44d3fbc9301ee17f30f4d474e6ae4b05252/library/core/src/ptr/mod.rs:521:1
[INFO] [stdout]   21:     0x6171855f0bc3 - errors::ui_errors::h33efa081d3456dbe
[INFO] [stdout]                                at /opt/rustwide/workdir/tests/errors.rs:5:1
[INFO] [stdout]   22:     0x6171855f0b57 - errors::ui_errors::{{closure}}::h2350ec02436c532a
[INFO] [stdout]                                at /opt/rustwide/workdir/tests/errors.rs:2:15
[INFO] [stdout]   23:     0x6171855f03d6 - core::ops::function::FnOnce::call_once::h6116fb7d9008da9d
[INFO] [stdout]                                at /rustc/df4ca44d3fbc9301ee17f30f4d474e6ae4b05252/library/core/src/ops/function.rs:250:5
[INFO] [stdout]   24:     0x6171858e572b - core::ops::function::FnOnce::call_once::h22c3ba5715e93f05
[INFO] [stdout]                                at /rustc/df4ca44d3fbc9301ee17f30f4d474e6ae4b05252/library/core/src/ops/function.rs:250:5
[INFO] [stdout]   25:     0x6171858e572b - test::__rust_begin_short_backtrace::h8e82d8113d0da17f
[INFO] [stdout]                                at /rustc/df4ca44d3fbc9301ee17f30f4d474e6ae4b05252/library/test/src/lib.rs:621:18
[INFO] [stdout]   26:     0x6171858e50a7 - test::run_test_in_process::{{closure}}::h33235f4f20b7b7c7
[INFO] [stdout]                                at /rustc/df4ca44d3fbc9301ee17f30f4d474e6ae4b05252/library/test/src/lib.rs:644:60
[INFO] [stdout]   27:     0x6171858e50a7 - <core::panic::unwind_safe::AssertUnwindSafe<F> as core::ops::function::FnOnce<()>>::call_once::hb5043206310c586f
[INFO] [stdout]                                at /rustc/df4ca44d3fbc9301ee17f30f4d474e6ae4b05252/library/core/src/panic/unwind_safe.rs:272:9
[INFO] [stdout]   28:     0x6171858e50a7 - std::panicking::try::do_call::h9ad4731a60ab23e2
[INFO] [stdout]                                at /rustc/df4ca44d3fbc9301ee17f30f4d474e6ae4b05252/library/std/src/panicking.rs:557:40
[INFO] [stdout]   29:     0x6171858e50a7 - std::panicking::try::h3824d23db772a716
[INFO] [stdout]                                at /rustc/df4ca44d3fbc9301ee17f30f4d474e6ae4b05252/library/std/src/panicking.rs:520:19
[INFO] [stdout]   30:     0x6171858e50a7 - std::panic::catch_unwind::h5afd514605fde46b
[INFO] [stdout]                                at /rustc/df4ca44d3fbc9301ee17f30f4d474e6ae4b05252/library/std/src/panic.rs:358:14
[INFO] [stdout]   31:     0x6171858e50a7 - test::run_test_in_process::h0d5cbfa7067d1720
[INFO] [stdout]                                at /rustc/df4ca44d3fbc9301ee17f30f4d474e6ae4b05252/library/test/src/lib.rs:644:27
[INFO] [stdout]   32:     0x6171858e50a7 - test::run_test::{{closure}}::h708eb8872708115d
[INFO] [stdout]                                at /rustc/df4ca44d3fbc9301ee17f30f4d474e6ae4b05252/library/test/src/lib.rs:565:43
[INFO] [stdout]   33:     0x6171858a87c4 - test::run_test::{{closure}}::h392c51cee94713ab
[INFO] [stdout]                                at /rustc/df4ca44d3fbc9301ee17f30f4d474e6ae4b05252/library/test/src/lib.rs:595:41
[INFO] [stdout]   34:     0x6171858a87c4 - std::sys::backtrace::__rust_begin_short_backtrace::h2f40290710935a8b
[INFO] [stdout]                                at /rustc/df4ca44d3fbc9301ee17f30f4d474e6ae4b05252/library/std/src/sys/backtrace.rs:154:18
[INFO] [stdout]   35:     0x6171858abf6e - std::thread::Builder::spawn_unchecked_::{{closure}}::{{closure}}::h3fd968d89053a903
[INFO] [stdout]                                at /rustc/df4ca44d3fbc9301ee17f30f4d474e6ae4b05252/library/std/src/thread/mod.rs:541:17
[INFO] [stdout]   36:     0x6171858abf6e - <core::panic::unwind_safe::AssertUnwindSafe<F> as core::ops::function::FnOnce<()>>::call_once::h743f637ba4229880
[INFO] [stdout]                                at /rustc/df4ca44d3fbc9301ee17f30f4d474e6ae4b05252/library/core/src/panic/unwind_safe.rs:272:9
[INFO] [stdout]   37:     0x6171858abf6e - std::panicking::try::do_call::h07440897322525a6
[INFO] [stdout]                                at /rustc/df4ca44d3fbc9301ee17f30f4d474e6ae4b05252/library/std/src/panicking.rs:557:40
[INFO] [stdout]   38:     0x6171858abf6e - std::panicking::try::he5a2e00188156637
[INFO] [stdout]                                at /rustc/df4ca44d3fbc9301ee17f30f4d474e6ae4b05252/library/std/src/panicking.rs:520:19
[INFO] [stdout]   39:     0x6171858abf6e - std::panic::catch_unwind::hbaf3cae49b3c6433
[INFO] [stdout]                                at /rustc/df4ca44d3fbc9301ee17f30f4d474e6ae4b05252/library/std/src/panic.rs:358:14
[INFO] [stdout]   40:     0x6171858abf6e - std::thread::Builder::spawn_unchecked_::{{closure}}::h8e141ea224820bce
[INFO] [stdout]                                at /rustc/df4ca44d3fbc9301ee17f30f4d474e6ae4b05252/library/std/src/thread/mod.rs:540:30
[INFO] [stdout]   41:     0x6171858abf6e - core::ops::function::FnOnce::call_once{{vtable.shim}}::h90d312fedd7b8ea8
[INFO] [stdout]                                at /rustc/df4ca44d3fbc9301ee17f30f4d474e6ae4b05252/library/core/src/ops/function.rs:250:5
[INFO] [stdout]   42:     0x61718591f81b - <alloc::boxed::Box<F,A> as core::ops::function::FnOnce<Args>>::call_once::h69aa08ddb6adb8b6
[INFO] [stdout]                                at /rustc/df4ca44d3fbc9301ee17f30f4d474e6ae4b05252/library/alloc/src/boxed.rs:2454:9
[INFO] [stdout]   43:     0x61718591f81b - <alloc::boxed::Box<F,A> as core::ops::function::FnOnce<Args>>::call_once::h5aa36efdb79c806f
[INFO] [stdout]                                at /rustc/df4ca44d3fbc9301ee17f30f4d474e6ae4b05252/library/alloc/src/boxed.rs:2454:9
[INFO] [stdout]   44:     0x61718591f81b - std::sys::pal::unix::thread::Thread::new::thread_start::h6cd80a1b4be5158d
[INFO] [stdout]                                at /rustc/df4ca44d3fbc9301ee17f30f4d474e6ae4b05252/library/std/src/sys/pal/unix/thread.rs:105:17
[INFO] [stdout]   45:     0x7c4d6aebbac3 - <unknown>
[INFO] [stdout]   46:     0x7c4d6af4ca04 - clone
[INFO] [stdout]   47:                0x0 - <unknown>
[INFO] [stdout] 
[INFO] [stdout] 
[INFO] [stdout] failures:
[INFO] [stdout]     ui_errors
[INFO] [stdout] 
[INFO] [stdout] test result: FAILED. 0 passed; 1 failed; 0 ignored; 0 measured; 0 filtered out; finished in 6.91s
[INFO] [stdout] 
[INFO] [stderr] error: test failed, to rerun pass `--test errors`
[INFO] running `Command { std: "docker" "inspect" "9d7ab44194d62f82c5ba65ca39ecd93d23c163d8ba3b20c04be5eda52d6be2af", kill_on_drop: false }`
[INFO] running `Command { std: "docker" "rm" "-f" "9d7ab44194d62f82c5ba65ca39ecd93d23c163d8ba3b20c04be5eda52d6be2af", kill_on_drop: false }`
[INFO] [stdout] 9d7ab44194d62f82c5ba65ca39ecd93d23c163d8ba3b20c04be5eda52d6be2af
