[INFO] fetching crate forked-tarpc 0.31.1...
[INFO] testing forked-tarpc-0.31.1 against nightly-2024-10-28 for randomize-layout
[INFO] extracting crate forked-tarpc 0.31.1 into /workspace/builds/worker-5-tc1/source
[INFO] validating manifest of crates.io crate forked-tarpc 0.31.1 on toolchain nightly-2024-10-28
[INFO] running `Command { std: CARGO_HOME="/workspace/cargo-home" RUSTUP_HOME="/workspace/rustup-home" "/workspace/cargo-home/bin/cargo" "+nightly-2024-10-28" "metadata" "--manifest-path" "Cargo.toml" "--no-deps", kill_on_drop: false }`
[INFO] started tweaking crates.io crate forked-tarpc 0.31.1
[INFO] removed 0 missing examples
[INFO] removed 0 missing tests
[INFO] finished tweaking crates.io crate forked-tarpc 0.31.1
[INFO] tweaked toml for crates.io crate forked-tarpc 0.31.1 written to /workspace/builds/worker-5-tc1/source/Cargo.toml
[INFO] crate crates.io crate forked-tarpc 0.31.1 already has a lockfile, it will not be regenerated
[INFO] running `Command { std: CARGO_HOME="/workspace/cargo-home" RUSTUP_HOME="/workspace/rustup-home" "/workspace/cargo-home/bin/cargo" "+nightly-2024-10-28" "fetch" "--manifest-path" "Cargo.toml", kill_on_drop: false }`
[INFO] [stderr]     Blocking waiting for file lock on package cache
[INFO] [stderr]     Updating crates.io index
[INFO] [stderr]     Blocking waiting for file lock on package cache
[INFO] [stderr]  Downloading crates ...
[INFO] [stderr]   Downloaded tracing v0.1.35
[INFO] [stderr]   Downloaded enum-ordinalize v3.1.11
[INFO] [stderr]   Downloaded tracing-attributes v0.1.22
[INFO] [stderr]   Downloaded tracing-core v0.1.28
[INFO] [stderr]   Downloaded futures-test v0.3.21
[INFO] [stderr]   Downloaded anyhow v1.0.58
[INFO] [stderr]   Downloaded semver v1.0.12
[INFO] [stderr]   Downloaded serde v1.0.139
[INFO] [stderr]   Downloaded opentelemetry-jaeger v0.16.0
[INFO] [stderr]   Downloaded tracing-opentelemetry v0.17.4
[INFO] [stderr]   Downloaded opentelemetry v0.17.0
[INFO] [stderr]   Downloaded serde_derive v1.0.139
[INFO] [stderr]   Downloaded thrift v0.15.0
[INFO] [stderr]   Downloaded tracing-subscriber v0.3.14
[INFO] [stderr]   Downloaded educe v0.4.19
[INFO] [stderr]   Downloaded async-trait v0.1.56
[INFO] [stderr]   Downloaded tokio-stream v0.1.9
[INFO] [stderr]   Downloaded trybuild v1.0.63
[INFO] [stderr]   Downloaded opentelemetry-semantic-conventions v0.9.0
[INFO] [stderr]   Downloaded serde_bytes v0.11.6
[INFO] [stderr]   Downloaded tarpc-plugins v0.12.0
[INFO] [stderr]   Downloaded tokio-serde v0.8.0
[INFO] running `Command { std: "docker" "create" "-v" "/var/lib/crater-agent-workspace/builds/worker-5-tc1/target:/opt/rustwide/target:rw,Z" "-v" "/var/lib/crater-agent-workspace/builds/worker-5-tc1/source:/opt/rustwide/workdir:ro,Z" "-v" "/var/lib/crater-agent-workspace/cargo-home:/opt/rustwide/cargo-home:ro,Z" "-v" "/var/lib/crater-agent-workspace/rustup-home:/opt/rustwide/rustup-home:ro,Z" "-e" "SOURCE_DIR=/opt/rustwide/workdir" "-e" "CARGO_TARGET_DIR=/opt/rustwide/target" "-e" "CARGO_HOME=/opt/rustwide/cargo-home" "-e" "RUSTUP_HOME=/opt/rustwide/rustup-home" "-w" "/opt/rustwide/workdir" "-m" "1610612736" "--user" "0:0" "--network" "none" "ghcr.io/rust-lang/crates-build-env/linux@sha256:4a844ea9eb2546a2d2c7022eacef16ef2e8229c7fbb2c7d4d55a9ceca922f72d" "/opt/rustwide/cargo-home/bin/cargo" "+nightly-2024-10-28" "metadata" "--no-deps" "--format-version=1", kill_on_drop: false }`
[INFO] [stdout] ad00dacd367e7a643ce6a29168404139af108d58486825938a1419d5ad9ed838
[INFO] running `Command { std: "docker" "start" "-a" "ad00dacd367e7a643ce6a29168404139af108d58486825938a1419d5ad9ed838", kill_on_drop: false }`
[INFO] running `Command { std: "docker" "inspect" "ad00dacd367e7a643ce6a29168404139af108d58486825938a1419d5ad9ed838", kill_on_drop: false }`
[INFO] running `Command { std: "docker" "rm" "-f" "ad00dacd367e7a643ce6a29168404139af108d58486825938a1419d5ad9ed838", kill_on_drop: false }`
[INFO] [stdout] ad00dacd367e7a643ce6a29168404139af108d58486825938a1419d5ad9ed838
[INFO] running `Command { std: "docker" "create" "-v" "/var/lib/crater-agent-workspace/builds/worker-5-tc1/target:/opt/rustwide/target:rw,Z" "-v" "/var/lib/crater-agent-workspace/builds/worker-5-tc1/source:/opt/rustwide/workdir:ro,Z" "-v" "/var/lib/crater-agent-workspace/cargo-home:/opt/rustwide/cargo-home:ro,Z" "-v" "/var/lib/crater-agent-workspace/rustup-home:/opt/rustwide/rustup-home:ro,Z" "-e" "SOURCE_DIR=/opt/rustwide/workdir" "-e" "CARGO_TARGET_DIR=/opt/rustwide/target" "-e" "CARGO_INCREMENTAL=0" "-e" "RUST_BACKTRACE=full" "-e" "RUSTFLAGS=--cap-lints=forbid" "-e" "RUSTDOCFLAGS=--cap-lints=forbid" "-e" "CARGO_HOME=/opt/rustwide/cargo-home" "-e" "RUSTUP_HOME=/opt/rustwide/rustup-home" "-w" "/opt/rustwide/workdir" "-m" "1610612736" "--user" "0:0" "--network" "none" "ghcr.io/rust-lang/crates-build-env/linux@sha256:4a844ea9eb2546a2d2c7022eacef16ef2e8229c7fbb2c7d4d55a9ceca922f72d" "/opt/rustwide/cargo-home/bin/cargo" "+nightly-2024-10-28" "build" "--frozen" "--message-format=json", kill_on_drop: false }`
[INFO] [stdout] 211b1e920f56a2d59e7ac780945e51aefe56f2dd29dc922f81dd1b0a0ca75cf9
[INFO] running `Command { std: "docker" "start" "-a" "211b1e920f56a2d59e7ac780945e51aefe56f2dd29dc922f81dd1b0a0ca75cf9", kill_on_drop: false }`
[INFO] [stderr]    Compiling proc-macro2 v1.0.40
[INFO] [stderr]    Compiling quote v1.0.20
[INFO] [stderr]    Compiling unicode-ident v1.0.1
[INFO] [stderr]    Compiling syn v1.0.98
[INFO] [stderr]    Compiling futures-core v0.3.21
[INFO] [stderr]    Compiling cfg-if v1.0.0
[INFO] [stderr]    Compiling libc v0.2.126
[INFO] [stderr]    Compiling pin-project-lite v0.2.9
[INFO] [stderr]    Compiling memchr v2.5.0
[INFO] [stderr]    Compiling futures-sink v0.3.21
[INFO] [stderr]    Compiling futures-channel v0.3.21
[INFO] [stderr]    Compiling futures-task v0.3.21
[INFO] [stderr]    Compiling futures-util v0.3.21
[INFO] [stderr]    Compiling slab v0.4.6
[INFO] [stderr]    Compiling autocfg v1.1.0
[INFO] [stderr]    Compiling futures-io v0.3.21
[INFO] [stderr]    Compiling log v0.4.17
[INFO] [stderr]    Compiling pin-utils v0.1.0
[INFO] [stderr]    Compiling ppv-lite86 v0.2.16
[INFO] [stderr]    Compiling tokio v1.21.2
[INFO] [stderr]    Compiling anyhow v1.0.58
[INFO] [stderr]    Compiling bytes v1.1.0
[INFO] [stderr]    Compiling tracing-core v0.1.28
[INFO] [stderr]    Compiling static_assertions v1.1.0
[INFO] [stderr]    Compiling getrandom v0.2.7
[INFO] [stderr]    Compiling humantime v2.1.0
[INFO] [stderr]    Compiling fnv v1.0.7
[INFO] [stderr]    Compiling rand_core v0.6.3
[INFO] [stderr]    Compiling rand_chacha v0.3.1
[INFO] [stderr]    Compiling rand v0.8.5
[INFO] [stderr]    Compiling tokio-util v0.7.4
[INFO] [stderr]    Compiling futures-macro v0.3.21
[INFO] [stderr]    Compiling thiserror-impl v1.0.31
[INFO] [stderr]    Compiling pin-project-internal v1.0.11
[INFO] [stderr]    Compiling tracing-attributes v0.1.22
[INFO] [stderr]    Compiling tarpc-plugins v0.12.0
[INFO] [stderr]    Compiling pin-project v1.0.11
[INFO] [stderr]    Compiling tracing v0.1.35
[INFO] [stderr]    Compiling thiserror v1.0.31
[INFO] [stderr]    Compiling futures-executor v0.3.21
[INFO] [stderr]    Compiling futures v0.3.21
[INFO] [stderr]    Compiling forked-tarpc v0.31.1 (/opt/rustwide/workdir)
[INFO] [stdout] warning: trait `PollContext` is never used
[INFO] [stdout]    --> src/lib.rs:392:18
[INFO] [stdout]     |
[INFO] [stdout] 392 | pub(crate) trait PollContext<T> {
[INFO] [stdout]     |                  ^^^^^^^^^^^
[INFO] [stdout]     |
[INFO] [stdout]     = note: `#[warn(dead_code)]` on by default
[INFO] [stdout] 
[INFO] [stdout] 
[INFO] [stdout] warning: trait `SpanExt` is never used
[INFO] [stdout]    --> src/context.rs:150:18
[INFO] [stdout]     |
[INFO] [stdout] 150 | pub(crate) trait SpanExt {
[INFO] [stdout]     |                  ^^^^^^^
[INFO] [stdout] 
[INFO] [stdout] 
[INFO] [stderr]     Finished `dev` profile [unoptimized + debuginfo] target(s) in 15.22s
[INFO] running `Command { std: "docker" "inspect" "211b1e920f56a2d59e7ac780945e51aefe56f2dd29dc922f81dd1b0a0ca75cf9", kill_on_drop: false }`
[INFO] running `Command { std: "docker" "rm" "-f" "211b1e920f56a2d59e7ac780945e51aefe56f2dd29dc922f81dd1b0a0ca75cf9", kill_on_drop: false }`
[INFO] [stdout] 211b1e920f56a2d59e7ac780945e51aefe56f2dd29dc922f81dd1b0a0ca75cf9
[INFO] running `Command { std: "docker" "create" "-v" "/var/lib/crater-agent-workspace/builds/worker-5-tc1/target:/opt/rustwide/target:rw,Z" "-v" "/var/lib/crater-agent-workspace/builds/worker-5-tc1/source:/opt/rustwide/workdir:ro,Z" "-v" "/var/lib/crater-agent-workspace/cargo-home:/opt/rustwide/cargo-home:ro,Z" "-v" "/var/lib/crater-agent-workspace/rustup-home:/opt/rustwide/rustup-home:ro,Z" "-e" "SOURCE_DIR=/opt/rustwide/workdir" "-e" "CARGO_TARGET_DIR=/opt/rustwide/target" "-e" "CARGO_INCREMENTAL=0" "-e" "RUST_BACKTRACE=full" "-e" "RUSTFLAGS=--cap-lints=forbid" "-e" "RUSTDOCFLAGS=--cap-lints=forbid" "-e" "CARGO_HOME=/opt/rustwide/cargo-home" "-e" "RUSTUP_HOME=/opt/rustwide/rustup-home" "-w" "/opt/rustwide/workdir" "-m" "1610612736" "--user" "0:0" "--network" "none" "ghcr.io/rust-lang/crates-build-env/linux@sha256:4a844ea9eb2546a2d2c7022eacef16ef2e8229c7fbb2c7d4d55a9ceca922f72d" "/opt/rustwide/cargo-home/bin/cargo" "+nightly-2024-10-28" "test" "--frozen" "--no-run" "--message-format=json", kill_on_drop: false }`
[INFO] [stdout] e37a4103ef91453fe0b0821052b269d18cb4edf9aa0c418e79b95193053567fc
[INFO] running `Command { std: "docker" "start" "-a" "e37a4103ef91453fe0b0821052b269d18cb4edf9aa0c418e79b95193053567fc", kill_on_drop: false }`
[INFO] [stderr]    Compiling libc v0.2.126
[INFO] [stderr]    Compiling serde v1.0.139
[INFO] [stderr]    Compiling log v0.4.17
[INFO] [stderr]    Compiling once_cell v1.13.0
[INFO] [stderr]    Compiling lock_api v0.4.7
[INFO] [stderr]    Compiling smallvec v1.9.0
[INFO] [stderr]    Compiling futures-channel v0.3.21
[INFO] [stderr]    Compiling parking_lot_core v0.9.3
[INFO] [stderr]    Compiling scopeguard v1.1.0
[INFO] [stderr]    Compiling tokio v1.21.2
[INFO] [stderr]    Compiling tokio-macros v1.8.0
[INFO] [stderr]    Compiling num-traits v0.2.15
[INFO] [stderr]    Compiling num-integer v0.1.45
[INFO] [stderr]    Compiling lazy_static v1.4.0
[INFO] [stderr]    Compiling crossbeam-utils v0.8.10
[INFO] [stderr]    Compiling futures-util v0.3.21
[INFO] [stderr]    Compiling num-bigint v0.4.3
[INFO] [stderr]    Compiling async-trait v0.1.56
[INFO] [stderr]    Compiling tracing-core v0.1.28
[INFO] [stderr]    Compiling regex-syntax v0.6.27
[INFO] [stderr]    Compiling num_cpus v1.13.1
[INFO] [stderr]    Compiling parking_lot v0.12.1
[INFO] [stderr]    Compiling signal-hook-registry v1.4.0
[INFO] [stderr]    Compiling getrandom v0.2.7
[INFO] [stderr]    Compiling mio v0.8.4
[INFO] [stderr]    Compiling socket2 v0.4.4
[INFO] [stderr]    Compiling rand_core v0.6.3
[INFO] [stderr]    Compiling rand_chacha v0.3.1
[INFO] [stderr]    Compiling serde_json v1.0.82
[INFO] [stderr]    Compiling crossbeam-channel v0.5.5
[INFO] [stderr]    Compiling rand v0.8.5
[INFO] [stderr]    Compiling itoa v1.0.2
[INFO] [stderr]    Compiling crc32fast v1.3.2
[INFO] [stderr]    Compiling percent-encoding v2.1.0
[INFO] [stderr]    Compiling serde_derive v1.0.139
[INFO] [stderr]    Compiling ryu v1.0.10
[INFO] [stderr]    Compiling regex-automata v0.1.10
[INFO] [stderr]    Compiling tracing v0.1.35
[INFO] [stderr]    Compiling futures-executor v0.3.21
[INFO] [stderr]    Compiling ordered-float v1.1.1
[INFO] [stderr]    Compiling threadpool v1.8.1
[INFO] [stderr]    Compiling adler v1.0.2
[INFO] [stderr]    Compiling trybuild v1.0.63
[INFO] [stderr]    Compiling byteorder v1.4.3
[INFO] [stderr]    Compiling integer-encoding v3.0.4
[INFO] [stderr]    Compiling enum-ordinalize v3.1.11
[INFO] [stderr]    Compiling miniz_oxide v0.5.3
[INFO] [stderr]    Compiling bytes v1.1.0
[INFO] [stderr]    Compiling thrift v0.15.0
[INFO] [stderr]    Compiling matchers v0.1.0
[INFO] [stderr]    Compiling toml v0.5.9
[INFO] [stderr]    Compiling educe v0.4.19
[INFO] [stderr]    Compiling bincode v1.3.3
[INFO] [stderr]    Compiling futures v0.3.21
[INFO] [stderr]    Compiling regex v1.6.0
[INFO] [stderr]    Compiling tracing-log v0.1.3
[INFO] [stderr]    Compiling sharded-slab v0.1.4
[INFO] [stderr]    Compiling thread_local v1.1.4
[INFO] [stderr]    Compiling glob v0.3.0
[INFO] [stderr]    Compiling termcolor v1.1.3
[INFO] [stderr]    Compiling ansi_term v0.12.1
[INFO] [stderr]    Compiling tokio-serde v0.8.0
[INFO] [stderr]    Compiling flate2 v1.0.24
[INFO] [stderr]    Compiling tracing-subscriber v0.3.14
[INFO] [stderr]    Compiling serde_bytes v0.11.6
[INFO] [stderr]    Compiling futures-test v0.3.21
[INFO] [stderr]    Compiling assert_matches v1.5.0
[INFO] [stderr]    Compiling tokio-stream v0.1.9
[INFO] [stderr]    Compiling tokio-util v0.7.4
[INFO] [stderr]    Compiling forked-tarpc v0.31.1 (/opt/rustwide/workdir)
[INFO] [stderr]    Compiling opentelemetry v0.17.0
[INFO] [stdout] warning: trait `PollContext` is never used
[INFO] [stdout]    --> src/lib.rs:392:18
[INFO] [stdout]     |
[INFO] [stdout] 392 | pub(crate) trait PollContext<T> {
[INFO] [stdout]     |                  ^^^^^^^^^^^
[INFO] [stdout]     |
[INFO] [stdout]     = note: `#[warn(dead_code)]` on by default
[INFO] [stdout] 
[INFO] [stdout] 
[INFO] [stdout] warning: trait `SpanExt` is never used
[INFO] [stdout]    --> src/context.rs:150:18
[INFO] [stdout]     |
[INFO] [stdout] 150 | pub(crate) trait SpanExt {
[INFO] [stdout]     |                  ^^^^^^^
[INFO] [stdout] 
[INFO] [stdout] 
[INFO] [stderr]    Compiling opentelemetry-semantic-conventions v0.9.0
[INFO] [stderr]    Compiling opentelemetry-jaeger v0.16.0
[INFO] [stdout] warning: trait `PollContext` is never used
[INFO] [stdout]    --> src/lib.rs:392:18
[INFO] [stdout]     |
[INFO] [stdout] 392 | pub(crate) trait PollContext<T> {
[INFO] [stdout]     |                  ^^^^^^^^^^^
[INFO] [stdout]     |
[INFO] [stdout]     = note: `#[warn(dead_code)]` on by default
[INFO] [stdout] 
[INFO] [stdout] 
[INFO] [stdout] warning: method `unwrap` is never used
[INFO] [stdout]    --> src/client.rs:855:12
[INFO] [stdout]     |
[INFO] [stdout] 853 |     trait PollTest {
[INFO] [stdout]     |           -------- method in this trait
[INFO] [stdout] 854 |         type T;
[INFO] [stdout] 855 |         fn unwrap(self) -> Poll<Self::T>;
[INFO] [stdout]     |            ^^^^^^
[INFO] [stdout] 
[INFO] [stdout] 
[INFO] [stdout] warning: trait `SpanExt` is never used
[INFO] [stdout]    --> src/context.rs:150:18
[INFO] [stdout]     |
[INFO] [stdout] 150 | pub(crate) trait SpanExt {
[INFO] [stdout]     |                  ^^^^^^^
[INFO] [stdout] 
[INFO] [stdout] 
[INFO] [stderr]     Finished `test` profile [unoptimized + debuginfo] target(s) in 30.83s
[INFO] running `Command { std: "docker" "inspect" "e37a4103ef91453fe0b0821052b269d18cb4edf9aa0c418e79b95193053567fc", kill_on_drop: false }`
[INFO] running `Command { std: "docker" "rm" "-f" "e37a4103ef91453fe0b0821052b269d18cb4edf9aa0c418e79b95193053567fc", kill_on_drop: false }`
[INFO] [stdout] e37a4103ef91453fe0b0821052b269d18cb4edf9aa0c418e79b95193053567fc
[INFO] running `Command { std: "docker" "create" "-v" "/var/lib/crater-agent-workspace/builds/worker-5-tc1/target:/opt/rustwide/target:rw,Z" "-v" "/var/lib/crater-agent-workspace/builds/worker-5-tc1/source:/opt/rustwide/workdir:ro,Z" "-v" "/var/lib/crater-agent-workspace/cargo-home:/opt/rustwide/cargo-home:ro,Z" "-v" "/var/lib/crater-agent-workspace/rustup-home:/opt/rustwide/rustup-home:ro,Z" "-e" "SOURCE_DIR=/opt/rustwide/workdir" "-e" "CARGO_TARGET_DIR=/opt/rustwide/target" "-e" "CARGO_INCREMENTAL=0" "-e" "RUST_BACKTRACE=full" "-e" "RUSTFLAGS=--cap-lints=forbid" "-e" "RUSTDOCFLAGS=--cap-lints=forbid" "-e" "CARGO_HOME=/opt/rustwide/cargo-home" "-e" "RUSTUP_HOME=/opt/rustwide/rustup-home" "-w" "/opt/rustwide/workdir" "-m" "1610612736" "--user" "0:0" "--network" "none" "ghcr.io/rust-lang/crates-build-env/linux@sha256:4a844ea9eb2546a2d2c7022eacef16ef2e8229c7fbb2c7d4d55a9ceca922f72d" "/opt/rustwide/cargo-home/bin/cargo" "+nightly-2024-10-28" "test" "--frozen", kill_on_drop: false }`
[INFO] [stdout] 219840521dbf7686ad09671d07fc513f19fcb1ead6e921172d600b6a8dc51ff5
[INFO] running `Command { std: "docker" "start" "-a" "219840521dbf7686ad09671d07fc513f19fcb1ead6e921172d600b6a8dc51ff5", kill_on_drop: false }`
[INFO] [stderr] warning: trait `PollContext` is never used
[INFO] [stderr]    --> src/lib.rs:392:18
[INFO] [stderr]     |
[INFO] [stderr] 392 | pub(crate) trait PollContext<T> {
[INFO] [stderr]     |                  ^^^^^^^^^^^
[INFO] [stderr]     |
[INFO] [stderr]     = note: `#[warn(dead_code)]` on by default
[INFO] [stderr] 
[INFO] [stderr] warning: trait `SpanExt` is never used
[INFO] [stderr]    --> src/context.rs:150:18
[INFO] [stderr]     |
[INFO] [stderr] 150 | pub(crate) trait SpanExt {
[INFO] [stderr]     |                  ^^^^^^^
[INFO] [stderr] 
[INFO] [stderr] warning: `forked-tarpc` (lib) generated 2 warnings
[INFO] [stderr] warning: method `unwrap` is never used
[INFO] [stderr]    --> src/client.rs:855:12
[INFO] [stderr]     |
[INFO] [stderr] 853 |     trait PollTest {
[INFO] [stderr]     |           -------- method in this trait
[INFO] [stderr] 854 |         type T;
[INFO] [stderr] 855 |         fn unwrap(self) -> Poll<Self::T>;
[INFO] [stderr]     |            ^^^^^^
[INFO] [stderr] 
[INFO] [stderr] warning: `forked-tarpc` (lib test) generated 3 warnings (2 duplicates)
[INFO] [stderr]     Finished `test` profile [unoptimized + debuginfo] target(s) in 0.12s
[INFO] [stderr]      Running unittests src/lib.rs (/opt/rustwide/target/debug/deps/forked_tarpc-51fe8773aaa4df6c)
[INFO] [stdout] 
[INFO] [stdout] running 40 tests
[INFO] [stdout] test client::tests::dispatch_response_cancels_on_drop ... ok
[INFO] [stdout] test client::tests::stage_request ... ok
[INFO] [stdout] test client::tests::dispatch_response_doesnt_cancel_after_complete ... ok
[INFO] [stdout] test client::tests::response_completes_request_future ... ok
[INFO] [stdout] test client::tests::stage_request_response_closed_skipped ... ok
[INFO] [stdout] test client::tests::stage_request_response_future_dropped_is_canceled_after_sending ... ok
[INFO] [stdout] test client::tests::stage_request_channel_dropped_doesnt_panic ... ok
[INFO] [stdout] test server::in_flight_requests::tests::cancel_request_aborts ... ok
[INFO] [stdout] test server::in_flight_requests::tests::polling_expired_aborts ... ok
[INFO] [stdout] test server::in_flight_requests::tests::start_request_increases_len ... ok
[INFO] [stdout] test server::in_flight_requests::tests::remove_request_doesnt_abort ... ok
[INFO] [stdout] test server::limits::channels_per_key::channel_filter_handle_new_channel ... ok
[INFO] [stdout] test server::limits::channels_per_key::channel_filter_increment_channels_for_key ... ok
[INFO] [stdout] test client::tests::stage_request_response_future_dropped_is_canceled_before_sending ... ok
[INFO] [stdout] test server::limits::channels_per_key::channel_filter_poll_closed_channels ... ok
[INFO] [stdout] test server::limits::channels_per_key::channel_filter_poll_listener ... ok
[INFO] [stdout] test server::limits::channels_per_key::tracked_channel_stream ... ok
[INFO] [stdout] test server::limits::channels_per_key::tracker_drop ... ok
[INFO] [stdout] test server::limits::channels_per_key::channel_filter_stream ... ok
[INFO] [stdout] test server::limits::channels_per_key::tracked_channel_sink ... ok
[INFO] [stdout] test server::limits::requests_per_channel::tests::throttler_in_flight_requests ... ok
[INFO] [stdout] test server::limits::requests_per_channel::tests::throttler_poll_next_some ... ok
[INFO] [stdout] test server::limits::requests_per_channel::tests::throttler_poll_next_throttled ... ok
[INFO] [stdout] test server::limits::requests_per_channel::tests::throttler_poll_next_throttled_sink_not_ready ... ok
[INFO] [stdout] test server::limits::requests_per_channel::tests::throttler_start_send ... ok
[INFO] [stdout] test server::limits::requests_per_channel::tests::throttler_poll_next_done ... ok
[INFO] [stdout] test server::tests::base_channel_with_closed_transport_and_no_in_flight_requests_returns_closed ... ok
[INFO] [stdout] test server::tests::base_channel_poll_next_yields_request ... ok
[INFO] [stdout] test server::tests::base_channel_poll_next_aborts_canceled_request ... ok
[INFO] [stdout] test server::tests::base_channel_poll_next_aborts_request_and_yields_request ... ok
[INFO] [stdout] test server::tests::base_channel_start_send_removes_in_flight_request ... ok
[INFO] [stdout] test server::tests::base_channel_poll_next_aborts_multiple_requests ... ok
[INFO] [stdout] test server::tests::in_flight_request_drop_cancels_request ... ok
[INFO] [stdout] test server::tests::in_flight_requests_successful_execute_doesnt_cancel_request ... ok
[INFO] [stdout] test server::tests::base_channel_with_closed_transport_and_in_flight_request_returns_pending ... ok
[INFO] [stdout] test server::tests::requests_poll_next_response_returns_pending_when_buffer_full ... ok
[INFO] [stdout] test server::tests::requests_pump_read ... ok
[INFO] [stdout] test server::tests::base_channel_start_send_duplicate_request_returns_error ... ok
[INFO] [stderr]      Running tests/compile_fail.rs (/opt/rustwide/target/debug/deps/compile_fail-522fe26565ee19f9)
[INFO] [stdout] test server::tests::requests_pump_write_returns_pending_when_buffer_full ... ok
[INFO] [stdout] test util::test_compact ... ok
[INFO] [stdout] 
[INFO] [stdout] test result: ok. 40 passed; 0 failed; 0 ignored; 0 measured; 0 filtered out; finished in 0.02s
[INFO] [stdout] 
[INFO] [stdout] 
[INFO] [stdout] running 1 test
[INFO] [stderr] warning: `/opt/rustwide/target/tests/forked-tarpc/.cargo/config` is deprecated in favor of `config.toml`
[INFO] [stderr] note: if you need to support cargo 1.38 or earlier, you can symlink `config` to `config.toml`
[INFO] [stderr]    Compiling autocfg v1.1.0
[INFO] [stderr]    Compiling proc-macro2 v1.0.40
[INFO] [stderr]    Compiling quote v1.0.20
[INFO] [stderr]    Compiling unicode-ident v1.0.1
[INFO] [stderr]    Compiling syn v1.0.98
[INFO] [stderr]     Checking cfg-if v1.0.0
[INFO] [stderr]    Compiling libc v0.2.126
[INFO] [stderr]    Compiling futures-core v0.3.21
[INFO] [stderr]    Compiling log v0.4.17
[INFO] [stderr]    Compiling serde v1.0.139
[INFO] [stderr]     Checking pin-project-lite v0.2.9
[INFO] [stderr]    Compiling memchr v2.5.0
[INFO] [stderr]     Checking futures-sink v0.3.21
[INFO] [stderr]     Checking once_cell v1.13.0
[INFO] [stderr]    Compiling parking_lot_core v0.9.3
[INFO] [stderr]    Compiling futures-task v0.3.21
[INFO] [stderr]    Compiling futures-channel v0.3.21
[INFO] [stderr]     Checking smallvec v1.9.0
[INFO] [stderr]    Compiling futures-util v0.3.21
[INFO] [stderr]    Compiling lock_api v0.4.7
[INFO] [stderr]     Checking scopeguard v1.1.0
[INFO] [stderr]     Checking slab v0.4.6
[INFO] [stderr]    Compiling tokio v1.21.2
[INFO] [stderr]     Checking futures-io v0.3.21
[INFO] [stderr]     Checking pin-utils v0.1.0
[INFO] [stderr]    Compiling num-traits v0.2.15
[INFO] [stderr]    Compiling num-integer v0.1.45
[INFO] [stderr]     Checking num_cpus v1.13.1
[INFO] [stderr]     Checking signal-hook-registry v1.4.0
[INFO] [stderr]     Checking mio v0.8.4
[INFO] [stderr]     Checking socket2 v0.4.4
[INFO] [stderr]     Checking getrandom v0.2.7
[INFO] [stderr]     Checking parking_lot v0.12.1
[INFO] [stderr]     Checking rand_core v0.6.3
[INFO] [stderr]    Compiling crossbeam-utils v0.8.10
[INFO] [stderr]     Checking lazy_static v1.4.0
[INFO] [stderr]     Checking ppv-lite86 v0.2.16
[INFO] [stderr]    Compiling num-bigint v0.4.3
[INFO] [stderr]    Compiling async-trait v0.1.56
[INFO] [stderr]     Checking tracing-core v0.1.28
[INFO] [stderr]     Checking regex-syntax v0.6.27
[INFO] [stderr]     Checking rand_chacha v0.3.1
[INFO] [stderr]     Checking crossbeam-channel v0.5.5
[INFO] [stderr]     Checking rand v0.8.5
[INFO] [stderr]    Compiling crc32fast v1.3.2
[INFO] [stderr]     Checking percent-encoding v2.1.0
[INFO] [stderr]    Compiling anyhow v1.0.58
[INFO] [stderr]    Compiling serde_json v1.0.82
[INFO] [stderr]     Checking ordered-float v1.1.1
[INFO] [stderr]     Checking threadpool v1.8.1
[INFO] [stderr]     Checking adler v1.0.2
[INFO] [stderr]     Checking itoa v1.0.2
[INFO] [stderr]     Checking byteorder v1.4.3
[INFO] [stderr]     Checking integer-encoding v3.0.4
[INFO] [stderr]     Checking ryu v1.0.10
[INFO] [stderr]     Checking miniz_oxide v0.5.3
[INFO] [stderr]     Checking thrift v0.15.0
[INFO] [stderr]     Checking tracing-log v0.1.3
[INFO] [stderr]     Checking sharded-slab v0.1.4
[INFO] [stderr]     Checking thread_local v1.1.4
[INFO] [stderr]     Checking static_assertions v1.1.0
[INFO] [stderr]     Checking fnv v1.0.7
[INFO] [stderr]     Checking humantime v2.1.0
[INFO] [stderr]     Checking ansi_term v0.12.1
[INFO] [stderr]     Checking flate2 v1.0.24
[INFO] [stderr]     Checking bytes v1.1.0
[INFO] [stderr]     Checking bincode v1.3.3
[INFO] [stderr]     Checking regex-automata v0.1.10
[INFO] [stderr]     Checking regex v1.6.0
[INFO] [stderr]     Checking serde_bytes v0.11.6
[INFO] [stderr]     Checking assert_matches v1.5.0
[INFO] [stderr]     Checking matchers v0.1.0
[INFO] [stderr]    Compiling futures-macro v0.3.21
[INFO] [stderr]    Compiling pin-project-internal v1.0.11
[INFO] [stderr]    Compiling tokio-macros v1.8.0
[INFO] [stderr]    Compiling thiserror-impl v1.0.31
[INFO] [stderr]    Compiling tracing-attributes v0.1.22
[INFO] [stderr]    Compiling enum-ordinalize v3.1.11
[INFO] [stderr]    Compiling tarpc-plugins v0.12.0
[INFO] [stderr]    Compiling educe v0.4.19
[INFO] [stderr]     Checking pin-project v1.0.11
[INFO] [stderr]     Checking tokio-serde v0.8.0
[INFO] [stderr]     Checking thiserror v1.0.31
[INFO] [stderr]     Checking tracing v0.1.35
[INFO] [stderr]     Checking tracing-subscriber v0.3.14
[INFO] [stderr]     Checking futures-executor v0.3.21
[INFO] [stderr]     Checking futures v0.3.21
[INFO] [stderr]     Checking futures-test v0.3.21
[INFO] [stderr]     Checking tokio-stream v0.1.9
[INFO] [stderr]     Checking tokio-util v0.7.4
[INFO] [stderr]     Checking forked-tarpc v0.31.1 (/opt/rustwide/workdir)
[INFO] [stderr]     Checking opentelemetry v0.17.0
[INFO] [stderr]     Checking opentelemetry-semantic-conventions v0.9.0
[INFO] [stderr]     Checking opentelemetry-jaeger v0.16.0
[INFO] [stderr]     Checking forked-tarpc-tests v0.0.0 (/opt/rustwide/target/tests/forked-tarpc)
[INFO] [stderr]     Finished `dev` profile [unoptimized + debuginfo] target(s) in 24.81s
[INFO] [stderr] 
[INFO] [stderr] 
[INFO] [stderr] test tests/compile_fail/must_use_request_dispatch.rs ... mismatch
[INFO] [stderr] 
[INFO] [stderr] EXPECTED:
[INFO] [stderr] ┈┈┈┈┈┈┈┈┈┈┈┈┈┈┈┈┈┈┈┈┈┈┈┈┈┈┈┈┈┈┈┈┈┈┈┈┈┈┈┈┈┈┈┈┈┈┈┈┈┈┈┈┈┈┈┈┈┈┈┈
[INFO] [stderr] error: unused `RequestDispatch` that must be used
[INFO] [stderr]   --> tests/compile_fail/must_use_request_dispatch.rs:13:9
[INFO] [stderr]    |
[INFO] [stderr] 13 |         WorldClient::new(client::Config::default(), client_transport).dispatch;
[INFO] [stderr]    |         ^^^^^^^^^^^^^^^^^^^^^^^^^^^^^^^^^^^^^^^^^^^^^^^^^^^^^^^^^^^^^^^^^^^^^^^
[INFO] [stderr]    |
[INFO] [stderr] note: the lint level is defined here
[INFO] [stderr]   --> tests/compile_fail/must_use_request_dispatch.rs:11:12
[INFO] [stderr]    |
[INFO] [stderr] 11 |     #[deny(unused_must_use)]
[INFO] [stderr]    |            ^^^^^^^^^^^^^^^
[INFO] [stderr] ┈┈┈┈┈┈┈┈┈┈┈┈┈┈┈┈┈┈┈┈┈┈┈┈┈┈┈┈┈┈┈┈┈┈┈┈┈┈┈┈┈┈┈┈┈┈┈┈┈┈┈┈┈┈┈┈┈┈┈┈
[INFO] [stderr] 
[INFO] [stderr] ACTUAL OUTPUT:
[INFO] [stderr] ┈┈┈┈┈┈┈┈┈┈┈┈┈┈┈┈┈┈┈┈┈┈┈┈┈┈┈┈┈┈┈┈┈┈┈┈┈┈┈┈┈┈┈┈┈┈┈┈┈┈┈┈┈┈┈┈┈┈┈┈
[INFO] [stderr] error[E0432]: unresolved import `tarpc`
[INFO] [stderr]  --> tests/compile_fail/must_use_request_dispatch.rs:1:5
[INFO] [stderr]   |
[INFO] [stderr] 1 | use tarpc::client;
[INFO] [stderr]   |     ^^^^^ use of undeclared crate or module `tarpc`
[INFO] [stderr] 
[INFO] [stderr] error[E0433]: failed to resolve: use of undeclared crate or module `tarpc`
[INFO] [stderr]  --> tests/compile_fail/must_use_request_dispatch.rs:3:3
[INFO] [stderr]   |
[INFO] [stderr] 3 | #[tarpc::service]
[INFO] [stderr]   |   ^^^^^ use of undeclared crate or module `tarpc`
[INFO] [stderr] 
[INFO] [stderr] error[E0433]: failed to resolve: use of undeclared crate or module `tarpc`
[INFO] [stderr]  --> tests/compile_fail/must_use_request_dispatch.rs:9:33
[INFO] [stderr]   |
[INFO] [stderr] 9 |     let (client_transport, _) = tarpc::transport::channel::unbounded();
[INFO] [stderr]   |                                 ^^^^^ use of undeclared crate or module `tarpc`
[INFO] [stderr]   |
[INFO] [stderr] help: consider importing this module
[INFO] [stderr]   |
[INFO] [stderr] 1 + use forked_tarpc::transport::channel;
[INFO] [stderr]   |
[INFO] [stderr] help: if you import `channel`, refer to it directly
[INFO] [stderr]   |
[INFO] [stderr] 9 -     let (client_transport, _) = tarpc::transport::channel::unbounded();
[INFO] [stderr] 9 +     let (client_transport, _) = channel::unbounded();
[INFO] [stderr]   |
[INFO] [stderr] 
[INFO] [stderr] error[E0433]: failed to resolve: use of undeclared type `WorldClient`
[INFO] [stderr]   --> tests/compile_fail/must_use_request_dispatch.rs:13:9
[INFO] [stderr]    |
[INFO] [stderr] 13 |         WorldClient::new(client::Config::default(), client_transport).dispatch;
[INFO] [stderr]    |         ^^^^^^^^^^^ use of undeclared type `WorldClient`
[INFO] [stderr] ┈┈┈┈┈┈┈┈┈┈┈┈┈┈┈┈┈┈┈┈┈┈┈┈┈┈┈┈┈┈┈┈┈┈┈┈┈┈┈┈┈┈┈┈┈┈┈┈┈┈┈┈┈┈┈┈┈┈┈┈
[INFO] [stderr] note: If the actual output is the correct output you can bless it by rerunning
[INFO] [stderr]       your test with the environment variable TRYBUILD=overwrite
[INFO] [stderr] 
[INFO] [stderr] test tests/compile_fail/tarpc_server_missing_async.rs ... mismatch
[INFO] [stderr] 
[INFO] [stderr] EXPECTED:
[INFO] [stderr] ┈┈┈┈┈┈┈┈┈┈┈┈┈┈┈┈┈┈┈┈┈┈┈┈┈┈┈┈┈┈┈┈┈┈┈┈┈┈┈┈┈┈┈┈┈┈┈┈┈┈┈┈┈┈┈┈┈┈┈┈
[INFO] [stderr] error: not all trait items implemented, missing: `HelloFut`
[INFO] [stderr]  --> $DIR/tarpc_server_missing_async.rs:9:1
[INFO] [stderr]   |
[INFO] [stderr] 9 | impl World for HelloServer {
[INFO] [stderr]   | ^^^^
[INFO] [stderr] 
[INFO] [stderr] error: hint: `#[tarpc::server]` only rewrites async fns, and `fn hello` is not async
[INFO] [stderr]   --> $DIR/tarpc_server_missing_async.rs:10:5
[INFO] [stderr]    |
[INFO] [stderr] 10 |     fn hello(name: String) -> String {
[INFO] [stderr]    |     ^^
[INFO] [stderr] ┈┈┈┈┈┈┈┈┈┈┈┈┈┈┈┈┈┈┈┈┈┈┈┈┈┈┈┈┈┈┈┈┈┈┈┈┈┈┈┈┈┈┈┈┈┈┈┈┈┈┈┈┈┈┈┈┈┈┈┈
[INFO] [stderr] 
[INFO] [stderr] ACTUAL OUTPUT:
[INFO] [stderr] ┈┈┈┈┈┈┈┈┈┈┈┈┈┈┈┈┈┈┈┈┈┈┈┈┈┈┈┈┈┈┈┈┈┈┈┈┈┈┈┈┈┈┈┈┈┈┈┈┈┈┈┈┈┈┈┈┈┈┈┈
[INFO] [stderr] error: redundant argument
[INFO] [stderr]   --> tests/compile_fail/tarpc_server_missing_async.rs:11:35
[INFO] [stderr]    |
[INFO] [stderr] 11 |         format!("Hello, {name}!", name)
[INFO] [stderr]    |                                   ^^^^ help: this can be removed
[INFO] [stderr]    |
[INFO] [stderr] note: the formatting specifier is referencing the binding already
[INFO] [stderr]   --> tests/compile_fail/tarpc_server_missing_async.rs:11:26
[INFO] [stderr]    |
[INFO] [stderr] 11 |         format!("Hello, {name}!", name)
[INFO] [stderr]    |                          ^^^^
[INFO] [stderr] 
[INFO] [stderr] error[E0433]: failed to resolve: use of undeclared crate or module `tarpc`
[INFO] [stderr]  --> tests/compile_fail/tarpc_server_missing_async.rs:8:3
[INFO] [stderr]   |
[INFO] [stderr] 8 | #[tarpc::server]
[INFO] [stderr]   |   ^^^^^ use of undeclared crate or module `tarpc`
[INFO] [stderr] 
[INFO] [stderr] error[E0433]: failed to resolve: use of undeclared crate or module `tarpc`
[INFO] [stderr]  --> tests/compile_fail/tarpc_server_missing_async.rs:1:3
[INFO] [stderr]   |
[INFO] [stderr] 1 | #[tarpc::service(derive_serde = false)]
[INFO] [stderr]   |   ^^^^^ use of undeclared crate or module `tarpc`
[INFO] [stderr] 
[INFO] [stderr] error: method should be `async` or return a future, but it is synchronous
[INFO] [stderr]   --> tests/compile_fail/tarpc_server_missing_async.rs:10:5
[INFO] [stderr]    |
[INFO] [stderr] 10 |     fn hello(name: String) -> String {
[INFO] [stderr]    |     ^^^^^^^^^^^^^^^^^^^^^^^^^^^^^^^^
[INFO] [stderr]    |
[INFO] [stderr] note: this method is `async` so it expects a future to be returned
[INFO] [stderr]   --> tests/compile_fail/tarpc_server_missing_async.rs:3:5
[INFO] [stderr]    |
[INFO] [stderr] 3  |     async fn hello(name: String) -> String;
[INFO] [stderr]    |     ^^^^^^^^^^^^^^^^^^^^^^^^^^^^^^^^^^^^^^^
[INFO] [stderr] ┈┈┈┈┈┈┈┈┈┈┈┈┈┈┈┈┈┈┈┈┈┈┈┈┈┈┈┈┈┈┈┈┈┈┈┈┈┈┈┈┈┈┈┈┈┈┈┈┈┈┈┈┈┈┈┈┈┈┈┈
[INFO] [stderr] note: If the actual output is the correct output you can bless it by rerunning
[INFO] [stderr]       your test with the environment variable TRYBUILD=overwrite
[INFO] [stderr] 
[INFO] [stderr] test tests/compile_fail/tarpc_service_arg_pat.rs ... mismatch
[INFO] [stderr] 
[INFO] [stderr] EXPECTED:
[INFO] [stderr] ┈┈┈┈┈┈┈┈┈┈┈┈┈┈┈┈┈┈┈┈┈┈┈┈┈┈┈┈┈┈┈┈┈┈┈┈┈┈┈┈┈┈┈┈┈┈┈┈┈┈┈┈┈┈┈┈┈┈┈┈
[INFO] [stderr] error: patterns aren't allowed in RPC args
[INFO] [stderr]  --> $DIR/tarpc_service_arg_pat.rs:3:18
[INFO] [stderr]   |
[INFO] [stderr] 3 |     async fn pat((a, b): (u8, u32));
[INFO] [stderr]   |                  ^^^^^^
[INFO] [stderr] ┈┈┈┈┈┈┈┈┈┈┈┈┈┈┈┈┈┈┈┈┈┈┈┈┈┈┈┈┈┈┈┈┈┈┈┈┈┈┈┈┈┈┈┈┈┈┈┈┈┈┈┈┈┈┈┈┈┈┈┈
[INFO] [stderr] 
[INFO] [stderr] ACTUAL OUTPUT:
[INFO] [stderr] ┈┈┈┈┈┈┈┈┈┈┈┈┈┈┈┈┈┈┈┈┈┈┈┈┈┈┈┈┈┈┈┈┈┈┈┈┈┈┈┈┈┈┈┈┈┈┈┈┈┈┈┈┈┈┈┈┈┈┈┈
[INFO] [stderr] error[E0642]: patterns aren't allowed in functions without bodies
[INFO] [stderr]  --> tests/compile_fail/tarpc_service_arg_pat.rs:3:18
[INFO] [stderr]   |
[INFO] [stderr] 3 |     async fn pat((a, b): (u8, u32));
[INFO] [stderr]   |                  ^^^^^^ pattern not allowed in function without body
[INFO] [stderr] 
[INFO] [stderr] error[E0433]: failed to resolve: use of undeclared crate or module `tarpc`
[INFO] [stderr]  --> tests/compile_fail/tarpc_service_arg_pat.rs:1:3
[INFO] [stderr]   |
[INFO] [stderr] 1 | #[tarpc::service]
[INFO] [stderr]   |   ^^^^^ use of undeclared crate or module `tarpc`
[INFO] [stderr] ┈┈┈┈┈┈┈┈┈┈┈┈┈┈┈┈┈┈┈┈┈┈┈┈┈┈┈┈┈┈┈┈┈┈┈┈┈┈┈┈┈┈┈┈┈┈┈┈┈┈┈┈┈┈┈┈┈┈┈┈
[INFO] [stderr] note: If the actual output is the correct output you can bless it by rerunning
[INFO] [stderr]       your test with the environment variable TRYBUILD=overwrite
[INFO] [stderr] 
[INFO] [stderr] test tests/compile_fail/tarpc_service_fn_new.rs ... mismatch
[INFO] [stderr] 
[INFO] [stderr] EXPECTED:
[INFO] [stderr] ┈┈┈┈┈┈┈┈┈┈┈┈┈┈┈┈┈┈┈┈┈┈┈┈┈┈┈┈┈┈┈┈┈┈┈┈┈┈┈┈┈┈┈┈┈┈┈┈┈┈┈┈┈┈┈┈┈┈┈┈
[INFO] [stderr] error: method name conflicts with generated fn `WorldClient::new`
[INFO] [stderr]  --> $DIR/tarpc_service_fn_new.rs:3:14
[INFO] [stderr]   |
[INFO] [stderr] 3 |     async fn new();
[INFO] [stderr]   |              ^^^
[INFO] [stderr] ┈┈┈┈┈┈┈┈┈┈┈┈┈┈┈┈┈┈┈┈┈┈┈┈┈┈┈┈┈┈┈┈┈┈┈┈┈┈┈┈┈┈┈┈┈┈┈┈┈┈┈┈┈┈┈┈┈┈┈┈
[INFO] [stderr] 
[INFO] [stderr] ACTUAL OUTPUT:
[INFO] [stderr] ┈┈┈┈┈┈┈┈┈┈┈┈┈┈┈┈┈┈┈┈┈┈┈┈┈┈┈┈┈┈┈┈┈┈┈┈┈┈┈┈┈┈┈┈┈┈┈┈┈┈┈┈┈┈┈┈┈┈┈┈
[INFO] [stderr] error[E0433]: failed to resolve: use of undeclared crate or module `tarpc`
[INFO] [stderr]  --> tests/compile_fail/tarpc_service_fn_new.rs:1:3
[INFO] [stderr]   |
[INFO] [stderr] 1 | #[tarpc::service]
[INFO] [stderr]   |   ^^^^^ use of undeclared crate or module `tarpc`
[INFO] [stderr] ┈┈┈┈┈┈┈┈┈┈┈┈┈┈┈┈┈┈┈┈┈┈┈┈┈┈┈┈┈┈┈┈┈┈┈┈┈┈┈┈┈┈┈┈┈┈┈┈┈┈┈┈┈┈┈┈┈┈┈┈
[INFO] [stderr] note: If the actual output is the correct output you can bless it by rerunning
[INFO] [stderr]       your test with the environment variable TRYBUILD=overwrite
[INFO] [stderr] 
[INFO] [stderr] test tests/compile_fail/tarpc_service_fn_serve.rs ... mismatch
[INFO] [stderr] 
[INFO] [stderr] EXPECTED:
[INFO] [stderr] ┈┈┈┈┈┈┈┈┈┈┈┈┈┈┈┈┈┈┈┈┈┈┈┈┈┈┈┈┈┈┈┈┈┈┈┈┈┈┈┈┈┈┈┈┈┈┈┈┈┈┈┈┈┈┈┈┈┈┈┈
[INFO] [stderr] error: method name conflicts with generated fn `World::serve`
[INFO] [stderr]  --> $DIR/tarpc_service_fn_serve.rs:3:14
[INFO] [stderr]   |
[INFO] [stderr] 3 |     async fn serve();
[INFO] [stderr]   |              ^^^^^
[INFO] [stderr] ┈┈┈┈┈┈┈┈┈┈┈┈┈┈┈┈┈┈┈┈┈┈┈┈┈┈┈┈┈┈┈┈┈┈┈┈┈┈┈┈┈┈┈┈┈┈┈┈┈┈┈┈┈┈┈┈┈┈┈┈
[INFO] [stderr] 
[INFO] [stderr] ACTUAL OUTPUT:
[INFO] [stderr] ┈┈┈┈┈┈┈┈┈┈┈┈┈┈┈┈┈┈┈┈┈┈┈┈┈┈┈┈┈┈┈┈┈┈┈┈┈┈┈┈┈┈┈┈┈┈┈┈┈┈┈┈┈┈┈┈┈┈┈┈
[INFO] [stderr] error[E0433]: failed to resolve: use of undeclared crate or module `tarpc`
[INFO] [stderr]  --> tests/compile_fail/tarpc_service_fn_serve.rs:1:3
[INFO] [stderr]   |
[INFO] [stderr] 1 | #[tarpc::service]
[INFO] [stderr]   |   ^^^^^ use of undeclared crate or module `tarpc`
[INFO] [stderr] ┈┈┈┈┈┈┈┈┈┈┈┈┈┈┈┈┈┈┈┈┈┈┈┈┈┈┈┈┈┈┈┈┈┈┈┈┈┈┈┈┈┈┈┈┈┈┈┈┈┈┈┈┈┈┈┈┈┈┈┈
[INFO] [stderr] note: If the actual output is the correct output you can bless it by rerunning
[INFO] [stderr]       your test with the environment variable TRYBUILD=overwrite
[INFO] [stderr] 
[INFO] [stderr] 
[INFO] [stderr] 
[INFO] [stdout] test ui ... FAILED
[INFO] [stdout] 
[INFO] [stdout] failures:
[INFO] [stdout] 
[INFO] [stdout] ---- ui stdout ----
[INFO] [stdout] thread 'ui' panicked at /opt/rustwide/cargo-home/registry/src/index.crates.io-6f17d22bba15001f/trybuild-1.0.63/src/run.rs:101:13:
[INFO] [stdout] 5 of 5 tests failed
[INFO] [stdout] stack backtrace:
[INFO] [stdout]    0:     0x55caa11fb51a - std::backtrace_rs::backtrace::libunwind::trace::h207520d6e9873551
[INFO] [stdout]                                at /rustc/df4ca44d3fbc9301ee17f30f4d474e6ae4b05252/library/std/src/../../backtrace/src/backtrace/libunwind.rs:116:5
[INFO] [stdout]    1:     0x55caa11fb51a - std::backtrace_rs::backtrace::trace_unsynchronized::h2ed7433f370e3eca
[INFO] [stdout]                                at /rustc/df4ca44d3fbc9301ee17f30f4d474e6ae4b05252/library/std/src/../../backtrace/src/backtrace/mod.rs:66:5
[INFO] [stdout]    2:     0x55caa11fb51a - std::sys::backtrace::_print_fmt::h916fac51166b18d7
[INFO] [stdout]                                at /rustc/df4ca44d3fbc9301ee17f30f4d474e6ae4b05252/library/std/src/sys/backtrace.rs:66:9
[INFO] [stdout]    3:     0x55caa11fb51a - <std::sys::backtrace::BacktraceLock::print::DisplayBacktrace as core::fmt::Display>::fmt::ha0a4c9b8ce3802e6
[INFO] [stdout]                                at /rustc/df4ca44d3fbc9301ee17f30f4d474e6ae4b05252/library/std/src/sys/backtrace.rs:39:26
[INFO] [stdout]    4:     0x55caa1224653 - core::fmt::rt::Argument::fmt::h4cfc8587d52b3eb5
[INFO] [stdout]                                at /rustc/df4ca44d3fbc9301ee17f30f4d474e6ae4b05252/library/core/src/fmt/rt.rs:177:76
[INFO] [stdout]    5:     0x55caa1224653 - core::fmt::write::h522cc39e5b36ae9f
[INFO] [stdout]                                at /rustc/df4ca44d3fbc9301ee17f30f4d474e6ae4b05252/library/core/src/fmt/mod.rs:1190:21
[INFO] [stdout]    6:     0x55caa11f7553 - std::io::Write::write_fmt::h7d3c26752da97734
[INFO] [stdout]                                at /rustc/df4ca44d3fbc9301ee17f30f4d474e6ae4b05252/library/std/src/io/mod.rs:1839:15
[INFO] [stdout]    7:     0x55caa11fb362 - std::sys::backtrace::BacktraceLock::print::h4b9e00b29e9c0942
[INFO] [stdout]                                at /rustc/df4ca44d3fbc9301ee17f30f4d474e6ae4b05252/library/std/src/sys/backtrace.rs:42:9
[INFO] [stdout]    8:     0x55caa11fc9aa - std::panicking::default_hook::{{closure}}::hb59b88280d0324d9
[INFO] [stdout]                                at /rustc/df4ca44d3fbc9301ee17f30f4d474e6ae4b05252/library/std/src/panicking.rs:268:22
[INFO] [stdout]    9:     0x55caa11fc7b4 - std::panicking::default_hook::he1dd496665be4a29
[INFO] [stdout]                                at /rustc/df4ca44d3fbc9301ee17f30f4d474e6ae4b05252/library/std/src/panicking.rs:292:9
[INFO] [stdout]   10:     0x55caa11c4409 - <alloc::boxed::Box<F,A> as core::ops::function::Fn<Args>>::call::h4ff71de18744e1dc
[INFO] [stdout]                                at /rustc/df4ca44d3fbc9301ee17f30f4d474e6ae4b05252/library/alloc/src/boxed.rs:2468:9
[INFO] [stdout]   11:     0x55caa11c4409 - test::test_main::{{closure}}::hcf7c055ce117aa81
[INFO] [stdout]                                at /rustc/df4ca44d3fbc9301ee17f30f4d474e6ae4b05252/library/test/src/lib.rs:133:21
[INFO] [stdout]   12:     0x55caa11fd0a8 - <alloc::boxed::Box<F,A> as core::ops::function::Fn<Args>>::call::h1d66c6bbd60c9692
[INFO] [stdout]                                at /rustc/df4ca44d3fbc9301ee17f30f4d474e6ae4b05252/library/alloc/src/boxed.rs:2468:9
[INFO] [stdout]   13:     0x55caa11fd0a8 - std::panicking::rust_panic_with_hook::h2ff17fe8f26dfcf8
[INFO] [stdout]                                at /rustc/df4ca44d3fbc9301ee17f30f4d474e6ae4b05252/library/std/src/panicking.rs:809:13
[INFO] [stdout]   14:     0x55caa11fce6a - std::panicking::begin_panic_handler::{{closure}}::h4fad77951c07e101
[INFO] [stdout]                                at /rustc/df4ca44d3fbc9301ee17f30f4d474e6ae4b05252/library/std/src/panicking.rs:674:13
[INFO] [stdout]   15:     0x55caa11fb9f9 - std::sys::backtrace::__rust_end_short_backtrace::hb1a25b3da5d0ea08
[INFO] [stdout]                                at /rustc/df4ca44d3fbc9301ee17f30f4d474e6ae4b05252/library/std/src/sys/backtrace.rs:170:18
[INFO] [stdout]   16:     0x55caa11fcafc - rust_begin_unwind
[INFO] [stdout]                                at /rustc/df4ca44d3fbc9301ee17f30f4d474e6ae4b05252/library/std/src/panicking.rs:665:5
[INFO] [stdout]   17:     0x55caa1223050 - core::panicking::panic_fmt::ha9db07b529f9b256
[INFO] [stdout]                                at /rustc/df4ca44d3fbc9301ee17f30f4d474e6ae4b05252/library/core/src/panicking.rs:75:14
[INFO] [stdout]   18:     0x55caa0fbe559 - trybuild::run::<impl trybuild::Runner>::run::hf52e2ce1f6d4531c
[INFO] [stdout]                                at /opt/rustwide/cargo-home/registry/src/index.crates.io-6f17d22bba15001f/trybuild-1.0.63/src/run.rs:101:13
[INFO] [stdout]   19:     0x55caa0fc3208 - <trybuild::TestCases as core::ops::drop::Drop>::drop::h31d899de57b621c3
[INFO] [stdout]                                at /opt/rustwide/cargo-home/registry/src/index.crates.io-6f17d22bba15001f/trybuild-1.0.63/src/lib.rs:310:13
[INFO] [stdout]   20:     0x55caa0fb4647 - core::ptr::drop_in_place<trybuild::TestCases>::h3fb9dfc4e3a4f48c
[INFO] [stdout]                                at /rustc/df4ca44d3fbc9301ee17f30f4d474e6ae4b05252/library/core/src/ptr/mod.rs:521:1
[INFO] [stdout]   21:     0x55caa0fb4d93 - compile_fail::ui::he9138c968f3b8ac1
[INFO] [stdout]                                at /opt/rustwide/workdir/tests/compile_fail.rs:9:1
[INFO] [stdout]   22:     0x55caa0fb4d27 - compile_fail::ui::{{closure}}::h354ec1187b42cfec
[INFO] [stdout]                                at /opt/rustwide/workdir/tests/compile_fail.rs:2:8
[INFO] [stdout]   23:     0x55caa0fb45a6 - core::ops::function::FnOnce::call_once::h02492ecf1554ca82
[INFO] [stdout]                                at /rustc/df4ca44d3fbc9301ee17f30f4d474e6ae4b05252/library/core/src/ops/function.rs:250:5
[INFO] [stdout]   24:     0x55caa11c8cdb - core::ops::function::FnOnce::call_once::h22c3ba5715e93f05
[INFO] [stdout]                                at /rustc/df4ca44d3fbc9301ee17f30f4d474e6ae4b05252/library/core/src/ops/function.rs:250:5
[INFO] [stdout]   25:     0x55caa11c8cdb - test::__rust_begin_short_backtrace::h8e82d8113d0da17f
[INFO] [stdout]                                at /rustc/df4ca44d3fbc9301ee17f30f4d474e6ae4b05252/library/test/src/lib.rs:621:18
[INFO] [stdout]   26:     0x55caa11c8657 - test::run_test_in_process::{{closure}}::h33235f4f20b7b7c7
[INFO] [stdout]                                at /rustc/df4ca44d3fbc9301ee17f30f4d474e6ae4b05252/library/test/src/lib.rs:644:60
[INFO] [stdout]   27:     0x55caa11c8657 - <core::panic::unwind_safe::AssertUnwindSafe<F> as core::ops::function::FnOnce<()>>::call_once::hb5043206310c586f
[INFO] [stdout]                                at /rustc/df4ca44d3fbc9301ee17f30f4d474e6ae4b05252/library/core/src/panic/unwind_safe.rs:272:9
[INFO] [stdout]   28:     0x55caa11c8657 - std::panicking::try::do_call::h9ad4731a60ab23e2
[INFO] [stdout]                                at /rustc/df4ca44d3fbc9301ee17f30f4d474e6ae4b05252/library/std/src/panicking.rs:557:40
[INFO] [stdout]   29:     0x55caa11c8657 - std::panicking::try::h3824d23db772a716
[INFO] [stdout]                                at /rustc/df4ca44d3fbc9301ee17f30f4d474e6ae4b05252/library/std/src/panicking.rs:520:19
[INFO] [stdout]   30:     0x55caa11c8657 - std::panic::catch_unwind::h5afd514605fde46b
[INFO] [stdout]                                at /rustc/df4ca44d3fbc9301ee17f30f4d474e6ae4b05252/library/std/src/panic.rs:358:14
[INFO] [stdout]   31:     0x55caa11c8657 - test::run_test_in_process::h0d5cbfa7067d1720
[INFO] [stdout]                                at /rustc/df4ca44d3fbc9301ee17f30f4d474e6ae4b05252/library/test/src/lib.rs:644:27
[INFO] [stdout]   32:     0x55caa11c8657 - test::run_test::{{closure}}::h708eb8872708115d
[INFO] [stdout]                                at /rustc/df4ca44d3fbc9301ee17f30f4d474e6ae4b05252/library/test/src/lib.rs:565:43
[INFO] [stdout]   33:     0x55caa118bd74 - test::run_test::{{closure}}::h392c51cee94713ab
[INFO] [stdout]                                at /rustc/df4ca44d3fbc9301ee17f30f4d474e6ae4b05252/library/test/src/lib.rs:595:41
[INFO] [stdout]   34:     0x55caa118bd74 - std::sys::backtrace::__rust_begin_short_backtrace::h2f40290710935a8b
[INFO] [stdout]                                at /rustc/df4ca44d3fbc9301ee17f30f4d474e6ae4b05252/library/std/src/sys/backtrace.rs:154:18
[INFO] [stdout]   35:     0x55caa118f51e - std::thread::Builder::spawn_unchecked_::{{closure}}::{{closure}}::h3fd968d89053a903
[INFO] [stdout]                                at /rustc/df4ca44d3fbc9301ee17f30f4d474e6ae4b05252/library/std/src/thread/mod.rs:541:17
[INFO] [stdout]   36:     0x55caa118f51e - <core::panic::unwind_safe::AssertUnwindSafe<F> as core::ops::function::FnOnce<()>>::call_once::h743f637ba4229880
[INFO] [stdout]                                at /rustc/df4ca44d3fbc9301ee17f30f4d474e6ae4b05252/library/core/src/panic/unwind_safe.rs:272:9
[INFO] [stdout]   37:     0x55caa118f51e - std::panicking::try::do_call::h07440897322525a6
[INFO] [stdout]                                at /rustc/df4ca44d3fbc9301ee17f30f4d474e6ae4b05252/library/std/src/panicking.rs:557:40
[INFO] [stdout]   38:     0x55caa118f51e - std::panicking::try::he5a2e00188156637
[INFO] [stdout]                                at /rustc/df4ca44d3fbc9301ee17f30f4d474e6ae4b05252/library/std/src/panicking.rs:520:19
[INFO] [stdout]   39:     0x55caa118f51e - std::panic::catch_unwind::hbaf3cae49b3c6433
[INFO] [stdout]                                at /rustc/df4ca44d3fbc9301ee17f30f4d474e6ae4b05252/library/std/src/panic.rs:358:14
[INFO] [stdout]   40:     0x55caa118f51e - std::thread::Builder::spawn_unchecked_::{{closure}}::h8e141ea224820bce
[INFO] [stdout]                                at /rustc/df4ca44d3fbc9301ee17f30f4d474e6ae4b05252/library/std/src/thread/mod.rs:540:30
[INFO] [stdout]   41:     0x55caa118f51e - core::ops::function::FnOnce::call_once{{vtable.shim}}::h90d312fedd7b8ea8
[INFO] [stdout]                                at /rustc/df4ca44d3fbc9301ee17f30f4d474e6ae4b05252/library/core/src/ops/function.rs:250:5
[INFO] [stdout]   42:     0x55caa1201e6b - <alloc::boxed::Box<F,A> as core::ops::function::FnOnce<Args>>::call_once::h69aa08ddb6adb8b6
[INFO] [stdout]                                at /rustc/df4ca44d3fbc9301ee17f30f4d474e6ae4b05252/library/alloc/src/boxed.rs:2454:9
[INFO] [stdout]   43:     0x55caa1201e6b - <alloc::boxed::Box<F,A> as core::ops::function::FnOnce<Args>>::call_once::h5aa36efdb79c806f
[INFO] [stdout]                                at /rustc/df4ca44d3fbc9301ee17f30f4d474e6ae4b05252/library/alloc/src/boxed.rs:2454:9
[INFO] [stdout]   44:     0x55caa1201e6b - std::sys::pal::unix::thread::Thread::new::thread_start::h6cd80a1b4be5158d
[INFO] [stdout]                                at /rustc/df4ca44d3fbc9301ee17f30f4d474e6ae4b05252/library/std/src/sys/pal/unix/thread.rs:105:17
[INFO] [stdout]   45:     0x748b6b001ac3 - <unknown>
[INFO] [stdout]   46:     0x748b6b092a04 - clone
[INFO] [stdout]   47:                0x0 - <unknown>
[INFO] [stdout] 
[INFO] [stdout] 
[INFO] [stdout] failures:
[INFO] [stdout]     ui
[INFO] [stderr] error: test failed, to rerun pass `--test compile_fail`
[INFO] [stdout] 
[INFO] [stdout] test result: FAILED. 0 passed; 1 failed; 0 ignored; 0 measured; 0 filtered out; finished in 25.47s
[INFO] [stdout] 
[INFO] running `Command { std: "docker" "inspect" "219840521dbf7686ad09671d07fc513f19fcb1ead6e921172d600b6a8dc51ff5", kill_on_drop: false }`
[INFO] running `Command { std: "docker" "rm" "-f" "219840521dbf7686ad09671d07fc513f19fcb1ead6e921172d600b6a8dc51ff5", kill_on_drop: false }`
[INFO] [stdout] 219840521dbf7686ad09671d07fc513f19fcb1ead6e921172d600b6a8dc51ff5
