[INFO] fetching crate fmm 0.6.0...
[INFO] testing fmm-0.6.0 against nightly-2024-10-28 for randomize-layout
[INFO] extracting crate fmm 0.6.0 into /workspace/builds/worker-7-tc1/source
[INFO] validating manifest of crates.io crate fmm 0.6.0 on toolchain nightly-2024-10-28
[INFO] running `Command { std: CARGO_HOME="/workspace/cargo-home" RUSTUP_HOME="/workspace/rustup-home" "/workspace/cargo-home/bin/cargo" "+nightly-2024-10-28" "metadata" "--manifest-path" "Cargo.toml" "--no-deps", kill_on_drop: false }`
[INFO] started tweaking crates.io crate fmm 0.6.0
[INFO] finished tweaking crates.io crate fmm 0.6.0
[INFO] tweaked toml for crates.io crate fmm 0.6.0 written to /workspace/builds/worker-7-tc1/source/Cargo.toml
[INFO] crate crates.io crate fmm 0.6.0 already has a lockfile, it will not be regenerated
[INFO] running `Command { std: CARGO_HOME="/workspace/cargo-home" RUSTUP_HOME="/workspace/rustup-home" "/workspace/cargo-home/bin/cargo" "+nightly-2024-10-28" "fetch" "--manifest-path" "Cargo.toml", kill_on_drop: false }`
[INFO] [stderr]     Updating crates.io index
[INFO] [stderr]  Downloading crates ...
[INFO] [stderr]   Downloaded serde_with v1.12.1
[INFO] [stderr]   Downloaded clap v3.1.10
[INFO] [stderr]   Downloaded compress v0.2.1
[INFO] running `Command { std: "docker" "create" "-v" "/var/lib/crater-agent-workspace/builds/worker-7-tc1/target:/opt/rustwide/target:rw,Z" "-v" "/var/lib/crater-agent-workspace/builds/worker-7-tc1/source:/opt/rustwide/workdir:ro,Z" "-v" "/var/lib/crater-agent-workspace/cargo-home:/opt/rustwide/cargo-home:ro,Z" "-v" "/var/lib/crater-agent-workspace/rustup-home:/opt/rustwide/rustup-home:ro,Z" "-e" "SOURCE_DIR=/opt/rustwide/workdir" "-e" "CARGO_TARGET_DIR=/opt/rustwide/target" "-e" "CARGO_HOME=/opt/rustwide/cargo-home" "-e" "RUSTUP_HOME=/opt/rustwide/rustup-home" "-w" "/opt/rustwide/workdir" "-m" "1610612736" "--user" "0:0" "--network" "none" "ghcr.io/rust-lang/crates-build-env/linux@sha256:4a844ea9eb2546a2d2c7022eacef16ef2e8229c7fbb2c7d4d55a9ceca922f72d" "/opt/rustwide/cargo-home/bin/cargo" "+nightly-2024-10-28" "metadata" "--no-deps" "--format-version=1", kill_on_drop: false }`
[INFO] [stdout] 7730d76713a191cb0c5f555c89de810da96c0293f9315c47d1d756b770017572
[INFO] running `Command { std: "docker" "start" "-a" "7730d76713a191cb0c5f555c89de810da96c0293f9315c47d1d756b770017572", kill_on_drop: false }`
[INFO] running `Command { std: "docker" "inspect" "7730d76713a191cb0c5f555c89de810da96c0293f9315c47d1d756b770017572", kill_on_drop: false }`
[INFO] running `Command { std: "docker" "rm" "-f" "7730d76713a191cb0c5f555c89de810da96c0293f9315c47d1d756b770017572", kill_on_drop: false }`
[INFO] [stdout] 7730d76713a191cb0c5f555c89de810da96c0293f9315c47d1d756b770017572
[INFO] running `Command { std: "docker" "create" "-v" "/var/lib/crater-agent-workspace/builds/worker-7-tc1/target:/opt/rustwide/target:rw,Z" "-v" "/var/lib/crater-agent-workspace/builds/worker-7-tc1/source:/opt/rustwide/workdir:ro,Z" "-v" "/var/lib/crater-agent-workspace/cargo-home:/opt/rustwide/cargo-home:ro,Z" "-v" "/var/lib/crater-agent-workspace/rustup-home:/opt/rustwide/rustup-home:ro,Z" "-e" "SOURCE_DIR=/opt/rustwide/workdir" "-e" "CARGO_TARGET_DIR=/opt/rustwide/target" "-e" "CARGO_INCREMENTAL=0" "-e" "RUST_BACKTRACE=full" "-e" "RUSTFLAGS=--cap-lints=forbid" "-e" "RUSTDOCFLAGS=--cap-lints=forbid" "-e" "CARGO_HOME=/opt/rustwide/cargo-home" "-e" "RUSTUP_HOME=/opt/rustwide/rustup-home" "-w" "/opt/rustwide/workdir" "-m" "1610612736" "--user" "0:0" "--network" "none" "ghcr.io/rust-lang/crates-build-env/linux@sha256:4a844ea9eb2546a2d2c7022eacef16ef2e8229c7fbb2c7d4d55a9ceca922f72d" "/opt/rustwide/cargo-home/bin/cargo" "+nightly-2024-10-28" "build" "--frozen" "--message-format=json", kill_on_drop: false }`
[INFO] [stdout] ec4330385b4aa962fee8bb13550b4c2850ac11dfd588c80639bf106319b8bf50
[INFO] running `Command { std: "docker" "start" "-a" "ec4330385b4aa962fee8bb13550b4c2850ac11dfd588c80639bf106319b8bf50", kill_on_drop: false }`
[INFO] [stderr]    Compiling autocfg v1.1.0
[INFO] [stderr]    Compiling libc v0.2.124
[INFO] [stderr]    Compiling proc-macro2 v1.0.37
[INFO] [stderr]    Compiling unicode-xid v0.2.2
[INFO] [stderr]    Compiling syn v1.0.91
[INFO] [stderr]    Compiling memchr v2.4.1
[INFO] [stderr]    Compiling pkg-config v0.3.25
[INFO] [stderr]    Compiling cc v1.0.73
[INFO] [stderr]    Compiling version_check v0.9.4
[INFO] [stderr]    Compiling log v0.4.16
[INFO] [stderr]    Compiling fnv v1.0.7
[INFO] [stderr]    Compiling pin-project-lite v0.2.8
[INFO] [stderr]    Compiling num-traits v0.2.14
[INFO] [stderr]    Compiling futures-core v0.3.21
[INFO] [stderr]    Compiling quote v1.0.18
[INFO] [stderr]    Compiling bytes v1.1.0
[INFO] [stderr]    Compiling lazy_static v1.4.0
[INFO] [stderr]    Compiling serde_derive v1.0.136
[INFO] [stderr]    Compiling aho-corasick v0.7.18
[INFO] [stderr]    Compiling itoa v1.0.1
[INFO] [stderr]    Compiling regex-syntax v0.6.25
[INFO] [stderr]    Compiling mio v0.8.2
[INFO] [stderr]    Compiling openssl-sys v0.9.72
[INFO] [stderr]    Compiling socket2 v0.4.4
[INFO] [stderr]    Compiling num_cpus v1.13.1
[INFO] [stderr]    Compiling num-integer v0.1.44
[INFO] [stderr]    Compiling indexmap v1.8.1
[INFO] [stderr]    Compiling serde v1.0.136
[INFO] [stderr]    Compiling once_cell v1.10.0
[INFO] [stderr]    Compiling futures-task v0.3.21
[INFO] [stderr]    Compiling tokio v1.17.0
[INFO] [stderr]    Compiling tracing-core v0.1.26
[INFO] [stderr]    Compiling hashbrown v0.11.2
[INFO] [stderr]    Compiling typenum v1.15.0
[INFO] [stderr]    Compiling openssl v0.10.38
[INFO] [stderr]    Compiling futures-util v0.3.21
[INFO] [stderr]    Compiling strsim v0.10.0
[INFO] [stderr]    Compiling foreign-types-shared v0.1.1
[INFO] [stderr]    Compiling getrandom v0.1.16
[INFO] [stderr]    Compiling bitflags v1.3.2
[INFO] [stderr]    Compiling foreign-types v0.3.2
[INFO] [stderr]    Compiling http v0.2.6
[INFO] [stderr]    Compiling proc-macro-error-attr v1.0.4
[INFO] [stderr]    Compiling regex v1.5.5
[INFO] [stderr]    Compiling generic-array v0.14.5
[INFO] [stderr]    Compiling num-bigint v0.3.3
[INFO] [stderr]    Compiling slab v0.4.6
[INFO] [stderr]    Compiling futures-io v0.3.21
[INFO] [stderr]    Compiling futures-sink v0.3.21
[INFO] [stderr]    Compiling tinyvec_macros v0.1.0
[INFO] [stderr]    Compiling pin-utils v0.1.0
[INFO] [stderr]    Compiling httparse v1.7.0
[INFO] [stderr]    Compiling futures-channel v0.3.21
[INFO] [stderr]    Compiling native-tls v0.2.10
[INFO] [stderr]    Compiling matches v0.1.9
[INFO] [stderr]    Compiling tinyvec v1.5.1
[INFO] [stderr]    Compiling bzip2-sys v0.1.11+1.0.8
[INFO] [stderr]    Compiling proc-macro-error v1.0.4
[INFO] [stderr]    Compiling num-rational v0.3.2
[INFO] [stderr]    Compiling num-iter v0.1.42
[INFO] [stderr]    Compiling unicode-width v0.1.9
[INFO] [stderr]    Compiling darling_core v0.13.4
[INFO] [stderr]    Compiling percent-encoding v2.1.0
[INFO] [stderr]    Compiling try-lock v0.2.3
[INFO] [stderr]    Compiling crc32fast v1.3.2
[INFO] [stderr]    Compiling openssl-probe v0.1.5
[INFO] [stderr]    Compiling want v0.3.0
[INFO] [stderr]    Compiling form_urlencoded v1.0.1
[INFO] [stderr]    Compiling unicode-linebreak v0.1.2
[INFO] [stderr]    Compiling http-body v0.4.4
[INFO] [stderr]    Compiling rand_core v0.5.1
[INFO] [stderr]    Compiling unicode-normalization v0.1.19
[INFO] [stderr]    Compiling tower-service v0.3.1
[INFO] [stderr]    Compiling httpdate v1.0.2
[INFO] [stderr]    Compiling adler v1.0.2
[INFO] [stderr]    Compiling encoding_rs v0.8.31
[INFO] [stderr]    Compiling serde_json v1.0.79
[INFO] [stderr]    Compiling ryu v1.0.9
[INFO] [stderr]    Compiling rustversion v1.0.6
[INFO] [stderr]    Compiling ppv-lite86 v0.2.16
[INFO] [stderr]    Compiling unicode-bidi v0.3.7
[INFO] [stderr]    Compiling tracing-attributes v0.1.20
[INFO] [stderr]    Compiling darling_macro v0.13.4
[INFO] [stderr]    Compiling thiserror-impl v1.0.30
[INFO] [stderr]    Compiling idna v0.2.3
[INFO] [stderr]    Compiling darling v0.13.4
[INFO] [stderr]    Compiling rand_chacha v0.2.2
[INFO] [stderr]    Compiling miniz_oxide v0.5.1
[INFO] [stderr]    Compiling tokio-native-tls v0.3.0
[INFO] [stderr]    Compiling tracing v0.1.34
[INFO] [stderr]    Compiling num-complex v0.3.1
[INFO] [stderr]    Compiling terminal_size v0.1.17
[INFO] [stderr]    Compiling heck v0.4.0
[INFO] [stderr]    Compiling anyhow v1.0.56
[INFO] [stderr]    Compiling tokio-util v0.7.1
[INFO] [stderr]    Compiling byteorder v1.4.3
[INFO] [stderr]    Compiling smawk v0.3.1
[INFO] [stderr]    Compiling os_str_bytes v6.0.0
[INFO] [stderr]    Compiling clap_derive v3.1.7
[INFO] [stderr]    Compiling textwrap v0.15.0
[INFO] [stderr]    Compiling console v0.15.0
[INFO] [stderr]    Compiling clap_lex v0.1.1
[INFO] [stderr]    Compiling flate2 v1.0.23
[INFO] [stderr]    Compiling num v0.3.1
[INFO] [stderr]    Compiling thiserror v1.0.30
[INFO] [stderr]    Compiling h2 v0.3.13
[INFO] [stderr]    Compiling bzip2 v0.4.3
[INFO] [stderr]    Compiling url v2.2.2
[INFO] [stderr]    Compiling rand v0.7.3
[INFO] [stderr]    Compiling serde_with_macros v1.5.2
[INFO] [stderr]    Compiling digest v0.9.0
[INFO] [stderr]    Compiling block-buffer v0.9.0
[INFO] [stderr]    Compiling dirs-sys v0.3.7
[INFO] [stderr]    Compiling atty v0.2.14
[INFO] [stderr]    Compiling time v0.1.43
[INFO] [stderr]    Compiling ipnet v2.5.0
[INFO] [stderr]    Compiling base64 v0.13.0
[INFO] [stderr]    Compiling opaque-debug v0.3.0
[INFO] [stderr]    Compiling remove_dir_all v0.5.3
[INFO] [stderr]    Compiling fastrand v1.7.0
[INFO] [stderr]    Compiling number_prefix v0.4.0
[INFO] [stderr]    Compiling mime v0.3.16
[INFO] [stderr]    Compiling cpufeatures v0.2.2
[INFO] [stderr]    Compiling either v1.6.1
[INFO] [stderr]    Compiling termcolor v1.1.3
[INFO] [stderr]    Compiling itertools v0.10.3
[INFO] [stderr]    Compiling sha-1 v0.9.8
[INFO] [stderr]    Compiling indicatif v0.16.2
[INFO] [stderr]    Compiling clap v3.1.10
[INFO] [stderr]    Compiling tempfile v3.3.0
[INFO] [stderr]    Compiling zip v0.5.13
[INFO] [stderr]    Compiling dirs v4.0.0
[INFO] [stderr]    Compiling compress v0.2.1
[INFO] [stderr]    Compiling hex v0.4.3
[INFO] [stderr]    Compiling hyper v0.14.18
[INFO] [stderr]    Compiling serde_urlencoded v0.7.1
[INFO] [stderr]    Compiling toml v0.5.9
[INFO] [stderr]    Compiling serde_with v1.12.1
[INFO] [stderr]    Compiling hyper-tls v0.5.0
[INFO] [stderr]    Compiling reqwest v0.11.10
[INFO] [stderr]    Compiling fmm v0.6.0 (/opt/rustwide/workdir)
[INFO] [stdout] warning: fields `game_dir` and `sync_startup_settings` are never read
[INFO] [stdout]   --> src/config.rs:13:9
[INFO] [stdout]    |
[INFO] [stdout] 11 | pub struct Config {
[INFO] [stdout]    |            ------ fields in this struct
[INFO] [stdout] 12 |     pub cmd: cli::Cmd,
[INFO] [stdout] 13 |     pub game_dir: PathBuf,
[INFO] [stdout]    |         ^^^^^^^^
[INFO] [stdout] ...
[INFO] [stdout] 18 |     pub sync_startup_settings: bool,
[INFO] [stdout]    |         ^^^^^^^^^^^^^^^^^^^^^
[INFO] [stdout]    |
[INFO] [stdout]    = note: `Config` has a derived impl for the trait `Debug`, but this is intentionally ignored during dead code analysis
[INFO] [stdout]    = note: `#[warn(dead_code)]` on by default
[INFO] [stdout] 
[INFO] [stdout] 
[INFO] [stdout] warning: fields `map_version` and `path` are never read
[INFO] [stdout]   --> src/save_file.rs:20:9
[INFO] [stdout]    |
[INFO] [stdout] 19 | pub struct SaveFile {
[INFO] [stdout]    |            -------- fields in this struct
[INFO] [stdout] 20 |     pub map_version: Version,
[INFO] [stdout]    |         ^^^^^^^^^^^
[INFO] [stdout] 21 |     pub mods: Vec<ModIdent>,
[INFO] [stdout] 22 |     pub path: PathBuf,
[INFO] [stdout]    |         ^^^^
[INFO] [stdout] 
[INFO] [stdout] 
[INFO] [stderr]     Finished `dev` profile [unoptimized + debuginfo] target(s) in 59.14s
[INFO] running `Command { std: "docker" "inspect" "ec4330385b4aa962fee8bb13550b4c2850ac11dfd588c80639bf106319b8bf50", kill_on_drop: false }`
[INFO] running `Command { std: "docker" "rm" "-f" "ec4330385b4aa962fee8bb13550b4c2850ac11dfd588c80639bf106319b8bf50", kill_on_drop: false }`
[INFO] [stdout] ec4330385b4aa962fee8bb13550b4c2850ac11dfd588c80639bf106319b8bf50
[INFO] running `Command { std: "docker" "create" "-v" "/var/lib/crater-agent-workspace/builds/worker-7-tc1/target:/opt/rustwide/target:rw,Z" "-v" "/var/lib/crater-agent-workspace/builds/worker-7-tc1/source:/opt/rustwide/workdir:ro,Z" "-v" "/var/lib/crater-agent-workspace/cargo-home:/opt/rustwide/cargo-home:ro,Z" "-v" "/var/lib/crater-agent-workspace/rustup-home:/opt/rustwide/rustup-home:ro,Z" "-e" "SOURCE_DIR=/opt/rustwide/workdir" "-e" "CARGO_TARGET_DIR=/opt/rustwide/target" "-e" "CARGO_INCREMENTAL=0" "-e" "RUST_BACKTRACE=full" "-e" "RUSTFLAGS=--cap-lints=forbid" "-e" "RUSTDOCFLAGS=--cap-lints=forbid" "-e" "CARGO_HOME=/opt/rustwide/cargo-home" "-e" "RUSTUP_HOME=/opt/rustwide/rustup-home" "-w" "/opt/rustwide/workdir" "-m" "1610612736" "--user" "0:0" "--network" "none" "ghcr.io/rust-lang/crates-build-env/linux@sha256:4a844ea9eb2546a2d2c7022eacef16ef2e8229c7fbb2c7d4d55a9ceca922f72d" "/opt/rustwide/cargo-home/bin/cargo" "+nightly-2024-10-28" "test" "--frozen" "--no-run" "--message-format=json", kill_on_drop: false }`
[INFO] [stdout] 04c6a4f73a0023c7db497b498861c7630e336efff9536d8d78e8318d63c3c343
[INFO] running `Command { std: "docker" "start" "-a" "04c6a4f73a0023c7db497b498861c7630e336efff9536d8d78e8318d63c3c343", kill_on_drop: false }`
[INFO] [stderr]    Compiling fmm v0.6.0 (/opt/rustwide/workdir)
[INFO] [stdout] warning: fields `game_dir` and `sync_startup_settings` are never read
[INFO] [stdout]   --> src/config.rs:13:9
[INFO] [stdout]    |
[INFO] [stdout] 11 | pub struct Config {
[INFO] [stdout]    |            ------ fields in this struct
[INFO] [stdout] 12 |     pub cmd: cli::Cmd,
[INFO] [stdout] 13 |     pub game_dir: PathBuf,
[INFO] [stdout]    |         ^^^^^^^^
[INFO] [stdout] ...
[INFO] [stdout] 18 |     pub sync_startup_settings: bool,
[INFO] [stdout]    |         ^^^^^^^^^^^^^^^^^^^^^
[INFO] [stdout]    |
[INFO] [stdout]    = note: `Config` has a derived impl for the trait `Debug`, but this is intentionally ignored during dead code analysis
[INFO] [stdout]    = note: `#[warn(dead_code)]` on by default
[INFO] [stdout] 
[INFO] [stdout] 
[INFO] [stdout] warning: fields `map_version` and `path` are never read
[INFO] [stdout]   --> src/save_file.rs:20:9
[INFO] [stdout]    |
[INFO] [stdout] 19 | pub struct SaveFile {
[INFO] [stdout]    |            -------- fields in this struct
[INFO] [stdout] 20 |     pub map_version: Version,
[INFO] [stdout]    |         ^^^^^^^^^^^
[INFO] [stdout] 21 |     pub mods: Vec<ModIdent>,
[INFO] [stdout] 22 |     pub path: PathBuf,
[INFO] [stdout]    |         ^^^^
[INFO] [stdout] 
[INFO] [stdout] 
[INFO] [stdout] warning: fields `game_dir` and `sync_startup_settings` are never read
[INFO] [stdout]   --> src/config.rs:13:9
[INFO] [stdout]    |
[INFO] [stdout] 11 | pub struct Config {
[INFO] [stdout]    |            ------ fields in this struct
[INFO] [stdout] 12 |     pub cmd: cli::Cmd,
[INFO] [stdout] 13 |     pub game_dir: PathBuf,
[INFO] [stdout]    |         ^^^^^^^^
[INFO] [stdout] ...
[INFO] [stdout] 18 |     pub sync_startup_settings: bool,
[INFO] [stdout]    |         ^^^^^^^^^^^^^^^^^^^^^
[INFO] [stdout]    |
[INFO] [stdout]    = note: `Config` has a derived impl for the trait `Debug`, but this is intentionally ignored during dead code analysis
[INFO] [stdout]    = note: `#[warn(dead_code)]` on by default
[INFO] [stdout] 
[INFO] [stdout] 
[INFO] [stdout] warning: fields `map_version` and `path` are never read
[INFO] [stdout]   --> src/save_file.rs:20:9
[INFO] [stdout]    |
[INFO] [stdout] 19 | pub struct SaveFile {
[INFO] [stdout]    |            -------- fields in this struct
[INFO] [stdout] 20 |     pub map_version: Version,
[INFO] [stdout]    |         ^^^^^^^^^^^
[INFO] [stdout] 21 |     pub mods: Vec<ModIdent>,
[INFO] [stdout] 22 |     pub path: PathBuf,
[INFO] [stdout]    |         ^^^^
[INFO] [stdout] 
[INFO] [stdout] 
[INFO] [stderr]     Finished `test` profile [unoptimized + debuginfo] target(s) in 2.64s
[INFO] running `Command { std: "docker" "inspect" "04c6a4f73a0023c7db497b498861c7630e336efff9536d8d78e8318d63c3c343", kill_on_drop: false }`
[INFO] running `Command { std: "docker" "rm" "-f" "04c6a4f73a0023c7db497b498861c7630e336efff9536d8d78e8318d63c3c343", kill_on_drop: false }`
[INFO] [stdout] 04c6a4f73a0023c7db497b498861c7630e336efff9536d8d78e8318d63c3c343
[INFO] running `Command { std: "docker" "create" "-v" "/var/lib/crater-agent-workspace/builds/worker-7-tc1/target:/opt/rustwide/target:rw,Z" "-v" "/var/lib/crater-agent-workspace/builds/worker-7-tc1/source:/opt/rustwide/workdir:ro,Z" "-v" "/var/lib/crater-agent-workspace/cargo-home:/opt/rustwide/cargo-home:ro,Z" "-v" "/var/lib/crater-agent-workspace/rustup-home:/opt/rustwide/rustup-home:ro,Z" "-e" "SOURCE_DIR=/opt/rustwide/workdir" "-e" "CARGO_TARGET_DIR=/opt/rustwide/target" "-e" "CARGO_INCREMENTAL=0" "-e" "RUST_BACKTRACE=full" "-e" "RUSTFLAGS=--cap-lints=forbid" "-e" "RUSTDOCFLAGS=--cap-lints=forbid" "-e" "CARGO_HOME=/opt/rustwide/cargo-home" "-e" "RUSTUP_HOME=/opt/rustwide/rustup-home" "-w" "/opt/rustwide/workdir" "-m" "1610612736" "--user" "0:0" "--network" "none" "ghcr.io/rust-lang/crates-build-env/linux@sha256:4a844ea9eb2546a2d2c7022eacef16ef2e8229c7fbb2c7d4d55a9ceca922f72d" "/opt/rustwide/cargo-home/bin/cargo" "+nightly-2024-10-28" "test" "--frozen", kill_on_drop: false }`
[INFO] [stdout] b2ecd8bf02ef50389f41e52b07397f309314058d21b2c5893b822f38120d1bf4
[INFO] running `Command { std: "docker" "start" "-a" "b2ecd8bf02ef50389f41e52b07397f309314058d21b2c5893b822f38120d1bf4", kill_on_drop: false }`
[INFO] [stderr] warning: fields `game_dir` and `sync_startup_settings` are never read
[INFO] [stderr]   --> src/config.rs:13:9
[INFO] [stderr]    |
[INFO] [stderr] 11 | pub struct Config {
[INFO] [stderr]    |            ------ fields in this struct
[INFO] [stderr] 12 |     pub cmd: cli::Cmd,
[INFO] [stderr] 13 |     pub game_dir: PathBuf,
[INFO] [stderr]    |         ^^^^^^^^
[INFO] [stderr] ...
[INFO] [stderr] 18 |     pub sync_startup_settings: bool,
[INFO] [stderr]    |         ^^^^^^^^^^^^^^^^^^^^^
[INFO] [stderr]    |
[INFO] [stderr]    = note: `Config` has a derived impl for the trait `Debug`, but this is intentionally ignored during dead code analysis
[INFO] [stderr]    = note: `#[warn(dead_code)]` on by default
[INFO] [stderr] 
[INFO] [stderr] warning: fields `map_version` and `path` are never read
[INFO] [stderr]   --> src/save_file.rs:20:9
[INFO] [stderr]    |
[INFO] [stderr] 19 | pub struct SaveFile {
[INFO] [stderr]    |            -------- fields in this struct
[INFO] [stderr] 20 |     pub map_version: Version,
[INFO] [stderr]    |         ^^^^^^^^^^^
[INFO] [stderr] 21 |     pub mods: Vec<ModIdent>,
[INFO] [stderr] 22 |     pub path: PathBuf,
[INFO] [stderr]    |         ^^^^
[INFO] [stderr] 
[INFO] [stderr] warning: `fmm` (lib) generated 2 warnings
[INFO] [stderr] warning: `fmm` (lib test) generated 2 warnings (2 duplicates)
[INFO] [stderr]     Finished `test` profile [unoptimized + debuginfo] target(s) in 0.49s
[INFO] [stderr]      Running unittests src/lib.rs (/opt/rustwide/target/debug/deps/fmm-9fc12102a16eab8a)
[INFO] [stdout] 
[INFO] [stdout] running 8 tests
[INFO] [stdout] test version::tests::ordering ... ok
[INFO] [stdout] test version::tests::to_string ... ok
[INFO] [stdout] test version::tests::equality ... ok
[INFO] [stdout] test version::tests::version_req_matches ... ok
[INFO] [stdout] test version::tests::from_str ... ok
[INFO] [stdout] test version::tests::version_req_parse ... ok
[INFO] [stdout] test directory::tests::directory_init ... ok
[INFO] [stdout] test portal::tests::basic_methods ... FAILED
[INFO] [stdout] 
[INFO] [stdout] failures:
[INFO] [stdout] 
[INFO] [stdout] ---- portal::tests::basic_methods stdout ----
[INFO] [stdout] Fetching EditorExtensions
[INFO] [stdout] Error: could not fetch EditorExtensions: error sending request for url (https://mods.factorio.com/api/mods/EditorExtensions/full): error trying to connect: dns error: failed to lookup address information: Temporary failure in name resolution
[INFO] [stdout] thread 'portal::tests::basic_methods' panicked at src/portal.rs:258:9:
[INFO] [stdout] assertion failed: portal.contains(&ident.name)
[INFO] [stdout] stack backtrace:
[INFO] [stdout]    0:     0x578718a5e3ea - std::backtrace_rs::backtrace::libunwind::trace::h207520d6e9873551
[INFO] [stdout]                                at /rustc/df4ca44d3fbc9301ee17f30f4d474e6ae4b05252/library/std/src/../../backtrace/src/backtrace/libunwind.rs:116:5
[INFO] [stdout]    1:     0x578718a5e3ea - std::backtrace_rs::backtrace::trace_unsynchronized::h2ed7433f370e3eca
[INFO] [stdout]                                at /rustc/df4ca44d3fbc9301ee17f30f4d474e6ae4b05252/library/std/src/../../backtrace/src/backtrace/mod.rs:66:5
[INFO] [stdout]    2:     0x578718a5e3ea - std::sys::backtrace::_print_fmt::h916fac51166b18d7
[INFO] [stdout]                                at /rustc/df4ca44d3fbc9301ee17f30f4d474e6ae4b05252/library/std/src/sys/backtrace.rs:66:9
[INFO] [stdout]    3:     0x578718a5e3ea - <std::sys::backtrace::BacktraceLock::print::DisplayBacktrace as core::fmt::Display>::fmt::ha0a4c9b8ce3802e6
[INFO] [stdout]                                at /rustc/df4ca44d3fbc9301ee17f30f4d474e6ae4b05252/library/std/src/sys/backtrace.rs:39:26
[INFO] [stdout]    4:     0x578718a88af3 - core::fmt::rt::Argument::fmt::h4cfc8587d52b3eb5
[INFO] [stdout]                                at /rustc/df4ca44d3fbc9301ee17f30f4d474e6ae4b05252/library/core/src/fmt/rt.rs:177:76
[INFO] [stdout]    5:     0x578718a88af3 - core::fmt::write::h522cc39e5b36ae9f
[INFO] [stdout]                                at /rustc/df4ca44d3fbc9301ee17f30f4d474e6ae4b05252/library/core/src/fmt/mod.rs:1190:21
[INFO] [stdout]    6:     0x578718a5a2d3 - std::io::Write::write_fmt::h7d3c26752da97734
[INFO] [stdout]                                at /rustc/df4ca44d3fbc9301ee17f30f4d474e6ae4b05252/library/std/src/io/mod.rs:1839:15
[INFO] [stdout]    7:     0x578718a5e232 - std::sys::backtrace::BacktraceLock::print::h4b9e00b29e9c0942
[INFO] [stdout]                                at /rustc/df4ca44d3fbc9301ee17f30f4d474e6ae4b05252/library/std/src/sys/backtrace.rs:42:9
[INFO] [stdout]    8:     0x578718a5f87a - std::panicking::default_hook::{{closure}}::hb59b88280d0324d9
[INFO] [stdout]                                at /rustc/df4ca44d3fbc9301ee17f30f4d474e6ae4b05252/library/std/src/panicking.rs:268:22
[INFO] [stdout]    9:     0x578718a5f684 - std::panicking::default_hook::he1dd496665be4a29
[INFO] [stdout]                                at /rustc/df4ca44d3fbc9301ee17f30f4d474e6ae4b05252/library/std/src/panicking.rs:292:9
[INFO] [stdout]   10:     0x57871846c4a9 - <alloc::boxed::Box<F,A> as core::ops::function::Fn<Args>>::call::h4ff71de18744e1dc
[INFO] [stdout]                                at /rustc/df4ca44d3fbc9301ee17f30f4d474e6ae4b05252/library/alloc/src/boxed.rs:2468:9
[INFO] [stdout]   11:     0x57871846c4a9 - test::test_main::{{closure}}::hcf7c055ce117aa81
[INFO] [stdout]                                at /rustc/df4ca44d3fbc9301ee17f30f4d474e6ae4b05252/library/test/src/lib.rs:133:21
[INFO] [stdout]   12:     0x578718a5ff78 - <alloc::boxed::Box<F,A> as core::ops::function::Fn<Args>>::call::h1d66c6bbd60c9692
[INFO] [stdout]                                at /rustc/df4ca44d3fbc9301ee17f30f4d474e6ae4b05252/library/alloc/src/boxed.rs:2468:9
[INFO] [stdout]   13:     0x578718a5ff78 - std::panicking::rust_panic_with_hook::h2ff17fe8f26dfcf8
[INFO] [stdout]                                at /rustc/df4ca44d3fbc9301ee17f30f4d474e6ae4b05252/library/std/src/panicking.rs:809:13
[INFO] [stdout]   14:     0x578718a5fd06 - std::panicking::begin_panic_handler::{{closure}}::h4fad77951c07e101
[INFO] [stdout]                                at /rustc/df4ca44d3fbc9301ee17f30f4d474e6ae4b05252/library/std/src/panicking.rs:667:13
[INFO] [stdout]   15:     0x578718a5e8c9 - std::sys::backtrace::__rust_end_short_backtrace::hb1a25b3da5d0ea08
[INFO] [stdout]                                at /rustc/df4ca44d3fbc9301ee17f30f4d474e6ae4b05252/library/std/src/sys/backtrace.rs:170:18
[INFO] [stdout]   16:     0x578718a5f9cc - rust_begin_unwind
[INFO] [stdout]                                at /rustc/df4ca44d3fbc9301ee17f30f4d474e6ae4b05252/library/std/src/panicking.rs:665:5
[INFO] [stdout]   17:     0x578718a86a40 - core::panicking::panic_fmt::ha9db07b529f9b256
[INFO] [stdout]                                at /rustc/df4ca44d3fbc9301ee17f30f4d474e6ae4b05252/library/core/src/panicking.rs:75:14
[INFO] [stdout]   18:     0x578718a86acc - core::panicking::panic::h993086813d94accc
[INFO] [stdout]                                at /rustc/df4ca44d3fbc9301ee17f30f4d474e6ae4b05252/library/core/src/panicking.rs:152:5
[INFO] [stdout]   19:     0x57871840e4db - fmm::portal::tests::basic_methods::hbe153694f73f01d7
[INFO] [stdout]                                at /opt/rustwide/workdir/src/portal.rs:258:9
[INFO] [stdout]   20:     0x57871840e287 - fmm::portal::tests::basic_methods::{{closure}}::h8e816e41a6acc7ef
[INFO] [stdout]                                at /opt/rustwide/workdir/src/portal.rs:243:23
[INFO] [stdout]   21:     0x57871840a166 - core::ops::function::FnOnce::call_once::h63b6a4cc1743e4b9
[INFO] [stdout]                                at /rustc/df4ca44d3fbc9301ee17f30f4d474e6ae4b05252/library/core/src/ops/function.rs:250:5
[INFO] [stdout]   22:     0x578718470d7b - core::ops::function::FnOnce::call_once::h22c3ba5715e93f05
[INFO] [stdout]                                at /rustc/df4ca44d3fbc9301ee17f30f4d474e6ae4b05252/library/core/src/ops/function.rs:250:5
[INFO] [stdout]   23:     0x578718470d7b - test::__rust_begin_short_backtrace::h8e82d8113d0da17f
[INFO] [stdout]                                at /rustc/df4ca44d3fbc9301ee17f30f4d474e6ae4b05252/library/test/src/lib.rs:621:18
[INFO] [stdout]   24:     0x5787184706f7 - test::run_test_in_process::{{closure}}::h33235f4f20b7b7c7
[INFO] [stdout]                                at /rustc/df4ca44d3fbc9301ee17f30f4d474e6ae4b05252/library/test/src/lib.rs:644:60
[INFO] [stdout]   25:     0x5787184706f7 - <core::panic::unwind_safe::AssertUnwindSafe<F> as core::ops::function::FnOnce<()>>::call_once::hb5043206310c586f
[INFO] [stdout]                                at /rustc/df4ca44d3fbc9301ee17f30f4d474e6ae4b05252/library/core/src/panic/unwind_safe.rs:272:9
[INFO] [stdout]   26:     0x5787184706f7 - std::panicking::try::do_call::h9ad4731a60ab23e2
[INFO] [stdout]                                at /rustc/df4ca44d3fbc9301ee17f30f4d474e6ae4b05252/library/std/src/panicking.rs:557:40
[INFO] [stdout]   27:     0x5787184706f7 - std::panicking::try::h3824d23db772a716
[INFO] [stdout]                                at /rustc/df4ca44d3fbc9301ee17f30f4d474e6ae4b05252/library/std/src/panicking.rs:520:19
[INFO] [stdout]   28:     0x5787184706f7 - std::panic::catch_unwind::h5afd514605fde46b
[INFO] [stdout]                                at /rustc/df4ca44d3fbc9301ee17f30f4d474e6ae4b05252/library/std/src/panic.rs:358:14
[INFO] [stdout]   29:     0x5787184706f7 - test::run_test_in_process::h0d5cbfa7067d1720
[INFO] [stdout]                                at /rustc/df4ca44d3fbc9301ee17f30f4d474e6ae4b05252/library/test/src/lib.rs:644:27
[INFO] [stdout]   30:     0x5787184706f7 - test::run_test::{{closure}}::h708eb8872708115d
[INFO] [stdout]                                at /rustc/df4ca44d3fbc9301ee17f30f4d474e6ae4b05252/library/test/src/lib.rs:565:43
[INFO] [stdout]   31:     0x578718433e14 - test::run_test::{{closure}}::h392c51cee94713ab
[INFO] [stdout]                                at /rustc/df4ca44d3fbc9301ee17f30f4d474e6ae4b05252/library/test/src/lib.rs:595:41
[INFO] [stdout]   32:     0x578718433e14 - std::sys::backtrace::__rust_begin_short_backtrace::h2f40290710935a8b
[INFO] [stdout]                                at /rustc/df4ca44d3fbc9301ee17f30f4d474e6ae4b05252/library/std/src/sys/backtrace.rs:154:18
[INFO] [stdout]   33:     0x5787184375be - std::thread::Builder::spawn_unchecked_::{{closure}}::{{closure}}::h3fd968d89053a903
[INFO] [stdout]                                at /rustc/df4ca44d3fbc9301ee17f30f4d474e6ae4b05252/library/std/src/thread/mod.rs:541:17
[INFO] [stdout]   34:     0x5787184375be - <core::panic::unwind_safe::AssertUnwindSafe<F> as core::ops::function::FnOnce<()>>::call_once::h743f637ba4229880
[INFO] [stdout]                                at /rustc/df4ca44d3fbc9301ee17f30f4d474e6ae4b05252/library/core/src/panic/unwind_safe.rs:272:9
[INFO] [stdout]   35:     0x5787184375be - std::panicking::try::do_call::h07440897322525a6
[INFO] [stdout]                                at /rustc/df4ca44d3fbc9301ee17f30f4d474e6ae4b05252/library/std/src/panicking.rs:557:40
[INFO] [stdout]   36:     0x5787184375be - std::panicking::try::he5a2e00188156637
[INFO] [stdout]                                at /rustc/df4ca44d3fbc9301ee17f30f4d474e6ae4b05252/library/std/src/panicking.rs:520:19
[INFO] [stdout]   37:     0x5787184375be - std::panic::catch_unwind::hbaf3cae49b3c6433
[INFO] [stdout]                                at /rustc/df4ca44d3fbc9301ee17f30f4d474e6ae4b05252/library/std/src/panic.rs:358:14
[INFO] [stdout]   38:     0x5787184375be - std::thread::Builder::spawn_unchecked_::{{closure}}::h8e141ea224820bce
[INFO] [stdout]                                at /rustc/df4ca44d3fbc9301ee17f30f4d474e6ae4b05252/library/std/src/thread/mod.rs:540:30
[INFO] [stdout]   39:     0x5787184375be - core::ops::function::FnOnce::call_once{{vtable.shim}}::h90d312fedd7b8ea8
[INFO] [stdout]                                at /rustc/df4ca44d3fbc9301ee17f30f4d474e6ae4b05252/library/core/src/ops/function.rs:250:5
[INFO] [stdout]   40:     0x578718a645fb - <alloc::boxed::Box<F,A> as core::ops::function::FnOnce<Args>>::call_once::h69aa08ddb6adb8b6
[INFO] [stdout]                                at /rustc/df4ca44d3fbc9301ee17f30f4d474e6ae4b05252/library/alloc/src/boxed.rs:2454:9
[INFO] [stdout]   41:     0x578718a645fb - <alloc::boxed::Box<F,A> as core::ops::function::FnOnce<Args>>::call_once::h5aa36efdb79c806f
[INFO] [stdout]                                at /rustc/df4ca44d3fbc9301ee17f30f4d474e6ae4b05252/library/alloc/src/boxed.rs:2454:9
[INFO] [stdout]   42:     0x578718a645fb - std::sys::pal::unix::thread::Thread::new::thread_start::h6cd80a1b4be5158d
[INFO] [stdout]                                at /rustc/df4ca44d3fbc9301ee17f30f4d474e6ae4b05252/library/std/src/sys/pal/unix/thread.rs:105:17
[INFO] [stdout]   43:     0x71c2cce6aac3 - <unknown>
[INFO] [stdout]   44:     0x71c2ccefba04 - clone
[INFO] [stdout]   45:                0x0 - <unknown>
[INFO] [stdout] 
[INFO] [stdout] 
[INFO] [stdout] failures:
[INFO] [stdout]     portal::tests::basic_methods
[INFO] [stdout] 
[INFO] [stdout] test result: FAILED. 7 passed; 1 failed; 0 ignored; 0 measured; 0 filtered out; finished in 0.14s
[INFO] [stdout] 
[INFO] [stderr] error: test failed, to rerun pass `--lib`
[INFO] running `Command { std: "docker" "inspect" "b2ecd8bf02ef50389f41e52b07397f309314058d21b2c5893b822f38120d1bf4", kill_on_drop: false }`
[INFO] running `Command { std: "docker" "rm" "-f" "b2ecd8bf02ef50389f41e52b07397f309314058d21b2c5893b822f38120d1bf4", kill_on_drop: false }`
[INFO] [stdout] b2ecd8bf02ef50389f41e52b07397f309314058d21b2c5893b822f38120d1bf4
