[INFO] fetching crate fm-tui 0.1.30...
[INFO] testing fm-tui-0.1.30 against nightly-2024-10-28+rustflags=-Zrandomize-layout for randomize-layout
[INFO] extracting crate fm-tui 0.1.30 into /workspace/builds/worker-2-tc2/source
[INFO] validating manifest of crates.io crate fm-tui 0.1.30 on toolchain nightly-2024-10-28
[INFO] running `Command { std: CARGO_HOME="/workspace/cargo-home" RUSTUP_HOME="/workspace/rustup-home" "/workspace/cargo-home/bin/cargo" "+nightly-2024-10-28" "metadata" "--manifest-path" "Cargo.toml" "--no-deps", kill_on_drop: false }`
[INFO] started tweaking crates.io crate fm-tui 0.1.30
[INFO] finished tweaking crates.io crate fm-tui 0.1.30
[INFO] tweaked toml for crates.io crate fm-tui 0.1.30 written to /workspace/builds/worker-2-tc2/source/Cargo.toml
[INFO] crate crates.io crate fm-tui 0.1.30 already has a lockfile, it will not be regenerated
[INFO] running `Command { std: CARGO_HOME="/workspace/cargo-home" RUSTUP_HOME="/workspace/rustup-home" "/workspace/cargo-home/bin/cargo" "+nightly-2024-10-28" "fetch" "--manifest-path" "Cargo.toml", kill_on_drop: false }`
[INFO] running `Command { std: "docker" "create" "-v" "/var/lib/crater-agent-workspace/builds/worker-2-tc2/target:/opt/rustwide/target:rw,Z" "-v" "/var/lib/crater-agent-workspace/builds/worker-2-tc2/source:/opt/rustwide/workdir:ro,Z" "-v" "/var/lib/crater-agent-workspace/cargo-home:/opt/rustwide/cargo-home:ro,Z" "-v" "/var/lib/crater-agent-workspace/rustup-home:/opt/rustwide/rustup-home:ro,Z" "-e" "SOURCE_DIR=/opt/rustwide/workdir" "-e" "CARGO_TARGET_DIR=/opt/rustwide/target" "-e" "CARGO_HOME=/opt/rustwide/cargo-home" "-e" "RUSTUP_HOME=/opt/rustwide/rustup-home" "-w" "/opt/rustwide/workdir" "-m" "1610612736" "--user" "0:0" "--network" "none" "ghcr.io/rust-lang/crates-build-env/linux@sha256:4a844ea9eb2546a2d2c7022eacef16ef2e8229c7fbb2c7d4d55a9ceca922f72d" "/opt/rustwide/cargo-home/bin/cargo" "+nightly-2024-10-28" "metadata" "--no-deps" "--format-version=1", kill_on_drop: false }`
[INFO] [stdout] 519d92246313299c4996755b19915d90f699abd5761125472a7f76085738b1a7
[INFO] running `Command { std: "docker" "start" "-a" "519d92246313299c4996755b19915d90f699abd5761125472a7f76085738b1a7", kill_on_drop: false }`
[INFO] running `Command { std: "docker" "inspect" "519d92246313299c4996755b19915d90f699abd5761125472a7f76085738b1a7", kill_on_drop: false }`
[INFO] running `Command { std: "docker" "rm" "-f" "519d92246313299c4996755b19915d90f699abd5761125472a7f76085738b1a7", kill_on_drop: false }`
[INFO] [stdout] 519d92246313299c4996755b19915d90f699abd5761125472a7f76085738b1a7
[INFO] running `Command { std: "docker" "create" "-v" "/var/lib/crater-agent-workspace/builds/worker-2-tc2/target:/opt/rustwide/target:rw,Z" "-v" "/var/lib/crater-agent-workspace/builds/worker-2-tc2/source:/opt/rustwide/workdir:ro,Z" "-v" "/var/lib/crater-agent-workspace/cargo-home:/opt/rustwide/cargo-home:ro,Z" "-v" "/var/lib/crater-agent-workspace/rustup-home:/opt/rustwide/rustup-home:ro,Z" "-e" "SOURCE_DIR=/opt/rustwide/workdir" "-e" "CARGO_TARGET_DIR=/opt/rustwide/target" "-e" "CARGO_INCREMENTAL=0" "-e" "RUST_BACKTRACE=full" "-e" "RUSTFLAGS=--cap-lints=forbid -Zrandomize-layout" "-e" "RUSTDOCFLAGS=--cap-lints=forbid" "-e" "CARGO_HOME=/opt/rustwide/cargo-home" "-e" "RUSTUP_HOME=/opt/rustwide/rustup-home" "-w" "/opt/rustwide/workdir" "-m" "1610612736" "--user" "0:0" "--network" "none" "ghcr.io/rust-lang/crates-build-env/linux@sha256:4a844ea9eb2546a2d2c7022eacef16ef2e8229c7fbb2c7d4d55a9ceca922f72d" "/opt/rustwide/cargo-home/bin/cargo" "+nightly-2024-10-28" "build" "--frozen" "--message-format=json", kill_on_drop: false }`
[INFO] [stdout] 6627ba12d6fc5d551f6be0ffc53268af7cf055bb4556e6e554afbfbe7a367caa
[INFO] running `Command { std: "docker" "start" "-a" "6627ba12d6fc5d551f6be0ffc53268af7cf055bb4556e6e554afbfbe7a367caa", kill_on_drop: false }`
[INFO] [stderr]    Compiling proc-macro2 v1.0.86
[INFO] [stderr]    Compiling libc v0.2.158
[INFO] [stderr]    Compiling serde v1.0.209
[INFO] [stderr]    Compiling once_cell v1.19.0
[INFO] [stderr]    Compiling pin-project-lite v0.2.13
[INFO] [stderr]    Compiling pkg-config v0.3.27
[INFO] [stderr]    Compiling smallvec v1.13.2
[INFO] [stderr]    Compiling itoa v1.0.9
[INFO] [stderr]    Compiling slab v0.4.9
[INFO] [stderr]    Compiling byteorder v1.5.0
[INFO] [stderr]    Compiling lock_api v0.4.11
[INFO] [stderr]    Compiling bytes v1.7.1
[INFO] [stderr]    Compiling parking_lot_core v0.9.9
[INFO] [stderr]    Compiling futures-core v0.3.30
[INFO] [stderr]    Compiling futures-sink v0.3.30
[INFO] [stderr]    Compiling bitflags v2.6.0
[INFO] [stderr]    Compiling crossbeam-utils v0.8.20
[INFO] [stderr]    Compiling futures v0.1.31
[INFO] [stderr]    Compiling quote v1.0.36
[INFO] [stderr]    Compiling futures-io v0.3.30
[INFO] [stderr]    Compiling futures-channel v0.3.30
[INFO] [stderr]    Compiling futures-task v0.3.30
[INFO] [stderr]    Compiling syn v2.0.74
[INFO] [stderr]    Compiling jobserver v0.1.27
[INFO] [stderr]    Compiling tracing-core v0.1.32
[INFO] [stderr]    Compiling generic-array v0.14.7
[INFO] [stderr]    Compiling rustix v0.38.37
[INFO] [stderr]    Compiling linux-raw-sys v0.4.14
[INFO] [stderr]    Compiling cc v1.0.83
[INFO] [stderr]    Compiling tracing v0.1.40
[INFO] [stderr]    Compiling spin v0.9.8
[INFO] [stderr]    Compiling untrusted v0.9.0
[INFO] [stderr]    Compiling getrandom v0.2.10
[INFO] [stderr]    Compiling iovec v0.1.4
[INFO] [stderr]    Compiling mio v1.0.2
[INFO] [stderr]    Compiling parking_lot v0.12.1
[INFO] [stderr]    Compiling bytes v0.4.12
[INFO] [stderr]    Compiling socket2 v0.5.7
[INFO] [stderr]    Compiling signal-hook-registry v1.4.1
[INFO] [stderr]    Compiling thiserror v1.0.63
[INFO] [stderr]    Compiling ring v0.17.8
[INFO] [stderr]    Compiling syn v1.0.109
[INFO] [stderr]    Compiling subtle v2.5.0
[INFO] [stderr]    Compiling wayland-sys v0.31.5
[INFO] [stderr]    Compiling libloading v0.8.1
[INFO] [stderr]    Compiling wayland-backend v0.3.7
[INFO] [stderr]    Compiling crypto-common v0.1.6
[INFO] [stderr]    Compiling memoffset v0.9.0
[INFO] [stderr]    Compiling httparse v1.9.4
[INFO] [stderr]    Compiling dlib v0.5.2
[INFO] [stderr]    Compiling crossbeam-epoch v0.9.15
[INFO] [stderr]    Compiling try-lock v0.2.5
[INFO] [stderr]    Compiling hashbrown v0.14.1
[INFO] [stderr]    Compiling scoped-tls v1.0.1
[INFO] [stderr]    Compiling downcast-rs v1.2.0
[INFO] [stderr]    Compiling ryu v1.0.15
[INFO] [stderr]    Compiling equivalent v1.0.1
[INFO] [stderr]    Compiling want v0.3.1
[INFO] [stderr]    Compiling block-buffer v0.10.4
[INFO] [stderr]    Compiling quick-xml v0.36.1
[INFO] [stderr]    Compiling wayland-client v0.31.6
[INFO] [stderr]    Compiling tower-service v0.3.3
[INFO] [stderr]    Compiling utf8parse v0.2.1
[INFO] [stderr]    Compiling ppv-lite86 v0.2.17
[INFO] [stderr]    Compiling digest v0.10.7
[INFO] [stderr]    Compiling indexmap v2.5.0
[INFO] [stderr]    Compiling tinyvec_macros v0.1.1
[INFO] [stderr]    Compiling percent-encoding v2.3.1
[INFO] [stderr]    Compiling rustls-pki-types v1.8.0
[INFO] [stderr]    Compiling tinyvec v1.8.0
[INFO] [stderr]    Compiling http v1.1.0
[INFO] [stderr]    Compiling wayland-scanner v0.31.5
[INFO] [stderr]    Compiling unicode-width v0.1.11
[INFO] [stderr]    Compiling getrandom v0.1.16
[INFO] [stderr]    Compiling form_urlencoded v1.2.1
[INFO] [stderr]    Compiling zstd-sys v2.0.13+zstd.1.5.6
[INFO] [stderr]    Compiling http v0.2.12
[INFO] [stderr]    Compiling http-body v1.0.1
[INFO] [stderr]    Compiling unicode-normalization v0.1.23
[INFO] [stderr]    Compiling standback v0.2.17
[INFO] [stderr]    Compiling minimal-lexical v0.2.1
[INFO] [stderr]    Compiling rustls v0.23.12
[INFO] [stderr]    Compiling iana-time-zone v0.1.58
[INFO] [stderr]    Compiling strsim v0.9.3
[INFO] [stderr]    Compiling ident_case v1.0.1
[INFO] [stderr]    Compiling serde_json v1.0.107
[INFO] [stderr]    Compiling rustls v0.21.12
[INFO] [stderr]    Compiling proc-macro-hack v0.5.20+deprecated
[INFO] [stderr]    Compiling anyhow v1.0.88
[INFO] [stderr]    Compiling unicode-bidi v0.3.15
[INFO] [stderr]    Compiling darling_core v0.10.2
[INFO] [stderr]    Compiling nom v7.1.3
[INFO] [stderr]    Compiling idna v0.5.0
[INFO] [stderr]    Compiling polling v3.7.3
[INFO] [stderr]    Compiling crossbeam-deque v0.8.3
[INFO] [stderr]    Compiling rand_core v0.6.4
[INFO] [stderr]    Compiling serde_derive v1.0.209
[INFO] [stderr]    Compiling tokio-macros v2.4.0
[INFO] [stderr]    Compiling futures-macro v0.3.30
[INFO] [stderr]    Compiling thiserror-impl v1.0.63
[INFO] [stderr]    Compiling tokio v1.40.0
[INFO] [stderr]    Compiling zeroize_derive v1.4.2
[INFO] [stderr]    Compiling pin-project-internal v1.1.5
[INFO] [stderr]    Compiling concurrent-queue v2.5.0
[INFO] [stderr]    Compiling crossbeam-channel v0.5.8
[INFO] [stderr]    Compiling zeroize v1.8.1
[INFO] [stderr]    Compiling vte_generate_state_changes v0.1.1
[INFO] [stderr]    Compiling base64 v0.21.4
[INFO] [stderr]    Compiling paste v1.0.14
[INFO] [stderr]    Compiling cpufeatures v0.2.9
[INFO] [stderr]    Compiling tower-layer v0.3.3
[INFO] [stderr]    Compiling parking v2.2.0
[INFO] [stderr]    Compiling powerfmt v0.2.0
[INFO] [stderr]    Compiling rayon-core v1.12.0
[INFO] [stderr]    Compiling deranged v0.3.9
[INFO] [stderr]    Compiling event-listener v5.3.1
[INFO] [stderr]    Compiling xcursor v0.3.4
[INFO] [stderr]    Compiling darling_macro v0.10.2
[INFO] [stderr]    Compiling rand_chacha v0.3.1
[INFO] [stderr]    Compiling rand_core v0.5.1
[INFO] [stderr]    Compiling http-body v0.4.6
[INFO] [stderr]    Compiling onig_sys v69.8.1
[INFO] [stderr]    Compiling pin-project v1.1.5
[INFO] [stderr]    Compiling bzip2-sys v0.1.11+1.0.8
[INFO] [stderr]    Compiling dirs-sys-next v0.1.2
[INFO] [stderr]    Compiling indexmap v1.9.3
[INFO] [stderr]    Compiling crc32fast v1.4.2
[INFO] [stderr]    Compiling aho-corasick v1.1.2
[INFO] [stderr]    Compiling memoffset v0.6.5
[INFO] [stderr]    Compiling const_fn v0.4.9
[INFO] [stderr]    Compiling httpdate v1.0.3
[INFO] [stderr]    Compiling num-conv v0.1.0
[INFO] [stderr]    Compiling ipnet v2.9.0
[INFO] [stderr]    Compiling regex-syntax v0.8.2
[INFO] [stderr]    Compiling rustversion v1.0.14
[INFO] [stderr]    Compiling mime v0.3.17
[INFO] [stderr]    Compiling heck v0.5.0
[INFO] [stderr]    Compiling cursor-icon v1.1.0
[INFO] [stderr]    Compiling adler v1.0.2
[INFO] [stderr]    Compiling time-core v0.1.2
[INFO] [stderr]    Compiling smithay-client-toolkit v0.19.2
[INFO] [stderr]    Compiling zstd-safe v7.2.1
[INFO] [stderr]    Compiling crossbeam-queue v0.3.8
[INFO] [stderr]    Compiling lazy_static v1.4.0
[INFO] [stderr]    Compiling time v0.3.36
[INFO] [stderr]    Compiling miniz_oxide v0.7.1
[INFO] [stderr]    Compiling time-macros-impl v0.1.2
[INFO] [stderr]    Compiling dirs-next v2.0.0
[INFO] [stderr]    Compiling rand_chacha v0.2.2
[INFO] [stderr]    Compiling darling v0.10.2
[INFO] [stderr]    Compiling event-listener-strategy v0.5.2
[INFO] [stderr]    Compiling rand v0.8.5
[INFO] [stderr]    Compiling regex-automata v0.4.7
[INFO] [stderr]    Compiling tokio-util v0.7.11
[INFO] [stderr]    Compiling async-trait v0.1.82
[INFO] [stderr]    Compiling webpki-roots v0.26.5
[INFO] [stderr]    Compiling anstyle-parse v0.2.2
[INFO] [stderr]    Compiling inout v0.1.3
[INFO] [stderr]    Compiling memmap2 v0.9.4
[INFO] [stderr]    Compiling atty v0.2.14
[INFO] [stderr]    Compiling raw-cpuid v11.1.0
[INFO] [stderr]    Compiling rust-lzma v0.6.0
[INFO] [stderr]    Compiling time v0.2.27
[INFO] [stderr]    Compiling anstyle v1.0.8
[INFO] [stderr]    Compiling log v0.4.22
[INFO] [stderr]    Compiling chrono v0.4.38
[INFO] [stderr]    Compiling serde_urlencoded v0.7.1
[INFO] [stderr]    Compiling url v2.5.2
[INFO] [stderr]    Compiling tokio-io v0.1.13
[INFO] [stderr]    Compiling calloop v0.13.0
[INFO] [stderr]    Compiling futures-util v0.3.30
[INFO] [stderr]    Compiling colorchoice v1.0.0
[INFO] [stderr]    Compiling arrayvec v0.7.4
[INFO] [stderr]    Compiling x11rb-protocol v0.13.1
[INFO] [stderr]    Compiling wayland-csd-frame v0.3.0
[INFO] [stderr]    Compiling xkeysym v0.2.1
[INFO] [stderr]    Compiling crc-catalog v2.4.0
[INFO] [stderr]    Compiling hashbrown v0.12.3
[INFO] [stderr]    Compiling moka v0.12.8
[INFO] [stderr]    Compiling safemem v0.3.3
[INFO] [stderr]    Compiling humantime v2.1.0
[INFO] [stderr]    Compiling destructure_traitobject v0.2.0
[INFO] [stderr]    Compiling base64 v0.22.1
[INFO] [stderr]    Compiling wayland-protocols v0.32.4
[INFO] [stderr]    Compiling wayland-cursor v0.31.6
[INFO] [stderr]    Compiling calloop-wayland-source v0.3.0
[INFO] [stderr]    Compiling derive_builder v0.9.0
[INFO] [stderr]    Compiling is_terminal_polyfill v1.70.1
[INFO] [stderr]    Compiling either v1.9.0
[INFO] [stderr]    Compiling portable-atomic v1.4.3
[INFO] [stderr]    Compiling anstyle-query v1.0.0
[INFO] [stderr]    Compiling anstream v0.6.15
[INFO] [stderr]    Compiling tower v0.4.13
[INFO] [stderr]    Compiling hyper v1.4.1
[INFO] [stderr]    Compiling futures-executor v0.3.30
[INFO] [stderr]    Compiling h2 v0.3.26
[INFO] [stderr]    Compiling futures v0.3.30
[INFO] [stderr]    Compiling http-body-util v0.1.2
[INFO] [stderr]    Compiling rayon v1.8.0
[INFO] [stderr]    Compiling rustls-pemfile v2.1.3
[INFO] [stderr]    Compiling unsafe-any-ors v1.0.0
[INFO] [stderr]    Compiling line-wrap v0.1.1
[INFO] [stderr]    Compiling crc v3.2.1
[INFO] [stderr]    Compiling vte v0.11.1
[INFO] [stderr]    Compiling quanta v0.12.3
[INFO] [stderr]    Compiling hyper-util v0.1.7
[INFO] [stderr]    Compiling regex v1.10.6
[INFO] [stderr]    Compiling uuid v1.10.0
[INFO] [stderr]    Compiling cipher v0.4.4
[INFO] [stderr]    Compiling rmp v0.8.12
[INFO] [stderr]    Compiling async-lock v3.4.0
[INFO] [stderr]    Compiling rand v0.7.3
[INFO] [stderr]    Compiling derive_builder_core v0.9.0
[INFO] [stderr]    Compiling term v0.7.0
[INFO] [stderr]    Compiling time-macros v0.1.1
[INFO] [stderr]    Compiling flate2 v1.0.31
[INFO] [stderr]    Compiling hyper v0.14.30
[INFO] [stderr]    Compiling x11rb v0.13.1
[INFO] [stderr]    Compiling rustls-pemfile v1.0.4
[INFO] [stderr]    Compiling nix v0.24.3
[INFO] [stderr]    Compiling textwrap v0.11.0
[INFO] [stderr]    Compiling hmac v0.12.1
[INFO] [stderr]    Compiling ordered-float v2.10.1
[INFO] [stderr]    Compiling sync_wrapper v1.0.1
[INFO] [stderr]    Compiling thread_local v1.1.7
[INFO] [stderr]    Compiling serde_yml v0.0.12
[INFO] [stderr]    Compiling wayland-protocols-wlr v0.3.4
[INFO] [stderr]    Compiling quick-xml v0.29.0
[INFO] [stderr]    Compiling encoding_rs v0.8.34
[INFO] [stderr]    Compiling triomphe v0.1.11
[INFO] [stderr]    Compiling simd-adler32 v0.3.7
[INFO] [stderr]    Compiling nvim-rs v0.7.0
[INFO] [stderr]    Compiling vec_map v0.8.2
[INFO] [stderr]    Compiling linked-hash-map v0.5.3
[INFO] [stderr]    Compiling fastrand v2.1.1
[INFO] [stderr]    Compiling bumpalo v3.16.0
[INFO] [stderr]    Compiling strsim v0.8.0
[INFO] [stderr]    Compiling webpki-roots v0.25.4
[INFO] [stderr]    Compiling sync_wrapper v0.1.2
[INFO] [stderr]    Compiling fs_extra v1.3.0
[INFO] [stderr]    Compiling clap_lex v0.7.2
[INFO] [stderr]    Compiling strsim v0.11.1
[INFO] [stderr]    Compiling tagptr v0.2.0
[INFO] [stderr]    Compiling unsafe-libyaml v0.2.9
[INFO] [stderr]    Compiling ansi_term v0.12.1
[INFO] [stderr]    Compiling arrayvec v0.5.2
[INFO] [stderr]    Compiling termcolor v1.3.0
[INFO] [stderr]    Compiling lockfree-object-pool v0.1.6
[INFO] [stderr]    Compiling zip v2.2.0
[INFO] [stderr]    Compiling serde_yaml v0.9.27
[INFO] [stderr]    Compiling zopfli v0.8.1
[INFO] [stderr]    Compiling env_logger v0.8.4
[INFO] [stderr]    Compiling vte v0.9.0
[INFO] [stderr]    Compiling smithay-clipboard v0.7.2
[INFO] [stderr]    Compiling clap v2.34.0
[INFO] [stderr]    Compiling clap_builder v4.5.17
[INFO] [stderr]    Compiling fm-tui v0.1.30 (/opt/rustwide/workdir)
[INFO] [stderr]    Compiling backon v0.4.4
[INFO] [stderr]    Compiling yaml-rust v0.4.5
[INFO] [stderr]    Compiling walkdir v2.4.0
[INFO] [stderr]    Compiling tuikit v0.5.0
[INFO] [stderr]    Compiling plist v1.5.0
[INFO] [stderr]    Compiling x11-clipboard v0.9.2
[INFO] [stderr]    Compiling fuzzy-matcher v0.3.7
[INFO] [stderr]    Compiling serde-value v0.7.0
[INFO] [stderr]    Compiling pbkdf2 v0.12.2
[INFO] [stderr]    Compiling crossbeam v0.8.2
[INFO] [stderr]    Compiling strum_macros v0.26.4
[INFO] [stderr]    Compiling parity-tokio-ipc v0.9.0
[INFO] [stderr]    Compiling nix v0.23.2
[INFO] [stderr]    Compiling rmpv v1.0.1
[INFO] [stderr]    Compiling aes v0.8.4
[INFO] [stderr]    Compiling vt100 v0.15.2
[INFO] [stderr]    Compiling lzma-rs v0.3.0
[INFO] [stderr]    Compiling typemap-ors v1.0.0
[INFO] [stderr]    Compiling timer v0.2.0
[INFO] [stderr]    Compiling bincode v1.3.3
[INFO] [stderr]    Compiling serde_path_to_error v0.1.16
[INFO] [stderr]    Compiling console v0.15.7
[INFO] [stderr]    Compiling clap_derive v4.5.13
[INFO] [stderr]    Compiling libyml v0.0.5
[INFO] [stderr]    Compiling defer-drop v1.3.0
[INFO] [stderr]    Compiling sha2 v0.10.8
[INFO] [stderr]    Compiling sha1 v0.10.6
[INFO] [stderr]    Compiling derivative v2.2.0
[INFO] [stderr]    Compiling displaydoc v0.2.5
[INFO] [stderr]    Compiling md-5 v0.10.6
[INFO] [stderr]    Compiling xattr v1.0.1
[INFO] [stderr]    Compiling thread-id v4.2.1
[INFO] [stderr]    Compiling filetime v0.2.22
[INFO] [stderr]    Compiling base64 v0.13.1
[INFO] [stderr]    Compiling deflate64 v0.1.9
[INFO] [stderr]    Compiling number_prefix v0.4.0
[INFO] [stderr]    Compiling regex-syntax v0.7.5
[INFO] [stderr]    Compiling libc v0.1.12
[INFO] [stderr]    Compiling arc-swap v1.6.0
[INFO] [stderr]    Compiling beef v0.5.2
[INFO] [stderr]    Compiling flagset v0.4.6
[INFO] [stderr]    Compiling log-mdc v0.1.0
[INFO] [stderr]    Compiling shlex v0.1.1
[INFO] [stderr]    Compiling constant_time_eq v0.3.0
[INFO] [stderr]    Compiling skim-qkzk v0.9.14
[INFO] [stderr]    Compiling pgs-files v0.0.7
[INFO] [stderr]    Compiling indicatif v0.17.8
[INFO] [stderr]    Compiling tar v0.4.40
[INFO] [stderr]    Compiling clap v4.5.17
[INFO] [stderr]    Compiling strum v0.26.3
[INFO] [stderr]    Compiling copypasta v0.10.1
[INFO] [stderr]    Compiling sysinfo v0.31.4
[INFO] [stderr]    Compiling log4rs v1.3.0
[INFO] [stderr]    Compiling url-escape v0.1.1
[INFO] [stderr]    Compiling content_inspector v0.2.4
[INFO] [stderr]    Compiling ueberzug v0.1.0
[INFO] [stderr]    Compiling pathdiff v0.2.1
[INFO] [stderr]    Compiling strfmt v0.2.4
[INFO] [stderr]    Compiling unicode-segmentation v1.11.0
[INFO] [stderr]    Compiling bzip2 v0.4.4
[INFO] [stderr]    Compiling onig v6.4.0
[INFO] [stderr]    Compiling syntect v5.1.0
[INFO] [stderr]    Compiling rustls-webpki v0.101.7
[INFO] [stderr]    Compiling rustls-webpki v0.102.7
[INFO] [stderr]    Compiling sct v0.7.1
[INFO] [stderr]    Compiling zstd v0.13.2
[INFO] [stderr]    Compiling tokio-rustls v0.24.1
[INFO] [stderr]    Compiling hyper-rustls v0.24.2
[INFO] [stderr]    Compiling reqwest v0.11.27
[INFO] [stderr]    Compiling tokio-rustls v0.26.0
[INFO] [stderr]    Compiling hyper-rustls v0.27.2
[INFO] [stderr]    Compiling oauth2 v4.4.2
[INFO] [stderr]    Compiling reqwest v0.12.7
[INFO] [stderr]    Compiling opendal v0.49.2
[INFO] [stdout] warning: irrefutable `if let` pattern
[INFO] [stdout]   --> src/modes/menu/shortcut.rs:50:12
[INFO] [stdout]    |
[INFO] [stdout] 50 |         if let Ok(home_path) = PathBuf::from_str(tilde("~").borrow()) {
[INFO] [stdout]    |            ^^^^^^^^^^^^^^^^^^^^^^^^^^^^^^^^^^^^^^^^^^^^^^^^^^^^^^^^^^
[INFO] [stdout]    |
[INFO] [stdout]    = note: this pattern will always match, so the `if let` is useless
[INFO] [stdout]    = help: consider replacing the `if let` with a `let`
[INFO] [stdout]    = note: `#[warn(irrefutable_let_patterns)]` on by default
[INFO] [stdout] 
[INFO] [stdout] 
[INFO] [stdout] warning: irrefutable `if let` pattern
[INFO] [stdout]   --> src/modes/menu/shortcut.rs:57:12
[INFO] [stdout]    |
[INFO] [stdout] 57 |         if let Ok(trash_path) = PathBuf::from_str(tilde(TRASH_FOLDER_FILES).borrow()) {
[INFO] [stdout]    |            ^^^^^^^^^^^^^^^^^^^^^^^^^^^^^^^^^^^^^^^^^^^^^^^^^^^^^^^^^^^^^^^^^^^^^^^^^^
[INFO] [stdout]    |
[INFO] [stdout]    = note: this pattern will always match, so the `if let` is useless
[INFO] [stdout]    = help: consider replacing the `if let` with a `let`
[INFO] [stdout] 
[INFO] [stdout] 
[INFO] [stderr]     Finished `dev` profile [unoptimized + debuginfo] target(s) in 1m 04s
[INFO] running `Command { std: "docker" "inspect" "6627ba12d6fc5d551f6be0ffc53268af7cf055bb4556e6e554afbfbe7a367caa", kill_on_drop: false }`
[INFO] running `Command { std: "docker" "rm" "-f" "6627ba12d6fc5d551f6be0ffc53268af7cf055bb4556e6e554afbfbe7a367caa", kill_on_drop: false }`
[INFO] [stdout] 6627ba12d6fc5d551f6be0ffc53268af7cf055bb4556e6e554afbfbe7a367caa
[INFO] running `Command { std: "docker" "create" "-v" "/var/lib/crater-agent-workspace/builds/worker-2-tc2/target:/opt/rustwide/target:rw,Z" "-v" "/var/lib/crater-agent-workspace/builds/worker-2-tc2/source:/opt/rustwide/workdir:ro,Z" "-v" "/var/lib/crater-agent-workspace/cargo-home:/opt/rustwide/cargo-home:ro,Z" "-v" "/var/lib/crater-agent-workspace/rustup-home:/opt/rustwide/rustup-home:ro,Z" "-e" "SOURCE_DIR=/opt/rustwide/workdir" "-e" "CARGO_TARGET_DIR=/opt/rustwide/target" "-e" "CARGO_INCREMENTAL=0" "-e" "RUST_BACKTRACE=full" "-e" "RUSTFLAGS=--cap-lints=forbid -Zrandomize-layout" "-e" "RUSTDOCFLAGS=--cap-lints=forbid" "-e" "CARGO_HOME=/opt/rustwide/cargo-home" "-e" "RUSTUP_HOME=/opt/rustwide/rustup-home" "-w" "/opt/rustwide/workdir" "-m" "1610612736" "--user" "0:0" "--network" "none" "ghcr.io/rust-lang/crates-build-env/linux@sha256:4a844ea9eb2546a2d2c7022eacef16ef2e8229c7fbb2c7d4d55a9ceca922f72d" "/opt/rustwide/cargo-home/bin/cargo" "+nightly-2024-10-28" "test" "--frozen" "--no-run" "--message-format=json", kill_on_drop: false }`
[INFO] [stdout] 4ae3d8da4c62d891d27ec4fad5173a8bbd18f530b9af9d18485967b51159278d
[INFO] running `Command { std: "docker" "start" "-a" "4ae3d8da4c62d891d27ec4fad5173a8bbd18f530b9af9d18485967b51159278d", kill_on_drop: false }`
[INFO] [stdout] warning: irrefutable `if let` pattern
[INFO] [stdout]   --> src/modes/menu/shortcut.rs:50:12
[INFO] [stdout]    |
[INFO] [stdout] 50 |         if let Ok(home_path) = PathBuf::from_str(tilde("~").borrow()) {
[INFO] [stdout]    |            ^^^^^^^^^^^^^^^^^^^^^^^^^^^^^^^^^^^^^^^^^^^^^^^^^^^^^^^^^^
[INFO] [stdout]    |
[INFO] [stdout]    = note: this pattern will always match, so the `if let` is useless
[INFO] [stdout]    = help: consider replacing the `if let` with a `let`
[INFO] [stdout]    = note: `#[warn(irrefutable_let_patterns)]` on by default
[INFO] [stdout] 
[INFO] [stdout] 
[INFO] [stdout] warning: irrefutable `if let` pattern
[INFO] [stdout]   --> src/modes/menu/shortcut.rs:57:12
[INFO] [stdout]    |
[INFO] [stdout] 57 |         if let Ok(trash_path) = PathBuf::from_str(tilde(TRASH_FOLDER_FILES).borrow()) {
[INFO] [stdout]    |            ^^^^^^^^^^^^^^^^^^^^^^^^^^^^^^^^^^^^^^^^^^^^^^^^^^^^^^^^^^^^^^^^^^^^^^^^^^
[INFO] [stdout]    |
[INFO] [stdout]    = note: this pattern will always match, so the `if let` is useless
[INFO] [stdout]    = help: consider replacing the `if let` with a `let`
[INFO] [stdout] 
[INFO] [stdout] 
[INFO] [stderr]    Compiling fm-tui v0.1.30 (/opt/rustwide/workdir)
[INFO] [stdout] warning: irrefutable `if let` pattern
[INFO] [stdout]   --> src/modes/menu/shortcut.rs:50:12
[INFO] [stdout]    |
[INFO] [stdout] 50 |         if let Ok(home_path) = PathBuf::from_str(tilde("~").borrow()) {
[INFO] [stdout]    |            ^^^^^^^^^^^^^^^^^^^^^^^^^^^^^^^^^^^^^^^^^^^^^^^^^^^^^^^^^^
[INFO] [stdout]    |
[INFO] [stdout]    = note: this pattern will always match, so the `if let` is useless
[INFO] [stdout]    = help: consider replacing the `if let` with a `let`
[INFO] [stdout]    = note: `#[warn(irrefutable_let_patterns)]` on by default
[INFO] [stdout] 
[INFO] [stdout] 
[INFO] [stdout] warning: irrefutable `if let` pattern
[INFO] [stdout]   --> src/modes/menu/shortcut.rs:57:12
[INFO] [stdout]    |
[INFO] [stdout] 57 |         if let Ok(trash_path) = PathBuf::from_str(tilde(TRASH_FOLDER_FILES).borrow()) {
[INFO] [stdout]    |            ^^^^^^^^^^^^^^^^^^^^^^^^^^^^^^^^^^^^^^^^^^^^^^^^^^^^^^^^^^^^^^^^^^^^^^^^^^
[INFO] [stdout]    |
[INFO] [stdout]    = note: this pattern will always match, so the `if let` is useless
[INFO] [stdout]    = help: consider replacing the `if let` with a `let`
[INFO] [stdout] 
[INFO] [stdout] 
[INFO] [stderr]     Finished `test` profile [unoptimized + debuginfo] target(s) in 4.37s
[INFO] running `Command { std: "docker" "inspect" "4ae3d8da4c62d891d27ec4fad5173a8bbd18f530b9af9d18485967b51159278d", kill_on_drop: false }`
[INFO] running `Command { std: "docker" "rm" "-f" "4ae3d8da4c62d891d27ec4fad5173a8bbd18f530b9af9d18485967b51159278d", kill_on_drop: false }`
[INFO] [stdout] 4ae3d8da4c62d891d27ec4fad5173a8bbd18f530b9af9d18485967b51159278d
[INFO] running `Command { std: "docker" "create" "-v" "/var/lib/crater-agent-workspace/builds/worker-2-tc2/target:/opt/rustwide/target:rw,Z" "-v" "/var/lib/crater-agent-workspace/builds/worker-2-tc2/source:/opt/rustwide/workdir:ro,Z" "-v" "/var/lib/crater-agent-workspace/cargo-home:/opt/rustwide/cargo-home:ro,Z" "-v" "/var/lib/crater-agent-workspace/rustup-home:/opt/rustwide/rustup-home:ro,Z" "-e" "SOURCE_DIR=/opt/rustwide/workdir" "-e" "CARGO_TARGET_DIR=/opt/rustwide/target" "-e" "CARGO_INCREMENTAL=0" "-e" "RUST_BACKTRACE=full" "-e" "RUSTFLAGS=--cap-lints=forbid -Zrandomize-layout" "-e" "RUSTDOCFLAGS=--cap-lints=forbid" "-e" "CARGO_HOME=/opt/rustwide/cargo-home" "-e" "RUSTUP_HOME=/opt/rustwide/rustup-home" "-w" "/opt/rustwide/workdir" "-m" "1610612736" "--user" "0:0" "--network" "none" "ghcr.io/rust-lang/crates-build-env/linux@sha256:4a844ea9eb2546a2d2c7022eacef16ef2e8229c7fbb2c7d4d55a9ceca922f72d" "/opt/rustwide/cargo-home/bin/cargo" "+nightly-2024-10-28" "test" "--frozen", kill_on_drop: false }`
[INFO] [stdout] 5630b1dee38d916753d3b3489918a6f51be3e2714cc6bfe5e7b04a81d64e75b8
[INFO] running `Command { std: "docker" "start" "-a" "5630b1dee38d916753d3b3489918a6f51be3e2714cc6bfe5e7b04a81d64e75b8", kill_on_drop: false }`
[INFO] [stderr] warning: irrefutable `if let` pattern
[INFO] [stderr]   --> src/modes/menu/shortcut.rs:50:12
[INFO] [stderr]    |
[INFO] [stderr] 50 |         if let Ok(home_path) = PathBuf::from_str(tilde("~").borrow()) {
[INFO] [stderr]    |            ^^^^^^^^^^^^^^^^^^^^^^^^^^^^^^^^^^^^^^^^^^^^^^^^^^^^^^^^^^
[INFO] [stderr]    |
[INFO] [stderr]    = note: this pattern will always match, so the `if let` is useless
[INFO] [stderr]    = help: consider replacing the `if let` with a `let`
[INFO] [stderr]    = note: `#[warn(irrefutable_let_patterns)]` on by default
[INFO] [stderr] 
[INFO] [stderr] warning: irrefutable `if let` pattern
[INFO] [stderr]   --> src/modes/menu/shortcut.rs:57:12
[INFO] [stderr]    |
[INFO] [stderr] 57 |         if let Ok(trash_path) = PathBuf::from_str(tilde(TRASH_FOLDER_FILES).borrow()) {
[INFO] [stderr]    |            ^^^^^^^^^^^^^^^^^^^^^^^^^^^^^^^^^^^^^^^^^^^^^^^^^^^^^^^^^^^^^^^^^^^^^^^^^^
[INFO] [stderr]    |
[INFO] [stderr]    = note: this pattern will always match, so the `if let` is useless
[INFO] [stderr]    = help: consider replacing the `if let` with a `let`
[INFO] [stderr] 
[INFO] [stderr] warning: `fm-tui` (lib) generated 2 warnings
[INFO] [stderr] warning: `fm-tui` (lib test) generated 2 warnings (2 duplicates)
[INFO] [stderr]     Finished `test` profile [unoptimized + debuginfo] target(s) in 0.34s
[INFO] [stderr]      Running unittests src/lib.rs (/opt/rustwide/target/debug/deps/fm-09c87eaf4f33cff1)
[INFO] [stdout] 
[INFO] [stdout] running 0 tests
[INFO] [stdout] 
[INFO] [stdout] test result: ok. 0 passed; 0 failed; 0 ignored; 0 measured; 0 filtered out; finished in 0.00s
[INFO] [stdout] 
[INFO] [stderr]      Running unittests src/main.rs (/opt/rustwide/target/debug/deps/fm-08d35575646d1874)
[INFO] [stdout] 
[INFO] [stdout] running 0 tests
[INFO] [stdout] 
[INFO] [stdout] test result: ok. 0 passed; 0 failed; 0 ignored; 0 measured; 0 filtered out; finished in 0.00s
[INFO] [stdout] 
[INFO] [stderr]    Doc-tests fm
[INFO] [stdout] 
[INFO] [stdout] running 2 tests
[INFO] [stdout] test src/modes/menu/trash.rs - modes::menu::trash::Info::from_trash_info_file (line 92) ... FAILED
[INFO] [stdout] test src/modes/menu/input.rs - modes::menu::input::Input::replace (line 106) ... FAILED
[INFO] [stdout] 
[INFO] [stdout] failures:
[INFO] [stdout] 
[INFO] [stdout] ---- src/modes/menu/trash.rs - modes::menu::trash::Info::from_trash_info_file (line 92) stdout ----
[INFO] [stdout] error: expected one of `,`, `:`, or `}`, found `::`
[INFO] [stdout]  --> src/modes/menu/trash.rs:93:20
[INFO] [stdout]   |
[INFO] [stdout] 3 | TrashInfo { PathBuf::from("/home/quentin/Documents"), "Documents", "2022-12-31T22:45:55" }
[INFO] [stdout]   | ---------   -------^^ expected one of `,`, `:`, or `}`
[INFO] [stdout]   | |           |
[INFO] [stdout]   | |           while parsing this struct field
[INFO] [stdout]   | while parsing this struct
[INFO] [stdout] 
[INFO] [stdout] error: expected identifier, found `"Documents"`
[INFO] [stdout]  --> src/modes/menu/trash.rs:93:55
[INFO] [stdout]   |
[INFO] [stdout] 3 | TrashInfo { PathBuf::from("/home/quentin/Documents"), "Documents", "2022-12-31T22:45:55" }
[INFO] [stdout]   | --------- while parsing this struct                   ^^^^^^^^^^^ expected identifier
[INFO] [stdout] 
[INFO] [stdout] error: expected identifier, found `"2022-12-31T22:45:55"`
[INFO] [stdout]  --> src/modes/menu/trash.rs:93:68
[INFO] [stdout]   |
[INFO] [stdout] 3 | TrashInfo { PathBuf::from("/home/quentin/Documents"), "Documents", "2022-12-31T22:45:55" }
[INFO] [stdout]   | --------- while parsing this struct                                ^^^^^^^^^^^^^^^^^^^^^ expected identifier
[INFO] [stdout] 
[INFO] [stdout] error[E0422]: cannot find struct, variant or union type `TrashInfo` in this scope
[INFO] [stdout]  --> src/modes/menu/trash.rs:93:1
[INFO] [stdout]   |
[INFO] [stdout] 3 | TrashInfo { PathBuf::from("/home/quentin/Documents"), "Documents", "2022-12-31T22:45:55" }
[INFO] [stdout]   | ^^^^^^^^^ not found in this scope
[INFO] [stdout] 
[INFO] [stdout] error: aborting due to 4 previous errors
[INFO] [stdout] 
[INFO] [stdout] For more information about this error, try `rustc --explain E0422`.
[INFO] [stdout] Couldn't compile the test.
[INFO] [stdout] ---- src/modes/menu/input.rs - modes::menu::input::Input::replace (line 106) stdout ----
[INFO] [stdout] error[E0425]: cannot find value `content` in this scope
[INFO] [stdout]  --> src/modes/menu/input.rs:107:54
[INFO] [stdout]   |
[INFO] [stdout] 3 | unicode_segmentation::UnicodeSegmentation::graphemes(content, true)
[INFO] [stdout]   |                                                      ^^^^^^^ not found in this scope
[INFO] [stdout] 
[INFO] [stdout] error[E0308]: mismatched types
[INFO] [stdout]  --> src/modes/menu/input.rs:107:1
[INFO] [stdout]   |
[INFO] [stdout] 3 | unicode_segmentation::UnicodeSegmentation::graphemes(content, true)
[INFO] [stdout]   | ^^^^^^^^^^^^^^^^^^^^^^^^^^^^^^^^^^^^^^^^^^^^^^^^^^^^^^^^^^^^^^^^^^^ expected `()`, found `Graphemes<'_>`
[INFO] [stdout]   |
[INFO] [stdout] help: consider using a semicolon here
[INFO] [stdout]   |
[INFO] [stdout] 3 | unicode_segmentation::UnicodeSegmentation::graphemes(content, true);
[INFO] [stdout]   |                                                                    +
[INFO] [stdout] help: try adding a return type
[INFO] [stdout]   |
[INFO] [stdout] 2 | fn main() { #[allow(non_snake_case)] fn _doctest_main_src_modes_menu_input_rs_106_0() -> Graphemes<'_> {
[INFO] [stdout]   |                                                                                       ++++++++++++++++
[INFO] [stdout] 
[INFO] [stdout] error: aborting due to 2 previous errors
[INFO] [stdout] 
[INFO] [stdout] Some errors have detailed explanations: E0308, E0425.
[INFO] [stdout] For more information about an error, try `rustc --explain E0308`.
[INFO] [stdout] Couldn't compile the test.
[INFO] [stdout] 
[INFO] [stdout] failures:
[INFO] [stdout]     src/modes/menu/input.rs - modes::menu::input::Input::replace (line 106)
[INFO] [stdout]     src/modes/menu/trash.rs - modes::menu::trash::Info::from_trash_info_file (line 92)
[INFO] [stdout] 
[INFO] [stdout] test result: FAILED. 0 passed; 2 failed; 0 ignored; 0 measured; 0 filtered out; finished in 0.48s
[INFO] [stdout] 
[INFO] [stderr] error: doctest failed, to rerun pass `--doc`
[INFO] running `Command { std: "docker" "inspect" "5630b1dee38d916753d3b3489918a6f51be3e2714cc6bfe5e7b04a81d64e75b8", kill_on_drop: false }`
[INFO] running `Command { std: "docker" "rm" "-f" "5630b1dee38d916753d3b3489918a6f51be3e2714cc6bfe5e7b04a81d64e75b8", kill_on_drop: false }`
[INFO] [stdout] 5630b1dee38d916753d3b3489918a6f51be3e2714cc6bfe5e7b04a81d64e75b8
