[INFO] fetching crate floem-cosmic-text 0.7.2...
[INFO] testing floem-cosmic-text-0.7.2 against nightly-2024-10-28+rustflags=-Zrandomize-layout for randomize-layout
[INFO] extracting crate floem-cosmic-text 0.7.2 into /workspace/builds/worker-2-tc2/source
[INFO] validating manifest of crates.io crate floem-cosmic-text 0.7.2 on toolchain nightly-2024-10-28
[INFO] running `Command { std: CARGO_HOME="/workspace/cargo-home" RUSTUP_HOME="/workspace/rustup-home" "/workspace/cargo-home/bin/cargo" "+nightly-2024-10-28" "metadata" "--manifest-path" "Cargo.toml" "--no-deps", kill_on_drop: false }`
[INFO] started tweaking crates.io crate floem-cosmic-text 0.7.2
[INFO] finished tweaking crates.io crate floem-cosmic-text 0.7.2
[INFO] tweaked toml for crates.io crate floem-cosmic-text 0.7.2 written to /workspace/builds/worker-2-tc2/source/Cargo.toml
[INFO] running `Command { std: CARGO_HOME="/workspace/cargo-home" RUSTUP_HOME="/workspace/rustup-home" "/workspace/cargo-home/bin/cargo" "+nightly-2024-10-28" "generate-lockfile" "--manifest-path" "Cargo.toml", kill_on_drop: false }`
[INFO] [stderr]     Updating crates.io index
[INFO] [stderr]      Locking 150 packages to latest compatible versions
[INFO] [stderr]       Adding fontdb v0.16.2 (available: v0.23.0)
[INFO] [stderr]       Adding peniko v0.1.1 (available: v0.2.0)
[INFO] [stderr]       Adding rustybuzz v0.12.1 (available: v0.20.0)
[INFO] [stderr]       Adding sys-locale v0.2.4 (available: v0.3.1)
[INFO] [stderr]       Adding ttf-parser v0.20.0 (available: v0.25.0)
[INFO] running `Command { std: CARGO_HOME="/workspace/cargo-home" RUSTUP_HOME="/workspace/rustup-home" "/workspace/cargo-home/bin/cargo" "+nightly-2024-10-28" "fetch" "--manifest-path" "Cargo.toml", kill_on_drop: false }`
[INFO] running `Command { std: "docker" "create" "-v" "/var/lib/crater-agent-workspace/builds/worker-2-tc2/target:/opt/rustwide/target:rw,Z" "-v" "/var/lib/crater-agent-workspace/builds/worker-2-tc2/source:/opt/rustwide/workdir:ro,Z" "-v" "/var/lib/crater-agent-workspace/cargo-home:/opt/rustwide/cargo-home:ro,Z" "-v" "/var/lib/crater-agent-workspace/rustup-home:/opt/rustwide/rustup-home:ro,Z" "-e" "SOURCE_DIR=/opt/rustwide/workdir" "-e" "CARGO_TARGET_DIR=/opt/rustwide/target" "-e" "CARGO_HOME=/opt/rustwide/cargo-home" "-e" "RUSTUP_HOME=/opt/rustwide/rustup-home" "-w" "/opt/rustwide/workdir" "-m" "1610612736" "--user" "0:0" "--network" "none" "ghcr.io/rust-lang/crates-build-env/linux@sha256:4a844ea9eb2546a2d2c7022eacef16ef2e8229c7fbb2c7d4d55a9ceca922f72d" "/opt/rustwide/cargo-home/bin/cargo" "+nightly-2024-10-28" "metadata" "--no-deps" "--format-version=1", kill_on_drop: false }`
[INFO] [stdout] d32bced2daed3642a179955b5a47d7ef17663dcaea79ae6ab9fdfb609bb22281
[INFO] running `Command { std: "docker" "start" "-a" "d32bced2daed3642a179955b5a47d7ef17663dcaea79ae6ab9fdfb609bb22281", kill_on_drop: false }`
[INFO] running `Command { std: "docker" "inspect" "d32bced2daed3642a179955b5a47d7ef17663dcaea79ae6ab9fdfb609bb22281", kill_on_drop: false }`
[INFO] running `Command { std: "docker" "rm" "-f" "d32bced2daed3642a179955b5a47d7ef17663dcaea79ae6ab9fdfb609bb22281", kill_on_drop: false }`
[INFO] [stdout] d32bced2daed3642a179955b5a47d7ef17663dcaea79ae6ab9fdfb609bb22281
[INFO] running `Command { std: "docker" "create" "-v" "/var/lib/crater-agent-workspace/builds/worker-2-tc2/target:/opt/rustwide/target:rw,Z" "-v" "/var/lib/crater-agent-workspace/builds/worker-2-tc2/source:/opt/rustwide/workdir:ro,Z" "-v" "/var/lib/crater-agent-workspace/cargo-home:/opt/rustwide/cargo-home:ro,Z" "-v" "/var/lib/crater-agent-workspace/rustup-home:/opt/rustwide/rustup-home:ro,Z" "-e" "SOURCE_DIR=/opt/rustwide/workdir" "-e" "CARGO_TARGET_DIR=/opt/rustwide/target" "-e" "CARGO_INCREMENTAL=0" "-e" "RUST_BACKTRACE=full" "-e" "RUSTFLAGS=--cap-lints=forbid -Zrandomize-layout" "-e" "RUSTDOCFLAGS=--cap-lints=forbid" "-e" "CARGO_HOME=/opt/rustwide/cargo-home" "-e" "RUSTUP_HOME=/opt/rustwide/rustup-home" "-w" "/opt/rustwide/workdir" "-m" "1610612736" "--user" "0:0" "--network" "none" "ghcr.io/rust-lang/crates-build-env/linux@sha256:4a844ea9eb2546a2d2c7022eacef16ef2e8229c7fbb2c7d4d55a9ceca922f72d" "/opt/rustwide/cargo-home/bin/cargo" "+nightly-2024-10-28" "build" "--frozen" "--message-format=json", kill_on_drop: false }`
[INFO] [stdout] 901cdbcd8df684fd04e64e9fc85b761caeba93e1fe0579e176fd0415df018e79
[INFO] running `Command { std: "docker" "start" "-a" "901cdbcd8df684fd04e64e9fc85b761caeba93e1fe0579e176fd0415df018e79", kill_on_drop: false }`
[INFO] [stderr]    Compiling byteorder v1.5.0
[INFO] [stderr]    Compiling serde v1.0.214
[INFO] [stderr]    Compiling crossbeam-utils v0.8.20
[INFO] [stderr]    Compiling stable_deref_trait v1.2.0
[INFO] [stderr]    Compiling either v1.13.0
[INFO] [stderr]    Compiling proc-macro2-diagnostics v0.10.1
[INFO] [stderr]    Compiling slotmap v1.0.7
[INFO] [stderr]    Compiling libm v0.2.11
[INFO] [stderr]    Compiling yansi v1.0.1
[INFO] [stderr]    Compiling roxmltree v0.20.0
[INFO] [stderr]    Compiling heck v0.4.1
[INFO] [stderr]    Compiling ttf-parser v0.20.0
[INFO] [stderr]    Compiling bytemuck_derive v1.8.0
[INFO] [stderr]    Compiling kurbo v0.11.1
[INFO] [stderr]    Compiling memmap2 v0.9.5
[INFO] [stderr]    Compiling xxhash-rust v0.8.12
[INFO] [stderr]    Compiling yazi v0.1.6
[INFO] [stderr]    Compiling itertools v0.12.1
[INFO] [stderr]    Compiling unicode-properties v0.1.3
[INFO] [stderr]    Compiling static_assertions v1.1.0
[INFO] [stderr]    Compiling aliasable v0.1.3
[INFO] [stderr]    Compiling zerocopy v0.7.35
[INFO] [stderr]    Compiling unicode-bidi-mirroring v0.1.0
[INFO] [stderr]    Compiling seahash v4.1.0
[INFO] [stderr]    Compiling unicode-script v0.5.7
[INFO] [stderr]    Compiling unicode-ccc v0.1.2
[INFO] [stderr]    Compiling zeno v0.2.3
[INFO] [stderr]    Compiling unicode-linebreak v0.1.5
[INFO] [stderr]    Compiling rangemap v1.5.1
[INFO] [stderr]    Compiling sys-locale v0.2.4
[INFO] [stderr]    Compiling fontconfig-parser v0.5.7
[INFO] [stderr]    Compiling crossbeam-channel v0.5.13
[INFO] [stderr]    Compiling ppv-lite86 v0.2.20
[INFO] [stderr]    Compiling peniko v0.1.1
[INFO] [stderr]    Compiling bytemuck v1.19.0
[INFO] [stderr]    Compiling font-types v0.7.2
[INFO] [stderr]    Compiling atomic v0.6.0
[INFO] [stderr]    Compiling rand_chacha v0.3.1
[INFO] [stderr]    Compiling rand v0.8.5
[INFO] [stderr]    Compiling read-fonts v0.22.5
[INFO] [stderr]    Compiling rustybuzz v0.12.1
[INFO] [stderr]    Compiling fontdb v0.16.2
[INFO] [stderr]    Compiling ouroboros_macro v0.18.4
[INFO] [stderr]    Compiling triomphe v0.1.14
[INFO] [stderr]    Compiling wg v0.9.2
[INFO] [stderr]    Compiling stretto v0.8.4
[INFO] [stderr]    Compiling ouroboros v0.18.4
[INFO] [stderr]    Compiling skrifa v0.22.3
[INFO] [stderr]    Compiling swash v0.1.19
[INFO] [stderr]    Compiling floem-cosmic-text v0.7.2 (/opt/rustwide/workdir)
[INFO] [stdout] warning: unused import: `fontdb::Family`
[INFO] [stdout]  --> src/font/fallback/mod.rs:6:5
[INFO] [stdout]   |
[INFO] [stdout] 6 | use fontdb::Family;
[INFO] [stdout]   |     ^^^^^^^^^^^^^^
[INFO] [stdout]   |
[INFO] [stdout]   = note: `#[warn(unused_imports)]` on by default
[INFO] [stdout] 
[INFO] [stdout] 
[INFO] [stdout] warning: unused variable: `color`
[INFO] [stdout]    --> src/buffer.rs:906:58
[INFO] [stdout]     |
[INFO] [stdout] 906 |     pub fn draw<F>(&self, cache: &mut crate::SwashCache, color: Color, mut f: F)
[INFO] [stdout]     |                                                          ^^^^^ help: if this is intentional, prefix it with an underscore: `_color`
[INFO] [stdout]     |
[INFO] [stdout]     = note: `#[warn(unused_variables)]` on by default
[INFO] [stdout] 
[INFO] [stdout] 
[INFO] [stdout] warning: variable `i` is assigned to, but never used
[INFO] [stdout]    --> src/swash.rs:146:29
[INFO] [stdout]     |
[INFO] [stdout] 146 |                     let mut i = 0;
[INFO] [stdout]     |                             ^
[INFO] [stdout]     |
[INFO] [stdout]     = note: consider using `_i` instead
[INFO] [stdout] 
[INFO] [stdout] 
[INFO] [stdout] warning: unused variable: `base`
[INFO] [stdout]    --> src/swash.rs:137:9
[INFO] [stdout]     |
[INFO] [stdout] 137 |         base: Color,
[INFO] [stdout]     |         ^^^^ help: if this is intentional, prefix it with an underscore: `_base`
[INFO] [stdout] 
[INFO] [stdout] 
[INFO] [stderr]     Finished `dev` profile [unoptimized + debuginfo] target(s) in 15.93s
[INFO] running `Command { std: "docker" "inspect" "901cdbcd8df684fd04e64e9fc85b761caeba93e1fe0579e176fd0415df018e79", kill_on_drop: false }`
[INFO] running `Command { std: "docker" "rm" "-f" "901cdbcd8df684fd04e64e9fc85b761caeba93e1fe0579e176fd0415df018e79", kill_on_drop: false }`
[INFO] [stdout] 901cdbcd8df684fd04e64e9fc85b761caeba93e1fe0579e176fd0415df018e79
[INFO] running `Command { std: "docker" "create" "-v" "/var/lib/crater-agent-workspace/builds/worker-2-tc2/target:/opt/rustwide/target:rw,Z" "-v" "/var/lib/crater-agent-workspace/builds/worker-2-tc2/source:/opt/rustwide/workdir:ro,Z" "-v" "/var/lib/crater-agent-workspace/cargo-home:/opt/rustwide/cargo-home:ro,Z" "-v" "/var/lib/crater-agent-workspace/rustup-home:/opt/rustwide/rustup-home:ro,Z" "-e" "SOURCE_DIR=/opt/rustwide/workdir" "-e" "CARGO_TARGET_DIR=/opt/rustwide/target" "-e" "CARGO_INCREMENTAL=0" "-e" "RUST_BACKTRACE=full" "-e" "RUSTFLAGS=--cap-lints=forbid -Zrandomize-layout" "-e" "RUSTDOCFLAGS=--cap-lints=forbid" "-e" "CARGO_HOME=/opt/rustwide/cargo-home" "-e" "RUSTUP_HOME=/opt/rustwide/rustup-home" "-w" "/opt/rustwide/workdir" "-m" "1610612736" "--user" "0:0" "--network" "none" "ghcr.io/rust-lang/crates-build-env/linux@sha256:4a844ea9eb2546a2d2c7022eacef16ef2e8229c7fbb2c7d4d55a9ceca922f72d" "/opt/rustwide/cargo-home/bin/cargo" "+nightly-2024-10-28" "test" "--frozen" "--no-run" "--message-format=json", kill_on_drop: false }`
[INFO] [stdout] 0232950cd5d0b75bf0146ac366f40c7d9f02273f7893a794e69d744070756603
[INFO] running `Command { std: "docker" "start" "-a" "0232950cd5d0b75bf0146ac366f40c7d9f02273f7893a794e69d744070756603", kill_on_drop: false }`
[INFO] [stdout] warning: unused import: `fontdb::Family`
[INFO] [stdout]  --> src/font/fallback/mod.rs:6:5
[INFO] [stdout]   |
[INFO] [stdout] 6 | use fontdb::Family;
[INFO] [stdout]   |     ^^^^^^^^^^^^^^
[INFO] [stdout]   |
[INFO] [stdout]   = note: `#[warn(unused_imports)]` on by default
[INFO] [stdout] 
[INFO] [stdout] 
[INFO] [stdout] warning: unused variable: `color`
[INFO] [stdout]    --> src/buffer.rs:906:58
[INFO] [stdout]     |
[INFO] [stdout] 906 |     pub fn draw<F>(&self, cache: &mut crate::SwashCache, color: Color, mut f: F)
[INFO] [stdout]     |                                                          ^^^^^ help: if this is intentional, prefix it with an underscore: `_color`
[INFO] [stdout]     |
[INFO] [stdout]     = note: `#[warn(unused_variables)]` on by default
[INFO] [stdout] 
[INFO] [stdout] 
[INFO] [stdout] warning: variable `i` is assigned to, but never used
[INFO] [stdout]    --> src/swash.rs:146:29
[INFO] [stdout]     |
[INFO] [stdout] 146 |                     let mut i = 0;
[INFO] [stdout]     |                             ^
[INFO] [stdout]     |
[INFO] [stdout]     = note: consider using `_i` instead
[INFO] [stdout] 
[INFO] [stdout] 
[INFO] [stdout] warning: unused variable: `base`
[INFO] [stdout]    --> src/swash.rs:137:9
[INFO] [stdout]     |
[INFO] [stdout] 137 |         base: Color,
[INFO] [stdout]     |         ^^^^ help: if this is intentional, prefix it with an underscore: `_base`
[INFO] [stdout] 
[INFO] [stdout] 
[INFO] [stderr]    Compiling floem-cosmic-text v0.7.2 (/opt/rustwide/workdir)
[INFO] [stdout] warning: unused import: `fontdb::Family`
[INFO] [stdout]  --> src/font/fallback/mod.rs:6:5
[INFO] [stdout]   |
[INFO] [stdout] 6 | use fontdb::Family;
[INFO] [stdout]   |     ^^^^^^^^^^^^^^
[INFO] [stdout]   |
[INFO] [stdout]   = note: `#[warn(unused_imports)]` on by default
[INFO] [stdout] 
[INFO] [stdout] 
[INFO] [stdout] warning: unused variable: `color`
[INFO] [stdout]    --> src/buffer.rs:906:58
[INFO] [stdout]     |
[INFO] [stdout] 906 |     pub fn draw<F>(&self, cache: &mut crate::SwashCache, color: Color, mut f: F)
[INFO] [stdout]     |                                                          ^^^^^ help: if this is intentional, prefix it with an underscore: `_color`
[INFO] [stdout]     |
[INFO] [stdout]     = note: `#[warn(unused_variables)]` on by default
[INFO] [stdout] 
[INFO] [stdout] 
[INFO] [stdout] warning: variable `i` is assigned to, but never used
[INFO] [stdout]    --> src/swash.rs:146:29
[INFO] [stdout]     |
[INFO] [stdout] 146 |                     let mut i = 0;
[INFO] [stdout]     |                             ^
[INFO] [stdout]     |
[INFO] [stdout]     = note: consider using `_i` instead
[INFO] [stdout] 
[INFO] [stdout] 
[INFO] [stdout] warning: unused variable: `base`
[INFO] [stdout]    --> src/swash.rs:137:9
[INFO] [stdout]     |
[INFO] [stdout] 137 |         base: Color,
[INFO] [stdout]     |         ^^^^ help: if this is intentional, prefix it with an underscore: `_base`
[INFO] [stdout] 
[INFO] [stdout] 
[INFO] [stderr]     Finished `test` profile [unoptimized + debuginfo] target(s) in 1.13s
[INFO] running `Command { std: "docker" "inspect" "0232950cd5d0b75bf0146ac366f40c7d9f02273f7893a794e69d744070756603", kill_on_drop: false }`
[INFO] running `Command { std: "docker" "rm" "-f" "0232950cd5d0b75bf0146ac366f40c7d9f02273f7893a794e69d744070756603", kill_on_drop: false }`
[INFO] [stdout] 0232950cd5d0b75bf0146ac366f40c7d9f02273f7893a794e69d744070756603
[INFO] running `Command { std: "docker" "create" "-v" "/var/lib/crater-agent-workspace/builds/worker-2-tc2/target:/opt/rustwide/target:rw,Z" "-v" "/var/lib/crater-agent-workspace/builds/worker-2-tc2/source:/opt/rustwide/workdir:ro,Z" "-v" "/var/lib/crater-agent-workspace/cargo-home:/opt/rustwide/cargo-home:ro,Z" "-v" "/var/lib/crater-agent-workspace/rustup-home:/opt/rustwide/rustup-home:ro,Z" "-e" "SOURCE_DIR=/opt/rustwide/workdir" "-e" "CARGO_TARGET_DIR=/opt/rustwide/target" "-e" "CARGO_INCREMENTAL=0" "-e" "RUST_BACKTRACE=full" "-e" "RUSTFLAGS=--cap-lints=forbid -Zrandomize-layout" "-e" "RUSTDOCFLAGS=--cap-lints=forbid" "-e" "CARGO_HOME=/opt/rustwide/cargo-home" "-e" "RUSTUP_HOME=/opt/rustwide/rustup-home" "-w" "/opt/rustwide/workdir" "-m" "1610612736" "--user" "0:0" "--network" "none" "ghcr.io/rust-lang/crates-build-env/linux@sha256:4a844ea9eb2546a2d2c7022eacef16ef2e8229c7fbb2c7d4d55a9ceca922f72d" "/opt/rustwide/cargo-home/bin/cargo" "+nightly-2024-10-28" "test" "--frozen", kill_on_drop: false }`
[INFO] [stdout] 94aa4dfdbda4c993a02b0046a2b25c89fec7be66e9e1f2fbb71266bc5b933fda
[INFO] running `Command { std: "docker" "start" "-a" "94aa4dfdbda4c993a02b0046a2b25c89fec7be66e9e1f2fbb71266bc5b933fda", kill_on_drop: false }`
[INFO] [stderr] warning: unused import: `fontdb::Family`
[INFO] [stderr]  --> src/font/fallback/mod.rs:6:5
[INFO] [stderr]   |
[INFO] [stderr] 6 | use fontdb::Family;
[INFO] [stderr]   |     ^^^^^^^^^^^^^^
[INFO] [stderr]   |
[INFO] [stderr]   = note: `#[warn(unused_imports)]` on by default
[INFO] [stderr] 
[INFO] [stderr] warning: unused variable: `color`
[INFO] [stderr]    --> src/buffer.rs:906:58
[INFO] [stderr]     |
[INFO] [stderr] 906 |     pub fn draw<F>(&self, cache: &mut crate::SwashCache, color: Color, mut f: F)
[INFO] [stderr]     |                                                          ^^^^^ help: if this is intentional, prefix it with an underscore: `_color`
[INFO] [stderr]     |
[INFO] [stderr]     = note: `#[warn(unused_variables)]` on by default
[INFO] [stderr] 
[INFO] [stderr] warning: variable `i` is assigned to, but never used
[INFO] [stderr]    --> src/swash.rs:146:29
[INFO] [stderr]     |
[INFO] [stderr] 146 |                     let mut i = 0;
[INFO] [stderr]     |                             ^
[INFO] [stderr]     |
[INFO] [stderr]     = note: consider using `_i` instead
[INFO] [stderr] 
[INFO] [stderr] warning: unused variable: `base`
[INFO] [stderr]    --> src/swash.rs:137:9
[INFO] [stderr]     |
[INFO] [stderr] 137 |         base: Color,
[INFO] [stderr]     |         ^^^^ help: if this is intentional, prefix it with an underscore: `_base`
[INFO] [stderr] 
[INFO] [stderr] warning: `floem-cosmic-text` (lib) generated 4 warnings (run `cargo fix --lib -p floem-cosmic-text` to apply 1 suggestion)
[INFO] [stderr] warning: `floem-cosmic-text` (lib test) generated 4 warnings (4 duplicates)
[INFO] [stderr]     Finished `test` profile [unoptimized + debuginfo] target(s) in 0.07s
[INFO] [stderr]      Running unittests src/lib.rs (/opt/rustwide/target/debug/deps/floem_cosmic_text-2c2e4cfe1e371c74)
[INFO] [stdout] 
[INFO] [stdout] running 1 test
[INFO] [stdout] test cache::test_subpixel_bins ... ok
[INFO] [stdout] 
[INFO] [stdout] test result: ok. 1 passed; 0 failed; 0 ignored; 0 measured; 0 filtered out; finished in 0.00s
[INFO] [stdout] 
[INFO] [stderr]    Doc-tests floem_cosmic_text
[INFO] [stdout] 
[INFO] [stdout] running 1 test
[INFO] [stdout] test src/lib.rs - (line 14) ... FAILED
[INFO] [stdout] 
[INFO] [stdout] failures:
[INFO] [stdout] 
[INFO] [stdout] ---- src/lib.rs - (line 14) stdout ----
[INFO] [stdout] error[E0432]: unresolved imports `floem_cosmic_text::Color`, `floem_cosmic_text::Buffer`
[INFO] [stdout]  --> src/lib.rs:16:32
[INFO] [stdout]   |
[INFO] [stdout] 5 | use floem_cosmic_text::{Attrs, Color, FontSystem, SwashCache, Buffer, Metrics};
[INFO] [stdout]   |                                ^^^^^                          ^^^^^^
[INFO] [stdout]   |                                |                              |
[INFO] [stdout]   |                                |                              no `Buffer` in the root
[INFO] [stdout]   |                                no `Color` in the root         help: a similar name exists in the module: `buffer`
[INFO] [stdout]   |
[INFO] [stdout]   = help: consider importing one of these items instead:
[INFO] [stdout]           floem_cosmic_text::SwashContent::Color
[INFO] [stdout]           peniko::Color
[INFO] [stdout]           peniko::Mix::Color
[INFO] [stdout]           swash::scale::image::Content::Color
[INFO] [stdout]           swash::text::cluster::Emoji::Color
[INFO] [stdout] 
[INFO] [stdout] error: aborting due to 1 previous error
[INFO] [stdout] 
[INFO] [stdout] For more information about this error, try `rustc --explain E0432`.
[INFO] [stdout] Couldn't compile the test.
[INFO] [stdout] 
[INFO] [stdout] failures:
[INFO] [stdout]     src/lib.rs - (line 14)
[INFO] [stdout] 
[INFO] [stdout] test result: FAILED. 0 passed; 1 failed; 0 ignored; 0 measured; 0 filtered out; finished in 0.06s
[INFO] [stdout] 
[INFO] [stderr] error: doctest failed, to rerun pass `--doc`
[INFO] running `Command { std: "docker" "inspect" "94aa4dfdbda4c993a02b0046a2b25c89fec7be66e9e1f2fbb71266bc5b933fda", kill_on_drop: false }`
[INFO] running `Command { std: "docker" "rm" "-f" "94aa4dfdbda4c993a02b0046a2b25c89fec7be66e9e1f2fbb71266bc5b933fda", kill_on_drop: false }`
[INFO] [stdout] 94aa4dfdbda4c993a02b0046a2b25c89fec7be66e9e1f2fbb71266bc5b933fda
