[INFO] fetching crate flatbox_assets 0.1.0...
[INFO] testing flatbox_assets-0.1.0 against nightly-2024-10-28+rustflags=-Zrandomize-layout for randomize-layout
[INFO] extracting crate flatbox_assets 0.1.0 into /workspace/builds/worker-4-tc2/source
[INFO] validating manifest of crates.io crate flatbox_assets 0.1.0 on toolchain nightly-2024-10-28
[INFO] running `Command { std: CARGO_HOME="/workspace/cargo-home" RUSTUP_HOME="/workspace/rustup-home" "/workspace/cargo-home/bin/cargo" "+nightly-2024-10-28" "metadata" "--manifest-path" "Cargo.toml" "--no-deps", kill_on_drop: false }`
[INFO] started tweaking crates.io crate flatbox_assets 0.1.0
[INFO] finished tweaking crates.io crate flatbox_assets 0.1.0
[INFO] tweaked toml for crates.io crate flatbox_assets 0.1.0 written to /workspace/builds/worker-4-tc2/source/Cargo.toml
[INFO] running `Command { std: CARGO_HOME="/workspace/cargo-home" RUSTUP_HOME="/workspace/rustup-home" "/workspace/cargo-home/bin/cargo" "+nightly-2024-10-28" "generate-lockfile" "--manifest-path" "Cargo.toml", kill_on_drop: false }`
[INFO] [stderr]     Updating crates.io index
[INFO] [stderr]      Locking 98 packages to latest compatible versions
[INFO] running `Command { std: CARGO_HOME="/workspace/cargo-home" RUSTUP_HOME="/workspace/rustup-home" "/workspace/cargo-home/bin/cargo" "+nightly-2024-10-28" "fetch" "--manifest-path" "Cargo.toml", kill_on_drop: false }`
[INFO] running `Command { std: "docker" "create" "-v" "/var/lib/crater-agent-workspace/builds/worker-4-tc2/target:/opt/rustwide/target:rw,Z" "-v" "/var/lib/crater-agent-workspace/builds/worker-4-tc2/source:/opt/rustwide/workdir:ro,Z" "-v" "/var/lib/crater-agent-workspace/cargo-home:/opt/rustwide/cargo-home:ro,Z" "-v" "/var/lib/crater-agent-workspace/rustup-home:/opt/rustwide/rustup-home:ro,Z" "-e" "SOURCE_DIR=/opt/rustwide/workdir" "-e" "CARGO_TARGET_DIR=/opt/rustwide/target" "-e" "CARGO_HOME=/opt/rustwide/cargo-home" "-e" "RUSTUP_HOME=/opt/rustwide/rustup-home" "-w" "/opt/rustwide/workdir" "-m" "1610612736" "--user" "0:0" "--network" "none" "ghcr.io/rust-lang/crates-build-env/linux@sha256:4a844ea9eb2546a2d2c7022eacef16ef2e8229c7fbb2c7d4d55a9ceca922f72d" "/opt/rustwide/cargo-home/bin/cargo" "+nightly-2024-10-28" "metadata" "--no-deps" "--format-version=1", kill_on_drop: false }`
[INFO] [stdout] 08e507b1a7442977e2b1f7b77dce67afb9d29779c1b7c59d652138f7ef8aca9a
[INFO] running `Command { std: "docker" "start" "-a" "08e507b1a7442977e2b1f7b77dce67afb9d29779c1b7c59d652138f7ef8aca9a", kill_on_drop: false }`
[INFO] running `Command { std: "docker" "inspect" "08e507b1a7442977e2b1f7b77dce67afb9d29779c1b7c59d652138f7ef8aca9a", kill_on_drop: false }`
[INFO] running `Command { std: "docker" "rm" "-f" "08e507b1a7442977e2b1f7b77dce67afb9d29779c1b7c59d652138f7ef8aca9a", kill_on_drop: false }`
[INFO] [stdout] 08e507b1a7442977e2b1f7b77dce67afb9d29779c1b7c59d652138f7ef8aca9a
[INFO] running `Command { std: "docker" "create" "-v" "/var/lib/crater-agent-workspace/builds/worker-4-tc2/target:/opt/rustwide/target:rw,Z" "-v" "/var/lib/crater-agent-workspace/builds/worker-4-tc2/source:/opt/rustwide/workdir:ro,Z" "-v" "/var/lib/crater-agent-workspace/cargo-home:/opt/rustwide/cargo-home:ro,Z" "-v" "/var/lib/crater-agent-workspace/rustup-home:/opt/rustwide/rustup-home:ro,Z" "-e" "SOURCE_DIR=/opt/rustwide/workdir" "-e" "CARGO_TARGET_DIR=/opt/rustwide/target" "-e" "CARGO_INCREMENTAL=0" "-e" "RUST_BACKTRACE=full" "-e" "RUSTFLAGS=--cap-lints=forbid -Zrandomize-layout" "-e" "RUSTDOCFLAGS=--cap-lints=forbid" "-e" "CARGO_HOME=/opt/rustwide/cargo-home" "-e" "RUSTUP_HOME=/opt/rustwide/rustup-home" "-w" "/opt/rustwide/workdir" "-m" "1610612736" "--user" "0:0" "--network" "none" "ghcr.io/rust-lang/crates-build-env/linux@sha256:4a844ea9eb2546a2d2c7022eacef16ef2e8229c7fbb2c7d4d55a9ceca922f72d" "/opt/rustwide/cargo-home/bin/cargo" "+nightly-2024-10-28" "build" "--frozen" "--message-format=json", kill_on_drop: false }`
[INFO] [stdout] 9b106dbb849093ed48db0ec614f80468cd64ab3389f8cdda539636eebff173a0
[INFO] running `Command { std: "docker" "start" "-a" "9b106dbb849093ed48db0ec614f80468cd64ab3389f8cdda539636eebff173a0", kill_on_drop: false }`
[INFO] [stderr]    Compiling proc-macro2 v1.0.89
[INFO] [stderr]    Compiling unicode-ident v1.0.13
[INFO] [stderr]    Compiling serde v1.0.214
[INFO] [stderr]    Compiling autocfg v1.4.0
[INFO] [stderr]    Compiling version_check v0.9.5
[INFO] [stderr]    Compiling cfg-if v1.0.0
[INFO] [stderr]    Compiling libc v0.2.161
[INFO] [stderr]    Compiling crossbeam-utils v0.8.20
[INFO] [stderr]    Compiling bytemuck v1.19.0
[INFO] [stderr]    Compiling paste v1.0.15
[INFO] [stderr]    Compiling once_cell v1.20.2
[INFO] [stderr]    Compiling syn v1.0.109
[INFO] [stderr]    Compiling spin v0.9.8
[INFO] [stderr]    Compiling typenum v1.17.0
[INFO] [stderr]    Compiling rayon-core v1.12.1
[INFO] [stderr]    Compiling shlex v1.3.0
[INFO] [stderr]    Compiling zerocopy v0.7.35
[INFO] [stderr]    Compiling rawpointer v0.2.1
[INFO] [stderr]    Compiling anyhow v1.0.92
[INFO] [stderr]    Compiling lazy_static v1.5.0
[INFO] [stderr]    Compiling cc v1.1.31
[INFO] [stderr]    Compiling smallvec v1.13.2
[INFO] [stderr]    Compiling safe_arch v0.7.2
[INFO] [stderr]    Compiling parking_lot_core v0.9.10
[INFO] [stderr]    Compiling rustix v0.38.38
[INFO] [stderr]    Compiling thiserror v1.0.66
[INFO] [stderr]    Compiling typeid v1.0.2
[INFO] [stderr]    Compiling ahash v0.8.11
[INFO] [stderr]    Compiling either v1.13.0
[INFO] [stderr]    Compiling scopeguard v1.2.0
[INFO] [stderr]    Compiling linux-raw-sys v0.4.14
[INFO] [stderr]    Compiling slotmap v1.0.7
[INFO] [stderr]    Compiling num-traits v0.2.19
[INFO] [stderr]    Compiling matrixmultiply v0.3.9
[INFO] [stderr]    Compiling lock_api v0.4.12
[INFO] [stderr]    Compiling wide v0.7.28
[INFO] [stderr]    Compiling colored v2.1.0
[INFO] [stderr]    Compiling log v0.4.22
[INFO] [stderr]    Compiling atomic_refcell v0.1.13
[INFO] [stderr]    Compiling crossbeam-epoch v0.9.18
[INFO] [stderr]    Compiling hashbrown v0.13.2
[INFO] [stderr]    Compiling pretty-type-name v1.0.1
[INFO] [stderr]    Compiling quote v1.0.37
[INFO] [stderr]    Compiling inventory v0.3.15
[INFO] [stderr]    Compiling as-any v0.3.1
[INFO] [stderr]    Compiling base64 v0.21.7
[INFO] [stderr]    Compiling crossbeam-deque v0.8.5
[INFO] [stderr]    Compiling filetime v0.2.25
[INFO] [stderr]    Compiling syn v2.0.86
[INFO] [stderr]    Compiling lz4-sys v1.11.1+lz4-1.10.0
[INFO] [stderr]    Compiling approx v0.5.1
[INFO] [stderr]    Compiling num-integer v0.1.46
[INFO] [stderr]    Compiling rayon v1.10.0
[INFO] [stderr]    Compiling num-rational v0.4.2
[INFO] [stderr]    Compiling hecs-macros v0.8.2
[INFO] [stderr]    Compiling serde_derive v1.0.214
[INFO] [stderr]    Compiling thiserror-impl v1.0.66
[INFO] [stderr]    Compiling typetag-impl v0.2.18
[INFO] [stderr]    Compiling num-complex v0.4.6
[INFO] [stderr]    Compiling bitflags v2.6.0
[INFO] [stderr]    Compiling despero-hecs v0.9.1-f
[INFO] [stderr]    Compiling erased-serde v0.4.5
[INFO] [stderr]    Compiling ron v0.8.1
[INFO] [stderr]    Compiling parking_lot v0.12.3
[INFO] [stderr]    Compiling simba v0.8.1
[INFO] [stderr]    Compiling typetag v0.2.18
[INFO] [stderr]    Compiling despero-hecs-schedule v0.6.2
[INFO] [stderr]    Compiling xattr v1.3.1
[INFO] [stderr]    Compiling tar v0.4.42
[INFO] [stderr]    Compiling lz4 v1.28.0
[INFO] [stderr]    Compiling nalgebra v0.32.6
[INFO] [stderr]    Compiling nalgebra-glm v0.18.0
[INFO] [stderr]    Compiling flatbox_core v0.1.0
[INFO] [stderr]    Compiling flatbox_ecs v0.1.0
[INFO] [stderr]    Compiling flatbox_assets v0.1.0 (/opt/rustwide/workdir)
[INFO] [stderr]     Finished `dev` profile [unoptimized + debuginfo] target(s) in 22.32s
[INFO] running `Command { std: "docker" "inspect" "9b106dbb849093ed48db0ec614f80468cd64ab3389f8cdda539636eebff173a0", kill_on_drop: false }`
[INFO] running `Command { std: "docker" "rm" "-f" "9b106dbb849093ed48db0ec614f80468cd64ab3389f8cdda539636eebff173a0", kill_on_drop: false }`
[INFO] [stdout] 9b106dbb849093ed48db0ec614f80468cd64ab3389f8cdda539636eebff173a0
[INFO] running `Command { std: "docker" "create" "-v" "/var/lib/crater-agent-workspace/builds/worker-4-tc2/target:/opt/rustwide/target:rw,Z" "-v" "/var/lib/crater-agent-workspace/builds/worker-4-tc2/source:/opt/rustwide/workdir:ro,Z" "-v" "/var/lib/crater-agent-workspace/cargo-home:/opt/rustwide/cargo-home:ro,Z" "-v" "/var/lib/crater-agent-workspace/rustup-home:/opt/rustwide/rustup-home:ro,Z" "-e" "SOURCE_DIR=/opt/rustwide/workdir" "-e" "CARGO_TARGET_DIR=/opt/rustwide/target" "-e" "CARGO_INCREMENTAL=0" "-e" "RUST_BACKTRACE=full" "-e" "RUSTFLAGS=--cap-lints=forbid -Zrandomize-layout" "-e" "RUSTDOCFLAGS=--cap-lints=forbid" "-e" "CARGO_HOME=/opt/rustwide/cargo-home" "-e" "RUSTUP_HOME=/opt/rustwide/rustup-home" "-w" "/opt/rustwide/workdir" "-m" "1610612736" "--user" "0:0" "--network" "none" "ghcr.io/rust-lang/crates-build-env/linux@sha256:4a844ea9eb2546a2d2c7022eacef16ef2e8229c7fbb2c7d4d55a9ceca922f72d" "/opt/rustwide/cargo-home/bin/cargo" "+nightly-2024-10-28" "test" "--frozen" "--no-run" "--message-format=json", kill_on_drop: false }`
[INFO] [stdout] bfaf724d4df9dd55a850420e595ab2a9fb2ca497adc3581cf52116fe3767e559
[INFO] running `Command { std: "docker" "start" "-a" "bfaf724d4df9dd55a850420e595ab2a9fb2ca497adc3581cf52116fe3767e559", kill_on_drop: false }`
[INFO] [stderr]    Compiling flatbox_assets v0.1.0 (/opt/rustwide/workdir)
[INFO] [stderr]     Finished `test` profile [unoptimized + debuginfo] target(s) in 0.91s
[INFO] running `Command { std: "docker" "inspect" "bfaf724d4df9dd55a850420e595ab2a9fb2ca497adc3581cf52116fe3767e559", kill_on_drop: false }`
[INFO] running `Command { std: "docker" "rm" "-f" "bfaf724d4df9dd55a850420e595ab2a9fb2ca497adc3581cf52116fe3767e559", kill_on_drop: false }`
[INFO] [stdout] bfaf724d4df9dd55a850420e595ab2a9fb2ca497adc3581cf52116fe3767e559
[INFO] running `Command { std: "docker" "create" "-v" "/var/lib/crater-agent-workspace/builds/worker-4-tc2/target:/opt/rustwide/target:rw,Z" "-v" "/var/lib/crater-agent-workspace/builds/worker-4-tc2/source:/opt/rustwide/workdir:ro,Z" "-v" "/var/lib/crater-agent-workspace/cargo-home:/opt/rustwide/cargo-home:ro,Z" "-v" "/var/lib/crater-agent-workspace/rustup-home:/opt/rustwide/rustup-home:ro,Z" "-e" "SOURCE_DIR=/opt/rustwide/workdir" "-e" "CARGO_TARGET_DIR=/opt/rustwide/target" "-e" "CARGO_INCREMENTAL=0" "-e" "RUST_BACKTRACE=full" "-e" "RUSTFLAGS=--cap-lints=forbid -Zrandomize-layout" "-e" "RUSTDOCFLAGS=--cap-lints=forbid" "-e" "CARGO_HOME=/opt/rustwide/cargo-home" "-e" "RUSTUP_HOME=/opt/rustwide/rustup-home" "-w" "/opt/rustwide/workdir" "-m" "1610612736" "--user" "0:0" "--network" "none" "ghcr.io/rust-lang/crates-build-env/linux@sha256:4a844ea9eb2546a2d2c7022eacef16ef2e8229c7fbb2c7d4d55a9ceca922f72d" "/opt/rustwide/cargo-home/bin/cargo" "+nightly-2024-10-28" "test" "--frozen", kill_on_drop: false }`
[INFO] [stdout] e7df640f0f516fe3ae5f0544b5fc1c7e43f1642a2518af317b3ecd4cfb6797de
[INFO] running `Command { std: "docker" "start" "-a" "e7df640f0f516fe3ae5f0544b5fc1c7e43f1642a2518af317b3ecd4cfb6797de", kill_on_drop: false }`
[INFO] [stderr]     Finished `test` profile [unoptimized + debuginfo] target(s) in 0.09s
[INFO] [stderr]      Running unittests src/lib.rs (/opt/rustwide/target/debug/deps/flatbox_assets-5dbf05a7a72caf34)
[INFO] [stdout] 
[INFO] [stdout] running 0 tests
[INFO] [stdout] 
[INFO] [stdout] test result: ok. 0 passed; 0 failed; 0 ignored; 0 measured; 0 filtered out; finished in 0.00s
[INFO] [stdout] 
[INFO] [stderr]    Doc-tests flatbox_assets
[INFO] [stdout] 
[INFO] [stdout] running 5 tests
[INFO] [stdout] test src/scene.rs - scene::scene (line 91) ... FAILED
[INFO] [stdout] test src/scene.rs - scene::entity (line 26) ... FAILED
[INFO] [stdout] test src/scene.rs - scene::scene (line 81) ... FAILED
[INFO] [stdout] test src/ser_component.rs - ser_component::impl_ser_component (line 16) ... FAILED
[INFO] [stdout] test src/save_load.rs - save_load::impl_save_load (line 26) ... FAILED
[INFO] [stdout] 
[INFO] [stdout] failures:
[INFO] [stdout] 
[INFO] [stdout] ---- src/scene.rs - scene::scene (line 91) stdout ----
[INFO] [stdout] error: cannot find macro `scene` in this scope
[INFO] [stdout]  --> src/scene.rs:92:13
[INFO] [stdout]   |
[INFO] [stdout] 3 | let scene = scene! {
[INFO] [stdout]   |             ^^^^^
[INFO] [stdout]   |
[INFO] [stdout] help: consider importing this macro
[INFO] [stdout]   |
[INFO] [stdout] 2 + use flatbox_assets::scene;
[INFO] [stdout]   |
[INFO] [stdout] 
[INFO] [stdout] error: aborting due to 1 previous error
[INFO] [stdout] 
[INFO] [stdout] Couldn't compile the test.
[INFO] [stdout] ---- src/scene.rs - scene::entity (line 26) stdout ----
[INFO] [stdout] error: cannot find macro `entity` in this scope
[INFO] [stdout]  --> src/scene.rs:27:14
[INFO] [stdout]   |
[INFO] [stdout] 3 | let entity = entity![
[INFO] [stdout]   |              ^^^^^^
[INFO] [stdout]   |
[INFO] [stdout] help: consider importing this macro
[INFO] [stdout]   |
[INFO] [stdout] 2 + use flatbox_assets::entity;
[INFO] [stdout]   |
[INFO] [stdout] 
[INFO] [stdout] error: aborting due to 1 previous error
[INFO] [stdout] 
[INFO] [stdout] Couldn't compile the test.
[INFO] [stdout] ---- src/scene.rs - scene::scene (line 81) stdout ----
[INFO] [stdout] error[E0422]: cannot find struct, variant or union type `SerializableEntity` in this scope
[INFO] [stdout]  --> src/scene.rs:82:14
[INFO] [stdout]   |
[INFO] [stdout] 3 | let entity = SerializableEntity {
[INFO] [stdout]   |              ^^^^^^^^^^^^^^^^^^ not found in this scope
[INFO] [stdout]   |
[INFO] [stdout] help: consider importing this struct
[INFO] [stdout]   |
[INFO] [stdout] 2 + use flatbox_assets::scene::SerializableEntity;
[INFO] [stdout]   |
[INFO] [stdout] 
[INFO] [stdout] error[E0433]: failed to resolve: use of undeclared type `Arc`
[INFO] [stdout]  --> src/scene.rs:84:9
[INFO] [stdout]   |
[INFO] [stdout] 5 |         Arc::new(comp1),
[INFO] [stdout]   |         ^^^ use of undeclared type `Arc`
[INFO] [stdout]   |
[INFO] [stdout] help: consider importing this struct
[INFO] [stdout]   |
[INFO] [stdout] 2 + use std::sync::Arc;
[INFO] [stdout]   |
[INFO] [stdout] 
[INFO] [stdout] error[E0425]: cannot find value `comp1` in this scope
[INFO] [stdout]  --> src/scene.rs:84:18
[INFO] [stdout]   |
[INFO] [stdout] 5 |         Arc::new(comp1),
[INFO] [stdout]   |                  ^^^^^ not found in this scope
[INFO] [stdout] 
[INFO] [stdout] error[E0433]: failed to resolve: use of undeclared type `Arc`
[INFO] [stdout]  --> src/scene.rs:85:9
[INFO] [stdout]   |
[INFO] [stdout] 6 |         Arc::new(comp2),
[INFO] [stdout]   |         ^^^ use of undeclared type `Arc`
[INFO] [stdout]   |
[INFO] [stdout] help: consider importing this struct
[INFO] [stdout]   |
[INFO] [stdout] 2 + use std::sync::Arc;
[INFO] [stdout]   |
[INFO] [stdout] 
[INFO] [stdout] error[E0425]: cannot find value `comp2` in this scope
[INFO] [stdout]  --> src/scene.rs:85:18
[INFO] [stdout]   |
[INFO] [stdout] 6 |         Arc::new(comp2),
[INFO] [stdout]   |                  ^^^^^ not found in this scope
[INFO] [stdout] 
[INFO] [stdout] error: aborting due to 5 previous errors
[INFO] [stdout] 
[INFO] [stdout] Some errors have detailed explanations: E0422, E0425, E0433.
[INFO] [stdout] For more information about an error, try `rustc --explain E0422`.
[INFO] [stdout] Couldn't compile the test.
[INFO] [stdout] ---- src/ser_component.rs - ser_component::impl_ser_component (line 16) stdout ----
[INFO] [stdout] error: cannot find macro `impl_ser_component` in this scope
[INFO] [stdout]   --> src/ser_component.rs:26:1
[INFO] [stdout]    |
[INFO] [stdout] 12 | impl_ser_component!(ComponentA, ComponentB, ComponentC);
[INFO] [stdout]    | ^^^^^^^^^^^^^^^^^^
[INFO] [stdout]    |
[INFO] [stdout] help: consider importing this macro
[INFO] [stdout]    |
[INFO] [stdout] 2  + use flatbox_assets::impl_ser_component;
[INFO] [stdout]    |
[INFO] [stdout] 
[INFO] [stdout] error: aborting due to 1 previous error
[INFO] [stdout] 
[INFO] [stdout] Couldn't compile the test.
[INFO] [stdout] ---- src/save_load.rs - save_load::impl_save_load (line 26) stdout ----
[INFO] [stdout] error: cannot find derive macro `Serialize` in this scope
[INFO] [stdout]  --> src/save_load.rs:27:10
[INFO] [stdout]   |
[INFO] [stdout] 3 | #[derive(Serialize, Deserialize)]
[INFO] [stdout]   |          ^^^^^^^^^
[INFO] [stdout]   |
[INFO] [stdout] help: consider importing this derive macro
[INFO] [stdout]   |
[INFO] [stdout] 2 + use serde::Serialize;
[INFO] [stdout]   |
[INFO] [stdout] 
[INFO] [stdout] error: cannot find derive macro `Deserialize` in this scope
[INFO] [stdout]  --> src/save_load.rs:27:21
[INFO] [stdout]   |
[INFO] [stdout] 3 | #[derive(Serialize, Deserialize)]
[INFO] [stdout]   |                     ^^^^^^^^^^^
[INFO] [stdout]   |
[INFO] [stdout] help: consider importing this derive macro
[INFO] [stdout]   |
[INFO] [stdout] 2 + use serde::Deserialize;
[INFO] [stdout]   |
[INFO] [stdout] 
[INFO] [stdout] error: cannot find macro `impl_save_load` in this scope
[INFO] [stdout]   --> src/save_load.rs:35:1
[INFO] [stdout]    |
[INFO] [stdout] 11 | impl_save_load! {
[INFO] [stdout]    | ^^^^^^^^^^^^^^
[INFO] [stdout]    |
[INFO] [stdout] help: consider importing this macro
[INFO] [stdout]    |
[INFO] [stdout] 2  + use flatbox_assets::impl_save_load;
[INFO] [stdout]    |
[INFO] [stdout] 
[INFO] [stdout] error[E0412]: cannot find type `Read` in this scope
[INFO] [stdout]   --> src/save_load.rs:47:12
[INFO] [stdout]    |
[INFO] [stdout] 23 |     world: Read<World>,
[INFO] [stdout]    |            ^^^^ not found in this scope
[INFO] [stdout]    |
[INFO] [stdout] help: consider importing one of these items
[INFO] [stdout]    |
[INFO] [stdout] 2  + use std::io::Read;
[INFO] [stdout]    |
[INFO] [stdout] 2  + use flatbox_ecs::Read;
[INFO] [stdout]    |
[INFO] [stdout] 
[INFO] [stdout] error[E0412]: cannot find type `World` in this scope
[INFO] [stdout]   --> src/save_load.rs:47:17
[INFO] [stdout]    |
[INFO] [stdout] 23 |     world: Read<World>,
[INFO] [stdout]    |                 ^^^^^ not found in this scope
[INFO] [stdout]    |
[INFO] [stdout] help: consider importing this struct
[INFO] [stdout]    |
[INFO] [stdout] 2  + use flatbox_ecs::World;
[INFO] [stdout]    |
[INFO] [stdout] 
[INFO] [stdout] error[E0412]: cannot find type `FlatboxResult` in this scope
[INFO] [stdout]   --> src/save_load.rs:48:6
[INFO] [stdout]    |
[INFO] [stdout] 24 | ) -> FlatboxResult<()> {
[INFO] [stdout]    |      ^^^^^^^^^^^^^ not found in this scope
[INFO] [stdout] 
[INFO] [stdout] error[E0433]: failed to resolve: use of undeclared type `MyWorldSaver`
[INFO] [stdout]   --> src/save_load.rs:49:14
[INFO] [stdout]    |
[INFO] [stdout] 25 |     let ws = MyWorldSaver::default();
[INFO] [stdout]    |              ^^^^^^^^^^^^ use of undeclared type `MyWorldSaver`
[INFO] [stdout] 
[INFO] [stdout] error: aborting due to 7 previous errors
[INFO] [stdout] 
[INFO] [stdout] Some errors have detailed explanations: E0412, E0433.
[INFO] [stdout] For more information about an error, try `rustc --explain E0412`.
[INFO] [stdout] Couldn't compile the test.
[INFO] [stdout] 
[INFO] [stdout] failures:
[INFO] [stdout]     src/save_load.rs - save_load::impl_save_load (line 26)
[INFO] [stdout]     src/scene.rs - scene::entity (line 26)
[INFO] [stdout]     src/scene.rs - scene::scene (line 81)
[INFO] [stdout]     src/scene.rs - scene::scene (line 91)
[INFO] [stdout]     src/ser_component.rs - ser_component::impl_ser_component (line 16)
[INFO] [stdout] 
[INFO] [stdout] test result: FAILED. 0 passed; 5 failed; 0 ignored; 0 measured; 0 filtered out; finished in 0.08s
[INFO] [stdout] 
[INFO] [stderr] error: doctest failed, to rerun pass `--doc`
[INFO] running `Command { std: "docker" "inspect" "e7df640f0f516fe3ae5f0544b5fc1c7e43f1642a2518af317b3ecd4cfb6797de", kill_on_drop: false }`
[INFO] running `Command { std: "docker" "rm" "-f" "e7df640f0f516fe3ae5f0544b5fc1c7e43f1642a2518af317b3ecd4cfb6797de", kill_on_drop: false }`
[INFO] [stdout] e7df640f0f516fe3ae5f0544b5fc1c7e43f1642a2518af317b3ecd4cfb6797de
