[INFO] fetching crate firmware-controller 0.1.0...
[INFO] testing firmware-controller-0.1.0 against nightly-2024-10-28 for randomize-layout
[INFO] extracting crate firmware-controller 0.1.0 into /workspace/builds/worker-1-tc1/source
[INFO] validating manifest of crates.io crate firmware-controller 0.1.0 on toolchain nightly-2024-10-28
[INFO] running `Command { std: CARGO_HOME="/workspace/cargo-home" RUSTUP_HOME="/workspace/rustup-home" "/workspace/cargo-home/bin/cargo" "+nightly-2024-10-28" "metadata" "--manifest-path" "Cargo.toml" "--no-deps", kill_on_drop: false }`
[INFO] started tweaking crates.io crate firmware-controller 0.1.0
[INFO] finished tweaking crates.io crate firmware-controller 0.1.0
[INFO] tweaked toml for crates.io crate firmware-controller 0.1.0 written to /workspace/builds/worker-1-tc1/source/Cargo.toml
[INFO] running `Command { std: CARGO_HOME="/workspace/cargo-home" RUSTUP_HOME="/workspace/rustup-home" "/workspace/cargo-home/bin/cargo" "+nightly-2024-10-28" "generate-lockfile" "--manifest-path" "Cargo.toml", kill_on_drop: false }`
[INFO] [stderr]     Updating crates.io index
[INFO] [stderr]      Locking 26 packages to latest compatible versions
[INFO] [stderr]       Adding heapless v0.7.17 (available: v0.8.0)
[INFO] running `Command { std: CARGO_HOME="/workspace/cargo-home" RUSTUP_HOME="/workspace/rustup-home" "/workspace/cargo-home/bin/cargo" "+nightly-2024-10-28" "fetch" "--manifest-path" "Cargo.toml", kill_on_drop: false }`
[INFO] running `Command { std: "docker" "create" "-v" "/var/lib/crater-agent-workspace/builds/worker-1-tc1/target:/opt/rustwide/target:rw,Z" "-v" "/var/lib/crater-agent-workspace/builds/worker-1-tc1/source:/opt/rustwide/workdir:ro,Z" "-v" "/var/lib/crater-agent-workspace/cargo-home:/opt/rustwide/cargo-home:ro,Z" "-v" "/var/lib/crater-agent-workspace/rustup-home:/opt/rustwide/rustup-home:ro,Z" "-e" "SOURCE_DIR=/opt/rustwide/workdir" "-e" "CARGO_TARGET_DIR=/opt/rustwide/target" "-e" "CARGO_HOME=/opt/rustwide/cargo-home" "-e" "RUSTUP_HOME=/opt/rustwide/rustup-home" "-w" "/opt/rustwide/workdir" "-m" "1610612736" "--user" "0:0" "--network" "none" "ghcr.io/rust-lang/crates-build-env/linux@sha256:4a844ea9eb2546a2d2c7022eacef16ef2e8229c7fbb2c7d4d55a9ceca922f72d" "/opt/rustwide/cargo-home/bin/cargo" "+nightly-2024-10-28" "metadata" "--no-deps" "--format-version=1", kill_on_drop: false }`
[INFO] [stdout] 31ff4094bb909c9aa058c5500bb0610b4d1a8a958322616c73683123eae48253
[INFO] running `Command { std: "docker" "start" "-a" "31ff4094bb909c9aa058c5500bb0610b4d1a8a958322616c73683123eae48253", kill_on_drop: false }`
[INFO] running `Command { std: "docker" "inspect" "31ff4094bb909c9aa058c5500bb0610b4d1a8a958322616c73683123eae48253", kill_on_drop: false }`
[INFO] running `Command { std: "docker" "rm" "-f" "31ff4094bb909c9aa058c5500bb0610b4d1a8a958322616c73683123eae48253", kill_on_drop: false }`
[INFO] [stdout] 31ff4094bb909c9aa058c5500bb0610b4d1a8a958322616c73683123eae48253
[INFO] running `Command { std: "docker" "create" "-v" "/var/lib/crater-agent-workspace/builds/worker-1-tc1/target:/opt/rustwide/target:rw,Z" "-v" "/var/lib/crater-agent-workspace/builds/worker-1-tc1/source:/opt/rustwide/workdir:ro,Z" "-v" "/var/lib/crater-agent-workspace/cargo-home:/opt/rustwide/cargo-home:ro,Z" "-v" "/var/lib/crater-agent-workspace/rustup-home:/opt/rustwide/rustup-home:ro,Z" "-e" "SOURCE_DIR=/opt/rustwide/workdir" "-e" "CARGO_TARGET_DIR=/opt/rustwide/target" "-e" "CARGO_INCREMENTAL=0" "-e" "RUST_BACKTRACE=full" "-e" "RUSTFLAGS=--cap-lints=forbid" "-e" "RUSTDOCFLAGS=--cap-lints=forbid" "-e" "CARGO_HOME=/opt/rustwide/cargo-home" "-e" "RUSTUP_HOME=/opt/rustwide/rustup-home" "-w" "/opt/rustwide/workdir" "-m" "1610612736" "--user" "0:0" "--network" "none" "ghcr.io/rust-lang/crates-build-env/linux@sha256:4a844ea9eb2546a2d2c7022eacef16ef2e8229c7fbb2c7d4d55a9ceca922f72d" "/opt/rustwide/cargo-home/bin/cargo" "+nightly-2024-10-28" "build" "--frozen" "--message-format=json", kill_on_drop: false }`
[INFO] [stdout] c2ab4ef488e2153bd7995a978ce2cbc834c49acb87f4c574e6c58b4a0f051a55
[INFO] running `Command { std: "docker" "start" "-a" "c2ab4ef488e2153bd7995a978ce2cbc834c49acb87f4c574e6c58b4a0f051a55", kill_on_drop: false }`
[INFO] [stderr]    Compiling syn v2.0.86
[INFO] [stderr]    Compiling firmware-controller v0.1.0 (/opt/rustwide/workdir)
[INFO] [stderr]     Finished `dev` profile [unoptimized + debuginfo] target(s) in 2.87s
[INFO] running `Command { std: "docker" "inspect" "c2ab4ef488e2153bd7995a978ce2cbc834c49acb87f4c574e6c58b4a0f051a55", kill_on_drop: false }`
[INFO] running `Command { std: "docker" "rm" "-f" "c2ab4ef488e2153bd7995a978ce2cbc834c49acb87f4c574e6c58b4a0f051a55", kill_on_drop: false }`
[INFO] [stdout] c2ab4ef488e2153bd7995a978ce2cbc834c49acb87f4c574e6c58b4a0f051a55
[INFO] running `Command { std: "docker" "create" "-v" "/var/lib/crater-agent-workspace/builds/worker-1-tc1/target:/opt/rustwide/target:rw,Z" "-v" "/var/lib/crater-agent-workspace/builds/worker-1-tc1/source:/opt/rustwide/workdir:ro,Z" "-v" "/var/lib/crater-agent-workspace/cargo-home:/opt/rustwide/cargo-home:ro,Z" "-v" "/var/lib/crater-agent-workspace/rustup-home:/opt/rustwide/rustup-home:ro,Z" "-e" "SOURCE_DIR=/opt/rustwide/workdir" "-e" "CARGO_TARGET_DIR=/opt/rustwide/target" "-e" "CARGO_INCREMENTAL=0" "-e" "RUST_BACKTRACE=full" "-e" "RUSTFLAGS=--cap-lints=forbid" "-e" "RUSTDOCFLAGS=--cap-lints=forbid" "-e" "CARGO_HOME=/opt/rustwide/cargo-home" "-e" "RUSTUP_HOME=/opt/rustwide/rustup-home" "-w" "/opt/rustwide/workdir" "-m" "1610612736" "--user" "0:0" "--network" "none" "ghcr.io/rust-lang/crates-build-env/linux@sha256:4a844ea9eb2546a2d2c7022eacef16ef2e8229c7fbb2c7d4d55a9ceca922f72d" "/opt/rustwide/cargo-home/bin/cargo" "+nightly-2024-10-28" "test" "--frozen" "--no-run" "--message-format=json", kill_on_drop: false }`
[INFO] [stdout] 3763f5109fe9791a4372fb3fec8f4bcde94c9ec36ee3cb278c5f34bc5d35c44a
[INFO] running `Command { std: "docker" "start" "-a" "3763f5109fe9791a4372fb3fec8f4bcde94c9ec36ee3cb278c5f34bc5d35c44a", kill_on_drop: false }`
[INFO] [stderr]    Compiling futures-sink v0.3.31
[INFO] [stderr]    Compiling futures-core v0.3.31
[INFO] [stderr]    Compiling byteorder v1.5.0
[INFO] [stderr]    Compiling semver v1.0.23
[INFO] [stderr]    Compiling futures-task v0.3.31
[INFO] [stderr]    Compiling pin-utils v0.1.0
[INFO] [stderr]    Compiling lock_api v0.4.12
[INFO] [stderr]    Compiling futures-macro v0.3.31
[INFO] [stderr]    Compiling pin-project-lite v0.2.15
[INFO] [stderr]    Compiling stable_deref_trait v1.2.0
[INFO] [stderr]    Compiling futures-channel v0.3.31
[INFO] [stderr]    Compiling futures-io v0.3.31
[INFO] [stderr]    Compiling firmware-controller v0.1.0 (/opt/rustwide/workdir)
[INFO] [stderr]    Compiling hash32 v0.2.1
[INFO] [stderr]    Compiling spin v0.9.8
[INFO] [stderr]    Compiling rustc_version v0.4.1
[INFO] [stderr]    Compiling heapless v0.7.17
[INFO] [stderr]    Compiling futures-util v0.3.31
[INFO] [stderr]    Compiling futures v0.3.31
[INFO] [stderr]     Finished `test` profile [unoptimized + debuginfo] target(s) in 1.74s
[INFO] running `Command { std: "docker" "inspect" "3763f5109fe9791a4372fb3fec8f4bcde94c9ec36ee3cb278c5f34bc5d35c44a", kill_on_drop: false }`
[INFO] running `Command { std: "docker" "rm" "-f" "3763f5109fe9791a4372fb3fec8f4bcde94c9ec36ee3cb278c5f34bc5d35c44a", kill_on_drop: false }`
[INFO] [stdout] 3763f5109fe9791a4372fb3fec8f4bcde94c9ec36ee3cb278c5f34bc5d35c44a
[INFO] running `Command { std: "docker" "create" "-v" "/var/lib/crater-agent-workspace/builds/worker-1-tc1/target:/opt/rustwide/target:rw,Z" "-v" "/var/lib/crater-agent-workspace/builds/worker-1-tc1/source:/opt/rustwide/workdir:ro,Z" "-v" "/var/lib/crater-agent-workspace/cargo-home:/opt/rustwide/cargo-home:ro,Z" "-v" "/var/lib/crater-agent-workspace/rustup-home:/opt/rustwide/rustup-home:ro,Z" "-e" "SOURCE_DIR=/opt/rustwide/workdir" "-e" "CARGO_TARGET_DIR=/opt/rustwide/target" "-e" "CARGO_INCREMENTAL=0" "-e" "RUST_BACKTRACE=full" "-e" "RUSTFLAGS=--cap-lints=forbid" "-e" "RUSTDOCFLAGS=--cap-lints=forbid" "-e" "CARGO_HOME=/opt/rustwide/cargo-home" "-e" "RUSTUP_HOME=/opt/rustwide/rustup-home" "-w" "/opt/rustwide/workdir" "-m" "1610612736" "--user" "0:0" "--network" "none" "ghcr.io/rust-lang/crates-build-env/linux@sha256:4a844ea9eb2546a2d2c7022eacef16ef2e8229c7fbb2c7d4d55a9ceca922f72d" "/opt/rustwide/cargo-home/bin/cargo" "+nightly-2024-10-28" "test" "--frozen", kill_on_drop: false }`
[INFO] [stdout] d707b692976139f861e1da465e66319a83af9ffc999ca9f40bdf1d363a9f5d60
[INFO] running `Command { std: "docker" "start" "-a" "d707b692976139f861e1da465e66319a83af9ffc999ca9f40bdf1d363a9f5d60", kill_on_drop: false }`
[INFO] [stderr]     Finished `test` profile [unoptimized + debuginfo] target(s) in 0.02s
[INFO] [stderr]      Running unittests src/lib.rs (/opt/rustwide/target/debug/deps/firmware_controller-57990e97d8ed3994)
[INFO] [stdout] 
[INFO] [stdout] running 0 tests
[INFO] [stdout] 
[INFO] [stdout] test result: ok. 0 passed; 0 failed; 0 ignored; 0 measured; 0 filtered out; finished in 0.00s
[INFO] [stdout] 
[INFO] [stderr]    Doc-tests firmware_controller
[INFO] [stdout] 
[INFO] [stdout] running 1 test
[INFO] [stdout] test src/../README.md - (line 28) - compile ... FAILED
[INFO] [stdout] 
[INFO] [stdout] failures:
[INFO] [stdout] 
[INFO] [stdout] ---- src/../README.md - (line 28) stdout ----
[INFO] [stdout] error[E0432]: unresolved import `embassy_time`
[INFO] [stdout]   --> src/../README.md:105:9
[INFO] [stdout]    |
[INFO] [stdout] 79 |     use embassy_time::{Timer, Duration};
[INFO] [stdout]    |         ^^^^^^^^^^^^ use of undeclared crate or module `embassy_time`
[INFO] [stdout] 
[INFO] [stdout] error[E0433]: failed to resolve: use of undeclared crate or module `embassy_executor`
[INFO] [stdout]   --> src/../README.md:90:3
[INFO] [stdout]    |
[INFO] [stdout] 64 | #[embassy_executor::main]
[INFO] [stdout]    |   ^^^^^^^^^^^^^^^^ use of undeclared crate or module `embassy_executor`
[INFO] [stdout] 
[INFO] [stdout] error[E0433]: failed to resolve: use of undeclared crate or module `embassy_executor`
[INFO] [stdout]   --> src/../README.md:102:3
[INFO] [stdout]    |
[INFO] [stdout] 76 | #[embassy_executor::task]
[INFO] [stdout]    |   ^^^^^^^^^^^^^^^^ use of undeclared crate or module `embassy_executor`
[INFO] [stdout] 
[INFO] [stdout] error[E0433]: failed to resolve: use of undeclared crate or module `embassy_sync`
[INFO] [stdout]   --> src/../README.md:44:1
[INFO] [stdout]    |
[INFO] [stdout] 18 | #[controller]
[INFO] [stdout]    | ^^^^^^^^^^^^^ use of undeclared crate or module `embassy_sync`
[INFO] [stdout]    |
[INFO] [stdout]    = note: this error originates in the attribute macro `controller` (in Nightly builds, run with -Z macro-backtrace for more info)
[INFO] [stdout] 
[INFO] [stdout] error[E0433]: failed to resolve: use of undeclared crate or module `embassy_sync`
[INFO] [stdout]   --> src/../README.md:52:1
[INFO] [stdout]    |
[INFO] [stdout] 26 | #[controller]
[INFO] [stdout]    | ^^^^^^^^^^^^^ use of undeclared crate or module `embassy_sync`
[INFO] [stdout]    |
[INFO] [stdout]    = note: this error originates in the attribute macro `controller` (in Nightly builds, run with -Z macro-backtrace for more info)
[INFO] [stdout] 
[INFO] [stdout] error[E0433]: failed to resolve: use of undeclared crate or module `embassy_sync`
[INFO] [stdout]   --> src/../README.md:44:1
[INFO] [stdout]    |
[INFO] [stdout] 18 | #[controller]
[INFO] [stdout]    | ^^^^^^^^^^^^^ use of undeclared crate or module `embassy_sync`
[INFO] [stdout]    |
[INFO] [stdout]    = note: this error originates in the attribute macro `controller` (in Nightly builds, run with -Z macro-backtrace for more info)
[INFO] [stdout] help: consider importing this struct
[INFO] [stdout]    |
[INFO] [stdout] 4  + use syn::token::Pub;
[INFO] [stdout]    |
[INFO] [stdout] 
[INFO] [stdout] error[E0433]: failed to resolve: use of undeclared crate or module `embassy_sync`
[INFO] [stdout]   --> src/../README.md:52:1
[INFO] [stdout]    |
[INFO] [stdout] 26 | #[controller]
[INFO] [stdout]    | ^^^^^^^^^^^^^ use of undeclared crate or module `embassy_sync`
[INFO] [stdout]    |
[INFO] [stdout]    = note: this error originates in the attribute macro `controller` (in Nightly builds, run with -Z macro-backtrace for more info)
[INFO] [stdout] help: consider importing this struct
[INFO] [stdout]    |
[INFO] [stdout] 4  + use std::sync::OnceLock;
[INFO] [stdout]    |
[INFO] [stdout] 
[INFO] [stdout] error[E0433]: failed to resolve: use of undeclared crate or module `embassy_sync`
[INFO] [stdout]   --> src/../README.md:52:1
[INFO] [stdout]    |
[INFO] [stdout] 26 | #[controller]
[INFO] [stdout]    | ^^^^^^^^^^^^^ use of undeclared crate or module `embassy_sync`
[INFO] [stdout]    |
[INFO] [stdout]    = note: this error originates in the attribute macro `controller` (in Nightly builds, run with -Z macro-backtrace for more info)
[INFO] [stdout] help: consider importing this struct
[INFO] [stdout]    |
[INFO] [stdout] 4  + use syn::token::Pub;
[INFO] [stdout]    |
[INFO] [stdout] 
[INFO] [stdout] error[E0433]: failed to resolve: use of undeclared crate or module `embassy_sync`
[INFO] [stdout]   --> src/../README.md:52:1
[INFO] [stdout]    |
[INFO] [stdout] 26 | #[controller]
[INFO] [stdout]    | ^^^^^^^^^^^^^ use of undeclared crate or module `embassy_sync`
[INFO] [stdout]    |
[INFO] [stdout]    = note: this error originates in the attribute macro `controller` (in Nightly builds, run with -Z macro-backtrace for more info)
[INFO] [stdout] help: consider importing one of these structs
[INFO] [stdout]    |
[INFO] [stdout] 4  + use std::sync::mpmc::Receiver;
[INFO] [stdout]    |
[INFO] [stdout] 4  + use std::sync::mpsc::Receiver;
[INFO] [stdout]    |
[INFO] [stdout] 4  + use syn::Receiver;
[INFO] [stdout]    |
[INFO] [stdout] 
[INFO] [stdout] error[E0433]: failed to resolve: use of undeclared crate or module `embassy_sync`
[INFO] [stdout]   --> src/../README.md:52:1
[INFO] [stdout]    |
[INFO] [stdout] 26 | #[controller]
[INFO] [stdout]    | ^^^^^^^^^^^^^ use of undeclared crate or module `embassy_sync`
[INFO] [stdout]    |
[INFO] [stdout]    = note: this error originates in the attribute macro `controller` (in Nightly builds, run with -Z macro-backtrace for more info)
[INFO] [stdout] help: consider importing one of these structs
[INFO] [stdout]    |
[INFO] [stdout] 4  + use std::sync::mpmc::Sender;
[INFO] [stdout]    |
[INFO] [stdout] 4  + use std::sync::mpsc::Sender;
[INFO] [stdout]    |
[INFO] [stdout] 
[INFO] [stdout] error[E0599]: the method `unwrap` exists for enum `Option<ControllerState>`, but its trait bounds were not satisfied
[INFO] [stdout]   --> src/../README.md:109:48
[INFO] [stdout]    |
[INFO] [stdout] 18 | #[controller]
[INFO] [stdout]    | ------------- doesn't satisfy `ControllerState: Sized`
[INFO] [stdout] ...
[INFO] [stdout] 83 |     let state_changed = ControllerState::new().unwrap().map(Either::Left);
[INFO] [stdout]    |                                                ^^^^^^ method cannot be called on `Option<ControllerState>` due to unsatisfied trait bounds
[INFO] [stdout]    |
[INFO] [stdout]    = note: the following trait bounds were not satisfied:
[INFO] [stdout]            `{type error}: Sized`
[INFO] [stdout]            which is required by `ControllerState: Sized`
[INFO] [stdout] 
[INFO] [stdout] error[E0599]: the method `unwrap` exists for enum `Option<ControllerPowerError>`, but its trait bounds were not satisfied
[INFO] [stdout]   --> src/../README.md:110:52
[INFO] [stdout]    |
[INFO] [stdout] 26 | #[controller]
[INFO] [stdout]    | ------------- doesn't satisfy `ControllerPowerError: Sized`
[INFO] [stdout] ...
[INFO] [stdout] 84 |     let error_stream = ControllerPowerError::new().unwrap().map(Either::Right);
[INFO] [stdout]    |                                                    ^^^^^^ method cannot be called on `Option<ControllerPowerError>` due to unsatisfied trait bounds
[INFO] [stdout]    |
[INFO] [stdout]    = note: the following trait bounds were not satisfied:
[INFO] [stdout]            `{type error}: Sized`
[INFO] [stdout]            which is required by `ControllerPowerError: Sized`
[INFO] [stdout] 
[INFO] [stdout] error[E0752]: `main` function is not allowed to be `async`
[INFO] [stdout]   --> src/../README.md:91:1
[INFO] [stdout]    |
[INFO] [stdout] 65 | async fn main(spawner: embassy_executor::Spawner) {
[INFO] [stdout]    | ^^^^^^^^^^^^^^^^^^^^^^^^^^^^^^^^^^^^^^^^^^^^^^^^^ `main` function is not allowed to be `async`
[INFO] [stdout] 
[INFO] [stdout] error[E0433]: failed to resolve: use of undeclared crate or module `embassy_executor`
[INFO] [stdout]   --> src/../README.md:91:24
[INFO] [stdout]    |
[INFO] [stdout] 65 | async fn main(spawner: embassy_executor::Spawner) {
[INFO] [stdout]    |                        ^^^^^^^^^^^^^^^^ use of undeclared crate or module `embassy_executor`
[INFO] [stdout] 
[INFO] [stdout] error: aborting due to 14 previous errors
[INFO] [stdout] 
[INFO] [stdout] Some errors have detailed explanations: E0432, E0433, E0599, E0752.
[INFO] [stdout] For more information about an error, try `rustc --explain E0432`.
[INFO] [stdout] Couldn't compile the test.
[INFO] [stdout] 
[INFO] [stdout] failures:
[INFO] [stdout]     src/../README.md - (line 28)
[INFO] [stdout] 
[INFO] [stdout] test result: FAILED. 0 passed; 1 failed; 0 ignored; 0 measured; 0 filtered out; finished in 0.30s
[INFO] [stdout] 
[INFO] [stderr] error: doctest failed, to rerun pass `--doc`
[INFO] running `Command { std: "docker" "inspect" "d707b692976139f861e1da465e66319a83af9ffc999ca9f40bdf1d363a9f5d60", kill_on_drop: false }`
[INFO] running `Command { std: "docker" "rm" "-f" "d707b692976139f861e1da465e66319a83af9ffc999ca9f40bdf1d363a9f5d60", kill_on_drop: false }`
[INFO] [stdout] d707b692976139f861e1da465e66319a83af9ffc999ca9f40bdf1d363a9f5d60
