[INFO] fetching crate findex-plugin 0.8.2...
[INFO] testing findex-plugin-0.8.2 against nightly-2024-10-28+rustflags=-Zrandomize-layout for randomize-layout
[INFO] extracting crate findex-plugin 0.8.2 into /workspace/builds/worker-3-tc2/source
[INFO] validating manifest of crates.io crate findex-plugin 0.8.2 on toolchain nightly-2024-10-28
[INFO] running `Command { std: CARGO_HOME="/workspace/cargo-home" RUSTUP_HOME="/workspace/rustup-home" "/workspace/cargo-home/bin/cargo" "+nightly-2024-10-28" "metadata" "--manifest-path" "Cargo.toml" "--no-deps", kill_on_drop: false }`
[INFO] started tweaking crates.io crate findex-plugin 0.8.2
[INFO] finished tweaking crates.io crate findex-plugin 0.8.2
[INFO] tweaked toml for crates.io crate findex-plugin 0.8.2 written to /workspace/builds/worker-3-tc2/source/Cargo.toml
[INFO] running `Command { std: CARGO_HOME="/workspace/cargo-home" RUSTUP_HOME="/workspace/rustup-home" "/workspace/cargo-home/bin/cargo" "+nightly-2024-10-28" "generate-lockfile" "--manifest-path" "Cargo.toml", kill_on_drop: false }`
[INFO] [stderr]     Updating crates.io index
[INFO] [stderr]     Blocking waiting for file lock on package cache
[INFO] [stderr]      Locking 107 packages to latest compatible versions
[INFO] [stderr]       Adding gtk v0.15.5 (available: v0.18.1)
[INFO] [stderr]       Adding libloading v0.7.4 (available: v0.8.5)
[INFO] running `Command { std: CARGO_HOME="/workspace/cargo-home" RUSTUP_HOME="/workspace/rustup-home" "/workspace/cargo-home/bin/cargo" "+nightly-2024-10-28" "fetch" "--manifest-path" "Cargo.toml", kill_on_drop: false }`
[INFO] [stderr]     Blocking waiting for file lock on package cache
[INFO] running `Command { std: "docker" "create" "-v" "/var/lib/crater-agent-workspace/builds/worker-3-tc2/target:/opt/rustwide/target:rw,Z" "-v" "/var/lib/crater-agent-workspace/builds/worker-3-tc2/source:/opt/rustwide/workdir:ro,Z" "-v" "/var/lib/crater-agent-workspace/cargo-home:/opt/rustwide/cargo-home:ro,Z" "-v" "/var/lib/crater-agent-workspace/rustup-home:/opt/rustwide/rustup-home:ro,Z" "-e" "SOURCE_DIR=/opt/rustwide/workdir" "-e" "CARGO_TARGET_DIR=/opt/rustwide/target" "-e" "CARGO_HOME=/opt/rustwide/cargo-home" "-e" "RUSTUP_HOME=/opt/rustwide/rustup-home" "-w" "/opt/rustwide/workdir" "-m" "1610612736" "--user" "0:0" "--network" "none" "ghcr.io/rust-lang/crates-build-env/linux@sha256:4a844ea9eb2546a2d2c7022eacef16ef2e8229c7fbb2c7d4d55a9ceca922f72d" "/opt/rustwide/cargo-home/bin/cargo" "+nightly-2024-10-28" "metadata" "--no-deps" "--format-version=1", kill_on_drop: false }`
[INFO] [stdout] bb054d299957de73cfb32bc2518d55eab35ac7d46f47acb26350b5446d99faf1
[INFO] running `Command { std: "docker" "start" "-a" "bb054d299957de73cfb32bc2518d55eab35ac7d46f47acb26350b5446d99faf1", kill_on_drop: false }`
[INFO] running `Command { std: "docker" "inspect" "bb054d299957de73cfb32bc2518d55eab35ac7d46f47acb26350b5446d99faf1", kill_on_drop: false }`
[INFO] running `Command { std: "docker" "rm" "-f" "bb054d299957de73cfb32bc2518d55eab35ac7d46f47acb26350b5446d99faf1", kill_on_drop: false }`
[INFO] [stdout] bb054d299957de73cfb32bc2518d55eab35ac7d46f47acb26350b5446d99faf1
[INFO] running `Command { std: "docker" "create" "-v" "/var/lib/crater-agent-workspace/builds/worker-3-tc2/target:/opt/rustwide/target:rw,Z" "-v" "/var/lib/crater-agent-workspace/builds/worker-3-tc2/source:/opt/rustwide/workdir:ro,Z" "-v" "/var/lib/crater-agent-workspace/cargo-home:/opt/rustwide/cargo-home:ro,Z" "-v" "/var/lib/crater-agent-workspace/rustup-home:/opt/rustwide/rustup-home:ro,Z" "-e" "SOURCE_DIR=/opt/rustwide/workdir" "-e" "CARGO_TARGET_DIR=/opt/rustwide/target" "-e" "CARGO_INCREMENTAL=0" "-e" "RUST_BACKTRACE=full" "-e" "RUSTFLAGS=--cap-lints=forbid -Zrandomize-layout" "-e" "RUSTDOCFLAGS=--cap-lints=forbid" "-e" "CARGO_HOME=/opt/rustwide/cargo-home" "-e" "RUSTUP_HOME=/opt/rustwide/rustup-home" "-w" "/opt/rustwide/workdir" "-m" "1610612736" "--user" "0:0" "--network" "none" "ghcr.io/rust-lang/crates-build-env/linux@sha256:4a844ea9eb2546a2d2c7022eacef16ef2e8229c7fbb2c7d4d55a9ceca922f72d" "/opt/rustwide/cargo-home/bin/cargo" "+nightly-2024-10-28" "build" "--frozen" "--message-format=json", kill_on_drop: false }`
[INFO] [stdout] f6bc38f7de31f7c046374f317faed86ff1b0d9d8614c228b6fa5375702cf9422
[INFO] running `Command { std: "docker" "start" "-a" "f6bc38f7de31f7c046374f317faed86ff1b0d9d8614c228b6fa5375702cf9422", kill_on_drop: false }`
[INFO] [stderr]    Compiling proc-macro2 v1.0.89
[INFO] [stderr]    Compiling unicode-ident v1.0.13
[INFO] [stderr]    Compiling libc v0.2.161
[INFO] [stderr]    Compiling cfg-if v1.0.0
[INFO] [stderr]    Compiling syn v1.0.109
[INFO] [stderr]    Compiling autocfg v1.4.0
[INFO] [stderr]    Compiling core_extensions v1.5.3
[INFO] [stderr]    Compiling parking_lot_core v0.9.10
[INFO] [stderr]    Compiling crossbeam-utils v0.8.20
[INFO] [stderr]    Compiling serde v1.0.214
[INFO] [stderr]    Compiling serde_json v1.0.132
[INFO] [stderr]    Compiling tstr_proc_macros v0.2.2
[INFO] [stderr]    Compiling scopeguard v1.2.0
[INFO] [stderr]    Compiling smallvec v1.13.2
[INFO] [stderr]    Compiling core_extensions_proc_macros v1.5.3
[INFO] [stderr]    Compiling paste v1.0.15
[INFO] [stderr]    Compiling itoa v1.0.11
[INFO] [stderr]    Compiling ryu v1.0.18
[INFO] [stderr]    Compiling memchr v2.7.4
[INFO] [stderr]    Compiling typed-arena v2.0.2
[INFO] [stderr]    Compiling generational-arena v0.2.9
[INFO] [stderr]    Compiling libloading v0.7.4
[INFO] [stderr]    Compiling const_panic v0.2.10
[INFO] [stderr]    Compiling abi_stable_shared v0.11.0
[INFO] [stderr]    Compiling lock_api v0.4.12
[INFO] [stderr]    Compiling tstr v0.2.4
[INFO] [stderr]    Compiling repr_offset v0.2.2
[INFO] [stderr]    Compiling quote v1.0.37
[INFO] [stderr]    Compiling crossbeam-channel v0.5.13
[INFO] [stderr]    Compiling syn v2.0.86
[INFO] [stderr]    Compiling parking_lot v0.12.3
[INFO] [stderr]    Compiling serde_derive v1.0.214
[INFO] [stderr]    Compiling as_derive_utils v0.11.0
[INFO] [stderr]    Compiling abi_stable_derive v0.11.3
[INFO] [stderr]    Compiling abi_stable v0.11.3
[INFO] [stderr]    Compiling findex-plugin v0.8.2 (/opt/rustwide/workdir)
[INFO] [stderr]     Finished `dev` profile [unoptimized + debuginfo] target(s) in 15.35s
[INFO] running `Command { std: "docker" "inspect" "f6bc38f7de31f7c046374f317faed86ff1b0d9d8614c228b6fa5375702cf9422", kill_on_drop: false }`
[INFO] running `Command { std: "docker" "rm" "-f" "f6bc38f7de31f7c046374f317faed86ff1b0d9d8614c228b6fa5375702cf9422", kill_on_drop: false }`
[INFO] [stdout] f6bc38f7de31f7c046374f317faed86ff1b0d9d8614c228b6fa5375702cf9422
[INFO] running `Command { std: "docker" "create" "-v" "/var/lib/crater-agent-workspace/builds/worker-3-tc2/target:/opt/rustwide/target:rw,Z" "-v" "/var/lib/crater-agent-workspace/builds/worker-3-tc2/source:/opt/rustwide/workdir:ro,Z" "-v" "/var/lib/crater-agent-workspace/cargo-home:/opt/rustwide/cargo-home:ro,Z" "-v" "/var/lib/crater-agent-workspace/rustup-home:/opt/rustwide/rustup-home:ro,Z" "-e" "SOURCE_DIR=/opt/rustwide/workdir" "-e" "CARGO_TARGET_DIR=/opt/rustwide/target" "-e" "CARGO_INCREMENTAL=0" "-e" "RUST_BACKTRACE=full" "-e" "RUSTFLAGS=--cap-lints=forbid -Zrandomize-layout" "-e" "RUSTDOCFLAGS=--cap-lints=forbid" "-e" "CARGO_HOME=/opt/rustwide/cargo-home" "-e" "RUSTUP_HOME=/opt/rustwide/rustup-home" "-w" "/opt/rustwide/workdir" "-m" "1610612736" "--user" "0:0" "--network" "none" "ghcr.io/rust-lang/crates-build-env/linux@sha256:4a844ea9eb2546a2d2c7022eacef16ef2e8229c7fbb2c7d4d55a9ceca922f72d" "/opt/rustwide/cargo-home/bin/cargo" "+nightly-2024-10-28" "test" "--frozen" "--no-run" "--message-format=json", kill_on_drop: false }`
[INFO] [stdout] 63bf4c347a803cc015f85b524701f847ca7e659b2f66d582e0f80e7b29476b05
[INFO] running `Command { std: "docker" "start" "-a" "63bf4c347a803cc015f85b524701f847ca7e659b2f66d582e0f80e7b29476b05", kill_on_drop: false }`
[INFO] [stderr]    Compiling findex-plugin v0.8.2 (/opt/rustwide/workdir)
[INFO] [stderr]     Finished `test` profile [unoptimized + debuginfo] target(s) in 0.14s
[INFO] running `Command { std: "docker" "inspect" "63bf4c347a803cc015f85b524701f847ca7e659b2f66d582e0f80e7b29476b05", kill_on_drop: false }`
[INFO] running `Command { std: "docker" "rm" "-f" "63bf4c347a803cc015f85b524701f847ca7e659b2f66d582e0f80e7b29476b05", kill_on_drop: false }`
[INFO] [stdout] 63bf4c347a803cc015f85b524701f847ca7e659b2f66d582e0f80e7b29476b05
[INFO] running `Command { std: "docker" "create" "-v" "/var/lib/crater-agent-workspace/builds/worker-3-tc2/target:/opt/rustwide/target:rw,Z" "-v" "/var/lib/crater-agent-workspace/builds/worker-3-tc2/source:/opt/rustwide/workdir:ro,Z" "-v" "/var/lib/crater-agent-workspace/cargo-home:/opt/rustwide/cargo-home:ro,Z" "-v" "/var/lib/crater-agent-workspace/rustup-home:/opt/rustwide/rustup-home:ro,Z" "-e" "SOURCE_DIR=/opt/rustwide/workdir" "-e" "CARGO_TARGET_DIR=/opt/rustwide/target" "-e" "CARGO_INCREMENTAL=0" "-e" "RUST_BACKTRACE=full" "-e" "RUSTFLAGS=--cap-lints=forbid -Zrandomize-layout" "-e" "RUSTDOCFLAGS=--cap-lints=forbid" "-e" "CARGO_HOME=/opt/rustwide/cargo-home" "-e" "RUSTUP_HOME=/opt/rustwide/rustup-home" "-w" "/opt/rustwide/workdir" "-m" "1610612736" "--user" "0:0" "--network" "none" "ghcr.io/rust-lang/crates-build-env/linux@sha256:4a844ea9eb2546a2d2c7022eacef16ef2e8229c7fbb2c7d4d55a9ceca922f72d" "/opt/rustwide/cargo-home/bin/cargo" "+nightly-2024-10-28" "test" "--frozen", kill_on_drop: false }`
[INFO] [stdout] dcc63d2d58c3e44e40dbbbf454de9f08bb0a3cecae0eaadbefe9174846a62048
[INFO] running `Command { std: "docker" "start" "-a" "dcc63d2d58c3e44e40dbbbf454de9f08bb0a3cecae0eaadbefe9174846a62048", kill_on_drop: false }`
[INFO] [stderr]     Finished `test` profile [unoptimized + debuginfo] target(s) in 0.05s
[INFO] [stderr]      Running unittests src/lib.rs (/opt/rustwide/target/debug/deps/findex_plugin-d0fde1796974d8a5)
[INFO] [stdout] 
[INFO] [stdout] running 0 tests
[INFO] [stdout] 
[INFO] [stdout] test result: ok. 0 passed; 0 failed; 0 ignored; 0 measured; 0 filtered out; finished in 0.00s
[INFO] [stdout] 
[INFO] [stderr]    Doc-tests findex_plugin
[INFO] [stdout] 
[INFO] [stdout] running 1 test
[INFO] [stdout] test src/lib.rs - define_plugin (line 36) ... FAILED
[INFO] [stdout] 
[INFO] [stdout] failures:
[INFO] [stdout] 
[INFO] [stdout] ---- src/lib.rs - define_plugin (line 36) stdout ----
[INFO] [stdout] error[E0428]: the name `FINDEX_PLUGIN_PREFIX` is defined multiple times
[INFO] [stdout]   --> src/lib.rs:59:1
[INFO] [stdout]    |
[INFO] [stdout] 24 | define_plugin!("prefix!", init, handle_query);
[INFO] [stdout]    | --------------------------------------------- previous definition of the value `FINDEX_PLUGIN_PREFIX` here
[INFO] [stdout] 25 | // or, add a shortcut key
[INFO] [stdout] 26 | define_plugin!("prefix!", "<Ctrl><Shift>p", init, handle_query);
[INFO] [stdout]    | ^^^^^^^^^^^^^^^^^^^^^^^^^^^^^^^^^^^^^^^^^^^^^^^^^^^^^^^^^^^^^^^ `FINDEX_PLUGIN_PREFIX` redefined here
[INFO] [stdout]    |
[INFO] [stdout]    = note: `FINDEX_PLUGIN_PREFIX` must be defined only once in the value namespace of this block
[INFO] [stdout]    = note: this error originates in the macro `define_plugin` (in Nightly builds, run with -Z macro-backtrace for more info)
[INFO] [stdout] 
[INFO] [stdout] error[E0428]: the name `findex_plugin_init` is defined multiple times
[INFO] [stdout]   --> src/lib.rs:59:1
[INFO] [stdout]    |
[INFO] [stdout] 24 | define_plugin!("prefix!", init, handle_query);
[INFO] [stdout]    | --------------------------------------------- previous definition of the value `findex_plugin_init` here
[INFO] [stdout] 25 | // or, add a shortcut key
[INFO] [stdout] 26 | define_plugin!("prefix!", "<Ctrl><Shift>p", init, handle_query);
[INFO] [stdout]    | ^^^^^^^^^^^^^^^^^^^^^^^^^^^^^^^^^^^^^^^^^^^^^^^^^^^^^^^^^^^^^^^ `findex_plugin_init` redefined here
[INFO] [stdout]    |
[INFO] [stdout]    = note: `findex_plugin_init` must be defined only once in the value namespace of this block
[INFO] [stdout]    = note: this error originates in the macro `define_plugin` (in Nightly builds, run with -Z macro-backtrace for more info)
[INFO] [stdout] 
[INFO] [stdout] error[E0428]: the name `findex_plugin_query_handler` is defined multiple times
[INFO] [stdout]   --> src/lib.rs:59:1
[INFO] [stdout]    |
[INFO] [stdout] 24 | define_plugin!("prefix!", init, handle_query);
[INFO] [stdout]    | --------------------------------------------- previous definition of the value `findex_plugin_query_handler` here
[INFO] [stdout] 25 | // or, add a shortcut key
[INFO] [stdout] 26 | define_plugin!("prefix!", "<Ctrl><Shift>p", init, handle_query);
[INFO] [stdout]    | ^^^^^^^^^^^^^^^^^^^^^^^^^^^^^^^^^^^^^^^^^^^^^^^^^^^^^^^^^^^^^^^ `findex_plugin_query_handler` redefined here
[INFO] [stdout]    |
[INFO] [stdout]    = note: `findex_plugin_query_handler` must be defined only once in the value namespace of this block
[INFO] [stdout]    = note: this error originates in the macro `define_plugin` (in Nightly builds, run with -Z macro-backtrace for more info)
[INFO] [stdout] 
[INFO] [stdout] error: aborting due to 3 previous errors
[INFO] [stdout] 
[INFO] [stdout] For more information about this error, try `rustc --explain E0428`.
[INFO] [stdout] Couldn't compile the test.
[INFO] [stdout] 
[INFO] [stdout] failures:
[INFO] [stdout]     src/lib.rs - define_plugin (line 36)
[INFO] [stdout] 
[INFO] [stdout] test result: FAILED. 0 passed; 1 failed; 0 ignored; 0 measured; 0 filtered out; finished in 0.04s
[INFO] [stdout] 
[INFO] [stderr] error: doctest failed, to rerun pass `--doc`
[INFO] running `Command { std: "docker" "inspect" "dcc63d2d58c3e44e40dbbbf454de9f08bb0a3cecae0eaadbefe9174846a62048", kill_on_drop: false }`
[INFO] running `Command { std: "docker" "rm" "-f" "dcc63d2d58c3e44e40dbbbf454de9f08bb0a3cecae0eaadbefe9174846a62048", kill_on_drop: false }`
[INFO] [stdout] dcc63d2d58c3e44e40dbbbf454de9f08bb0a3cecae0eaadbefe9174846a62048
