[INFO] fetching crate filmborders 0.0.32...
[INFO] testing filmborders-0.0.32 against nightly-2024-10-28 for randomize-layout
[INFO] extracting crate filmborders 0.0.32 into /workspace/builds/worker-1-tc1/source
[INFO] validating manifest of crates.io crate filmborders 0.0.32 on toolchain nightly-2024-10-28
[INFO] running `Command { std: CARGO_HOME="/workspace/cargo-home" RUSTUP_HOME="/workspace/rustup-home" "/workspace/cargo-home/bin/cargo" "+nightly-2024-10-28" "metadata" "--manifest-path" "Cargo.toml" "--no-deps", kill_on_drop: false }`
[INFO] started tweaking crates.io crate filmborders 0.0.32
[INFO] finished tweaking crates.io crate filmborders 0.0.32
[INFO] tweaked toml for crates.io crate filmborders 0.0.32 written to /workspace/builds/worker-1-tc1/source/Cargo.toml
[INFO] crate crates.io crate filmborders 0.0.32 already has a lockfile, it will not be regenerated
[INFO] running `Command { std: CARGO_HOME="/workspace/cargo-home" RUSTUP_HOME="/workspace/rustup-home" "/workspace/cargo-home/bin/cargo" "+nightly-2024-10-28" "fetch" "--manifest-path" "Cargo.toml", kill_on_drop: false }`
[INFO] [stderr]     Updating crates.io index
[INFO] [stderr]  Downloading crates ...
[INFO] [stderr]   Downloaded wasm-bindgen-test-macro v0.3.31
[INFO] [stderr]   Downloaded wide v0.7.4
[INFO] [stderr]   Downloaded duration-string v0.1.1
[INFO] [stderr]   Downloaded wasm-bindgen-test v0.3.31
[INFO] [stderr]   Downloaded weezl v0.1.6
[INFO] [stderr]   Downloaded spin v0.9.3
[INFO] [stderr]   Downloaded clap_derive v3.2.5
[INFO] [stderr]   Downloaded simba v0.7.2
[INFO] [stderr]   Downloaded anyhow v1.0.62
[INFO] [stderr]   Downloaded indexmap v1.9.0
[INFO] [stderr]   Downloaded clap v3.2.5
[INFO] [stderr]   Downloaded image v0.24.2
[INFO] [stderr]   Downloaded nalgebra v0.30.1
[INFO] [stderr]   Downloaded imageproc v0.23.0
[INFO] running `Command { std: "docker" "create" "-v" "/var/lib/crater-agent-workspace/builds/worker-1-tc1/target:/opt/rustwide/target:rw,Z" "-v" "/var/lib/crater-agent-workspace/builds/worker-1-tc1/source:/opt/rustwide/workdir:ro,Z" "-v" "/var/lib/crater-agent-workspace/cargo-home:/opt/rustwide/cargo-home:ro,Z" "-v" "/var/lib/crater-agent-workspace/rustup-home:/opt/rustwide/rustup-home:ro,Z" "-e" "SOURCE_DIR=/opt/rustwide/workdir" "-e" "CARGO_TARGET_DIR=/opt/rustwide/target" "-e" "CARGO_HOME=/opt/rustwide/cargo-home" "-e" "RUSTUP_HOME=/opt/rustwide/rustup-home" "-w" "/opt/rustwide/workdir" "-m" "1610612736" "--user" "0:0" "--network" "none" "ghcr.io/rust-lang/crates-build-env/linux@sha256:4a844ea9eb2546a2d2c7022eacef16ef2e8229c7fbb2c7d4d55a9ceca922f72d" "/opt/rustwide/cargo-home/bin/cargo" "+nightly-2024-10-28" "metadata" "--no-deps" "--format-version=1", kill_on_drop: false }`
[INFO] [stdout] 95e95fff6b03b1d014628442b368a166b199e3d30d8859866753359ca6ea8b0c
[INFO] running `Command { std: "docker" "start" "-a" "95e95fff6b03b1d014628442b368a166b199e3d30d8859866753359ca6ea8b0c", kill_on_drop: false }`
[INFO] running `Command { std: "docker" "inspect" "95e95fff6b03b1d014628442b368a166b199e3d30d8859866753359ca6ea8b0c", kill_on_drop: false }`
[INFO] running `Command { std: "docker" "rm" "-f" "95e95fff6b03b1d014628442b368a166b199e3d30d8859866753359ca6ea8b0c", kill_on_drop: false }`
[INFO] [stdout] 95e95fff6b03b1d014628442b368a166b199e3d30d8859866753359ca6ea8b0c
[INFO] running `Command { std: "docker" "create" "-v" "/var/lib/crater-agent-workspace/builds/worker-1-tc1/target:/opt/rustwide/target:rw,Z" "-v" "/var/lib/crater-agent-workspace/builds/worker-1-tc1/source:/opt/rustwide/workdir:ro,Z" "-v" "/var/lib/crater-agent-workspace/cargo-home:/opt/rustwide/cargo-home:ro,Z" "-v" "/var/lib/crater-agent-workspace/rustup-home:/opt/rustwide/rustup-home:ro,Z" "-e" "SOURCE_DIR=/opt/rustwide/workdir" "-e" "CARGO_TARGET_DIR=/opt/rustwide/target" "-e" "CARGO_INCREMENTAL=0" "-e" "RUST_BACKTRACE=full" "-e" "RUSTFLAGS=--cap-lints=forbid" "-e" "RUSTDOCFLAGS=--cap-lints=forbid" "-e" "CARGO_HOME=/opt/rustwide/cargo-home" "-e" "RUSTUP_HOME=/opt/rustwide/rustup-home" "-w" "/opt/rustwide/workdir" "-m" "1610612736" "--user" "0:0" "--network" "none" "ghcr.io/rust-lang/crates-build-env/linux@sha256:4a844ea9eb2546a2d2c7022eacef16ef2e8229c7fbb2c7d4d55a9ceca922f72d" "/opt/rustwide/cargo-home/bin/cargo" "+nightly-2024-10-28" "build" "--frozen" "--message-format=json", kill_on_drop: false }`
[INFO] [stdout] b728f417dc437745dc7142392435ae816dcfd2e6544315cc12b19dee0704ea9c
[INFO] running `Command { std: "docker" "start" "-a" "b728f417dc437745dc7142392435ae816dcfd2e6544315cc12b19dee0704ea9c", kill_on_drop: false }`
[INFO] [stderr]    Compiling autocfg v1.1.0
[INFO] [stderr]    Compiling proc-macro2 v1.0.40
[INFO] [stderr]    Compiling quote v1.0.20
[INFO] [stderr]    Compiling unicode-ident v1.0.1
[INFO] [stderr]    Compiling libc v0.2.126
[INFO] [stderr]    Compiling syn v1.0.98
[INFO] [stderr]    Compiling scopeguard v1.1.0
[INFO] [stderr]    Compiling once_cell v1.12.0
[INFO] [stderr]    Compiling crossbeam-utils v0.8.9
[INFO] [stderr]    Compiling version_check v0.9.4
[INFO] [stderr]    Compiling wasm-bindgen-shared v0.2.81
[INFO] [stderr]    Compiling rayon-core v1.9.3
[INFO] [stderr]    Compiling log v0.4.17
[INFO] [stderr]    Compiling getrandom v0.1.16
[INFO] [stderr]    Compiling crc32fast v1.3.2
[INFO] [stderr]    Compiling either v1.6.1
[INFO] [stderr]    Compiling futures-core v0.3.21
[INFO] [stderr]    Compiling adler32 v1.2.0
[INFO] [stderr]    Compiling bytemuck v1.9.1
[INFO] [stderr]    Compiling bumpalo v3.10.0
[INFO] [stderr]    Compiling adler v1.0.2
[INFO] [stderr]    Compiling lazy_static v1.4.0
[INFO] [stderr]    Compiling deflate v1.0.0
[INFO] [stderr]    Compiling serde_derive v1.0.137
[INFO] [stderr]    Compiling ppv-lite86 v0.2.16
[INFO] [stderr]    Compiling weezl v0.1.6
[INFO] [stderr]    Compiling miniz_oxide v0.5.3
[INFO] [stderr]    Compiling num-traits v0.2.15
[INFO] [stderr]    Compiling num-integer v0.1.45
[INFO] [stderr]    Compiling memoffset v0.6.5
[INFO] [stderr]    Compiling crossbeam-epoch v0.9.9
[INFO] [stderr]    Compiling num-bigint v0.4.3
[INFO] [stderr]    Compiling lock_api v0.4.7
[INFO] [stderr]    Compiling num-rational v0.4.0
[INFO] [stderr]    Compiling rayon v1.5.3
[INFO] [stderr]    Compiling proc-macro-error-attr v1.0.4
[INFO] [stderr]    Compiling num-iter v0.1.43
[INFO] [stderr]    Compiling crossbeam-channel v0.5.5
[INFO] [stderr]    Compiling safe_arch v0.6.0
[INFO] [stderr]    Compiling proc-macro-error v1.0.4
[INFO] [stderr]    Compiling wasm-bindgen v0.2.81
[INFO] [stderr]    Compiling futures-sink v0.3.21
[INFO] [stderr]    Compiling memchr v2.5.0
[INFO] [stderr]    Compiling typenum v1.15.0
[INFO] [stderr]    Compiling spin v0.9.3
[INFO] [stderr]    Compiling flate2 v1.0.24
[INFO] [stderr]    Compiling indexmap v1.9.0
[INFO] [stderr]    Compiling num_cpus v1.13.1
[INFO] [stderr]    Compiling crossbeam-deque v0.8.1
[INFO] [stderr]    Compiling getrandom v0.2.7
[INFO] [stderr]    Compiling threadpool v1.8.1
[INFO] [stderr]    Compiling wide v0.7.4
[INFO] [stderr]    Compiling inflate v0.4.5
[INFO] [stderr]    Compiling nanorand v0.7.0
[INFO] [stderr]    Compiling rand_core v0.5.1
[INFO] [stderr]    Compiling paste v1.0.9
[INFO] [stderr]    Compiling serde v1.0.137
[INFO] [stderr]    Compiling color_quant v1.1.0
[INFO] [stderr]    Compiling rand_chacha v0.2.2
[INFO] [stderr]    Compiling bit_field v0.10.1
[INFO] [stderr]    Compiling lebe v0.5.1
[INFO] [stderr]    Compiling half v1.8.2
[INFO] [stderr]    Compiling smallvec v1.8.0
[INFO] [stderr]    Compiling ttf-parser v0.6.2
[INFO] [stderr]    Compiling rawpointer v0.2.1
[INFO] [stderr]    Compiling rand v0.7.3
[INFO] [stderr]    Compiling gif v0.11.3
[INFO] [stderr]    Compiling matrixmultiply v0.3.2
[INFO] [stderr]    Compiling png v0.17.5
[INFO] [stderr]    Compiling ab_glyph_rasterizer v0.1.7
[INFO] [stderr]    Compiling scoped_threadpool v0.1.9
[INFO] [stderr]    Compiling byteorder v1.4.3
[INFO] [stderr]    Compiling num-complex v0.4.2
[INFO] [stderr]    Compiling approx v0.5.1
[INFO] [stderr]    Compiling os_str_bytes v6.1.0
[INFO] [stderr]    Compiling hashbrown v0.12.1
[INFO] [stderr]    Compiling custom_derive v0.1.7
[INFO] [stderr]    Compiling serde_json v1.0.81
[INFO] [stderr]    Compiling heck v0.4.0
[INFO] [stderr]    Compiling conv v0.3.3
[INFO] [stderr]    Compiling clap_lex v0.2.2
[INFO] [stderr]    Compiling aho-corasick v0.7.18
[INFO] [stderr]    Compiling rand_distr v0.2.2
[INFO] [stderr]    Compiling atty v0.2.14
[INFO] [stderr]    Compiling time v0.1.44
[INFO] [stderr]    Compiling itertools v0.10.5
[INFO] [stderr]    Compiling itoa v1.0.2
[INFO] [stderr]    Compiling regex-syntax v0.6.27
[INFO] [stderr]    Compiling textwrap v0.15.0
[INFO] [stderr]    Compiling strsim v0.10.0
[INFO] [stderr]    Compiling termcolor v1.1.3
[INFO] [stderr]    Compiling ryu v1.0.10
[INFO] [stderr]    Compiling simba v0.7.2
[INFO] [stderr]    Compiling owned_ttf_parser v0.6.0
[INFO] [stderr]    Compiling rusttype v0.9.2
[INFO] [stderr]    Compiling chrono v0.4.19
[INFO] [stderr]    Compiling duration-string v0.1.1
[INFO] [stderr]    Compiling num v0.4.0
[INFO] [stderr]    Compiling jpeg-decoder v0.2.6
[INFO] [stderr]    Compiling wasm-bindgen-backend v0.2.81
[INFO] [stderr]    Compiling tiff v0.7.2
[INFO] [stderr]    Compiling regex v1.6.0
[INFO] [stderr]    Compiling pin-project-internal v1.0.10
[INFO] [stderr]    Compiling clap_derive v3.2.5
[INFO] [stderr]    Compiling thiserror-impl v1.0.32
[INFO] [stderr]    Compiling wasm-bindgen-macro-support v0.2.81
[INFO] [stderr]    Compiling pin-project v1.0.10
[INFO] [stderr]    Compiling wasm-bindgen-macro v0.2.81
[INFO] [stderr]    Compiling flume v0.10.13
[INFO] [stderr]    Compiling thiserror v1.0.32
[INFO] [stderr]    Compiling exr v1.4.2
[INFO] [stderr]    Compiling clap v3.2.5
[INFO] [stderr]    Compiling js-sys v0.3.58
[INFO] [stderr]    Compiling web-sys v0.3.58
[INFO] [stderr]    Compiling image v0.24.2
[INFO] [stderr]    Compiling nalgebra v0.30.1
[INFO] [stderr]    Compiling imageproc v0.23.0
[INFO] [stderr]    Compiling filmborders v0.0.32 (/opt/rustwide/workdir)
[INFO] [stderr]     Finished `dev` profile [unoptimized + debuginfo] target(s) in 17.50s
[INFO] [stderr] warning: the following packages contain code that will be rejected by a future version of Rust: wasm-bindgen v0.2.81
[INFO] [stderr] note: to see what the problems were, use the option `--future-incompat-report`, or run `cargo report future-incompatibilities --id 1`
[INFO] running `Command { std: "docker" "inspect" "b728f417dc437745dc7142392435ae816dcfd2e6544315cc12b19dee0704ea9c", kill_on_drop: false }`
[INFO] running `Command { std: "docker" "rm" "-f" "b728f417dc437745dc7142392435ae816dcfd2e6544315cc12b19dee0704ea9c", kill_on_drop: false }`
[INFO] [stdout] b728f417dc437745dc7142392435ae816dcfd2e6544315cc12b19dee0704ea9c
[INFO] running `Command { std: "docker" "create" "-v" "/var/lib/crater-agent-workspace/builds/worker-1-tc1/target:/opt/rustwide/target:rw,Z" "-v" "/var/lib/crater-agent-workspace/builds/worker-1-tc1/source:/opt/rustwide/workdir:ro,Z" "-v" "/var/lib/crater-agent-workspace/cargo-home:/opt/rustwide/cargo-home:ro,Z" "-v" "/var/lib/crater-agent-workspace/rustup-home:/opt/rustwide/rustup-home:ro,Z" "-e" "SOURCE_DIR=/opt/rustwide/workdir" "-e" "CARGO_TARGET_DIR=/opt/rustwide/target" "-e" "CARGO_INCREMENTAL=0" "-e" "RUST_BACKTRACE=full" "-e" "RUSTFLAGS=--cap-lints=forbid" "-e" "RUSTDOCFLAGS=--cap-lints=forbid" "-e" "CARGO_HOME=/opt/rustwide/cargo-home" "-e" "RUSTUP_HOME=/opt/rustwide/rustup-home" "-w" "/opt/rustwide/workdir" "-m" "1610612736" "--user" "0:0" "--network" "none" "ghcr.io/rust-lang/crates-build-env/linux@sha256:4a844ea9eb2546a2d2c7022eacef16ef2e8229c7fbb2c7d4d55a9ceca922f72d" "/opt/rustwide/cargo-home/bin/cargo" "+nightly-2024-10-28" "test" "--frozen" "--no-run" "--message-format=json", kill_on_drop: false }`
[INFO] [stdout] 18d7b1df2dd9daf668c283868d37968a97cae4f3ca99fa3023a99b088dda0bd0
[INFO] running `Command { std: "docker" "start" "-a" "18d7b1df2dd9daf668c283868d37968a97cae4f3ca99fa3023a99b088dda0bd0", kill_on_drop: false }`
[INFO] [stderr]    Compiling serde v1.0.137
[INFO] [stderr]    Compiling plotters-backend v0.3.4
[INFO] [stderr]    Compiling ciborium-io v0.2.0
[INFO] [stderr]    Compiling cast v0.3.0
[INFO] [stderr]    Compiling anyhow v1.0.62
[INFO] [stderr]    Compiling wasm-bindgen-futures v0.4.31
[INFO] [stderr]    Compiling console_error_panic_hook v0.1.7
[INFO] [stderr]    Compiling wasm-bindgen-test-macro v0.3.31
[INFO] [stderr]    Compiling oorandom v11.1.3
[INFO] [stderr]    Compiling yansi v0.5.1
[INFO] [stderr]    Compiling walkdir v2.3.2
[INFO] [stderr]    Compiling scoped-tls v1.0.0
[INFO] [stderr]    Compiling anes v0.1.6
[INFO] [stderr]    Compiling diff v0.1.13
[INFO] [stderr]    Compiling ciborium-ll v0.2.0
[INFO] [stderr]    Compiling criterion-plot v0.5.0
[INFO] [stderr]    Compiling pretty_assertions v1.3.0
[INFO] [stderr]    Compiling plotters-svg v0.3.3
[INFO] [stderr]    Compiling wasm-bindgen-test v0.3.31
[INFO] [stderr]    Compiling plotters v0.3.4
[INFO] [stderr]    Compiling serde_json v1.0.81
[INFO] [stderr]    Compiling ciborium v0.2.0
[INFO] [stderr]    Compiling tinytemplate v1.2.1
[INFO] [stderr]    Compiling criterion v0.4.0
[INFO] [stderr]    Compiling filmborders v0.0.32 (/opt/rustwide/workdir)
[INFO] [stderr]     Finished `test` profile [unoptimized + debuginfo] target(s) in 8.55s
[INFO] [stderr] warning: the following packages contain code that will be rejected by a future version of Rust: wasm-bindgen v0.2.81
[INFO] [stderr] note: to see what the problems were, use the option `--future-incompat-report`, or run `cargo report future-incompatibilities --id 1`
[INFO] running `Command { std: "docker" "inspect" "18d7b1df2dd9daf668c283868d37968a97cae4f3ca99fa3023a99b088dda0bd0", kill_on_drop: false }`
[INFO] running `Command { std: "docker" "rm" "-f" "18d7b1df2dd9daf668c283868d37968a97cae4f3ca99fa3023a99b088dda0bd0", kill_on_drop: false }`
[INFO] [stdout] 18d7b1df2dd9daf668c283868d37968a97cae4f3ca99fa3023a99b088dda0bd0
[INFO] running `Command { std: "docker" "create" "-v" "/var/lib/crater-agent-workspace/builds/worker-1-tc1/target:/opt/rustwide/target:rw,Z" "-v" "/var/lib/crater-agent-workspace/builds/worker-1-tc1/source:/opt/rustwide/workdir:ro,Z" "-v" "/var/lib/crater-agent-workspace/cargo-home:/opt/rustwide/cargo-home:ro,Z" "-v" "/var/lib/crater-agent-workspace/rustup-home:/opt/rustwide/rustup-home:ro,Z" "-e" "SOURCE_DIR=/opt/rustwide/workdir" "-e" "CARGO_TARGET_DIR=/opt/rustwide/target" "-e" "CARGO_INCREMENTAL=0" "-e" "RUST_BACKTRACE=full" "-e" "RUSTFLAGS=--cap-lints=forbid" "-e" "RUSTDOCFLAGS=--cap-lints=forbid" "-e" "CARGO_HOME=/opt/rustwide/cargo-home" "-e" "RUSTUP_HOME=/opt/rustwide/rustup-home" "-w" "/opt/rustwide/workdir" "-m" "1610612736" "--user" "0:0" "--network" "none" "ghcr.io/rust-lang/crates-build-env/linux@sha256:4a844ea9eb2546a2d2c7022eacef16ef2e8229c7fbb2c7d4d55a9ceca922f72d" "/opt/rustwide/cargo-home/bin/cargo" "+nightly-2024-10-28" "test" "--frozen", kill_on_drop: false }`
[INFO] [stdout] fa69ead7641b14fa712b26e3bc9b14d8c06d9cc8845680f4aa1f49162b68a20e
[INFO] running `Command { std: "docker" "start" "-a" "fa69ead7641b14fa712b26e3bc9b14d8c06d9cc8845680f4aa1f49162b68a20e", kill_on_drop: false }`
[INFO] [stderr]     Finished `test` profile [unoptimized + debuginfo] target(s) in 0.10s
[INFO] [stderr] warning: the following packages contain code that will be rejected by a future version of Rust: wasm-bindgen v0.2.81
[INFO] [stderr] note: to see what the problems were, use the option `--future-incompat-report`, or run `cargo report future-incompatibilities --id 1`
[INFO] [stderr]      Running unittests src/lib.rs (/opt/rustwide/target/debug/deps/filmborders-1802c62e9eeaa937)
[INFO] [stdout] 
[INFO] [stdout] running 44 tests
[INFO] [stdout] test arithmetic::cast::tests::invalid_num_cast ... ok
[INFO] [stdout] test arithmetic::cast::tests::valid_num_cast ... ok
[INFO] [stdout] test arithmetic::clamp::tests::clamp_using_partial_ord ... ok
[INFO] [stdout] test arithmetic::error::tests::arithmetic_error_is_std_error ... ok
[INFO] [stdout] test arithmetic::clamp::tests::clamp_min_using_partial_ord ... ok
[INFO] [stdout] test arithmetic::error::tests::arithmetic_error_partial_eq ... ok
[INFO] [stdout] test arithmetic::option_ord::tests::option_ord ... ok
[INFO] [stdout] test border::tests::test_transparent_areas_1_vertical ... FAILED
[INFO] [stdout] test border::tests::test_transparent_areas_1_horizontal ... FAILED
[INFO] [stdout] test border::tests::test_transparent_areas_3_horizontal ... FAILED
[INFO] [stdout] test border::tests::test_transparent_areas_3_rotate ... FAILED
[INFO] [stdout] test border::tests::test_transparent_areas_3_vertical ... FAILED
[INFO] [stdout] test img::tests::test_jpg_path_jpg_format ... ok
[INFO] [stdout] test img::tests::test_jpg_path_no_format ... ok
[INFO] [stdout] test img::tests::test_no_path_png_format ... ok
[INFO] [stdout] test img::tests::test_jpg_path_png_format ... ok
[INFO] [stdout] test img::tests::test_no_path_jpg_format ... ok
[INFO] [stdout] test img::tests::test_png_path_jpg_format ... ok
[INFO] [stdout] test img::tests::test_png_path_png_format ... ok
[INFO] [stdout] test img::tests::test_no_path_no_format ... ok
[INFO] [stdout] test types::bounded_size::tests::test_bounded_size ... ok
[INFO] [stdout] test img::tests::test_png_path_no_format ... ok
[INFO] [stdout] test types::point::tests::point_checked_add ... ok
[INFO] [stdout] test types::rect::tests::test_pixel_count ... ok
[INFO] [stdout] test types::size::tests::center_equal_size ... ok
[INFO] [stdout] test types::size::tests::center_larger_size ... ok
[INFO] [stdout] test types::size::tests::center_smaller_size ... ok
[INFO] [stdout] test types::size::tests::crop_to_fit_equal_size ... ok
[INFO] [stdout] test types::size::tests::center_zero_sizes ... ok
[INFO] [stdout] test types::size::tests::crop_to_fit_larger_size ... ok
[INFO] [stdout] test types::size::tests::crop_to_fit_smaller_size ... ok
[INFO] [stdout] test types::size::tests::crop_to_fit_zero_size ... ok
[INFO] [stdout] test types::color::tests::test_parse_invalid_hex_color_1 ... ok
[INFO] [stdout] test types::color::tests::test_parse_invalid_hex_color_2 ... ok
[INFO] [stdout] test types::color::tests::test_parse_valid_hex_color_3 ... ok
[INFO] [stdout] test types::color::tests::test_parse_invalid_hex_color_3 ... ok
[INFO] [stdout] test types::color::tests::test_parse_valid_hex_color_2 ... ok
[INFO] [stdout] test types::color::tests::test_parse_valid_hex_color_1 ... ok
[INFO] [stdout] test types::color::tests::test_parse_valid_hex_color_4 ... ok
[INFO] [stdout] test types::color::tests::test_parse_valid_hex_color_5 ... ok
[INFO] [stdout] test types::point::tests::scale_by ... ok
[INFO] [stdout] test types::point::tests::point_checked_add_overflow ... ok
[INFO] [stdout] test types::point::tests::point_checked_add_underflow ... ok
[INFO] [stdout] test tests::test_custom_border ... FAILED
[INFO] [stdout] 
[INFO] [stdout] failures:
[INFO] [stdout] 
[INFO] [stdout] ---- border::tests::test_transparent_areas_1_vertical stdout ----
[INFO] [stdout] Error: failed to read image from path Some("/opt/rustwide/workdir/samples/borders/border_1_areas_vertical.png")
[INFO] [stdout] 
[INFO] [stdout] Caused by:
[INFO] [stdout]     No such file or directory (os error 2)
[INFO] [stdout] 
[INFO] [stdout] ---- border::tests::test_transparent_areas_1_horizontal stdout ----
[INFO] [stdout] Error: failed to read image from path Some("/opt/rustwide/workdir/samples/borders/border_1_areas_horizontal.png")
[INFO] [stdout] 
[INFO] [stdout] Caused by:
[INFO] [stdout]     No such file or directory (os error 2)
[INFO] [stdout] 
[INFO] [stdout] ---- border::tests::test_transparent_areas_3_horizontal stdout ----
[INFO] [stdout] Error: failed to read image from path Some("/opt/rustwide/workdir/samples/borders/border_3_areas_horizontal.png")
[INFO] [stdout] 
[INFO] [stdout] Caused by:
[INFO] [stdout]     No such file or directory (os error 2)
[INFO] [stdout] 
[INFO] [stdout] ---- border::tests::test_transparent_areas_3_rotate stdout ----
[INFO] [stdout] Error: failed to read image from path Some("/opt/rustwide/workdir/samples/borders/border_3_areas_vertical.png")
[INFO] [stdout] 
[INFO] [stdout] Caused by:
[INFO] [stdout]     No such file or directory (os error 2)
[INFO] [stdout] 
[INFO] [stdout] ---- border::tests::test_transparent_areas_3_vertical stdout ----
[INFO] [stdout] Error: failed to read image from path Some("/opt/rustwide/workdir/samples/borders/border_3_areas_vertical.png")
[INFO] [stdout] 
[INFO] [stdout] Caused by:
[INFO] [stdout]     No such file or directory (os error 2)
[INFO] [stdout] 
[INFO] [stdout] ---- tests::test_custom_border stdout ----
[INFO] [stdout] thread 'tests::test_custom_border' panicked at src/lib.rs:779:9:
[INFO] [stdout] assertion failed: input.is_file()
[INFO] [stdout] stack backtrace:
[INFO] [stdout]    0:     0x572a752f37fa - std::backtrace_rs::backtrace::libunwind::trace::h207520d6e9873551
[INFO] [stdout]                                at /rustc/df4ca44d3fbc9301ee17f30f4d474e6ae4b05252/library/std/src/../../backtrace/src/backtrace/libunwind.rs:116:5
[INFO] [stdout]    1:     0x572a752f37fa - std::backtrace_rs::backtrace::trace_unsynchronized::h2ed7433f370e3eca
[INFO] [stdout]                                at /rustc/df4ca44d3fbc9301ee17f30f4d474e6ae4b05252/library/std/src/../../backtrace/src/backtrace/mod.rs:66:5
[INFO] [stdout]    2:     0x572a752f37fa - std::sys::backtrace::_print_fmt::h916fac51166b18d7
[INFO] [stdout]                                at /rustc/df4ca44d3fbc9301ee17f30f4d474e6ae4b05252/library/std/src/sys/backtrace.rs:66:9
[INFO] [stdout]    3:     0x572a752f37fa - <std::sys::backtrace::BacktraceLock::print::DisplayBacktrace as core::fmt::Display>::fmt::ha0a4c9b8ce3802e6
[INFO] [stdout]                                at /rustc/df4ca44d3fbc9301ee17f30f4d474e6ae4b05252/library/std/src/sys/backtrace.rs:39:26
[INFO] [stdout]    4:     0x572a7531ccf3 - core::fmt::rt::Argument::fmt::h4cfc8587d52b3eb5
[INFO] [stdout]                                at /rustc/df4ca44d3fbc9301ee17f30f4d474e6ae4b05252/library/core/src/fmt/rt.rs:177:76
[INFO] [stdout]    5:     0x572a7531ccf3 - core::fmt::write::h522cc39e5b36ae9f
[INFO] [stdout]                                at /rustc/df4ca44d3fbc9301ee17f30f4d474e6ae4b05252/library/core/src/fmt/mod.rs:1190:21
[INFO] [stdout]    6:     0x572a752efc93 - std::io::Write::write_fmt::h7d3c26752da97734
[INFO] [stdout]                                at /rustc/df4ca44d3fbc9301ee17f30f4d474e6ae4b05252/library/std/src/io/mod.rs:1839:15
[INFO] [stdout]    7:     0x572a752f3642 - std::sys::backtrace::BacktraceLock::print::h4b9e00b29e9c0942
[INFO] [stdout]                                at /rustc/df4ca44d3fbc9301ee17f30f4d474e6ae4b05252/library/std/src/sys/backtrace.rs:42:9
[INFO] [stdout]    8:     0x572a752f4c8a - std::panicking::default_hook::{{closure}}::hb59b88280d0324d9
[INFO] [stdout]                                at /rustc/df4ca44d3fbc9301ee17f30f4d474e6ae4b05252/library/std/src/panicking.rs:268:22
[INFO] [stdout]    9:     0x572a752f4a94 - std::panicking::default_hook::he1dd496665be4a29
[INFO] [stdout]                                at /rustc/df4ca44d3fbc9301ee17f30f4d474e6ae4b05252/library/std/src/panicking.rs:292:9
[INFO] [stdout]   10:     0x572a74e3c559 - <alloc::boxed::Box<F,A> as core::ops::function::Fn<Args>>::call::h4ff71de18744e1dc
[INFO] [stdout]                                at /rustc/df4ca44d3fbc9301ee17f30f4d474e6ae4b05252/library/alloc/src/boxed.rs:2468:9
[INFO] [stdout]   11:     0x572a74e3c559 - test::test_main::{{closure}}::hcf7c055ce117aa81
[INFO] [stdout]                                at /rustc/df4ca44d3fbc9301ee17f30f4d474e6ae4b05252/library/test/src/lib.rs:133:21
[INFO] [stdout]   12:     0x572a752f5388 - <alloc::boxed::Box<F,A> as core::ops::function::Fn<Args>>::call::h1d66c6bbd60c9692
[INFO] [stdout]                                at /rustc/df4ca44d3fbc9301ee17f30f4d474e6ae4b05252/library/alloc/src/boxed.rs:2468:9
[INFO] [stdout]   13:     0x572a752f5388 - std::panicking::rust_panic_with_hook::h2ff17fe8f26dfcf8
[INFO] [stdout]                                at /rustc/df4ca44d3fbc9301ee17f30f4d474e6ae4b05252/library/std/src/panicking.rs:809:13
[INFO] [stdout]   14:     0x572a752f5116 - std::panicking::begin_panic_handler::{{closure}}::h4fad77951c07e101
[INFO] [stdout]                                at /rustc/df4ca44d3fbc9301ee17f30f4d474e6ae4b05252/library/std/src/panicking.rs:667:13
[INFO] [stdout]   15:     0x572a752f3cd9 - std::sys::backtrace::__rust_end_short_backtrace::hb1a25b3da5d0ea08
[INFO] [stdout]                                at /rustc/df4ca44d3fbc9301ee17f30f4d474e6ae4b05252/library/std/src/sys/backtrace.rs:170:18
[INFO] [stdout]   16:     0x572a752f4ddc - rust_begin_unwind
[INFO] [stdout]                                at /rustc/df4ca44d3fbc9301ee17f30f4d474e6ae4b05252/library/std/src/panicking.rs:665:5
[INFO] [stdout]   17:     0x572a7531a510 - core::panicking::panic_fmt::ha9db07b529f9b256
[INFO] [stdout]                                at /rustc/df4ca44d3fbc9301ee17f30f4d474e6ae4b05252/library/core/src/panicking.rs:75:14
[INFO] [stdout]   18:     0x572a7531a59c - core::panicking::panic::h993086813d94accc
[INFO] [stdout]                                at /rustc/df4ca44d3fbc9301ee17f30f4d474e6ae4b05252/library/core/src/panicking.rs:152:5
[INFO] [stdout]   19:     0x572a74d330a8 - filmborders::tests::test_custom_border::he73925ee2e86885e
[INFO] [stdout]                                at /opt/rustwide/workdir/src/lib.rs:779:9
[INFO] [stdout]   20:     0x572a74d32e67 - filmborders::tests::test_custom_border::{{closure}}::h32120fde8f71cab6
[INFO] [stdout]                                at /opt/rustwide/workdir/src/lib.rs:774:32
[INFO] [stdout]   21:     0x572a74cf43f6 - core::ops::function::FnOnce::call_once::h89d6a6d5e418c68a
[INFO] [stdout]                                at /rustc/df4ca44d3fbc9301ee17f30f4d474e6ae4b05252/library/core/src/ops/function.rs:250:5
[INFO] [stdout]   22:     0x572a74e40e2b - core::ops::function::FnOnce::call_once::h22c3ba5715e93f05
[INFO] [stdout]                                at /rustc/df4ca44d3fbc9301ee17f30f4d474e6ae4b05252/library/core/src/ops/function.rs:250:5
[INFO] [stdout]   23:     0x572a74e40e2b - test::__rust_begin_short_backtrace::h8e82d8113d0da17f
[INFO] [stdout]                                at /rustc/df4ca44d3fbc9301ee17f30f4d474e6ae4b05252/library/test/src/lib.rs:621:18
[INFO] [stdout]   24:     0x572a74e407a7 - test::run_test_in_process::{{closure}}::h33235f4f20b7b7c7
[INFO] [stdout]                                at /rustc/df4ca44d3fbc9301ee17f30f4d474e6ae4b05252/library/test/src/lib.rs:644:60
[INFO] [stdout]   25:     0x572a74e407a7 - <core::panic::unwind_safe::AssertUnwindSafe<F> as core::ops::function::FnOnce<()>>::call_once::hb5043206310c586f
[INFO] [stdout]                                at /rustc/df4ca44d3fbc9301ee17f30f4d474e6ae4b05252/library/core/src/panic/unwind_safe.rs:272:9
[INFO] [stdout]   26:     0x572a74e407a7 - std::panicking::try::do_call::h9ad4731a60ab23e2
[INFO] [stdout]                                at /rustc/df4ca44d3fbc9301ee17f30f4d474e6ae4b05252/library/std/src/panicking.rs:557:40
[INFO] [stdout]   27:     0x572a74e407a7 - std::panicking::try::h3824d23db772a716
[INFO] [stdout]                                at /rustc/df4ca44d3fbc9301ee17f30f4d474e6ae4b05252/library/std/src/panicking.rs:520:19
[INFO] [stdout]   28:     0x572a74e407a7 - std::panic::catch_unwind::h5afd514605fde46b
[INFO] [stdout]                                at /rustc/df4ca44d3fbc9301ee17f30f4d474e6ae4b05252/library/std/src/panic.rs:358:14
[INFO] [stdout]   29:     0x572a74e407a7 - test::run_test_in_process::h0d5cbfa7067d1720
[INFO] [stdout]                                at /rustc/df4ca44d3fbc9301ee17f30f4d474e6ae4b05252/library/test/src/lib.rs:644:27
[INFO] [stdout]   30:     0x572a74e407a7 - test::run_test::{{closure}}::h708eb8872708115d
[INFO] [stdout]                                at /rustc/df4ca44d3fbc9301ee17f30f4d474e6ae4b05252/library/test/src/lib.rs:565:43
[INFO] [stdout]   31:     0x572a74e03ec4 - test::run_test::{{closure}}::h392c51cee94713ab
[INFO] [stdout]                                at /rustc/df4ca44d3fbc9301ee17f30f4d474e6ae4b05252/library/test/src/lib.rs:595:41
[INFO] [stdout]   32:     0x572a74e03ec4 - std::sys::backtrace::__rust_begin_short_backtrace::h2f40290710935a8b
[INFO] [stdout]                                at /rustc/df4ca44d3fbc9301ee17f30f4d474e6ae4b05252/library/std/src/sys/backtrace.rs:154:18
[INFO] [stdout]   33:     0x572a74e0766e - std::thread::Builder::spawn_unchecked_::{{closure}}::{{closure}}::h3fd968d89053a903
[INFO] [stdout]                                at /rustc/df4ca44d3fbc9301ee17f30f4d474e6ae4b05252/library/std/src/thread/mod.rs:541:17
[INFO] [stdout]   34:     0x572a74e0766e - <core::panic::unwind_safe::AssertUnwindSafe<F> as core::ops::function::FnOnce<()>>::call_once::h743f637ba4229880
[INFO] [stdout]                                at /rustc/df4ca44d3fbc9301ee17f30f4d474e6ae4b05252/library/core/src/panic/unwind_safe.rs:272:9
[INFO] [stdout]   35:     0x572a74e0766e - std::panicking::try::do_call::h07440897322525a6
[INFO] [stdout]                                at /rustc/df4ca44d3fbc9301ee17f30f4d474e6ae4b05252/library/std/src/panicking.rs:557:40
[INFO] [stdout]   36:     0x572a74e0766e - std::panicking::try::he5a2e00188156637
[INFO] [stdout]                                at /rustc/df4ca44d3fbc9301ee17f30f4d474e6ae4b05252/library/std/src/panicking.rs:520:19
[INFO] [stdout]   37:     0x572a74e0766e - std::panic::catch_unwind::hbaf3cae49b3c6433
[INFO] [stdout]                                at /rustc/df4ca44d3fbc9301ee17f30f4d474e6ae4b05252/library/std/src/panic.rs:358:14
[INFO] [stdout]   38:     0x572a74e0766e - std::thread::Builder::spawn_unchecked_::{{closure}}::h8e141ea224820bce
[INFO] [stdout]                                at /rustc/df4ca44d3fbc9301ee17f30f4d474e6ae4b05252/library/std/src/thread/mod.rs:540:30
[INFO] [stdout]   39:     0x572a74e0766e - core::ops::function::FnOnce::call_once{{vtable.shim}}::h90d312fedd7b8ea8
[INFO] [stdout]                                at /rustc/df4ca44d3fbc9301ee17f30f4d474e6ae4b05252/library/core/src/ops/function.rs:250:5
[INFO] [stdout]   40:     0x572a752f944b - <alloc::boxed::Box<F,A> as core::ops::function::FnOnce<Args>>::call_once::h69aa08ddb6adb8b6
[INFO] [stdout]                                at /rustc/df4ca44d3fbc9301ee17f30f4d474e6ae4b05252/library/alloc/src/boxed.rs:2454:9
[INFO] [stdout]   41:     0x572a752f944b - <alloc::boxed::Box<F,A> as core::ops::function::FnOnce<Args>>::call_once::h5aa36efdb79c806f
[INFO] [stdout]                                at /rustc/df4ca44d3fbc9301ee17f30f4d474e6ae4b05252/library/alloc/src/boxed.rs:2454:9
[INFO] [stdout]   42:     0x572a752f944b - std::sys::pal::unix::thread::Thread::new::thread_start::h6cd80a1b4be5158d
[INFO] [stdout]                                at /rustc/df4ca44d3fbc9301ee17f30f4d474e6ae4b05252/library/std/src/sys/pal/unix/thread.rs:105:17
[INFO] [stdout]   43:     0x7d474f50cac3 - <unknown>
[INFO] [stdout]   44:     0x7d474f59da04 - clone
[INFO] [stdout]   45:                0x0 - <unknown>
[INFO] [stdout] 
[INFO] [stdout] 
[INFO] [stdout] failures:
[INFO] [stdout]     border::tests::test_transparent_areas_1_horizontal
[INFO] [stdout]     border::tests::test_transparent_areas_1_vertical
[INFO] [stdout]     border::tests::test_transparent_areas_3_horizontal
[INFO] [stdout]     border::tests::test_transparent_areas_3_rotate
[INFO] [stdout]     border::tests::test_transparent_areas_3_vertical
[INFO] [stdout]     tests::test_custom_border
[INFO] [stdout] 
[INFO] [stdout] test result: FAILED. 38 passed; 6 failed; 0 ignored; 0 measured; 0 filtered out; finished in 0.03s
[INFO] [stdout] 
[INFO] [stderr] error: test failed, to rerun pass `--lib`
[INFO] running `Command { std: "docker" "inspect" "fa69ead7641b14fa712b26e3bc9b14d8c06d9cc8845680f4aa1f49162b68a20e", kill_on_drop: false }`
[INFO] running `Command { std: "docker" "rm" "-f" "fa69ead7641b14fa712b26e3bc9b14d8c06d9cc8845680f4aa1f49162b68a20e", kill_on_drop: false }`
[INFO] [stdout] fa69ead7641b14fa712b26e3bc9b14d8c06d9cc8845680f4aa1f49162b68a20e
