[INFO] fetching crate file_endec 1.0.1...
[INFO] testing file_endec-1.0.1 against nightly-2024-10-28 for randomize-layout
[INFO] extracting crate file_endec 1.0.1 into /workspace/builds/worker-6-tc1/source
[INFO] validating manifest of crates.io crate file_endec 1.0.1 on toolchain nightly-2024-10-28
[INFO] running `Command { std: CARGO_HOME="/workspace/cargo-home" RUSTUP_HOME="/workspace/rustup-home" "/workspace/cargo-home/bin/cargo" "+nightly-2024-10-28" "metadata" "--manifest-path" "Cargo.toml" "--no-deps", kill_on_drop: false }`
[INFO] started tweaking crates.io crate file_endec 1.0.1
[INFO] finished tweaking crates.io crate file_endec 1.0.1
[INFO] tweaked toml for crates.io crate file_endec 1.0.1 written to /workspace/builds/worker-6-tc1/source/Cargo.toml
[INFO] crate crates.io crate file_endec 1.0.1 already has a lockfile, it will not be regenerated
[INFO] running `Command { std: CARGO_HOME="/workspace/cargo-home" RUSTUP_HOME="/workspace/rustup-home" "/workspace/cargo-home/bin/cargo" "+nightly-2024-10-28" "fetch" "--manifest-path" "Cargo.toml", kill_on_drop: false }`
[INFO] [stderr]     Updating crates.io index
[INFO] [stderr]  Downloading crates ...
[INFO] [stderr]   Downloaded alloc-stdlib v0.2.1
[INFO] [stderr]   Downloaded secstr v0.4.0
[INFO] [stderr]   Downloaded number_prefix v0.3.0
[INFO] [stderr]   Downloaded cast v0.2.3
[INFO] [stderr]   Downloaded blowfish v0.7.0
[INFO] [stderr]   Downloaded wasm-bindgen-backend v0.2.68
[INFO] [stderr]   Downloaded block-modes v0.7.0
[INFO] [stderr]   Downloaded getrandom v0.2.0
[INFO] [stderr]   Downloaded serde_cbor v0.11.1
[INFO] [stderr]   Downloaded serde v1.0.117
[INFO] [stderr]   Downloaded criterion v0.3.3
[INFO] [stderr]   Downloaded unicode-segmentation v1.7.0
[INFO] [stderr]   Downloaded wasm-bindgen v0.2.68
[INFO] [stderr]   Downloaded syn v1.0.50
[INFO] [stderr]   Downloaded tinytemplate v1.1.0
[INFO] [stderr]   Downloaded brotli-decompressor v2.3.1
[INFO] [stderr]   Downloaded cc v1.0.65
[INFO] [stderr]   Downloaded regex v1.4.2
[INFO] [stderr]   Downloaded js-sys v0.3.45
[INFO] [stderr]   Downloaded regex-syntax v0.6.21
[INFO] [stderr]   Downloaded structopt v0.3.20
[INFO] [stderr]   Downloaded fancy-regex v0.3.5
[INFO] [stderr]   Downloaded argon2rs v0.2.5
[INFO] [stderr]   Downloaded bstr v0.2.14
[INFO] [stderr]   Downloaded half v1.6.0
[INFO] [stderr]   Downloaded serde_derive v1.0.117
[INFO] [stderr]   Downloaded indicatif v0.14.0
[INFO] [stderr]   Downloaded indicatif v0.15.0
[INFO] [stderr]   Downloaded semver-parser v0.10.1
[INFO] [stderr]   Downloaded libc v0.2.80
[INFO] [stderr]   Downloaded typenum v1.12.0
[INFO] [stderr]   Downloaded twofish v0.5.0
[INFO] [stderr]   Downloaded alloc-no-stdlib v2.0.1
[INFO] [stderr]   Downloaded criterion-plot v0.4.3
[INFO] [stderr]   Downloaded data-encoding v2.3.1
[INFO] [stderr]   Downloaded web-sys v0.3.45
[INFO] [stderr]   Downloaded number2name v1.0.1
[INFO] [stderr]   Downloaded terminal_size v0.1.15
[INFO] [stderr]   Downloaded console v0.13.0
[INFO] [stderr]   Downloaded wasm-bindgen-macro-support v0.2.68
[INFO] [stderr]   Downloaded wasm-bindgen-macro v0.2.68
[INFO] [stderr]   Downloaded structopt-derive v0.4.13
[INFO] [stderr]   Downloaded bcrypt v0.9.0
[INFO] [stderr]   Downloaded const_fn v0.4.3
[INFO] [stderr]   Downloaded rpassword v5.0.0
[INFO] [stderr]   Downloaded bit-vec v0.6.2
[INFO] [stderr]   Downloaded csv v1.1.4
[INFO] [stderr]   Downloaded filetime v0.2.13
[INFO] [stderr]   Downloaded file_shred v1.1.0
[INFO] [stderr]   Downloaded wasm-bindgen-shared v0.2.68
[INFO] [stderr]   Downloaded twox-hash v1.6.0
[INFO] [stderr]   Downloaded plotters v0.2.15
[INFO] [stderr]   Downloaded brotli v3.3.0
[INFO] [stderr]   Downloaded ring v0.16.16
[INFO] [stderr]   Downloaded zxcvbn v2.0.1
[INFO] running `Command { std: "docker" "create" "-v" "/var/lib/crater-agent-workspace/builds/worker-6-tc1/target:/opt/rustwide/target:rw,Z" "-v" "/var/lib/crater-agent-workspace/builds/worker-6-tc1/source:/opt/rustwide/workdir:ro,Z" "-v" "/var/lib/crater-agent-workspace/cargo-home:/opt/rustwide/cargo-home:ro,Z" "-v" "/var/lib/crater-agent-workspace/rustup-home:/opt/rustwide/rustup-home:ro,Z" "-e" "SOURCE_DIR=/opt/rustwide/workdir" "-e" "CARGO_TARGET_DIR=/opt/rustwide/target" "-e" "CARGO_HOME=/opt/rustwide/cargo-home" "-e" "RUSTUP_HOME=/opt/rustwide/rustup-home" "-w" "/opt/rustwide/workdir" "-m" "1610612736" "--user" "0:0" "--network" "none" "ghcr.io/rust-lang/crates-build-env/linux@sha256:4a844ea9eb2546a2d2c7022eacef16ef2e8229c7fbb2c7d4d55a9ceca922f72d" "/opt/rustwide/cargo-home/bin/cargo" "+nightly-2024-10-28" "metadata" "--no-deps" "--format-version=1", kill_on_drop: false }`
[INFO] [stdout] 90ec6a366c653d95cb5641cafe82af2a785c810b79e6a23f4021ec6cc418b3e0
[INFO] running `Command { std: "docker" "start" "-a" "90ec6a366c653d95cb5641cafe82af2a785c810b79e6a23f4021ec6cc418b3e0", kill_on_drop: false }`
[INFO] running `Command { std: "docker" "inspect" "90ec6a366c653d95cb5641cafe82af2a785c810b79e6a23f4021ec6cc418b3e0", kill_on_drop: false }`
[INFO] running `Command { std: "docker" "rm" "-f" "90ec6a366c653d95cb5641cafe82af2a785c810b79e6a23f4021ec6cc418b3e0", kill_on_drop: false }`
[INFO] [stdout] 90ec6a366c653d95cb5641cafe82af2a785c810b79e6a23f4021ec6cc418b3e0
[INFO] running `Command { std: "docker" "create" "-v" "/var/lib/crater-agent-workspace/builds/worker-6-tc1/target:/opt/rustwide/target:rw,Z" "-v" "/var/lib/crater-agent-workspace/builds/worker-6-tc1/source:/opt/rustwide/workdir:ro,Z" "-v" "/var/lib/crater-agent-workspace/cargo-home:/opt/rustwide/cargo-home:ro,Z" "-v" "/var/lib/crater-agent-workspace/rustup-home:/opt/rustwide/rustup-home:ro,Z" "-e" "SOURCE_DIR=/opt/rustwide/workdir" "-e" "CARGO_TARGET_DIR=/opt/rustwide/target" "-e" "CARGO_INCREMENTAL=0" "-e" "RUST_BACKTRACE=full" "-e" "RUSTFLAGS=--cap-lints=forbid" "-e" "RUSTDOCFLAGS=--cap-lints=forbid" "-e" "CARGO_HOME=/opt/rustwide/cargo-home" "-e" "RUSTUP_HOME=/opt/rustwide/rustup-home" "-w" "/opt/rustwide/workdir" "-m" "1610612736" "--user" "0:0" "--network" "none" "ghcr.io/rust-lang/crates-build-env/linux@sha256:4a844ea9eb2546a2d2c7022eacef16ef2e8229c7fbb2c7d4d55a9ceca922f72d" "/opt/rustwide/cargo-home/bin/cargo" "+nightly-2024-10-28" "build" "--frozen" "--message-format=json", kill_on_drop: false }`
[INFO] [stdout] 762cda68e48715c11f047b476a331a3c03cc34ecc293d2234c7136d0736dac06
[INFO] running `Command { std: "docker" "start" "-a" "762cda68e48715c11f047b476a331a3c03cc34ecc293d2234c7136d0736dac06", kill_on_drop: false }`
[INFO] [stderr]    Compiling libc v0.2.80
[INFO] [stderr]    Compiling version_check v0.9.2
[INFO] [stderr]    Compiling proc-macro2 v1.0.24
[INFO] [stderr]    Compiling unicode-xid v0.2.1
[INFO] [stderr]    Compiling syn v1.0.50
[INFO] [stderr]    Compiling typenum v1.12.0
[INFO] [stderr]    Compiling memchr v2.3.4
[INFO] [stderr]    Compiling thread_local v1.0.1
[INFO] [stderr]    Compiling getrandom v0.1.15
[INFO] [stderr]    Compiling regex-syntax v0.6.21
[INFO] [stderr]    Compiling fnv v1.0.7
[INFO] [stderr]    Compiling num-traits v0.2.14
[INFO] [stderr]    Compiling generic-array v0.14.4
[INFO] [stderr]    Compiling proc-macro-error-attr v1.0.4
[INFO] [stderr]    Compiling aho-corasick v0.7.15
[INFO] [stderr]    Compiling proc-macro-error v1.0.4
[INFO] [stderr]    Compiling byteorder v1.3.4
[INFO] [stderr]    Compiling unicode-segmentation v1.7.0
[INFO] [stderr]    Compiling quote v1.0.7
[INFO] [stderr]    Compiling terminal_size v0.1.15
[INFO] [stderr]    Compiling arrayvec v0.4.12
[INFO] [stderr]    Compiling rand_core v0.5.1
[INFO] [stderr]    Compiling heck v0.3.1
[INFO] [stderr]    Compiling rand_chacha v0.2.2
[INFO] [stderr]    Compiling nodrop v0.1.14
[INFO] [stderr]    Compiling alloc-no-stdlib v2.0.1
[INFO] [stderr]    Compiling number_prefix v0.3.0
[INFO] [stderr]    Compiling cipher v0.2.5
[INFO] [stderr]    Compiling derive_builder v0.9.0
[INFO] [stderr]    Compiling cc v1.0.65
[INFO] [stderr]    Compiling bit-vec v0.6.2
[INFO] [stderr]    Compiling getrandom v0.2.0
[INFO] [stderr]    Compiling bit-set v0.5.2
[INFO] [stderr]    Compiling alloc-stdlib v0.2.1
[INFO] [stderr]    Compiling num-integer v0.1.44
[INFO] [stderr]    Compiling rand v0.7.3
[INFO] [stderr]    Compiling clap v2.33.3
[INFO] [stderr]    Compiling time v0.1.44
[INFO] [stderr]    Compiling regex v1.4.2
[INFO] [stderr]    Compiling either v1.6.1
[INFO] [stderr]    Compiling filetime v0.2.13
[INFO] [stderr]    Compiling ring v0.16.16
[INFO] [stderr]    Compiling itertools v0.8.2
[INFO] [stderr]    Compiling blake2-rfc v0.2.18
[INFO] [stderr]    Compiling console v0.13.0
[INFO] [stderr]    Compiling indicatif v0.14.0
[INFO] [stderr]    Compiling fancy-regex v0.3.5
[INFO] [stderr]    Compiling chrono v0.4.19
[INFO] [stderr]    Compiling darling_core v0.10.2
[INFO] [stderr]    Compiling brotli-decompressor v2.3.1
[INFO] [stderr]    Compiling semver-parser v0.10.1
[INFO] [stderr]    Compiling blowfish v0.7.0
[INFO] [stderr]    Compiling aes-soft v0.6.4
[INFO] [stderr]    Compiling number2name v1.0.1
[INFO] [stderr]    Compiling scoped_threadpool v0.1.9
[INFO] [stderr]    Compiling once_cell v1.5.2
[INFO] [stderr]    Compiling block-padding v0.2.1
[INFO] [stderr]    Compiling untrusted v0.7.1
[INFO] [stderr]    Compiling spin v0.5.2
[INFO] [stderr]    Compiling base64 v0.13.0
[INFO] [stderr]    Compiling brotli v3.3.0
[INFO] [stderr]    Compiling block-modes v0.7.0
[INFO] [stderr]    Compiling bcrypt v0.9.0
[INFO] [stderr]    Compiling twox-hash v1.6.0
[INFO] [stderr]    Compiling argon2rs v0.2.5
[INFO] [stderr]    Compiling semver v0.11.0
[INFO] [stderr]    Compiling aes v0.6.0
[INFO] [stderr]    Compiling indicatif v0.15.0
[INFO] [stderr]    Compiling twofish v0.5.0
[INFO] [stderr]    Compiling secstr v0.4.0
[INFO] [stderr]    Compiling rpassword v5.0.0
[INFO] [stderr]    Compiling data-encoding v2.3.1
[INFO] [stderr]    Compiling darling_macro v0.10.2
[INFO] [stderr]    Compiling structopt-derive v0.4.13
[INFO] [stderr]    Compiling darling v0.10.2
[INFO] [stderr]    Compiling derive_builder_core v0.9.0
[INFO] [stderr]    Compiling structopt v0.3.20
[INFO] [stderr]    Compiling file_shred v1.1.0
[INFO] [stderr]    Compiling zxcvbn v2.0.1
[INFO] [stderr]    Compiling file_endec v1.0.1 (/opt/rustwide/workdir)
[INFO] [stdout] warning: unused import: `self::typ::Extension`
[INFO] [stdout]  --> src/config/mod.rs:4:9
[INFO] [stdout]   |
[INFO] [stdout] 4 | pub use self::typ::Extension;
[INFO] [stdout]   |         ^^^^^^^^^^^^^^^^^^^^
[INFO] [stdout]   |
[INFO] [stdout]   = note: `#[warn(unused_imports)]` on by default
[INFO] [stdout] 
[INFO] [stdout] 
[INFO] [stdout] warning: unused import: `crate::config::enc::EncryptConfig`
[INFO] [stdout]   --> src/orchestrate/decrypt.rs:18:9
[INFO] [stdout]    |
[INFO] [stdout] 18 | pub use crate::config::enc::EncryptConfig;
[INFO] [stdout]    |         ^^^^^^^^^^^^^^^^^^^^^^^^^^^^^^^^^
[INFO] [stdout] 
[INFO] [stdout] 
[INFO] [stdout] warning: unused imports: `KeySource` and `Key`
[INFO] [stdout]   --> src/orchestrate/decrypt.rs:22:22
[INFO] [stdout]    |
[INFO] [stdout] 22 | pub use crate::key::{Key, KeySource};
[INFO] [stdout]    |                      ^^^  ^^^^^^^^^
[INFO] [stdout] 
[INFO] [stdout] 
[INFO] [stdout] warning: for loop over a `&Option`. This is more readably written as an `if let` statement
[INFO] [stdout]    --> src/progress/indicatif.rs:125:24
[INFO] [stdout]     |
[INFO] [stdout] 125 |             for alg in &file_strat.strategy().compression_algorithm {
[INFO] [stdout]     |                        ^^^^^^^^^^^^^^^^^^^^^^^^^^^^^^^^^^^^^^^^^^^^
[INFO] [stdout]     |
[INFO] [stdout]     = note: `#[warn(for_loops_over_fallibles)]` on by default
[INFO] [stdout] help: to check pattern in a loop use `while let`
[INFO] [stdout]     |
[INFO] [stdout] 125 |             while let Some(alg) = &file_strat.strategy().compression_algorithm {
[INFO] [stdout]     |             ~~~~~~~~~~~~~~~   ~~~
[INFO] [stdout] help: consider using `if let` to clear intent
[INFO] [stdout]     |
[INFO] [stdout] 125 |             if let Some(alg) = &file_strat.strategy().compression_algorithm {
[INFO] [stdout]     |             ~~~~~~~~~~~~   ~~~
[INFO] [stdout] 
[INFO] [stdout] 
[INFO] [stderr]     Finished `dev` profile [unoptimized + debuginfo] target(s) in 18.06s
[INFO] [stderr] warning: the following packages contain code that will be rejected by a future version of Rust: semver-parser v0.10.1
[INFO] [stderr] note: to see what the problems were, use the option `--future-incompat-report`, or run `cargo report future-incompatibilities --id 1`
[INFO] running `Command { std: "docker" "inspect" "762cda68e48715c11f047b476a331a3c03cc34ecc293d2234c7136d0736dac06", kill_on_drop: false }`
[INFO] running `Command { std: "docker" "rm" "-f" "762cda68e48715c11f047b476a331a3c03cc34ecc293d2234c7136d0736dac06", kill_on_drop: false }`
[INFO] [stdout] 762cda68e48715c11f047b476a331a3c03cc34ecc293d2234c7136d0736dac06
[INFO] running `Command { std: "docker" "create" "-v" "/var/lib/crater-agent-workspace/builds/worker-6-tc1/target:/opt/rustwide/target:rw,Z" "-v" "/var/lib/crater-agent-workspace/builds/worker-6-tc1/source:/opt/rustwide/workdir:ro,Z" "-v" "/var/lib/crater-agent-workspace/cargo-home:/opt/rustwide/cargo-home:ro,Z" "-v" "/var/lib/crater-agent-workspace/rustup-home:/opt/rustwide/rustup-home:ro,Z" "-e" "SOURCE_DIR=/opt/rustwide/workdir" "-e" "CARGO_TARGET_DIR=/opt/rustwide/target" "-e" "CARGO_INCREMENTAL=0" "-e" "RUST_BACKTRACE=full" "-e" "RUSTFLAGS=--cap-lints=forbid" "-e" "RUSTDOCFLAGS=--cap-lints=forbid" "-e" "CARGO_HOME=/opt/rustwide/cargo-home" "-e" "RUSTUP_HOME=/opt/rustwide/rustup-home" "-w" "/opt/rustwide/workdir" "-m" "1610612736" "--user" "0:0" "--network" "none" "ghcr.io/rust-lang/crates-build-env/linux@sha256:4a844ea9eb2546a2d2c7022eacef16ef2e8229c7fbb2c7d4d55a9ceca922f72d" "/opt/rustwide/cargo-home/bin/cargo" "+nightly-2024-10-28" "test" "--frozen" "--no-run" "--message-format=json", kill_on_drop: false }`
[INFO] [stdout] 1f35a97b0a6863a6ed18fe6f2201d00c56b36be2208b98b222e899689d9bd4de
[INFO] running `Command { std: "docker" "start" "-a" "1f35a97b0a6863a6ed18fe6f2201d00c56b36be2208b98b222e899689d9bd4de", kill_on_drop: false }`
[INFO] [stderr]    Compiling const_fn v0.4.3
[INFO] [stderr]    Compiling crossbeam-utils v0.8.0
[INFO] [stderr]    Compiling serde v1.0.117
[INFO] [stderr]    Compiling memoffset v0.5.6
[INFO] [stderr]    Compiling rayon-core v1.9.0
[INFO] [stderr]    Compiling cast v0.2.3
[INFO] [stderr]    Compiling serde_json v1.0.59
[INFO] [stderr]    Compiling itoa v0.4.6
[INFO] [stderr]    Compiling regex-automata v0.1.9
[INFO] [stderr]    Compiling num_cpus v1.13.0
[INFO] [stderr]    Compiling rayon v1.5.0
[INFO] [stderr]    Compiling serde_derive v1.0.117
[INFO] [stderr]    Compiling itertools v0.9.0
[INFO] [stderr]    Compiling csv-core v0.1.10
[INFO] [stderr]    Compiling half v1.6.0
[INFO] [stderr]    Compiling walkdir v2.3.1
[INFO] [stderr]    Compiling plotters v0.2.15
[INFO] [stderr]    Compiling atty v0.2.14
[INFO] [stderr]    Compiling oorandom v11.1.3
[INFO] [stderr]    Compiling tempfile v3.1.0
[INFO] [stdout] warning: unused import: `self::typ::Extension`
[INFO] [stdout]  --> src/config/mod.rs:4:9
[INFO] [stdout]   |
[INFO] [stdout] 4 | pub use self::typ::Extension;
[INFO] [stdout]   |         ^^^^^^^^^^^^^^^^^^^^
[INFO] [stdout]   |
[INFO] [stdout]   = note: `#[warn(unused_imports)]` on by default
[INFO] [stdout] 
[INFO] [stdout] 
[INFO] [stdout] warning: unused import: `crate::config::enc::EncryptConfig`
[INFO] [stdout]   --> src/orchestrate/decrypt.rs:18:9
[INFO] [stdout]    |
[INFO] [stdout] 18 | pub use crate::config::enc::EncryptConfig;
[INFO] [stdout]    |         ^^^^^^^^^^^^^^^^^^^^^^^^^^^^^^^^^
[INFO] [stdout] 
[INFO] [stdout] 
[INFO] [stdout] warning: unused imports: `KeySource` and `Key`
[INFO] [stdout]   --> src/orchestrate/decrypt.rs:22:22
[INFO] [stdout]    |
[INFO] [stdout] 22 | pub use crate::key::{Key, KeySource};
[INFO] [stdout]    |                      ^^^  ^^^^^^^^^
[INFO] [stdout] 
[INFO] [stdout] 
[INFO] [stdout] warning: for loop over a `&Option`. This is more readably written as an `if let` statement
[INFO] [stdout]    --> src/progress/indicatif.rs:125:24
[INFO] [stdout]     |
[INFO] [stdout] 125 |             for alg in &file_strat.strategy().compression_algorithm {
[INFO] [stdout]     |                        ^^^^^^^^^^^^^^^^^^^^^^^^^^^^^^^^^^^^^^^^^^^^
[INFO] [stdout]     |
[INFO] [stdout]     = note: `#[warn(for_loops_over_fallibles)]` on by default
[INFO] [stdout] help: to check pattern in a loop use `while let`
[INFO] [stdout]     |
[INFO] [stdout] 125 |             while let Some(alg) = &file_strat.strategy().compression_algorithm {
[INFO] [stdout]     |             ~~~~~~~~~~~~~~~   ~~~
[INFO] [stdout] help: consider using `if let` to clear intent
[INFO] [stdout]     |
[INFO] [stdout] 125 |             if let Some(alg) = &file_strat.strategy().compression_algorithm {
[INFO] [stdout]     |             ~~~~~~~~~~~~   ~~~
[INFO] [stdout] 
[INFO] [stdout] 
[INFO] [stderr]    Compiling crossbeam-epoch v0.9.0
[INFO] [stderr]    Compiling crossbeam-channel v0.5.0
[INFO] [stderr]    Compiling crossbeam-deque v0.8.0
[INFO] [stderr]    Compiling criterion-plot v0.4.3
[INFO] [stderr]    Compiling bstr v0.2.14
[INFO] [stderr]    Compiling serde_cbor v0.11.1
[INFO] [stderr]    Compiling csv v1.1.4
[INFO] [stderr]    Compiling tinytemplate v1.1.0
[INFO] [stderr]    Compiling criterion v0.3.3
[INFO] [stderr]    Compiling file_endec v1.0.1 (/opt/rustwide/workdir)
[INFO] [stdout] warning: unused import: `self::typ::Extension`
[INFO] [stdout]  --> src/config/mod.rs:4:9
[INFO] [stdout]   |
[INFO] [stdout] 4 | pub use self::typ::Extension;
[INFO] [stdout]   |         ^^^^^^^^^^^^^^^^^^^^
[INFO] [stdout]   |
[INFO] [stdout]   = note: `#[warn(unused_imports)]` on by default
[INFO] [stdout] 
[INFO] [stdout] 
[INFO] [stdout] warning: unused import: `crate::config::enc::EncryptConfig`
[INFO] [stdout]   --> src/orchestrate/decrypt.rs:18:9
[INFO] [stdout]    |
[INFO] [stdout] 18 | pub use crate::config::enc::EncryptConfig;
[INFO] [stdout]    |         ^^^^^^^^^^^^^^^^^^^^^^^^^^^^^^^^^
[INFO] [stdout] 
[INFO] [stdout] 
[INFO] [stdout] warning: unused imports: `KeySource` and `Key`
[INFO] [stdout]   --> src/orchestrate/decrypt.rs:22:22
[INFO] [stdout]    |
[INFO] [stdout] 22 | pub use crate::key::{Key, KeySource};
[INFO] [stdout]    |                      ^^^  ^^^^^^^^^
[INFO] [stdout] 
[INFO] [stdout] 
[INFO] [stdout] warning: panic message is not a string literal
[INFO] [stdout]   --> src/files/scan.rs:71:32
[INFO] [stdout]    |
[INFO] [stdout] 71 | ...c!(format!("Expected test files at '{}' based on environment variable 'ENDEC_TEST_FILE_DIR', but the files were not found.", test_files_dir.to_string_lossy()...
[INFO] [stdout]    |       ^^^^^^^^^^^^^^^^^^^^^^^^^^^^^^^^^^^^^^^^^^^^^^^^^^^^^^^^^^^^^^^^^^^^^^^^^^^^^^^^^^^^^^^^^^^^^^^^^^^^^^^^^^^^^^^^^^^^^^^^^^^^^^^^^^^^^^^^^^^^^^^^^^^^^^^^^^^
[INFO] [stdout]    |
[INFO] [stdout]    = note: this usage of `panic!()` is deprecated; it will be a hard error in Rust 2021
[INFO] [stdout]    = note: for more information, see <https://doc.rust-lang.org/nightly/edition-guide/rust-2021/panic-macro-consistency.html>
[INFO] [stdout]    = note: the `panic!()` macro supports formatting, so there's no need for the `format!()` macro here
[INFO] [stdout]    = note: `#[warn(non_fmt_panics)]` on by default
[INFO] [stdout] help: remove the `format!(..)` macro call
[INFO] [stdout]    |
[INFO] [stdout] 71 -                         panic!(format!("Expected test files at '{}' based on environment variable 'ENDEC_TEST_FILE_DIR', but the files were not found.", test_files_dir.to_string_lossy()));
[INFO] [stdout] 71 +                         panic!("Expected test files at '{}' based on environment variable 'ENDEC_TEST_FILE_DIR', but the files were not found.", test_files_dir.to_string_lossy());
[INFO] [stdout]    |
[INFO] [stdout] 
[INFO] [stdout] 
[INFO] [stdout] warning: panic message is not a string literal
[INFO] [stdout]   --> src/files/scan.rs:74:34
[INFO] [stdout]    |
[INFO] [stdout] 74 | ...c!(format!("Expected test files at '{}' but they were not found; set the environment variable 'ENDEC_TEST_FILE_DIR' to the test file location.", test_files_dir.to_string_lossy()...
[INFO] [stdout]    |       ^^^^^^^^^^^^^^^^^^^^^^^^^^^^^^^^^^^^^^^^^^^^^^^^^^^^^^^^^^^^^^^^^^^^^^^^^^^^^^^^^^^^^^^^^^^^^^^^^^^^^^^^^^^^^^^^^^^^^^^^^^^^^^^^^^^^^^^^^^^^^^^^^^^^^^^^^^^^^^^^^^^^^^^^^^^^^^^
[INFO] [stdout]    |
[INFO] [stdout]    = note: this usage of `panic!()` is deprecated; it will be a hard error in Rust 2021
[INFO] [stdout]    = note: for more information, see <https://doc.rust-lang.org/nightly/edition-guide/rust-2021/panic-macro-consistency.html>
[INFO] [stdout]    = note: the `panic!()` macro supports formatting, so there's no need for the `format!()` macro here
[INFO] [stdout] help: remove the `format!(..)` macro call
[INFO] [stdout]    |
[INFO] [stdout] 74 -                 Err(_) => panic!(format!("Expected test files at '{}' but they were not found; set the environment variable 'ENDEC_TEST_FILE_DIR' to the test file location.", test_files_dir.to_string_lossy())),
[INFO] [stdout] 74 +                 Err(_) => panic!("Expected test files at '{}' but they were not found; set the environment variable 'ENDEC_TEST_FILE_DIR' to the test file location.", test_files_dir.to_string_lossy()),
[INFO] [stdout]    |
[INFO] [stdout] 
[INFO] [stdout] 
[INFO] [stdout] warning: for loop over a `&Option`. This is more readably written as an `if let` statement
[INFO] [stdout]    --> src/progress/indicatif.rs:125:24
[INFO] [stdout]     |
[INFO] [stdout] 125 |             for alg in &file_strat.strategy().compression_algorithm {
[INFO] [stdout]     |                        ^^^^^^^^^^^^^^^^^^^^^^^^^^^^^^^^^^^^^^^^^^^^
[INFO] [stdout]     |
[INFO] [stdout]     = note: `#[warn(for_loops_over_fallibles)]` on by default
[INFO] [stdout] help: to check pattern in a loop use `while let`
[INFO] [stdout]     |
[INFO] [stdout] 125 |             while let Some(alg) = &file_strat.strategy().compression_algorithm {
[INFO] [stdout]     |             ~~~~~~~~~~~~~~~   ~~~
[INFO] [stdout] help: consider using `if let` to clear intent
[INFO] [stdout]     |
[INFO] [stdout] 125 |             if let Some(alg) = &file_strat.strategy().compression_algorithm {
[INFO] [stdout]     |             ~~~~~~~~~~~~   ~~~
[INFO] [stdout] 
[INFO] [stdout] 
[INFO] [stderr]     Finished `test` profile [unoptimized + debuginfo] target(s) in 8.15s
[INFO] [stderr] warning: the following packages contain code that will be rejected by a future version of Rust: criterion v0.3.3, semver-parser v0.10.1
[INFO] [stderr] note: to see what the problems were, use the option `--future-incompat-report`, or run `cargo report future-incompatibilities --id 2`
[INFO] running `Command { std: "docker" "inspect" "1f35a97b0a6863a6ed18fe6f2201d00c56b36be2208b98b222e899689d9bd4de", kill_on_drop: false }`
[INFO] running `Command { std: "docker" "rm" "-f" "1f35a97b0a6863a6ed18fe6f2201d00c56b36be2208b98b222e899689d9bd4de", kill_on_drop: false }`
[INFO] [stdout] 1f35a97b0a6863a6ed18fe6f2201d00c56b36be2208b98b222e899689d9bd4de
[INFO] running `Command { std: "docker" "create" "-v" "/var/lib/crater-agent-workspace/builds/worker-6-tc1/target:/opt/rustwide/target:rw,Z" "-v" "/var/lib/crater-agent-workspace/builds/worker-6-tc1/source:/opt/rustwide/workdir:ro,Z" "-v" "/var/lib/crater-agent-workspace/cargo-home:/opt/rustwide/cargo-home:ro,Z" "-v" "/var/lib/crater-agent-workspace/rustup-home:/opt/rustwide/rustup-home:ro,Z" "-e" "SOURCE_DIR=/opt/rustwide/workdir" "-e" "CARGO_TARGET_DIR=/opt/rustwide/target" "-e" "CARGO_INCREMENTAL=0" "-e" "RUST_BACKTRACE=full" "-e" "RUSTFLAGS=--cap-lints=forbid" "-e" "RUSTDOCFLAGS=--cap-lints=forbid" "-e" "CARGO_HOME=/opt/rustwide/cargo-home" "-e" "RUSTUP_HOME=/opt/rustwide/rustup-home" "-w" "/opt/rustwide/workdir" "-m" "1610612736" "--user" "0:0" "--network" "none" "ghcr.io/rust-lang/crates-build-env/linux@sha256:4a844ea9eb2546a2d2c7022eacef16ef2e8229c7fbb2c7d4d55a9ceca922f72d" "/opt/rustwide/cargo-home/bin/cargo" "+nightly-2024-10-28" "test" "--frozen", kill_on_drop: false }`
[INFO] [stdout] 62d7a9a385218a896f7feef0050de7cf35841e64de6e9aee4eeb643e130a1eb0
[INFO] running `Command { std: "docker" "start" "-a" "62d7a9a385218a896f7feef0050de7cf35841e64de6e9aee4eeb643e130a1eb0", kill_on_drop: false }`
[INFO] [stderr] warning: unused import: `self::typ::Extension`
[INFO] [stderr]  --> src/config/mod.rs:4:9
[INFO] [stderr]   |
[INFO] [stderr] 4 | pub use self::typ::Extension;
[INFO] [stderr]   |         ^^^^^^^^^^^^^^^^^^^^
[INFO] [stderr]   |
[INFO] [stderr]   = note: `#[warn(unused_imports)]` on by default
[INFO] [stderr] 
[INFO] [stderr] warning: unused import: `crate::config::enc::EncryptConfig`
[INFO] [stderr]   --> src/orchestrate/decrypt.rs:18:9
[INFO] [stderr]    |
[INFO] [stderr] 18 | pub use crate::config::enc::EncryptConfig;
[INFO] [stderr]    |         ^^^^^^^^^^^^^^^^^^^^^^^^^^^^^^^^^
[INFO] [stderr] 
[INFO] [stderr] warning: unused imports: `KeySource` and `Key`
[INFO] [stderr]   --> src/orchestrate/decrypt.rs:22:22
[INFO] [stderr]    |
[INFO] [stderr] 22 | pub use crate::key::{Key, KeySource};
[INFO] [stderr]    |                      ^^^  ^^^^^^^^^
[INFO] [stderr] 
[INFO] [stderr] warning: for loop over a `&Option`. This is more readably written as an `if let` statement
[INFO] [stderr]    --> src/progress/indicatif.rs:125:24
[INFO] [stderr]     |
[INFO] [stderr] 125 |             for alg in &file_strat.strategy().compression_algorithm {
[INFO] [stderr]     |                        ^^^^^^^^^^^^^^^^^^^^^^^^^^^^^^^^^^^^^^^^^^^^
[INFO] [stderr]     |
[INFO] [stderr]     = note: `#[warn(for_loops_over_fallibles)]` on by default
[INFO] [stderr] help: to check pattern in a loop use `while let`
[INFO] [stderr]     |
[INFO] [stderr] 125 |             while let Some(alg) = &file_strat.strategy().compression_algorithm {
[INFO] [stderr]     |             ~~~~~~~~~~~~~~~   ~~~
[INFO] [stderr] help: consider using `if let` to clear intent
[INFO] [stderr]     |
[INFO] [stderr] 125 |             if let Some(alg) = &file_strat.strategy().compression_algorithm {
[INFO] [stderr]     |             ~~~~~~~~~~~~   ~~~
[INFO] [stderr] 
[INFO] [stderr] warning: `file_endec` (lib) generated 4 warnings (run `cargo fix --lib -p file_endec` to apply 3 suggestions)
[INFO] [stderr] warning: panic message is not a string literal
[INFO] [stderr]   --> src/files/scan.rs:71:32
[INFO] [stderr]    |
[INFO] [stderr] 71 | ...c!(format!("Expected test files at '{}' based on environment variable 'ENDEC_TEST_FILE_DIR', but the files were not found.", test_files_dir.to_string_lossy()...
[INFO] [stderr]    |       ^^^^^^^^^^^^^^^^^^^^^^^^^^^^^^^^^^^^^^^^^^^^^^^^^^^^^^^^^^^^^^^^^^^^^^^^^^^^^^^^^^^^^^^^^^^^^^^^^^^^^^^^^^^^^^^^^^^^^^^^^^^^^^^^^^^^^^^^^^^^^^^^^^^^^^^^^^^
[INFO] [stderr]    |
[INFO] [stderr]    = note: this usage of `panic!()` is deprecated; it will be a hard error in Rust 2021
[INFO] [stderr]    = note: for more information, see <https://doc.rust-lang.org/nightly/edition-guide/rust-2021/panic-macro-consistency.html>
[INFO] [stderr]    = note: the `panic!()` macro supports formatting, so there's no need for the `format!()` macro here
[INFO] [stderr]    = note: `#[warn(non_fmt_panics)]` on by default
[INFO] [stderr] help: remove the `format!(..)` macro call
[INFO] [stderr]    |
[INFO] [stderr] 71 -                         panic!(format!("Expected test files at '{}' based on environment variable 'ENDEC_TEST_FILE_DIR', but the files were not found.", test_files_dir.to_string_lossy()));
[INFO] [stderr] 71 +                         panic!("Expected test files at '{}' based on environment variable 'ENDEC_TEST_FILE_DIR', but the files were not found.", test_files_dir.to_string_lossy());
[INFO] [stderr]    |
[INFO] [stderr] 
[INFO] [stderr] warning: panic message is not a string literal
[INFO] [stderr]   --> src/files/scan.rs:74:34
[INFO] [stderr]    |
[INFO] [stderr] 74 | ...c!(format!("Expected test files at '{}' but they were not found; set the environment variable 'ENDEC_TEST_FILE_DIR' to the test file location.", test_files_dir.to_string_lossy()...
[INFO] [stderr]    |       ^^^^^^^^^^^^^^^^^^^^^^^^^^^^^^^^^^^^^^^^^^^^^^^^^^^^^^^^^^^^^^^^^^^^^^^^^^^^^^^^^^^^^^^^^^^^^^^^^^^^^^^^^^^^^^^^^^^^^^^^^^^^^^^^^^^^^^^^^^^^^^^^^^^^^^^^^^^^^^^^^^^^^^^^^^^^^^^
[INFO] [stderr]    |
[INFO] [stderr]    = note: this usage of `panic!()` is deprecated; it will be a hard error in Rust 2021
[INFO] [stderr]    = note: for more information, see <https://doc.rust-lang.org/nightly/edition-guide/rust-2021/panic-macro-consistency.html>
[INFO] [stderr]    = note: the `panic!()` macro supports formatting, so there's no need for the `format!()` macro here
[INFO] [stderr] help: remove the `format!(..)` macro call
[INFO] [stderr]    |
[INFO] [stderr] 74 -                 Err(_) => panic!(format!("Expected test files at '{}' but they were not found; set the environment variable 'ENDEC_TEST_FILE_DIR' to the test file location.", test_files_dir.to_string_lossy())),
[INFO] [stderr] 74 +                 Err(_) => panic!("Expected test files at '{}' but they were not found; set the environment variable 'ENDEC_TEST_FILE_DIR' to the test file location.", test_files_dir.to_string_lossy()),
[INFO] [stderr]    |
[INFO] [stderr] 
[INFO] [stderr] warning: `file_endec` (lib test) generated 6 warnings (4 duplicates) (run `cargo fix --lib -p file_endec --tests` to apply 2 suggestions)
[INFO] [stderr]     Finished `test` profile [unoptimized + debuginfo] target(s) in 0.09s
[INFO] [stderr] warning: the following packages contain code that will be rejected by a future version of Rust: criterion v0.3.3, semver-parser v0.10.1
[INFO] [stderr] note: to see what the problems were, use the option `--future-incompat-report`, or run `cargo report future-incompatibilities --id 2`
[INFO] [stderr]      Running unittests src/lib.rs (/opt/rustwide/target/debug/deps/file_endec-60ac0e938246a525)
[INFO] [stdout] 
[INFO] [stdout] running 70 tests
[INFO] [stdout] test files::compress::tests::brotli_compression ... ok
[INFO] [stdout] test files::compress::tests::brotli_compression_empty ... ok
[INFO] [stdout] test files::checksum::tests::parse ... ok
[INFO] [stdout] test files::compress::tests::brotli_decompression ... ok
[INFO] [stdout] test files::compress::tests::brotli_decompression_empty ... ok
[INFO] [stdout] test files::mockfile::tests::generate ... ok
[INFO] [stdout] test header::decode::tests::read_v1_0_0_one ... ok
[INFO] [stdout] test header::decode::tests::read_v1_0_0_two ... ok
[INFO] [stdout] test header::decode::tests::skip_header_position ... ok
[INFO] [stdout] test header::decode::tests::stop_read_after_header ... ok
[INFO] [stdout] test header::encode::tests::write_v1_0_0_one ... ok
[INFO] [stdout] test header::encode::tests::write_v1_0_0_two ... ok
[INFO] [stdout] test files::checksum::tests::calculate ... ok
[INFO] [stdout] test header::strategy::tests::test_current_version_strategy ... ok
[INFO] [stdout] test files::scan::tests::find_files ... FAILED
[INFO] [stdout] test files::file_meta::tests::output_path ... ok
[INFO] [stdout] test key::hash::tests::test_hash_bcrypt ... ok
[INFO] [stdout] test key::hash::tests::test_hash_bcrypt_0 ... ok
[INFO] [stdout] test key::hash::tests::test_hash_sha256 ... ok
[INFO] [stdout] test key::salt::tests::debug_impl ... ok
[INFO] [stdout] test key::salt::tests::generate_salt_different ... ok
[INFO] [stdout] test key::salt::tests::generate_salt_entropy ... ok
[INFO] [stdout] test key::source::tests::invalid_key ... ok
[INFO] [stdout] test key::source::tests::valid_ask_once ... ok
[INFO] [stdout] test key::source::tests::valid_ask_twice ... ok
[INFO] [stdout] test key::source::tests::valid_env ... ok
[INFO] [stdout] test key::source::tests::valid_file ... ok
[INFO] [stdout] test key::source::tests::valid_pass ... ok
[INFO] [stdout] test key::source::tests::valid_pipe ... ok
[INFO] [stdout] test key::stretch::tests::stratch_test_password ... ignored
[INFO] [stdout] test orchestrate::decrypt::tests::fail_invalid_checksum ... FAILED
[INFO] [stdout] test orchestrate::decrypt::tests::load_all_versions ... FAILED
[INFO] [stdout] test orchestrate::encrypt::tests::store_current_version ... FAILED
[INFO] [stdout] test key::hash::tests::test_hash_sha256_0 ... ok
[INFO] [stdout] test symmetric::decrypt::tests::aes256_empty ... ok
[INFO] [stdout] test symmetric::decrypt::tests::aes256_small ... ok
[INFO] [stdout] test symmetric::decrypt::tests::aes256_big ... ok
[INFO] [stdout] test symmetric::decrypt::tests::twofish_empty ... ok
[INFO] [stdout] test symmetric::decrypt::tests::twofish_small ... ok
[INFO] [stdout] test symmetric::encrypt::tests::aes256_big ... ok
[INFO] [stdout] test symmetric::encrypt::tests::aes256_empty ... ok
[INFO] [stdout] test symmetric::encrypt::tests::aes256_small ... ok
[INFO] [stdout] test key::hash::tests::test_hash_argon2i ... ok
[INFO] [stdout] test symmetric::encrypt::tests::twofish_empty ... ok
[INFO] [stdout] test symmetric::encrypt::tests::twofish_small ... ok
[INFO] [stdout] test tests::demo ... ok
[INFO] [stdout] test util::base64::tests::base_u64 ... ok
[INFO] [stdout] test util::base64::tests::base_u8s ... ok
[INFO] [stdout] test util::pth::tests::output_absolute_no_output_dir_add_ext ... ok
[INFO] [stdout] test util::pth::tests::output_absolute_no_output_dir_strip_ext ... ok
[INFO] [stdout] test util::pth::tests::output_absolute_with_output_dir_add_ext ... ok
[INFO] [stdout] test util::pth::tests::output_absolute_with_output_dir_strip_ext ... ok
[INFO] [stdout] test util::pth::tests::output_just_name_no_output_dir_add_ext ... ok
[INFO] [stdout] test util::pth::tests::output_just_name_no_output_dir_strip_ext ... ok
[INFO] [stdout] test util::pth::tests::output_just_name_with_output_dir_add_ext ... ok
[INFO] [stdout] test util::pth::tests::output_just_name_with_output_dir_strip_ext ... ok
[INFO] [stdout] test util::pth::tests::output_relative_no_output_dir_add_ext ... ok
[INFO] [stdout] test util::pth::tests::output_relative_no_output_dir_strip_ext ... ok
[INFO] [stdout] test util::pth::tests::output_relative_with_output_dir_add_ext ... ok
[INFO] [stdout] test util::pth::tests::output_relative_with_output_dir_strip_ext ... ok
[INFO] [stdout] test util::pth::tests::strip_without_extension ... ok
[INFO] [stdout] test util::version::tests::minimum_version ... ok
[INFO] [stdout] test util::version::tests::numbers_only ... ok
[INFO] [stdout] test key::hash::tests::test_hash_argon2i_0 ... ok
[INFO] [stdout] test symmetric::encrypt::tests::twofish_big ... ok
[INFO] [stdout] test symmetric::decrypt::tests::twofish_big ... ok
[INFO] [stdout] test e2e::dry_run_passfile ... ok
[INFO] [stdout] test e2e::many_files ... ok
[INFO] [stdout] test e2e::output_dir_multi_salt ... ok
[INFO] [stdout] test e2e::large_file ... ok
[INFO] [stdout] 
[INFO] [stdout] failures:
[INFO] [stdout] 
[INFO] [stdout] ---- files::scan::tests::find_files stdout ----
[INFO] [stdout] thread 'files::scan::tests::find_files' panicked at src/files/scan.rs:74:27:
[INFO] [stdout] Expected test files at '/opt/rustwide/test_files' but they were not found; set the environment variable 'ENDEC_TEST_FILE_DIR' to the test file location.
[INFO] [stdout] stack backtrace:
[INFO] [stdout]    0:     0x60e7c6ffae9a - std::backtrace_rs::backtrace::libunwind::trace::h207520d6e9873551
[INFO] [stdout]                                at /rustc/df4ca44d3fbc9301ee17f30f4d474e6ae4b05252/library/std/src/../../backtrace/src/backtrace/libunwind.rs:116:5
[INFO] [stdout]    1:     0x60e7c6ffae9a - std::backtrace_rs::backtrace::trace_unsynchronized::h2ed7433f370e3eca
[INFO] [stdout]                                at /rustc/df4ca44d3fbc9301ee17f30f4d474e6ae4b05252/library/std/src/../../backtrace/src/backtrace/mod.rs:66:5
[INFO] [stdout]    2:     0x60e7c6ffae9a - std::sys::backtrace::_print_fmt::h916fac51166b18d7
[INFO] [stdout]                                at /rustc/df4ca44d3fbc9301ee17f30f4d474e6ae4b05252/library/std/src/sys/backtrace.rs:66:9
[INFO] [stdout]    3:     0x60e7c6ffae9a - <std::sys::backtrace::BacktraceLock::print::DisplayBacktrace as core::fmt::Display>::fmt::ha0a4c9b8ce3802e6
[INFO] [stdout]                                at /rustc/df4ca44d3fbc9301ee17f30f4d474e6ae4b05252/library/std/src/sys/backtrace.rs:39:26
[INFO] [stdout]    4:     0x60e7c70258b3 - core::fmt::rt::Argument::fmt::h4cfc8587d52b3eb5
[INFO] [stdout]                                at /rustc/df4ca44d3fbc9301ee17f30f4d474e6ae4b05252/library/core/src/fmt/rt.rs:177:76
[INFO] [stdout]    5:     0x60e7c70258b3 - core::fmt::write::h522cc39e5b36ae9f
[INFO] [stdout]                                at /rustc/df4ca44d3fbc9301ee17f30f4d474e6ae4b05252/library/core/src/fmt/mod.rs:1190:21
[INFO] [stdout]    6:     0x60e7c6ff6983 - std::io::Write::write_fmt::h7d3c26752da97734
[INFO] [stdout]                                at /rustc/df4ca44d3fbc9301ee17f30f4d474e6ae4b05252/library/std/src/io/mod.rs:1839:15
[INFO] [stdout]    7:     0x60e7c6fface2 - std::sys::backtrace::BacktraceLock::print::h4b9e00b29e9c0942
[INFO] [stdout]                                at /rustc/df4ca44d3fbc9301ee17f30f4d474e6ae4b05252/library/std/src/sys/backtrace.rs:42:9
[INFO] [stdout]    8:     0x60e7c6ffc32a - std::panicking::default_hook::{{closure}}::hb59b88280d0324d9
[INFO] [stdout]                                at /rustc/df4ca44d3fbc9301ee17f30f4d474e6ae4b05252/library/std/src/panicking.rs:268:22
[INFO] [stdout]    9:     0x60e7c6ffc134 - std::panicking::default_hook::he1dd496665be4a29
[INFO] [stdout]                                at /rustc/df4ca44d3fbc9301ee17f30f4d474e6ae4b05252/library/std/src/panicking.rs:292:9
[INFO] [stdout]   10:     0x60e7c6b40129 - <alloc::boxed::Box<F,A> as core::ops::function::Fn<Args>>::call::h4ff71de18744e1dc
[INFO] [stdout]                                at /rustc/df4ca44d3fbc9301ee17f30f4d474e6ae4b05252/library/alloc/src/boxed.rs:2468:9
[INFO] [stdout]   11:     0x60e7c6b40129 - test::test_main::{{closure}}::hcf7c055ce117aa81
[INFO] [stdout]                                at /rustc/df4ca44d3fbc9301ee17f30f4d474e6ae4b05252/library/test/src/lib.rs:133:21
[INFO] [stdout]   12:     0x60e7c6ffca28 - <alloc::boxed::Box<F,A> as core::ops::function::Fn<Args>>::call::h1d66c6bbd60c9692
[INFO] [stdout]                                at /rustc/df4ca44d3fbc9301ee17f30f4d474e6ae4b05252/library/alloc/src/boxed.rs:2468:9
[INFO] [stdout]   13:     0x60e7c6ffca28 - std::panicking::rust_panic_with_hook::h2ff17fe8f26dfcf8
[INFO] [stdout]                                at /rustc/df4ca44d3fbc9301ee17f30f4d474e6ae4b05252/library/std/src/panicking.rs:809:13
[INFO] [stdout]   14:     0x60e7c6a9275b - std::panicking::begin_panic::{{closure}}::h35db5bee6a60a7d8
[INFO] [stdout]                                at /rustc/df4ca44d3fbc9301ee17f30f4d474e6ae4b05252/library/std/src/panicking.rs:738:9
[INFO] [stdout]   15:     0x60e7c6a926a6 - std::sys::backtrace::__rust_end_short_backtrace::h907f4338f94ead40
[INFO] [stdout]                                at /rustc/df4ca44d3fbc9301ee17f30f4d474e6ae4b05252/library/std/src/sys/backtrace.rs:170:18
[INFO] [stdout]   16:     0x60e7c6a926f3 - std::panicking::begin_panic::h6abcb951fd3d6f52
[INFO] [stdout]                                at /rustc/df4ca44d3fbc9301ee17f30f4d474e6ae4b05252/library/std/src/panicking.rs:737:5
[INFO] [stdout]   17:     0x60e7c6a5b897 - <file_endec::files::scan::TEST_FILE_DIR as core::ops::deref::Deref>::deref::__static_ref_initialize::haeab03ad07dab774
[INFO] [stdout]                                at /opt/rustwide/workdir/src/files/scan.rs:74:27
[INFO] [stdout]   18:     0x60e7c6a5b897 - core::ops::function::FnOnce::call_once::hd1572d4e12c6a598
[INFO] [stdout]                                at /rustc/df4ca44d3fbc9301ee17f30f4d474e6ae4b05252/library/core/src/ops/function.rs:250:5
[INFO] [stdout]   19:     0x60e7c6a74ec0 - lazy_static::lazy::Lazy<T>::get::{{closure}}::h9ee097d4c5546295
[INFO] [stdout]                                at /opt/rustwide/cargo-home/registry/src/index.crates.io-6f17d22bba15001f/lazy_static-1.4.0/src/inline_lazy.rs:31:29
[INFO] [stdout]   20:     0x60e7c6a86538 - std::sync::once::Once::call_once::{{closure}}::h2c3cac1bcebe141b
[INFO] [stdout]                                at /rustc/df4ca44d3fbc9301ee17f30f4d474e6ae4b05252/library/std/src/sync/once.rs:158:41
[INFO] [stdout]   21:     0x60e7c70063e3 - std::sys::sync::once::futex::Once::call::h71269da0f72c5b8f
[INFO] [stdout]                                at /rustc/df4ca44d3fbc9301ee17f30f4d474e6ae4b05252/library/std/src/sys/sync/once/futex.rs:176:21
[INFO] [stdout]   22:     0x60e7c6a86434 - std::sync::once::Once::call_once::hbe47279576cfeca3
[INFO] [stdout]                                at /rustc/df4ca44d3fbc9301ee17f30f4d474e6ae4b05252/library/std/src/sync/once.rs:158:9
[INFO] [stdout]   23:     0x60e7c6a69aaf - lazy_static::lazy::Lazy<T>::get::hab18e04cf807ff7a
[INFO] [stdout]                                at /opt/rustwide/cargo-home/registry/src/index.crates.io-6f17d22bba15001f/lazy_static-1.4.0/src/inline_lazy.rs:30:9
[INFO] [stdout]   24:     0x60e7c6a69aaf - <file_endec::files::scan::TEST_FILE_DIR as core::ops::deref::Deref>::deref::__stability::h44a3c6610a56760d
[INFO] [stdout]                                at /opt/rustwide/cargo-home/registry/src/index.crates.io-6f17d22bba15001f/lazy_static-1.4.0/src/lib.rs:142:21
[INFO] [stdout]   25:     0x60e7c6a69aaf - <file_endec::files::scan::TEST_FILE_DIR as core::ops::deref::Deref>::deref::hcf6aa9254b9bcea3
[INFO] [stdout]                                at /opt/rustwide/cargo-home/registry/src/index.crates.io-6f17d22bba15001f/lazy_static-1.4.0/src/lib.rs:144:17
[INFO] [stdout]   26:     0x60e7c6a69b43 - file_endec::files::scan::tests::find_files::h7796b252298c27a6
[INFO] [stdout]                                at /opt/rustwide/workdir/src/files/scan.rs:87:43
[INFO] [stdout]   27:     0x60e7c6a69b17 - file_endec::files::scan::tests::find_files::{{closure}}::he8b28786bd5e3584
[INFO] [stdout]                                at /opt/rustwide/workdir/src/files/scan.rs:86:20
[INFO] [stdout]   28:     0x60e7c6a5a776 - core::ops::function::FnOnce::call_once::h781372a90251559c
[INFO] [stdout]                                at /rustc/df4ca44d3fbc9301ee17f30f4d474e6ae4b05252/library/core/src/ops/function.rs:250:5
[INFO] [stdout]   29:     0x60e7c6b449fb - core::ops::function::FnOnce::call_once::h22c3ba5715e93f05
[INFO] [stdout]                                at /rustc/df4ca44d3fbc9301ee17f30f4d474e6ae4b05252/library/core/src/ops/function.rs:250:5
[INFO] [stdout]   30:     0x60e7c6b449fb - test::__rust_begin_short_backtrace::h8e82d8113d0da17f
[INFO] [stdout]                                at /rustc/df4ca44d3fbc9301ee17f30f4d474e6ae4b05252/library/test/src/lib.rs:621:18
[INFO] [stdout]   31:     0x60e7c6b44377 - test::run_test_in_process::{{closure}}::h33235f4f20b7b7c7
[INFO] [stdout]                                at /rustc/df4ca44d3fbc9301ee17f30f4d474e6ae4b05252/library/test/src/lib.rs:644:60
[INFO] [stdout]   32:     0x60e7c6b44377 - <core::panic::unwind_safe::AssertUnwindSafe<F> as core::ops::function::FnOnce<()>>::call_once::hb5043206310c586f
[INFO] [stdout]                                at /rustc/df4ca44d3fbc9301ee17f30f4d474e6ae4b05252/library/core/src/panic/unwind_safe.rs:272:9
[INFO] [stdout]   33:     0x60e7c6b44377 - std::panicking::try::do_call::h9ad4731a60ab23e2
[INFO] [stdout]                                at /rustc/df4ca44d3fbc9301ee17f30f4d474e6ae4b05252/library/std/src/panicking.rs:557:40
[INFO] [stdout]   34:     0x60e7c6b44377 - std::panicking::try::h3824d23db772a716
[INFO] [stdout]                                at /rustc/df4ca44d3fbc9301ee17f30f4d474e6ae4b05252/library/std/src/panicking.rs:520:19
[INFO] [stdout]   35:     0x60e7c6b44377 - std::panic::catch_unwind::h5afd514605fde46b
[INFO] [stdout]                                at /rustc/df4ca44d3fbc9301ee17f30f4d474e6ae4b05252/library/std/src/panic.rs:358:14
[INFO] [stdout]   36:     0x60e7c6b44377 - test::run_test_in_process::h0d5cbfa7067d1720
[INFO] [stdout]                                at /rustc/df4ca44d3fbc9301ee17f30f4d474e6ae4b05252/library/test/src/lib.rs:644:27
[INFO] [stdout]   37:     0x60e7c6b44377 - test::run_test::{{closure}}::h708eb8872708115d
[INFO] [stdout]                                at /rustc/df4ca44d3fbc9301ee17f30f4d474e6ae4b05252/library/test/src/lib.rs:565:43
[INFO] [stdout]   38:     0x60e7c6b07a94 - test::run_test::{{closure}}::h392c51cee94713ab
[INFO] [stdout]                                at /rustc/df4ca44d3fbc9301ee17f30f4d474e6ae4b05252/library/test/src/lib.rs:595:41
[INFO] [stdout]   39:     0x60e7c6b07a94 - std::sys::backtrace::__rust_begin_short_backtrace::h2f40290710935a8b
[INFO] [stdout]                                at /rustc/df4ca44d3fbc9301ee17f30f4d474e6ae4b05252/library/std/src/sys/backtrace.rs:154:18
[INFO] [stdout]   40:     0x60e7c6b0b23e - std::thread::Builder::spawn_unchecked_::{{closure}}::{{closure}}::h3fd968d89053a903
[INFO] [stdout]                                at /rustc/df4ca44d3fbc9301ee17f30f4d474e6ae4b05252/library/std/src/thread/mod.rs:541:17
[INFO] [stdout]   41:     0x60e7c6b0b23e - <core::panic::unwind_safe::AssertUnwindSafe<F> as core::ops::function::FnOnce<()>>::call_once::h743f637ba4229880
[INFO] [stdout]                                at /rustc/df4ca44d3fbc9301ee17f30f4d474e6ae4b05252/library/core/src/panic/unwind_safe.rs:272:9
[INFO] [stdout]   42:     0x60e7c6b0b23e - std::panicking::try::do_call::h07440897322525a6
[INFO] [stdout]                                at /rustc/df4ca44d3fbc9301ee17f30f4d474e6ae4b05252/library/std/src/panicking.rs:557:40
[INFO] [stdout]   43:     0x60e7c6b0b23e - std::panicking::try::he5a2e00188156637
[INFO] [stdout]                                at /rustc/df4ca44d3fbc9301ee17f30f4d474e6ae4b05252/library/std/src/panicking.rs:520:19
[INFO] [stdout]   44:     0x60e7c6b0b23e - std::panic::catch_unwind::hbaf3cae49b3c6433
[INFO] [stdout]                                at /rustc/df4ca44d3fbc9301ee17f30f4d474e6ae4b05252/library/std/src/panic.rs:358:14
[INFO] [stdout]   45:     0x60e7c6b0b23e - std::thread::Builder::spawn_unchecked_::{{closure}}::h8e141ea224820bce
[INFO] [stdout]                                at /rustc/df4ca44d3fbc9301ee17f30f4d474e6ae4b05252/library/std/src/thread/mod.rs:540:30
[INFO] [stdout]   46:     0x60e7c6b0b23e - core::ops::function::FnOnce::call_once{{vtable.shim}}::h90d312fedd7b8ea8
[INFO] [stdout]                                at /rustc/df4ca44d3fbc9301ee17f30f4d474e6ae4b05252/library/core/src/ops/function.rs:250:5
[INFO] [stdout]   47:     0x60e7c70022fb - <alloc::boxed::Box<F,A> as core::ops::function::FnOnce<Args>>::call_once::h69aa08ddb6adb8b6
[INFO] [stdout]                                at /rustc/df4ca44d3fbc9301ee17f30f4d474e6ae4b05252/library/alloc/src/boxed.rs:2454:9
[INFO] [stdout]   48:     0x60e7c70022fb - <alloc::boxed::Box<F,A> as core::ops::function::FnOnce<Args>>::call_once::h5aa36efdb79c806f
[INFO] [stdout]                                at /rustc/df4ca44d3fbc9301ee17f30f4d474e6ae4b05252/library/alloc/src/boxed.rs:2454:9
[INFO] [stdout]   49:     0x60e7c70022fb - std::sys::pal::unix::thread::Thread::new::thread_start::h6cd80a1b4be5158d
[INFO] [stdout]                                at /rustc/df4ca44d3fbc9301ee17f30f4d474e6ae4b05252/library/std/src/sys/pal/unix/thread.rs:105:17
[INFO] [stdout]   50:     0x782dc0227ac3 - <unknown>
[INFO] [stdout]   51:     0x782dc02b8a04 - clone
[INFO] [stdout]   52:                0x0 - <unknown>
[INFO] [stdout] 
[INFO] [stdout] ---- orchestrate::decrypt::tests::fail_invalid_checksum stdout ----
[INFO] [stdout] thread 'orchestrate::decrypt::tests::fail_invalid_checksum' panicked at /opt/rustwide/cargo-home/registry/src/index.crates.io-6f17d22bba15001f/lazy_static-1.4.0/src/inline_lazy.rs:30:16:
[INFO] [stdout] Once instance has previously been poisoned
[INFO] [stdout] stack backtrace:
[INFO] [stdout]    0:     0x60e7c6ffae9a - std::backtrace_rs::backtrace::libunwind::trace::h207520d6e9873551
[INFO] [stdout]                                at /rustc/df4ca44d3fbc9301ee17f30f4d474e6ae4b05252/library/std/src/../../backtrace/src/backtrace/libunwind.rs:116:5
[INFO] [stdout]    1:     0x60e7c6ffae9a - std::backtrace_rs::backtrace::trace_unsynchronized::h2ed7433f370e3eca
[INFO] [stdout]                                at /rustc/df4ca44d3fbc9301ee17f30f4d474e6ae4b05252/library/std/src/../../backtrace/src/backtrace/mod.rs:66:5
[INFO] [stdout]    2:     0x60e7c6ffae9a - std::sys::backtrace::_print_fmt::h916fac51166b18d7
[INFO] [stdout]                                at /rustc/df4ca44d3fbc9301ee17f30f4d474e6ae4b05252/library/std/src/sys/backtrace.rs:66:9
[INFO] [stdout]    3:     0x60e7c6ffae9a - <std::sys::backtrace::BacktraceLock::print::DisplayBacktrace as core::fmt::Display>::fmt::ha0a4c9b8ce3802e6
[INFO] [stdout]                                at /rustc/df4ca44d3fbc9301ee17f30f4d474e6ae4b05252/library/std/src/sys/backtrace.rs:39:26
[INFO] [stdout]    4:     0x60e7c70258b3 - core::fmt::rt::Argument::fmt::h4cfc8587d52b3eb5
[INFO] [stdout]                                at /rustc/df4ca44d3fbc9301ee17f30f4d474e6ae4b05252/library/core/src/fmt/rt.rs:177:76
[INFO] [stdout]    5:     0x60e7c70258b3 - core::fmt::write::h522cc39e5b36ae9f
[INFO] [stdout]                                at /rustc/df4ca44d3fbc9301ee17f30f4d474e6ae4b05252/library/core/src/fmt/mod.rs:1190:21
[INFO] [stdout]    6:     0x60e7c6ff6983 - std::io::Write::write_fmt::h7d3c26752da97734
[INFO] [stdout]                                at /rustc/df4ca44d3fbc9301ee17f30f4d474e6ae4b05252/library/std/src/io/mod.rs:1839:15
[INFO] [stdout]    7:     0x60e7c6fface2 - std::sys::backtrace::BacktraceLock::print::h4b9e00b29e9c0942
[INFO] [stdout]                                at /rustc/df4ca44d3fbc9301ee17f30f4d474e6ae4b05252/library/std/src/sys/backtrace.rs:42:9
[INFO] [stdout]    8:     0x60e7c6ffc32a - std::panicking::default_hook::{{closure}}::hb59b88280d0324d9
[INFO] [stdout]                                at /rustc/df4ca44d3fbc9301ee17f30f4d474e6ae4b05252/library/std/src/panicking.rs:268:22
[INFO] [stdout]    9:     0x60e7c6ffc134 - std::panicking::default_hook::he1dd496665be4a29
[INFO] [stdout]                                at /rustc/df4ca44d3fbc9301ee17f30f4d474e6ae4b05252/library/std/src/panicking.rs:292:9
[INFO] [stdout]   10:     0x60e7c6b40129 - <alloc::boxed::Box<F,A> as core::ops::function::Fn<Args>>::call::h4ff71de18744e1dc
[INFO] [stdout]                                at /rustc/df4ca44d3fbc9301ee17f30f4d474e6ae4b05252/library/alloc/src/boxed.rs:2468:9
[INFO] [stdout]   11:     0x60e7c6b40129 - test::test_main::{{closure}}::hcf7c055ce117aa81
[INFO] [stdout]                                at /rustc/df4ca44d3fbc9301ee17f30f4d474e6ae4b05252/library/test/src/lib.rs:133:21
[INFO] [stdout]   12:     0x60e7c6ffca28 - <alloc::boxed::Box<F,A> as core::ops::function::Fn<Args>>::call::h1d66c6bbd60c9692
[INFO] [stdout]                                at /rustc/df4ca44d3fbc9301ee17f30f4d474e6ae4b05252/library/alloc/src/boxed.rs:2468:9
[INFO] [stdout]   13:     0x60e7c6ffca28 - std::panicking::rust_panic_with_hook::h2ff17fe8f26dfcf8
[INFO] [stdout]                                at /rustc/df4ca44d3fbc9301ee17f30f4d474e6ae4b05252/library/std/src/panicking.rs:809:13
[INFO] [stdout]   14:     0x60e7c6ffc7b6 - std::panicking::begin_panic_handler::{{closure}}::h4fad77951c07e101
[INFO] [stdout]                                at /rustc/df4ca44d3fbc9301ee17f30f4d474e6ae4b05252/library/std/src/panicking.rs:667:13
[INFO] [stdout]   15:     0x60e7c6ffb379 - std::sys::backtrace::__rust_end_short_backtrace::hb1a25b3da5d0ea08
[INFO] [stdout]                                at /rustc/df4ca44d3fbc9301ee17f30f4d474e6ae4b05252/library/std/src/sys/backtrace.rs:170:18
[INFO] [stdout]   16:     0x60e7c6ffc47c - rust_begin_unwind
[INFO] [stdout]                                at /rustc/df4ca44d3fbc9301ee17f30f4d474e6ae4b05252/library/std/src/panicking.rs:665:5
[INFO] [stdout]   17:     0x60e7c7023060 - core::panicking::panic_fmt::ha9db07b529f9b256
[INFO] [stdout]                                at /rustc/df4ca44d3fbc9301ee17f30f4d474e6ae4b05252/library/core/src/panicking.rs:75:14
[INFO] [stdout]   18:     0x60e7c70063c0 - std::sys::sync::once::futex::Once::call::h71269da0f72c5b8f
[INFO] [stdout]                                at /rustc/df4ca44d3fbc9301ee17f30f4d474e6ae4b05252/library/std/src/sys/sync/once/futex.rs:148:21
[INFO] [stdout]   19:     0x60e7c6a86434 - std::sync::once::Once::call_once::hbe47279576cfeca3
[INFO] [stdout]                                at /rustc/df4ca44d3fbc9301ee17f30f4d474e6ae4b05252/library/std/src/sync/once.rs:158:9
[INFO] [stdout]   20:     0x60e7c6a69aaf - lazy_static::lazy::Lazy<T>::get::hab18e04cf807ff7a
[INFO] [stdout]                                at /opt/rustwide/cargo-home/registry/src/index.crates.io-6f17d22bba15001f/lazy_static-1.4.0/src/inline_lazy.rs:30:9
[INFO] [stdout]   21:     0x60e7c6a69aaf - <file_endec::files::scan::TEST_FILE_DIR as core::ops::deref::Deref>::deref::__stability::h44a3c6610a56760d
[INFO] [stdout]                                at /opt/rustwide/cargo-home/registry/src/index.crates.io-6f17d22bba15001f/lazy_static-1.4.0/src/lib.rs:142:21
[INFO] [stdout]   22:     0x60e7c6a69aaf - <file_endec::files::scan::TEST_FILE_DIR as core::ops::deref::Deref>::deref::hcf6aa9254b9bcea3
[INFO] [stdout]                                at /opt/rustwide/cargo-home/registry/src/index.crates.io-6f17d22bba15001f/lazy_static-1.4.0/src/lib.rs:144:17
[INFO] [stdout]   23:     0x60e7c6a6d653 - file_endec::orchestrate::decrypt::tests::fail_invalid_checksum::ha4e0ff1dacc7054c
[INFO] [stdout]                                at /opt/rustwide/workdir/src/orchestrate/decrypt.rs:227:27
[INFO] [stdout]   24:     0x60e7c6a6d607 - file_endec::orchestrate::decrypt::tests::fail_invalid_checksum::{{closure}}::h8ffd1dc7f0eca082
[INFO] [stdout]                                at /opt/rustwide/workdir/src/orchestrate/decrypt.rs:226:31
[INFO] [stdout]   25:     0x60e7c6a59e26 - core::ops::function::FnOnce::call_once::h224f9989a77c7f4e
[INFO] [stdout]                                at /rustc/df4ca44d3fbc9301ee17f30f4d474e6ae4b05252/library/core/src/ops/function.rs:250:5
[INFO] [stdout]   26:     0x60e7c6b449fb - core::ops::function::FnOnce::call_once::h22c3ba5715e93f05
[INFO] [stdout]                                at /rustc/df4ca44d3fbc9301ee17f30f4d474e6ae4b05252/library/core/src/ops/function.rs:250:5
[INFO] [stdout]   27:     0x60e7c6b449fb - test::__rust_begin_short_backtrace::h8e82d8113d0da17f
[INFO] [stdout]                                at /rustc/df4ca44d3fbc9301ee17f30f4d474e6ae4b05252/library/test/src/lib.rs:621:18
[INFO] [stdout]   28:     0x60e7c6b44377 - test::run_test_in_process::{{closure}}::h33235f4f20b7b7c7
[INFO] [stdout]                                at /rustc/df4ca44d3fbc9301ee17f30f4d474e6ae4b05252/library/test/src/lib.rs:644:60
[INFO] [stdout]   29:     0x60e7c6b44377 - <core::panic::unwind_safe::AssertUnwindSafe<F> as core::ops::function::FnOnce<()>>::call_once::hb5043206310c586f
[INFO] [stdout]                                at /rustc/df4ca44d3fbc9301ee17f30f4d474e6ae4b05252/library/core/src/panic/unwind_safe.rs:272:9
[INFO] [stdout]   30:     0x60e7c6b44377 - std::panicking::try::do_call::h9ad4731a60ab23e2
[INFO] [stdout]                                at /rustc/df4ca44d3fbc9301ee17f30f4d474e6ae4b05252/library/std/src/panicking.rs:557:40
[INFO] [stdout]   31:     0x60e7c6b44377 - std::panicking::try::h3824d23db772a716
[INFO] [stdout]                                at /rustc/df4ca44d3fbc9301ee17f30f4d474e6ae4b05252/library/std/src/panicking.rs:520:19
[INFO] [stdout]   32:     0x60e7c6b44377 - std::panic::catch_unwind::h5afd514605fde46b
[INFO] [stdout]                                at /rustc/df4ca44d3fbc9301ee17f30f4d474e6ae4b05252/library/std/src/panic.rs:358:14
[INFO] [stdout]   33:     0x60e7c6b44377 - test::run_test_in_process::h0d5cbfa7067d1720
[INFO] [stdout]                                at /rustc/df4ca44d3fbc9301ee17f30f4d474e6ae4b05252/library/test/src/lib.rs:644:27
[INFO] [stdout]   34:     0x60e7c6b44377 - test::run_test::{{closure}}::h708eb8872708115d
[INFO] [stdout]                                at /rustc/df4ca44d3fbc9301ee17f30f4d474e6ae4b05252/library/test/src/lib.rs:565:43
[INFO] [stdout]   35:     0x60e7c6b07a94 - test::run_test::{{closure}}::h392c51cee94713ab
[INFO] [stdout]                                at /rustc/df4ca44d3fbc9301ee17f30f4d474e6ae4b05252/library/test/src/lib.rs:595:41
[INFO] [stdout]   36:     0x60e7c6b07a94 - std::sys::backtrace::__rust_begin_short_backtrace::h2f40290710935a8b
[INFO] [stdout]                                at /rustc/df4ca44d3fbc9301ee17f30f4d474e6ae4b05252/library/std/src/sys/backtrace.rs:154:18
[INFO] [stdout]   37:     0x60e7c6b0b23e - std::thread::Builder::spawn_unchecked_::{{closure}}::{{closure}}::h3fd968d89053a903
[INFO] [stdout]                                at /rustc/df4ca44d3fbc9301ee17f30f4d474e6ae4b05252/library/std/src/thread/mod.rs:541:17
[INFO] [stdout]   38:     0x60e7c6b0b23e - <core::panic::unwind_safe::AssertUnwindSafe<F> as core::ops::function::FnOnce<()>>::call_once::h743f637ba4229880
[INFO] [stdout]                                at /rustc/df4ca44d3fbc9301ee17f30f4d474e6ae4b05252/library/core/src/panic/unwind_safe.rs:272:9
[INFO] [stdout]   39:     0x60e7c6b0b23e - std::panicking::try::do_call::h07440897322525a6
[INFO] [stdout]                                at /rustc/df4ca44d3fbc9301ee17f30f4d474e6ae4b05252/library/std/src/panicking.rs:557:40
[INFO] [stdout]   40:     0x60e7c6b0b23e - std::panicking::try::he5a2e00188156637
[INFO] [stdout]                                at /rustc/df4ca44d3fbc9301ee17f30f4d474e6ae4b05252/library/std/src/panicking.rs:520:19
[INFO] [stdout]   41:     0x60e7c6b0b23e - std::panic::catch_unwind::hbaf3cae49b3c6433
[INFO] [stdout]                                at /rustc/df4ca44d3fbc9301ee17f30f4d474e6ae4b05252/library/std/src/panic.rs:358:14
[INFO] [stdout]   42:     0x60e7c6b0b23e - std::thread::Builder::spawn_unchecked_::{{closure}}::h8e141ea224820bce
[INFO] [stdout]                                at /rustc/df4ca44d3fbc9301ee17f30f4d474e6ae4b05252/library/std/src/thread/mod.rs:540:30
[INFO] [stdout]   43:     0x60e7c6b0b23e - core::ops::function::FnOnce::call_once{{vtable.shim}}::h90d312fedd7b8ea8
[INFO] [stdout]                                at /rustc/df4ca44d3fbc9301ee17f30f4d474e6ae4b05252/library/core/src/ops/function.rs:250:5
[INFO] [stdout]   44:     0x60e7c70022fb - <alloc::boxed::Box<F,A> as core::ops::function::FnOnce<Args>>::call_once::h69aa08ddb6adb8b6
[INFO] [stdout]                                at /rustc/df4ca44d3fbc9301ee17f30f4d474e6ae4b05252/library/alloc/src/boxed.rs:2454:9
[INFO] [stdout]   45:     0x60e7c70022fb - <alloc::boxed::Box<F,A> as core::ops::function::FnOnce<Args>>::call_once::h5aa36efdb79c806f
[INFO] [stdout]                                at /rustc/df4ca44d3fbc9301ee17f30f4d474e6ae4b05252/library/alloc/src/boxed.rs:2454:9
[INFO] [stdout]   46:     0x60e7c70022fb - std::sys::pal::unix::thread::Thread::new::thread_start::h6cd80a1b4be5158d
[INFO] [stdout]                                at /rustc/df4ca44d3fbc9301ee17f30f4d474e6ae4b05252/library/std/src/sys/pal/unix/thread.rs:105:17
[INFO] [stdout]   47:     0x782dc0227ac3 - <unknown>
[INFO] [stdout]   48:     0x782dc02b8a04 - clone
[INFO] [stdout]   49:                0x0 - <unknown>
[INFO] [stdout] 
[INFO] [stdout] ---- orchestrate::decrypt::tests::load_all_versions stdout ----
[INFO] [stdout] thread 'orchestrate::decrypt::tests::load_all_versions' panicked at /opt/rustwide/cargo-home/registry/src/index.crates.io-6f17d22bba15001f/lazy_static-1.4.0/src/inline_lazy.rs:30:16:
[INFO] [stdout] Once instance has previously been poisoned
[INFO] [stdout] stack backtrace:
[INFO] [stdout]    0:     0x60e7c6ffae9a - std::backtrace_rs::backtrace::libunwind::trace::h207520d6e9873551
[INFO] [stdout]                                at /rustc/df4ca44d3fbc9301ee17f30f4d474e6ae4b05252/library/std/src/../../backtrace/src/backtrace/libunwind.rs:116:5
[INFO] [stdout]    1:     0x60e7c6ffae9a - std::backtrace_rs::backtrace::trace_unsynchronized::h2ed7433f370e3eca
[INFO] [stdout]                                at /rustc/df4ca44d3fbc9301ee17f30f4d474e6ae4b05252/library/std/src/../../backtrace/src/backtrace/mod.rs:66:5
[INFO] [stdout]    2:     0x60e7c6ffae9a - std::sys::backtrace::_print_fmt::h916fac51166b18d7
[INFO] [stdout]                                at /rustc/df4ca44d3fbc9301ee17f30f4d474e6ae4b05252/library/std/src/sys/backtrace.rs:66:9
[INFO] [stdout]    3:     0x60e7c6ffae9a - <std::sys::backtrace::BacktraceLock::print::DisplayBacktrace as core::fmt::Display>::fmt::ha0a4c9b8ce3802e6
[INFO] [stdout]                                at /rustc/df4ca44d3fbc9301ee17f30f4d474e6ae4b05252/library/std/src/sys/backtrace.rs:39:26
[INFO] [stdout]    4:     0x60e7c70258b3 - core::fmt::rt::Argument::fmt::h4cfc8587d52b3eb5
[INFO] [stdout]                                at /rustc/df4ca44d3fbc9301ee17f30f4d474e6ae4b05252/library/core/src/fmt/rt.rs:177:76
[INFO] [stdout]    5:     0x60e7c70258b3 - core::fmt::write::h522cc39e5b36ae9f
[INFO] [stdout]                                at /rustc/df4ca44d3fbc9301ee17f30f4d474e6ae4b05252/library/core/src/fmt/mod.rs:1190:21
[INFO] [stdout]    6:     0x60e7c6ff6983 - std::io::Write::write_fmt::h7d3c26752da97734
[INFO] [stdout]                                at /rustc/df4ca44d3fbc9301ee17f30f4d474e6ae4b05252/library/std/src/io/mod.rs:1839:15
[INFO] [stdout]    7:     0x60e7c6fface2 - std::sys::backtrace::BacktraceLock::print::h4b9e00b29e9c0942
[INFO] [stdout]                                at /rustc/df4ca44d3fbc9301ee17f30f4d474e6ae4b05252/library/std/src/sys/backtrace.rs:42:9
[INFO] [stdout]    8:     0x60e7c6ffc32a - std::panicking::default_hook::{{closure}}::hb59b88280d0324d9
[INFO] [stdout]                                at /rustc/df4ca44d3fbc9301ee17f30f4d474e6ae4b05252/library/std/src/panicking.rs:268:22
[INFO] [stdout]    9:     0x60e7c6ffc134 - std::panicking::default_hook::he1dd496665be4a29
[INFO] [stdout]                                at /rustc/df4ca44d3fbc9301ee17f30f4d474e6ae4b05252/library/std/src/panicking.rs:292:9
[INFO] [stdout]   10:     0x60e7c6b40129 - <alloc::boxed::Box<F,A> as core::ops::function::Fn<Args>>::call::h4ff71de18744e1dc
[INFO] [stdout]                                at /rustc/df4ca44d3fbc9301ee17f30f4d474e6ae4b05252/library/alloc/src/boxed.rs:2468:9
[INFO] [stdout]   11:     0x60e7c6b40129 - test::test_main::{{closure}}::hcf7c055ce117aa81
[INFO] [stdout]                                at /rustc/df4ca44d3fbc9301ee17f30f4d474e6ae4b05252/library/test/src/lib.rs:133:21
[INFO] [stdout]   12:     0x60e7c6ffca28 - <alloc::boxed::Box<F,A> as core::ops::function::Fn<Args>>::call::h1d66c6bbd60c9692
[INFO] [stdout]                                at /rustc/df4ca44d3fbc9301ee17f30f4d474e6ae4b05252/library/alloc/src/boxed.rs:2468:9
[INFO] [stdout]   13:     0x60e7c6ffca28 - std::panicking::rust_panic_with_hook::h2ff17fe8f26dfcf8
[INFO] [stdout]                                at /rustc/df4ca44d3fbc9301ee17f30f4d474e6ae4b05252/library/std/src/panicking.rs:809:13
[INFO] [stdout]   14:     0x60e7c6ffc7b6 - std::panicking::begin_panic_handler::{{closure}}::h4fad77951c07e101
[INFO] [stdout]                                at /rustc/df4ca44d3fbc9301ee17f30f4d474e6ae4b05252/library/std/src/panicking.rs:667:13
[INFO] [stdout]   15:     0x60e7c6ffb379 - std::sys::backtrace::__rust_end_short_backtrace::hb1a25b3da5d0ea08
[INFO] [stdout]                                at /rustc/df4ca44d3fbc9301ee17f30f4d474e6ae4b05252/library/std/src/sys/backtrace.rs:170:18
[INFO] [stdout]   16:     0x60e7c6ffc47c - rust_begin_unwind
[INFO] [stdout]                                at /rustc/df4ca44d3fbc9301ee17f30f4d474e6ae4b05252/library/std/src/panicking.rs:665:5
[INFO] [stdout]   17:     0x60e7c7023060 - core::panicking::panic_fmt::ha9db07b529f9b256
[INFO] [stdout]                                at /rustc/df4ca44d3fbc9301ee17f30f4d474e6ae4b05252/library/core/src/panicking.rs:75:14
[INFO] [stdout]   18:     0x60e7c70063c0 - std::sys::sync::once::futex::Once::call::h71269da0f72c5b8f
[INFO] [stdout]                                at /rustc/df4ca44d3fbc9301ee17f30f4d474e6ae4b05252/library/std/src/sys/sync/once/futex.rs:148:21
[INFO] [stdout]   19:     0x60e7c6a86434 - std::sync::once::Once::call_once::hbe47279576cfeca3
[INFO] [stdout]                                at /rustc/df4ca44d3fbc9301ee17f30f4d474e6ae4b05252/library/std/src/sync/once.rs:158:9
[INFO] [stdout]   20:     0x60e7c6a69aaf - lazy_static::lazy::Lazy<T>::get::hab18e04cf807ff7a
[INFO] [stdout]                                at /opt/rustwide/cargo-home/registry/src/index.crates.io-6f17d22bba15001f/lazy_static-1.4.0/src/inline_lazy.rs:30:9
[INFO] [stdout]   21:     0x60e7c6a69aaf - <file_endec::files::scan::TEST_FILE_DIR as core::ops::deref::Deref>::deref::__stability::h44a3c6610a56760d
[INFO] [stdout]                                at /opt/rustwide/cargo-home/registry/src/index.crates.io-6f17d22bba15001f/lazy_static-1.4.0/src/lib.rs:142:21
[INFO] [stdout]   22:     0x60e7c6a69aaf - <file_endec::files::scan::TEST_FILE_DIR as core::ops::deref::Deref>::deref::hcf6aa9254b9bcea3
[INFO] [stdout]                                at /opt/rustwide/cargo-home/registry/src/index.crates.io-6f17d22bba15001f/lazy_static-1.4.0/src/lib.rs:144:17
[INFO] [stdout]   23:     0x60e7c6a6c19b - file_endec::orchestrate::decrypt::tests::load_all_versions::h24e58b4ce94b9141
[INFO] [stdout]                                at /opt/rustwide/workdir/src/orchestrate/decrypt.rs:185:61
[INFO] [stdout]   24:     0x60e7c6a6c157 - file_endec::orchestrate::decrypt::tests::load_all_versions::{{closure}}::h5e9d1e8c3c671466
[INFO] [stdout]                                at /opt/rustwide/workdir/src/orchestrate/decrypt.rs:184:27
[INFO] [stdout]   25:     0x60e7c6a5acb6 - core::ops::function::FnOnce::call_once::hade890b913e79e75
[INFO] [stdout]                                at /rustc/df4ca44d3fbc9301ee17f30f4d474e6ae4b05252/library/core/src/ops/function.rs:250:5
[INFO] [stdout]   26:     0x60e7c6b449fb - core::ops::function::FnOnce::call_once::h22c3ba5715e93f05
[INFO] [stdout]                                at /rustc/df4ca44d3fbc9301ee17f30f4d474e6ae4b05252/library/core/src/ops/function.rs:250:5
[INFO] [stdout]   27:     0x60e7c6b449fb - test::__rust_begin_short_backtrace::h8e82d8113d0da17f
[INFO] [stdout]                                at /rustc/df4ca44d3fbc9301ee17f30f4d474e6ae4b05252/library/test/src/lib.rs:621:18
[INFO] [stdout]   28:     0x60e7c6b44377 - test::run_test_in_process::{{closure}}::h33235f4f20b7b7c7
[INFO] [stdout]                                at /rustc/df4ca44d3fbc9301ee17f30f4d474e6ae4b05252/library/test/src/lib.rs:644:60
[INFO] [stdout]   29:     0x60e7c6b44377 - <core::panic::unwind_safe::AssertUnwindSafe<F> as core::ops::function::FnOnce<()>>::call_once::hb5043206310c586f
[INFO] [stdout]                                at /rustc/df4ca44d3fbc9301ee17f30f4d474e6ae4b05252/library/core/src/panic/unwind_safe.rs:272:9
[INFO] [stdout]   30:     0x60e7c6b44377 - std::panicking::try::do_call::h9ad4731a60ab23e2
[INFO] [stdout]                                at /rustc/df4ca44d3fbc9301ee17f30f4d474e6ae4b05252/library/std/src/panicking.rs:557:40
[INFO] [stdout]   31:     0x60e7c6b44377 - std::panicking::try::h3824d23db772a716
[INFO] [stdout]                                at /rustc/df4ca44d3fbc9301ee17f30f4d474e6ae4b05252/library/std/src/panicking.rs:520:19
[INFO] [stdout]   32:     0x60e7c6b44377 - std::panic::catch_unwind::h5afd514605fde46b
[INFO] [stdout]                                at /rustc/df4ca44d3fbc9301ee17f30f4d474e6ae4b05252/library/std/src/panic.rs:358:14
[INFO] [stdout]   33:     0x60e7c6b44377 - test::run_test_in_process::h0d5cbfa7067d1720
[INFO] [stdout]                                at /rustc/df4ca44d3fbc9301ee17f30f4d474e6ae4b05252/library/test/src/lib.rs:644:27
[INFO] [stdout]   34:     0x60e7c6b44377 - test::run_test::{{closure}}::h708eb8872708115d
[INFO] [stdout]                                at /rustc/df4ca44d3fbc9301ee17f30f4d474e6ae4b05252/library/test/src/lib.rs:565:43
[INFO] [stdout]   35:     0x60e7c6b07a94 - test::run_test::{{closure}}::h392c51cee94713ab
[INFO] [stdout]                                at /rustc/df4ca44d3fbc9301ee17f30f4d474e6ae4b05252/library/test/src/lib.rs:595:41
[INFO] [stdout]   36:     0x60e7c6b07a94 - std::sys::backtrace::__rust_begin_short_backtrace::h2f40290710935a8b
[INFO] [stdout]                                at /rustc/df4ca44d3fbc9301ee17f30f4d474e6ae4b05252/library/std/src/sys/backtrace.rs:154:18
[INFO] [stdout]   37:     0x60e7c6b0b23e - std::thread::Builder::spawn_unchecked_::{{closure}}::{{closure}}::h3fd968d89053a903
[INFO] [stdout]                                at /rustc/df4ca44d3fbc9301ee17f30f4d474e6ae4b05252/library/std/src/thread/mod.rs:541:17
[INFO] [stdout]   38:     0x60e7c6b0b23e - <core::panic::unwind_safe::AssertUnwindSafe<F> as core::ops::function::FnOnce<()>>::call_once::h743f637ba4229880
[INFO] [stdout]                                at /rustc/df4ca44d3fbc9301ee17f30f4d474e6ae4b05252/library/core/src/panic/unwind_safe.rs:272:9
[INFO] [stdout]   39:     0x60e7c6b0b23e - std::panicking::try::do_call::h07440897322525a6
[INFO] [stdout]                                at /rustc/df4ca44d3fbc9301ee17f30f4d474e6ae4b05252/library/std/src/panicking.rs:557:40
[INFO] [stdout]   40:     0x60e7c6b0b23e - std::panicking::try::he5a2e00188156637
[INFO] [stdout]                                at /rustc/df4ca44d3fbc9301ee17f30f4d474e6ae4b05252/library/std/src/panicking.rs:520:19
[INFO] [stdout]   41:     0x60e7c6b0b23e - std::panic::catch_unwind::hbaf3cae49b3c6433
[INFO] [stdout]                                at /rustc/df4ca44d3fbc9301ee17f30f4d474e6ae4b05252/library/std/src/panic.rs:358:14
[INFO] [stdout]   42:     0x60e7c6b0b23e - std::thread::Builder::spawn_unchecked_::{{closure}}::h8e141ea224820bce
[INFO] [stdout]                                at /rustc/df4ca44d3fbc9301ee17f30f4d474e6ae4b05252/library/std/src/thread/mod.rs:540:30
[INFO] [stdout]   43:     0x60e7c6b0b23e - core::ops::function::FnOnce::call_once{{vtable.shim}}::h90d312fedd7b8ea8
[INFO] [stdout]                                at /rustc/df4ca44d3fbc9301ee17f30f4d474e6ae4b05252/library/core/src/ops/function.rs:250:5
[INFO] [stdout]   44:     0x60e7c70022fb - <alloc::boxed::Box<F,A> as core::ops::function::FnOnce<Args>>::call_once::h69aa08ddb6adb8b6
[INFO] [stdout]                                at /rustc/df4ca44d3fbc9301ee17f30f4d474e6ae4b05252/library/alloc/src/boxed.rs:2454:9
[INFO] [stdout]   45:     0x60e7c70022fb - <alloc::boxed::Box<F,A> as core::ops::function::FnOnce<Args>>::call_once::h5aa36efdb79c806f
[INFO] [stdout]                                at /rustc/df4ca44d3fbc9301ee17f30f4d474e6ae4b05252/library/alloc/src/boxed.rs:2454:9
[INFO] [stdout]   46:     0x60e7c70022fb - std::sys::pal::unix::thread::Thread::new::thread_start::h6cd80a1b4be5158d
[INFO] [stdout]                                at /rustc/df4ca44d3fbc9301ee17f30f4d474e6ae4b05252/library/std/src/sys/pal/unix/thread.rs:105:17
[INFO] [stdout]   47:     0x782dc0227ac3 - <unknown>
[INFO] [stdout]   48:     0x782dc02b8a04 - clone
[INFO] [stdout]   49:                0x0 - <unknown>
[INFO] [stdout] 
[INFO] [stdout] ---- orchestrate::encrypt::tests::store_current_version stdout ----
[INFO] [stdout] thread 'orchestrate::encrypt::tests::store_current_version' panicked at /opt/rustwide/cargo-home/registry/src/index.crates.io-6f17d22bba15001f/lazy_static-1.4.0/src/inline_lazy.rs:30:16:
[INFO] [stdout] Once instance has previously been poisoned
[INFO] [stdout] stack backtrace:
[INFO] [stdout]    0:     0x60e7c6ffae9a - std::backtrace_rs::backtrace::libunwind::trace::h207520d6e9873551
[INFO] [stdout]                                at /rustc/df4ca44d3fbc9301ee17f30f4d474e6ae4b05252/library/std/src/../../backtrace/src/backtrace/libunwind.rs:116:5
[INFO] [stdout]    1:     0x60e7c6ffae9a - std::backtrace_rs::backtrace::trace_unsynchronized::h2ed7433f370e3eca
[INFO] [stdout]                                at /rustc/df4ca44d3fbc9301ee17f30f4d474e6ae4b05252/library/std/src/../../backtrace/src/backtrace/mod.rs:66:5
[INFO] [stdout]    2:     0x60e7c6ffae9a - std::sys::backtrace::_print_fmt::h916fac51166b18d7
[INFO] [stdout]                                at /rustc/df4ca44d3fbc9301ee17f30f4d474e6ae4b05252/library/std/src/sys/backtrace.rs:66:9
[INFO] [stdout]    3:     0x60e7c6ffae9a - <std::sys::backtrace::BacktraceLock::print::DisplayBacktrace as core::fmt::Display>::fmt::ha0a4c9b8ce3802e6
[INFO] [stdout]                                at /rustc/df4ca44d3fbc9301ee17f30f4d474e6ae4b05252/library/std/src/sys/backtrace.rs:39:26
[INFO] [stdout]    4:     0x60e7c70258b3 - core::fmt::rt::Argument::fmt::h4cfc8587d52b3eb5
[INFO] [stdout]                                at /rustc/df4ca44d3fbc9301ee17f30f4d474e6ae4b05252/library/core/src/fmt/rt.rs:177:76
[INFO] [stdout]    5:     0x60e7c70258b3 - core::fmt::write::h522cc39e5b36ae9f
[INFO] [stdout]                                at /rustc/df4ca44d3fbc9301ee17f30f4d474e6ae4b05252/library/core/src/fmt/mod.rs:1190:21
[INFO] [stdout]    6:     0x60e7c6ff6983 - std::io::Write::write_fmt::h7d3c26752da97734
[INFO] [stdout]                                at /rustc/df4ca44d3fbc9301ee17f30f4d474e6ae4b05252/library/std/src/io/mod.rs:1839:15
[INFO] [stdout]    7:     0x60e7c6fface2 - std::sys::backtrace::BacktraceLock::print::h4b9e00b29e9c0942
[INFO] [stdout]                                at /rustc/df4ca44d3fbc9301ee17f30f4d474e6ae4b05252/library/std/src/sys/backtrace.rs:42:9
[INFO] [stdout]    8:     0x60e7c6ffc32a - std::panicking::default_hook::{{closure}}::hb59b88280d0324d9
[INFO] [stdout]                                at /rustc/df4ca44d3fbc9301ee17f30f4d474e6ae4b05252/library/std/src/panicking.rs:268:22
[INFO] [stdout]    9:     0x60e7c6ffc134 - std::panicking::default_hook::he1dd496665be4a29
[INFO] [stdout]                                at /rustc/df4ca44d3fbc9301ee17f30f4d474e6ae4b05252/library/std/src/panicking.rs:292:9
[INFO] [stdout]   10:     0x60e7c6b40129 - <alloc::boxed::Box<F,A> as core::ops::function::Fn<Args>>::call::h4ff71de18744e1dc
[INFO] [stdout]                                at /rustc/df4ca44d3fbc9301ee17f30f4d474e6ae4b05252/library/alloc/src/boxed.rs:2468:9
[INFO] [stdout]   11:     0x60e7c6b40129 - test::test_main::{{closure}}::hcf7c055ce117aa81
[INFO] [stdout]                                at /rustc/df4ca44d3fbc9301ee17f30f4d474e6ae4b05252/library/test/src/lib.rs:133:21
[INFO] [stdout]   12:     0x60e7c6ffca28 - <alloc::boxed::Box<F,A> as core::ops::function::Fn<Args>>::call::h1d66c6bbd60c9692
[INFO] [stdout]                                at /rustc/df4ca44d3fbc9301ee17f30f4d474e6ae4b05252/library/alloc/src/boxed.rs:2468:9
[INFO] [stdout]   13:     0x60e7c6ffca28 - std::panicking::rust_panic_with_hook::h2ff17fe8f26dfcf8
[INFO] [stdout]                                at /rustc/df4ca44d3fbc9301ee17f30f4d474e6ae4b05252/library/std/src/panicking.rs:809:13
[INFO] [stdout]   14:     0x60e7c6ffc7b6 - std::panicking::begin_panic_handler::{{closure}}::h4fad77951c07e101
[INFO] [stdout]                                at /rustc/df4ca44d3fbc9301ee17f30f4d474e6ae4b05252/library/std/src/panicking.rs:667:13
[INFO] [stdout]   15:     0x60e7c6ffb379 - std::sys::backtrace::__rust_end_short_backtrace::hb1a25b3da5d0ea08
[INFO] [stdout]                                at /rustc/df4ca44d3fbc9301ee17f30f4d474e6ae4b05252/library/std/src/sys/backtrace.rs:170:18
[INFO] [stdout]   16:     0x60e7c6ffc47c - rust_begin_unwind
[INFO] [stdout]                                at /rustc/df4ca44d3fbc9301ee17f30f4d474e6ae4b05252/library/std/src/panicking.rs:665:5
[INFO] [stdout]   17:     0x60e7c7023060 - core::panicking::panic_fmt::ha9db07b529f9b256
[INFO] [stdout]                                at /rustc/df4ca44d3fbc9301ee17f30f4d474e6ae4b05252/library/core/src/panicking.rs:75:14
[INFO] [stdout]   18:     0x60e7c70063c0 - std::sys::sync::once::futex::Once::call::h71269da0f72c5b8f
[INFO] [stdout]                                at /rustc/df4ca44d3fbc9301ee17f30f4d474e6ae4b05252/library/std/src/sys/sync/once/futex.rs:148:21
[INFO] [stdout]   19:     0x60e7c6a86434 - std::sync::once::Once::call_once::hbe47279576cfeca3
[INFO] [stdout]                                at /rustc/df4ca44d3fbc9301ee17f30f4d474e6ae4b05252/library/std/src/sync/once.rs:158:9
[INFO] [stdout]   20:     0x60e7c6a69aaf - lazy_static::lazy::Lazy<T>::get::hab18e04cf807ff7a
[INFO] [stdout]                                at /opt/rustwide/cargo-home/registry/src/index.crates.io-6f17d22bba15001f/lazy_static-1.4.0/src/inline_lazy.rs:30:9
[INFO] [stdout]   21:     0x60e7c6a69aaf - <file_endec::files::scan::TEST_FILE_DIR as core::ops::deref::Deref>::deref::__stability::h44a3c6610a56760d
[INFO] [stdout]                                at /opt/rustwide/cargo-home/registry/src/index.crates.io-6f17d22bba15001f/lazy_static-1.4.0/src/lib.rs:142:21
[INFO] [stdout]   22:     0x60e7c6a69aaf - <file_endec::files::scan::TEST_FILE_DIR as core::ops::deref::Deref>::deref::hcf6aa9254b9bcea3
[INFO] [stdout]                                at /opt/rustwide/cargo-home/registry/src/index.crates.io-6f17d22bba15001f/lazy_static-1.4.0/src/lib.rs:144:17
[INFO] [stdout]   23:     0x60e7c6ad3054 - file_endec::orchestrate::encrypt::tests::store_current_version::h57041d1d91c0e5ee
[INFO] [stdout]                                at /opt/rustwide/workdir/src/orchestrate/encrypt.rs:124:25
[INFO] [stdout]   24:     0x60e7c6ad2ee7 - file_endec::orchestrate::encrypt::tests::store_current_version::{{closure}}::h34b029d1a565169e
[INFO] [stdout]                                at /opt/rustwide/workdir/src/orchestrate/encrypt.rs:120:31
[INFO] [stdout]   25:     0x60e7c6a5a5f6 - core::ops::function::FnOnce::call_once::h6cb480a93f1e0634
[INFO] [stdout]                                at /rustc/df4ca44d3fbc9301ee17f30f4d474e6ae4b05252/library/core/src/ops/function.rs:250:5
[INFO] [stdout]   26:     0x60e7c6b449fb - core::ops::function::FnOnce::call_once::h22c3ba5715e93f05
[INFO] [stdout]                                at /rustc/df4ca44d3fbc9301ee17f30f4d474e6ae4b05252/library/core/src/ops/function.rs:250:5
[INFO] [stdout]   27:     0x60e7c6b449fb - test::__rust_begin_short_backtrace::h8e82d8113d0da17f
[INFO] [stdout]                                at /rustc/df4ca44d3fbc9301ee17f30f4d474e6ae4b05252/library/test/src/lib.rs:621:18
[INFO] [stdout]   28:     0x60e7c6b44377 - test::run_test_in_process::{{closure}}::h33235f4f20b7b7c7
[INFO] [stdout]                                at /rustc/df4ca44d3fbc9301ee17f30f4d474e6ae4b05252/library/test/src/lib.rs:644:60
[INFO] [stdout]   29:     0x60e7c6b44377 - <core::panic::unwind_safe::AssertUnwindSafe<F> as core::ops::function::FnOnce<()>>::call_once::hb5043206310c586f
[INFO] [stdout]                                at /rustc/df4ca44d3fbc9301ee17f30f4d474e6ae4b05252/library/core/src/panic/unwind_safe.rs:272:9
[INFO] [stdout]   30:     0x60e7c6b44377 - std::panicking::try::do_call::h9ad4731a60ab23e2
[INFO] [stdout]                                at /rustc/df4ca44d3fbc9301ee17f30f4d474e6ae4b05252/library/std/src/panicking.rs:557:40
[INFO] [stdout]   31:     0x60e7c6b44377 - std::panicking::try::h3824d23db772a716
[INFO] [stdout]                                at /rustc/df4ca44d3fbc9301ee17f30f4d474e6ae4b05252/library/std/src/panicking.rs:520:19
[INFO] [stdout]   32:     0x60e7c6b44377 - std::panic::catch_unwind::h5afd514605fde46b
[INFO] [stdout]                                at /rustc/df4ca44d3fbc9301ee17f30f4d474e6ae4b05252/library/std/src/panic.rs:358:14
[INFO] [stdout]   33:     0x60e7c6b44377 - test::run_test_in_process::h0d5cbfa7067d1720
[INFO] [stdout]                                at /rustc/df4ca44d3fbc9301ee17f30f4d474e6ae4b05252/library/test/src/lib.rs:644:27
[INFO] [stdout]   34:     0x60e7c6b44377 - test::run_test::{{closure}}::h708eb8872708115d
[INFO] [stdout]                                at /rustc/df4ca44d3fbc9301ee17f30f4d474e6ae4b05252/library/test/src/lib.rs:565:43
[INFO] [stdout]   35:     0x60e7c6b07a94 - test::run_test::{{closure}}::h392c51cee94713ab
[INFO] [stdout]                                at /rustc/df4ca44d3fbc9301ee17f30f4d474e6ae4b05252/library/test/src/lib.rs:595:41
[INFO] [stdout]   36:     0x60e7c6b07a94 - std::sys::backtrace::__rust_begin_short_backtrace::h2f40290710935a8b
[INFO] [stdout]                                at /rustc/df4ca44d3fbc9301ee17f30f4d474e6ae4b05252/library/std/src/sys/backtrace.rs:154:18
[INFO] [stdout]   37:     0x60e7c6b0b23e - std::thread::Builder::spawn_unchecked_::{{closure}}::{{closure}}::h3fd968d89053a903
[INFO] [stdout]                                at /rustc/df4ca44d3fbc9301ee17f30f4d474e6ae4b05252/library/std/src/thread/mod.rs:541:17
[INFO] [stdout]   38:     0x60e7c6b0b23e - <core::panic::unwind_safe::AssertUnwindSafe<F> as core::ops::function::FnOnce<()>>::call_once::h743f637ba4229880
[INFO] [stdout]                                at /rustc/df4ca44d3fbc9301ee17f30f4d474e6ae4b05252/library/core/src/panic/unwind_safe.rs:272:9
[INFO] [stdout]   39:     0x60e7c6b0b23e - std::panicking::try::do_call::h07440897322525a6
[INFO] [stdout]                                at /rustc/df4ca44d3fbc9301ee17f30f4d474e6ae4b05252/library/std/src/panicking.rs:557:40
[INFO] [stdout]   40:     0x60e7c6b0b23e - std::panicking::try::he5a2e00188156637
[INFO] [stdout]                                at /rustc/df4ca44d3fbc9301ee17f30f4d474e6ae4b05252/library/std/src/panicking.rs:520:19
[INFO] [stdout]   41:     0x60e7c6b0b23e - std::panic::catch_unwind::hbaf3cae49b3c6433
[INFO] [stdout]                                at /rustc/df4ca44d3fbc9301ee17f30f4d474e6ae4b05252/library/std/src/panic.rs:358:14
[INFO] [stdout]   42:     0x60e7c6b0b23e - std::thread::Builder::spawn_unchecked_::{{closure}}::h8e141ea224820bce
[INFO] [stdout]                                at /rustc/df4ca44d3fbc9301ee17f30f4d474e6ae4b05252/library/std/src/thread/mod.rs:540:30
[INFO] [stdout]   43:     0x60e7c6b0b23e - core::ops::function::FnOnce::call_once{{vtable.shim}}::h90d312fedd7b8ea8
[INFO] [stdout]                                at /rustc/df4ca44d3fbc9301ee17f30f4d474e6ae4b05252/library/core/src/ops/function.rs:250:5
[INFO] [stdout]   44:     0x60e7c70022fb - <alloc::boxed::Box<F,A> as core::ops::function::FnOnce<Args>>::call_once::h69aa08ddb6adb8b6
[INFO] [stdout]                                at /rustc/df4ca44d3fbc9301ee17f30f4d474e6ae4b05252/library/alloc/src/boxed.rs:2454:9
[INFO] [stdout]   45:     0x60e7c70022fb - <alloc::boxed::Box<F,A> as core::ops::function::FnOnce<Args>>::call_once::h5aa36efdb79c806f
[INFO] [stdout]                                at /rustc/df4ca44d3fbc9301ee17f30f4d474e6ae4b05252/library/alloc/src/boxed.rs:2454:9
[INFO] [stdout]   46:     0x60e7c70022fb - std::sys::pal::unix::thread::Thread::new::thread_start::h6cd80a1b4be5158d
[INFO] [stdout]                                at /rustc/df4ca44d3fbc9301ee17f30f4d474e6ae4b05252/library/std/src/sys/pal/unix/thread.rs:105:17
[INFO] [stdout]   47:     0x782dc0227ac3 - <unknown>
[INFO] [stdout]   48:     0x782dc02b8a04 - clone
[INFO] [stdout]   49:                0x0 - <unknown>
[INFO] [stdout] 
[INFO] [stdout] 
[INFO] [stdout] failures:
[INFO] [stdout]     files::scan::tests::find_files
[INFO] [stdout]     orchestrate::decrypt::tests::fail_invalid_checksum
[INFO] [stdout]     orchestrate::decrypt::tests::load_all_versions
[INFO] [stdout]     orchestrate::encrypt::tests::store_current_version
[INFO] [stdout] 
[INFO] [stdout] test result: FAILED. 65 passed; 4 failed; 1 ignored; 0 measured; 0 filtered out; finished in 56.12s
[INFO] [stdout] 
[INFO] [stderr] error: test failed, to rerun pass `--lib`
[INFO] running `Command { std: "docker" "inspect" "62d7a9a385218a896f7feef0050de7cf35841e64de6e9aee4eeb643e130a1eb0", kill_on_drop: false }`
[INFO] running `Command { std: "docker" "rm" "-f" "62d7a9a385218a896f7feef0050de7cf35841e64de6e9aee4eeb643e130a1eb0", kill_on_drop: false }`
[INFO] [stdout] 62d7a9a385218a896f7feef0050de7cf35841e64de6e9aee4eeb643e130a1eb0
