[INFO] fetching crate fieldx 0.1.6...
[INFO] testing fieldx-0.1.6 against nightly-2024-10-28 for randomize-layout
[INFO] extracting crate fieldx 0.1.6 into /workspace/builds/worker-1-tc1/source
[INFO] validating manifest of crates.io crate fieldx 0.1.6 on toolchain nightly-2024-10-28
[INFO] running `Command { std: CARGO_HOME="/workspace/cargo-home" RUSTUP_HOME="/workspace/rustup-home" "/workspace/cargo-home/bin/cargo" "+nightly-2024-10-28" "metadata" "--manifest-path" "Cargo.toml" "--no-deps", kill_on_drop: false }`
[INFO] started tweaking crates.io crate fieldx 0.1.6
[INFO] removed 0 missing tests
[INFO] finished tweaking crates.io crate fieldx 0.1.6
[INFO] tweaked toml for crates.io crate fieldx 0.1.6 written to /workspace/builds/worker-1-tc1/source/Cargo.toml
[INFO] running `Command { std: CARGO_HOME="/workspace/cargo-home" RUSTUP_HOME="/workspace/rustup-home" "/workspace/cargo-home/bin/cargo" "+nightly-2024-10-28" "generate-lockfile" "--manifest-path" "Cargo.toml", kill_on_drop: false }`
[INFO] [stderr]     Updating crates.io index
[INFO] [stderr]      Locking 74 packages to latest compatible versions
[INFO] [stderr]       Adding serde_json v1.0.117 (available: v1.0.132)
[INFO] running `Command { std: CARGO_HOME="/workspace/cargo-home" RUSTUP_HOME="/workspace/rustup-home" "/workspace/cargo-home/bin/cargo" "+nightly-2024-10-28" "fetch" "--manifest-path" "Cargo.toml", kill_on_drop: false }`
[INFO] [stderr]  Downloading crates ...
[INFO] [stderr]   Downloaded fieldx_aux v0.1.6
[INFO] [stderr]   Downloaded cargo-toolchain v0.1.0
[INFO] [stderr]   Downloaded fieldx_derive_support v0.1.6
[INFO] [stderr]   Downloaded fieldx_derive v0.1.6
[INFO] running `Command { std: "docker" "create" "-v" "/var/lib/crater-agent-workspace/builds/worker-1-tc1/target:/opt/rustwide/target:rw,Z" "-v" "/var/lib/crater-agent-workspace/builds/worker-1-tc1/source:/opt/rustwide/workdir:ro,Z" "-v" "/var/lib/crater-agent-workspace/cargo-home:/opt/rustwide/cargo-home:ro,Z" "-v" "/var/lib/crater-agent-workspace/rustup-home:/opt/rustwide/rustup-home:ro,Z" "-e" "SOURCE_DIR=/opt/rustwide/workdir" "-e" "CARGO_TARGET_DIR=/opt/rustwide/target" "-e" "CARGO_HOME=/opt/rustwide/cargo-home" "-e" "RUSTUP_HOME=/opt/rustwide/rustup-home" "-w" "/opt/rustwide/workdir" "-m" "1610612736" "--user" "0:0" "--network" "none" "ghcr.io/rust-lang/crates-build-env/linux@sha256:4a844ea9eb2546a2d2c7022eacef16ef2e8229c7fbb2c7d4d55a9ceca922f72d" "/opt/rustwide/cargo-home/bin/cargo" "+nightly-2024-10-28" "metadata" "--no-deps" "--format-version=1", kill_on_drop: false }`
[INFO] [stdout] 1ed367fb4d8cbe9360180de063674c309ba4528d10cb1c1a574a290d5c607799
[INFO] running `Command { std: "docker" "start" "-a" "1ed367fb4d8cbe9360180de063674c309ba4528d10cb1c1a574a290d5c607799", kill_on_drop: false }`
[INFO] running `Command { std: "docker" "inspect" "1ed367fb4d8cbe9360180de063674c309ba4528d10cb1c1a574a290d5c607799", kill_on_drop: false }`
[INFO] running `Command { std: "docker" "rm" "-f" "1ed367fb4d8cbe9360180de063674c309ba4528d10cb1c1a574a290d5c607799", kill_on_drop: false }`
[INFO] [stdout] 1ed367fb4d8cbe9360180de063674c309ba4528d10cb1c1a574a290d5c607799
[INFO] running `Command { std: "docker" "create" "-v" "/var/lib/crater-agent-workspace/builds/worker-1-tc1/target:/opt/rustwide/target:rw,Z" "-v" "/var/lib/crater-agent-workspace/builds/worker-1-tc1/source:/opt/rustwide/workdir:ro,Z" "-v" "/var/lib/crater-agent-workspace/cargo-home:/opt/rustwide/cargo-home:ro,Z" "-v" "/var/lib/crater-agent-workspace/rustup-home:/opt/rustwide/rustup-home:ro,Z" "-e" "SOURCE_DIR=/opt/rustwide/workdir" "-e" "CARGO_TARGET_DIR=/opt/rustwide/target" "-e" "CARGO_INCREMENTAL=0" "-e" "RUST_BACKTRACE=full" "-e" "RUSTFLAGS=--cap-lints=forbid" "-e" "RUSTDOCFLAGS=--cap-lints=forbid" "-e" "CARGO_HOME=/opt/rustwide/cargo-home" "-e" "RUSTUP_HOME=/opt/rustwide/rustup-home" "-w" "/opt/rustwide/workdir" "-m" "1610612736" "--user" "0:0" "--network" "none" "ghcr.io/rust-lang/crates-build-env/linux@sha256:4a844ea9eb2546a2d2c7022eacef16ef2e8229c7fbb2c7d4d55a9ceca922f72d" "/opt/rustwide/cargo-home/bin/cargo" "+nightly-2024-10-28" "build" "--frozen" "--message-format=json", kill_on_drop: false }`
[INFO] [stdout] 91d60d676c7ad744bb1dc2cff2af2745de8f4bbebe4eb6c9ef63ce169f0b0352
[INFO] running `Command { std: "docker" "start" "-a" "91d60d676c7ad744bb1dc2cff2af2745de8f4bbebe4eb6c9ef63ce169f0b0352", kill_on_drop: false }`
[INFO] [stderr]    Compiling ident_case v1.0.1
[INFO] [stderr]    Compiling strsim v0.11.1
[INFO] [stderr]    Compiling paste v1.0.15
[INFO] [stderr]    Compiling once_cell v1.20.2
[INFO] [stderr]    Compiling rust-format v0.3.4
[INFO] [stderr]    Compiling syn v2.0.86
[INFO] [stderr]    Compiling proc-macro-error-attr2 v2.0.0
[INFO] [stderr]    Compiling darling_core v0.20.10
[INFO] [stderr]    Compiling proc-macro-error2 v2.0.1
[INFO] [stderr]    Compiling getset v0.1.3
[INFO] [stderr]    Compiling thiserror-impl v1.0.66
[INFO] [stderr]    Compiling delegate v0.12.0
[INFO] [stderr]    Compiling enum_dispatch v0.3.13
[INFO] [stderr]    Compiling thiserror v1.0.66
[INFO] [stderr]    Compiling darling_macro v0.20.10
[INFO] [stderr]    Compiling darling v0.20.10
[INFO] [stderr]    Compiling fieldx_derive_support v0.1.6
[INFO] [stderr]    Compiling fieldx_aux v0.1.6
[INFO] [stderr]    Compiling fieldx_derive v0.1.6
[INFO] [stderr]    Compiling fieldx v0.1.6 (/opt/rustwide/workdir)
[INFO] [stderr]     Finished `dev` profile [unoptimized + debuginfo] target(s) in 13.54s
[INFO] running `Command { std: "docker" "inspect" "91d60d676c7ad744bb1dc2cff2af2745de8f4bbebe4eb6c9ef63ce169f0b0352", kill_on_drop: false }`
[INFO] running `Command { std: "docker" "rm" "-f" "91d60d676c7ad744bb1dc2cff2af2745de8f4bbebe4eb6c9ef63ce169f0b0352", kill_on_drop: false }`
[INFO] [stdout] 91d60d676c7ad744bb1dc2cff2af2745de8f4bbebe4eb6c9ef63ce169f0b0352
[INFO] running `Command { std: "docker" "create" "-v" "/var/lib/crater-agent-workspace/builds/worker-1-tc1/target:/opt/rustwide/target:rw,Z" "-v" "/var/lib/crater-agent-workspace/builds/worker-1-tc1/source:/opt/rustwide/workdir:ro,Z" "-v" "/var/lib/crater-agent-workspace/cargo-home:/opt/rustwide/cargo-home:ro,Z" "-v" "/var/lib/crater-agent-workspace/rustup-home:/opt/rustwide/rustup-home:ro,Z" "-e" "SOURCE_DIR=/opt/rustwide/workdir" "-e" "CARGO_TARGET_DIR=/opt/rustwide/target" "-e" "CARGO_INCREMENTAL=0" "-e" "RUST_BACKTRACE=full" "-e" "RUSTFLAGS=--cap-lints=forbid" "-e" "RUSTDOCFLAGS=--cap-lints=forbid" "-e" "CARGO_HOME=/opt/rustwide/cargo-home" "-e" "RUSTUP_HOME=/opt/rustwide/rustup-home" "-w" "/opt/rustwide/workdir" "-m" "1610612736" "--user" "0:0" "--network" "none" "ghcr.io/rust-lang/crates-build-env/linux@sha256:4a844ea9eb2546a2d2c7022eacef16ef2e8229c7fbb2c7d4d55a9ceca922f72d" "/opt/rustwide/cargo-home/bin/cargo" "+nightly-2024-10-28" "test" "--frozen" "--no-run" "--message-format=json", kill_on_drop: false }`
[INFO] [stdout] 9c7805ce563cae486c22aec0a26d9b47eac5da31f0e11918c29e60e120a91b8c
[INFO] running `Command { std: "docker" "start" "-a" "9c7805ce563cae486c22aec0a26d9b47eac5da31f0e11918c29e60e120a91b8c", kill_on_drop: false }`
[INFO] [stderr]    Compiling serde v1.0.214
[INFO] [stderr]    Compiling crossbeam-utils v0.8.20
[INFO] [stderr]    Compiling anyhow v1.0.92
[INFO] [stderr]    Compiling semver v1.0.23
[INFO] [stderr]    Compiling target-triple v0.1.3
[INFO] [stderr]    Compiling serde_json v1.0.117
[INFO] [stderr]    Compiling termcolor v1.4.1
[INFO] [stderr]    Compiling glob v0.3.1
[INFO] [stderr]    Compiling num_cpus v1.16.0
[INFO] [stderr]    Compiling serde_derive v1.0.214
[INFO] [stderr]    Compiling rustc_version v0.4.1
[INFO] [stderr]    Compiling cargo-toolchain v0.1.0
[INFO] [stderr]    Compiling crossbeam-epoch v0.9.18
[INFO] [stderr]    Compiling crossbeam-queue v0.3.11
[INFO] [stderr]    Compiling crossbeam-channel v0.5.13
[INFO] [stderr]    Compiling crossbeam-deque v0.8.5
[INFO] [stderr]    Compiling crossbeam v0.8.4
[INFO] [stderr]    Compiling toml_datetime v0.6.8
[INFO] [stderr]    Compiling serde_spanned v0.6.8
[INFO] [stderr]    Compiling toml_edit v0.22.22
[INFO] [stderr]    Compiling toml v0.8.19
[INFO] [stderr]    Compiling trybuild v1.0.101
[INFO] [stderr]    Compiling fieldx v0.1.6 (/opt/rustwide/workdir)
[INFO] [stderr]     Finished `test` profile [unoptimized + debuginfo] target(s) in 12.75s
[INFO] running `Command { std: "docker" "inspect" "9c7805ce563cae486c22aec0a26d9b47eac5da31f0e11918c29e60e120a91b8c", kill_on_drop: false }`
[INFO] running `Command { std: "docker" "rm" "-f" "9c7805ce563cae486c22aec0a26d9b47eac5da31f0e11918c29e60e120a91b8c", kill_on_drop: false }`
[INFO] [stdout] 9c7805ce563cae486c22aec0a26d9b47eac5da31f0e11918c29e60e120a91b8c
[INFO] running `Command { std: "docker" "create" "-v" "/var/lib/crater-agent-workspace/builds/worker-1-tc1/target:/opt/rustwide/target:rw,Z" "-v" "/var/lib/crater-agent-workspace/builds/worker-1-tc1/source:/opt/rustwide/workdir:ro,Z" "-v" "/var/lib/crater-agent-workspace/cargo-home:/opt/rustwide/cargo-home:ro,Z" "-v" "/var/lib/crater-agent-workspace/rustup-home:/opt/rustwide/rustup-home:ro,Z" "-e" "SOURCE_DIR=/opt/rustwide/workdir" "-e" "CARGO_TARGET_DIR=/opt/rustwide/target" "-e" "CARGO_INCREMENTAL=0" "-e" "RUST_BACKTRACE=full" "-e" "RUSTFLAGS=--cap-lints=forbid" "-e" "RUSTDOCFLAGS=--cap-lints=forbid" "-e" "CARGO_HOME=/opt/rustwide/cargo-home" "-e" "RUSTUP_HOME=/opt/rustwide/rustup-home" "-w" "/opt/rustwide/workdir" "-m" "1610612736" "--user" "0:0" "--network" "none" "ghcr.io/rust-lang/crates-build-env/linux@sha256:4a844ea9eb2546a2d2c7022eacef16ef2e8229c7fbb2c7d4d55a9ceca922f72d" "/opt/rustwide/cargo-home/bin/cargo" "+nightly-2024-10-28" "test" "--frozen", kill_on_drop: false }`
[INFO] [stdout] 38825a15ba0b4ba42768097954856e4bc9af147ede1a25cac2ed8a5bdccfb19e
[INFO] running `Command { std: "docker" "start" "-a" "38825a15ba0b4ba42768097954856e4bc9af147ede1a25cac2ed8a5bdccfb19e", kill_on_drop: false }`
[INFO] [stderr]     Finished `test` profile [unoptimized + debuginfo] target(s) in 0.09s
[INFO] [stderr]      Running unittests src/lib.rs (/opt/rustwide/target/debug/deps/fieldx-b95e7b61d50e8a4d)
[INFO] [stdout] 
[INFO] [stdout] running 0 tests
[INFO] [stdout] 
[INFO] [stdout] test result: ok. 0 passed; 0 failed; 0 ignored; 0 measured; 0 filtered out; finished in 0.00s
[INFO] [stdout] 
[INFO] [stderr]      Running tests/as_ref.rs (/opt/rustwide/target/debug/deps/as_ref-e9a54be73a6d5c65)
[INFO] [stdout] 
[INFO] [stdout] running 1 test
[INFO] [stdout] test accessors ... ok
[INFO] [stdout] 
[INFO] [stdout] test result: ok. 1 passed; 0 failed; 0 ignored; 0 measured; 0 filtered out; finished in 0.00s
[INFO] [stdout] 
[INFO] [stderr]      Running tests/builder_opt_in.rs (/opt/rustwide/target/debug/deps/builder_opt_in-8e88baf9d9b34147)
[INFO] [stdout] 
[INFO] [stdout] running 2 tests
[INFO] [stdout] test nsync ... ok
[INFO] [stdout] test plain ... ok
[INFO] [stdout] 
[INFO] [stdout] test result: ok. 2 passed; 0 failed; 0 ignored; 0 measured; 0 filtered out; finished in 0.00s
[INFO] [stdout] 
[INFO] [stderr]      Running tests/builder_required.rs (/opt/rustwide/target/debug/deps/builder_required-1124f3864f88942c)
[INFO] [stdout] 
[INFO] [stdout] running 2 tests
[INFO] [stdout] test plain ... ok
[INFO] [stdout] test sync ... ok
[INFO] [stdout] 
[INFO] [stdout] test result: ok. 2 passed; 0 failed; 0 ignored; 0 measured; 0 filtered out; finished in 0.00s
[INFO] [stdout] 
[INFO] [stderr]      Running tests/compilation.rs (/opt/rustwide/target/debug/deps/compilation-5b9e08a3f60af82d)
[INFO] [stdout] 
[INFO] [stdout] running 2 tests
[INFO] [stderr]    Compiling proc-macro2 v1.0.89
[INFO] [stderr]    Compiling unicode-ident v1.0.13
[INFO] [stderr]    Compiling strsim v0.11.1
[INFO] [stderr]    Compiling ident_case v1.0.1
[INFO] [stderr]    Compiling fnv v1.0.7
[INFO] [stderr]    Compiling crossbeam-utils v0.8.20
[INFO] [stderr]    Compiling thiserror v1.0.66
[INFO] [stderr]    Compiling libc v0.2.161
[INFO] [stderr]    Compiling autocfg v1.4.0
[INFO] [stderr]    Compiling parking_lot_core v0.9.10
[INFO] [stderr]    Compiling paste v1.0.15
[INFO] [stderr]    Compiling anyhow v1.0.92
[INFO] [stderr]    Compiling serde v1.0.214
[INFO] [stderr]    Compiling cfg-if v1.0.0
[INFO] [stderr]    Compiling scopeguard v1.2.0
[INFO] [stderr]    Compiling once_cell v1.20.2
[INFO] [stderr]    Compiling semver v1.0.23
[INFO] [stderr]    Compiling smallvec v1.13.2
[INFO] [stderr]    Compiling rust-format v0.3.4
[INFO] [stderr]    Compiling serde_json v1.0.117
[INFO] [stderr]    Compiling itoa v1.0.11
[INFO] [stderr]    Compiling ryu v1.0.18
[INFO] [stderr]    Compiling rustc_version v0.4.1
[INFO] [stderr]    Compiling lock_api v0.4.12
[INFO] [stderr]    Compiling crossbeam-epoch v0.9.18
[INFO] [stderr]    Compiling crossbeam-queue v0.3.11
[INFO] [stderr]    Compiling crossbeam-channel v0.5.13
[INFO] [stderr]    Compiling cargo-toolchain v0.1.0
[INFO] [stderr]    Compiling quote v1.0.37
[INFO] [stderr]    Compiling crossbeam-deque v0.8.5
[INFO] [stderr]    Compiling syn v2.0.86
[INFO] [stderr]    Compiling crossbeam v0.8.4
[INFO] [stderr]    Compiling num_cpus v1.16.0
[INFO] [stderr]    Compiling parking_lot v0.12.3
[INFO] [stderr]    Compiling proc-macro-error-attr2 v2.0.0
[INFO] [stderr]    Compiling darling_core v0.20.10
[INFO] [stderr]    Compiling proc-macro-error2 v2.0.1
[INFO] [stderr]    Compiling getset v0.1.3
[INFO] [stderr]    Compiling thiserror-impl v1.0.66
[INFO] [stderr]    Compiling delegate v0.12.0
[INFO] [stderr]    Compiling enum_dispatch v0.3.13
[INFO] [stderr]    Compiling darling_macro v0.20.10
[INFO] [stderr]    Compiling darling v0.20.10
[INFO] [stderr]    Compiling fieldx_derive_support v0.1.6
[INFO] [stderr]    Compiling fieldx_aux v0.1.6
[INFO] [stderr]    Compiling fieldx_derive v0.1.6
[INFO] [stderr]    Compiling fieldx v0.1.6 (/opt/rustwide/workdir)
[INFO] [stderr]    Compiling fieldx-tests v0.0.0 (/opt/rustwide/target/tests/trybuild/fieldx)
[INFO] [stderr]     Finished `dev` profile [unoptimized + debuginfo] target(s) in 17.55s
[INFO] [stderr] 
[INFO] [stderr] 
[INFO] [stderr] test tests/compilable/no_reader.rs ... ok
[INFO] [stderr] 
[INFO] [stderr] 
[INFO] [stdout] test success ... ok
[INFO] [stderr]     Checking unicode-ident v1.0.13
[INFO] [stderr]     Checking strsim v0.11.1
[INFO] [stderr]     Checking ident_case v1.0.1
[INFO] [stderr]     Checking fnv v1.0.7
[INFO] [stderr]     Checking smallvec v1.13.2
[INFO] [stderr]     Checking cfg-if v1.0.0
[INFO] [stderr]     Checking scopeguard v1.2.0
[INFO] [stderr]     Checking crossbeam-utils v0.8.20
[INFO] [stderr]     Checking libc v0.2.161
[INFO] [stderr]     Checking anyhow v1.0.92
[INFO] [stderr]     Checking semver v1.0.23
[INFO] [stderr]     Checking thiserror v1.0.66
[INFO] [stderr]     Checking serde v1.0.214
[INFO] [stderr]     Checking itoa v1.0.11
[INFO] [stderr]     Checking ryu v1.0.18
[INFO] [stderr]     Checking proc-macro2 v1.0.89
[INFO] [stderr]     Checking lock_api v0.4.12
[INFO] [stderr]     Checking cargo-toolchain v0.1.0
[INFO] [stderr]     Checking rustc_version v0.4.1
[INFO] [stderr]     Checking crossbeam-epoch v0.9.18
[INFO] [stderr]     Checking crossbeam-queue v0.3.11
[INFO] [stderr]     Checking crossbeam-channel v0.5.13
[INFO] [stderr]     Checking quote v1.0.37
[INFO] [stderr]     Checking crossbeam-deque v0.8.5
[INFO] [stderr]     Checking parking_lot_core v0.9.10
[INFO] [stderr]     Checking num_cpus v1.16.0
[INFO] [stderr]     Checking syn v2.0.86
[INFO] [stderr]     Checking crossbeam v0.8.4
[INFO] [stderr]     Checking parking_lot v0.12.3
[INFO] [stderr]     Checking serde_json v1.0.117
[INFO] [stderr]     Checking darling_core v0.20.10
[INFO] [stderr]     Checking darling v0.20.10
[INFO] [stderr]     Checking fieldx_aux v0.1.6
[INFO] [stderr]     Checking fieldx v0.1.6 (/opt/rustwide/workdir)
[INFO] [stderr]     Checking fieldx-tests v0.0.0 (/opt/rustwide/target/tests/trybuild/fieldx)
[INFO] [stderr]     Finished `dev` profile [unoptimized + debuginfo] target(s) in 4.48s
[INFO] [stderr] 
[INFO] [stderr] 
[INFO] [stderr] test /opt/rustwide/workdir/tests/uncompilable/incompat_args.rs ... error
[INFO] [stderr] Read-only file system (os error 30)
[INFO] [stderr] 
[INFO] [stderr] test /opt/rustwide/workdir/tests/uncompilable/incompat_field_args.rs ... error
[INFO] [stderr] Read-only file system (os error 30)
[INFO] [stderr] 
[INFO] [stderr] test /opt/rustwide/workdir/tests/uncompilable/non_copy.rs ... error
[INFO] [stderr] Read-only file system (os error 30)
[INFO] [stderr] 
[INFO] [stderr] test /opt/rustwide/workdir/tests/uncompilable/priv_accessor.rs ... error
[INFO] [stderr] Read-only file system (os error 30)
[INFO] [stderr] 
[INFO] [stderr] test /opt/rustwide/workdir/tests/uncompilable/private.rs ... error
[INFO] [stderr] Read-only file system (os error 30)
[INFO] [stderr] 
[INFO] [stderr] test /opt/rustwide/workdir/tests/uncompilable/skip.rs ... error
[INFO] [stderr] Read-only file system (os error 30)
[INFO] [stderr] 
[INFO] [stderr] test /opt/rustwide/workdir/tests/uncompilable/unused_builder.rs ... error
[INFO] [stderr] Read-only file system (os error 30)
[INFO] [stderr] 
[INFO] [stderr] test /opt/rustwide/workdir/tests/uncompilable/unused_reader.rs ... error
[INFO] [stderr] Read-only file system (os error 30)
[INFO] [stderr] 
[INFO] [stderr] 
[INFO] [stderr] 
[INFO] [stderr] thread 'failures' panicked at core/src/panicking.rs:235:5:
[INFO] [stdout] + /opt/rustwide/workdir/tests/uncompilable/nightly/unused_builder.stderr -> /opt/rustwide/workdir/tests/uncompilable/unused_builder.stderr
[INFO] [stderr] panic in a destructor during cleanup
[INFO] [stdout] !!! Failed to copy '/opt/rustwide/workdir/tests/uncompilable/nightly/unused_builder.stderr' to '/opt/rustwide/workdir/tests/uncompilable/unused_builder.stderr': Read-only file system (os error 30)
[INFO] [stderr] thread caused non-unwinding panic. aborting.
[INFO] [stdout] + /opt/rustwide/workdir/tests/uncompilable/nightly/priv_accessor.stderr -> /opt/rustwide/workdir/tests/uncompilable/priv_accessor.stderr
[INFO] [stdout] !!! Failed to copy '/opt/rustwide/workdir/tests/uncompilable/nightly/priv_accessor.stderr' to '/opt/rustwide/workdir/tests/uncompilable/priv_accessor.stderr': Read-only file system (os error 30)
[INFO] [stdout] + /opt/rustwide/workdir/tests/uncompilable/nightly/incompat_args.stderr -> /opt/rustwide/workdir/tests/uncompilable/incompat_args.stderr
[INFO] [stdout] !!! Failed to copy '/opt/rustwide/workdir/tests/uncompilable/nightly/incompat_args.stderr' to '/opt/rustwide/workdir/tests/uncompilable/incompat_args.stderr': Read-only file system (os error 30)
[INFO] [stdout] + /opt/rustwide/workdir/tests/uncompilable/nightly/non_copy.stderr -> /opt/rustwide/workdir/tests/uncompilable/non_copy.stderr
[INFO] [stdout] !!! Failed to copy '/opt/rustwide/workdir/tests/uncompilable/nightly/non_copy.stderr' to '/opt/rustwide/workdir/tests/uncompilable/non_copy.stderr': Read-only file system (os error 30)
[INFO] [stdout] + /opt/rustwide/workdir/tests/uncompilable/nightly/unused_reader.stderr -> /opt/rustwide/workdir/tests/uncompilable/unused_reader.stderr
[INFO] [stdout] !!! Failed to copy '/opt/rustwide/workdir/tests/uncompilable/nightly/unused_reader.stderr' to '/opt/rustwide/workdir/tests/uncompilable/unused_reader.stderr': Read-only file system (os error 30)
[INFO] [stdout] + /opt/rustwide/workdir/tests/uncompilable/nightly/skip.stderr -> /opt/rustwide/workdir/tests/uncompilable/skip.stderr
[INFO] [stdout] !!! Failed to copy '/opt/rustwide/workdir/tests/uncompilable/nightly/skip.stderr' to '/opt/rustwide/workdir/tests/uncompilable/skip.stderr': Read-only file system (os error 30)
[INFO] [stdout] + /opt/rustwide/workdir/tests/uncompilable/nightly/incompat_field_args.stderr -> /opt/rustwide/workdir/tests/uncompilable/incompat_field_args.stderr
[INFO] [stdout] !!! Failed to copy '/opt/rustwide/workdir/tests/uncompilable/nightly/incompat_field_args.stderr' to '/opt/rustwide/workdir/tests/uncompilable/incompat_field_args.stderr': Read-only file system (os error 30)
[INFO] [stdout] + /opt/rustwide/workdir/tests/uncompilable/nightly/private.stderr -> /opt/rustwide/workdir/tests/uncompilable/private.stderr
[INFO] [stdout] !!! Failed to copy '/opt/rustwide/workdir/tests/uncompilable/nightly/private.stderr' to '/opt/rustwide/workdir/tests/uncompilable/private.stderr': Read-only file system (os error 30)
[INFO] [stdout] thread 'failures' panicked at /opt/rustwide/cargo-home/registry/src/index.crates.io-6f17d22bba15001f/trybuild-1.0.101/src/run.rs:101:13:
[INFO] [stdout] 8 of 8 tests failed
[INFO] [stdout] stack backtrace:
[INFO] [stdout]    0:     0x64ea8afc880a - std::backtrace_rs::backtrace::libunwind::trace::h207520d6e9873551
[INFO] [stdout]                                at /rustc/df4ca44d3fbc9301ee17f30f4d474e6ae4b05252/library/std/src/../../backtrace/src/backtrace/libunwind.rs:116:5
[INFO] [stdout]    1:     0x64ea8afc880a - std::backtrace_rs::backtrace::trace_unsynchronized::h2ed7433f370e3eca
[INFO] [stdout]                                at /rustc/df4ca44d3fbc9301ee17f30f4d474e6ae4b05252/library/std/src/../../backtrace/src/backtrace/mod.rs:66:5
[INFO] [stdout]    2:     0x64ea8afc880a - std::sys::backtrace::_print_fmt::h916fac51166b18d7
[INFO] [stdout]                                at /rustc/df4ca44d3fbc9301ee17f30f4d474e6ae4b05252/library/std/src/sys/backtrace.rs:66:9
[INFO] [stdout]    3:     0x64ea8afc880a - <std::sys::backtrace::BacktraceLock::print::DisplayBacktrace as core::fmt::Display>::fmt::ha0a4c9b8ce3802e6
[INFO] [stdout]                                at /rustc/df4ca44d3fbc9301ee17f30f4d474e6ae4b05252/library/std/src/sys/backtrace.rs:39:26
[INFO] [stdout]    4:     0x64ea8aff2733 - core::fmt::rt::Argument::fmt::h4cfc8587d52b3eb5
[INFO] [stdout]                                at /rustc/df4ca44d3fbc9301ee17f30f4d474e6ae4b05252/library/core/src/fmt/rt.rs:177:76
[INFO] [stdout]    5:     0x64ea8aff2733 - core::fmt::write::h522cc39e5b36ae9f
[INFO] [stdout]                                at /rustc/df4ca44d3fbc9301ee17f30f4d474e6ae4b05252/library/core/src/fmt/mod.rs:1190:21
[INFO] [stdout]    6:     0x64ea8afc4673 - std::io::Write::write_fmt::h7d3c26752da97734
[INFO] [stdout]                                at /rustc/df4ca44d3fbc9301ee17f30f4d474e6ae4b05252/library/std/src/io/mod.rs:1839:15
[INFO] [stdout]    7:     0x64ea8afc8652 - std::sys::backtrace::BacktraceLock::print::h4b9e00b29e9c0942
[INFO] [stdout]                                at /rustc/df4ca44d3fbc9301ee17f30f4d474e6ae4b05252/library/std/src/sys/backtrace.rs:42:9
[INFO] [stdout]    8:     0x64ea8afca29a - std::panicking::default_hook::{{closure}}::hb59b88280d0324d9
[INFO] [stdout]                                at /rustc/df4ca44d3fbc9301ee17f30f4d474e6ae4b05252/library/std/src/panicking.rs:268:22
[INFO] [stdout]    9:     0x64ea8afca0a4 - std::panicking::default_hook::he1dd496665be4a29
[INFO] [stdout]                                at /rustc/df4ca44d3fbc9301ee17f30f4d474e6ae4b05252/library/std/src/panicking.rs:292:9
[INFO] [stdout]   10:     0x64ea8acbbd49 - <alloc::boxed::Box<F,A> as core::ops::function::Fn<Args>>::call::h4ff71de18744e1dc
[INFO] [stdout]                                at /rustc/df4ca44d3fbc9301ee17f30f4d474e6ae4b05252/library/alloc/src/boxed.rs:2468:9
[INFO] [stdout]   11:     0x64ea8acbbd49 - test::test_main::{{closure}}::hcf7c055ce117aa81
[INFO] [stdout]                                at /rustc/df4ca44d3fbc9301ee17f30f4d474e6ae4b05252/library/test/src/lib.rs:133:21
[INFO] [stdout]   12:     0x64ea8afca998 - <alloc::boxed::Box<F,A> as core::ops::function::Fn<Args>>::call::h1d66c6bbd60c9692
[INFO] [stdout]                                at /rustc/df4ca44d3fbc9301ee17f30f4d474e6ae4b05252/library/alloc/src/boxed.rs:2468:9
[INFO] [stdout]   13:     0x64ea8afca998 - std::panicking::rust_panic_with_hook::h2ff17fe8f26dfcf8
[INFO] [stdout]                                at /rustc/df4ca44d3fbc9301ee17f30f4d474e6ae4b05252/library/std/src/panicking.rs:809:13
[INFO] [stdout]   14:     0x64ea8afca75a - std::panicking::begin_panic_handler::{{closure}}::h4fad77951c07e101
[INFO] [stdout]                                at /rustc/df4ca44d3fbc9301ee17f30f4d474e6ae4b05252/library/std/src/panicking.rs:674:13
[INFO] [stdout]   15:     0x64ea8afc8ce9 - std::sys::backtrace::__rust_end_short_backtrace::hb1a25b3da5d0ea08
[INFO] [stdout]                                at /rustc/df4ca44d3fbc9301ee17f30f4d474e6ae4b05252/library/std/src/sys/backtrace.rs:170:18
[INFO] [stdout]   16:     0x64ea8afca3ec - rust_begin_unwind
[INFO] [stdout]                                at /rustc/df4ca44d3fbc9301ee17f30f4d474e6ae4b05252/library/std/src/panicking.rs:665:5
[INFO] [stdout]   17:     0x64ea8aff0ae0 - core::panicking::panic_fmt::ha9db07b529f9b256
[INFO] [stdout]                                at /rustc/df4ca44d3fbc9301ee17f30f4d474e6ae4b05252/library/core/src/panicking.rs:75:14
[INFO] [stdout]   18:     0x64ea8acd493f - trybuild::run::<impl trybuild::Runner>::run::h8ca9d8b6f4f45779
[INFO] [stdout]                                at /opt/rustwide/cargo-home/registry/src/index.crates.io-6f17d22bba15001f/trybuild-1.0.101/src/run.rs:101:13
[INFO] [stdout]   19:     0x64ea8acd9e58 - <trybuild::TestCases as core::ops::drop::Drop>::drop::hf33eea4367b92f9c
[INFO] [stdout]                                at /opt/rustwide/cargo-home/registry/src/index.crates.io-6f17d22bba15001f/trybuild-1.0.101/src/lib.rs:340:13
[INFO] [stdout]   20:     0x64ea8ac7ba87 - core::ptr::drop_in_place<trybuild::TestCases>::ha74756dc6b8b08cd
[INFO] [stdout]                                at /rustc/df4ca44d3fbc9301ee17f30f4d474e6ae4b05252/library/core/src/ptr/mod.rs:521:1
[INFO] [stdout]   21:     0x64ea8ac81d21 - compilation::failures::h5af804224b3573ce
[INFO] [stdout]                                at /opt/rustwide/workdir/tests/compilation.rs:175:1
[INFO] [stdout]   22:     0x64ea8ac81bb7 - compilation::failures::{{closure}}::h198ea9042848a2f2
[INFO] [stdout]                                at /opt/rustwide/workdir/tests/compilation.rs:171:14
[INFO] [stdout]   23:     0x64ea8ac7b9a6 - core::ops::function::FnOnce::call_once::h18f0e1b7942109b0
[INFO] [stdout]                                at /rustc/df4ca44d3fbc9301ee17f30f4d474e6ae4b05252/library/core/src/ops/function.rs:250:5
[INFO] [stdout]   24:     0x64ea8acc061b - core::ops::function::FnOnce::call_once::h22c3ba5715e93f05
[INFO] [stdout]                                at /rustc/df4ca44d3fbc9301ee17f30f4d474e6ae4b05252/library/core/src/ops/function.rs:250:5
[INFO] [stdout]   25:     0x64ea8acc061b - test::__rust_begin_short_backtrace::h8e82d8113d0da17f
[INFO] [stdout]                                at /rustc/df4ca44d3fbc9301ee17f30f4d474e6ae4b05252/library/test/src/lib.rs:621:18
[INFO] [stdout]   26:     0x64ea8acbff97 - test::run_test_in_process::{{closure}}::h33235f4f20b7b7c7
[INFO] [stdout]                                at /rustc/df4ca44d3fbc9301ee17f30f4d474e6ae4b05252/library/test/src/lib.rs:644:60
[INFO] [stdout]   27:     0x64ea8acbff97 - <core::panic::unwind_safe::AssertUnwindSafe<F> as core::ops::function::FnOnce<()>>::call_once::hb5043206310c586f
[INFO] [stdout]                                at /rustc/df4ca44d3fbc9301ee17f30f4d474e6ae4b05252/library/core/src/panic/unwind_safe.rs:272:9
[INFO] [stdout]   28:     0x64ea8acbff97 - std::panicking::try::do_call::h9ad4731a60ab23e2
[INFO] [stdout]                                at /rustc/df4ca44d3fbc9301ee17f30f4d474e6ae4b05252/library/std/src/panicking.rs:557:40
[INFO] [stdout]   29:     0x64ea8acbff97 - std::panicking::try::h3824d23db772a716
[INFO] [stdout]                                at /rustc/df4ca44d3fbc9301ee17f30f4d474e6ae4b05252/library/std/src/panicking.rs:520:19
[INFO] [stdout]   30:     0x64ea8acbff97 - std::panic::catch_unwind::h5afd514605fde46b
[INFO] [stdout]                                at /rustc/df4ca44d3fbc9301ee17f30f4d474e6ae4b05252/library/std/src/panic.rs:358:14
[INFO] [stdout]   31:     0x64ea8acbff97 - test::run_test_in_process::h0d5cbfa7067d1720
[INFO] [stdout]                                at /rustc/df4ca44d3fbc9301ee17f30f4d474e6ae4b05252/library/test/src/lib.rs:644:27
[INFO] [stdout]   32:     0x64ea8acbff97 - test::run_test::{{closure}}::h708eb8872708115d
[INFO] [stdout]                                at /rustc/df4ca44d3fbc9301ee17f30f4d474e6ae4b05252/library/test/src/lib.rs:565:43
[INFO] [stdout]   33:     0x64ea8ac836b4 - test::run_test::{{closure}}::h392c51cee94713ab
[INFO] [stdout]                                at /rustc/df4ca44d3fbc9301ee17f30f4d474e6ae4b05252/library/test/src/lib.rs:595:41
[INFO] [stdout]   34:     0x64ea8ac836b4 - std::sys::backtrace::__rust_begin_short_backtrace::h2f40290710935a8b
[INFO] [stdout]                                at /rustc/df4ca44d3fbc9301ee17f30f4d474e6ae4b05252/library/std/src/sys/backtrace.rs:154:18
[INFO] [stdout]   35:     0x64ea8ac86e5e - std::thread::Builder::spawn_unchecked_::{{closure}}::{{closure}}::h3fd968d89053a903
[INFO] [stdout]                                at /rustc/df4ca44d3fbc9301ee17f30f4d474e6ae4b05252/library/std/src/thread/mod.rs:541:17
[INFO] [stdout]   36:     0x64ea8ac86e5e - <core::panic::unwind_safe::AssertUnwindSafe<F> as core::ops::function::FnOnce<()>>::call_once::h743f637ba4229880
[INFO] [stdout]                                at /rustc/df4ca44d3fbc9301ee17f30f4d474e6ae4b05252/library/core/src/panic/unwind_safe.rs:272:9
[INFO] [stdout]   37:     0x64ea8ac86e5e - std::panicking::try::do_call::h07440897322525a6
[INFO] [stdout]                                at /rustc/df4ca44d3fbc9301ee17f30f4d474e6ae4b05252/library/std/src/panicking.rs:557:40
[INFO] [stdout]   38:     0x64ea8ac86e5e - std::panicking::try::he5a2e00188156637
[INFO] [stdout]                                at /rustc/df4ca44d3fbc9301ee17f30f4d474e6ae4b05252/library/std/src/panicking.rs:520:19
[INFO] [stdout]   39:     0x64ea8ac86e5e - std::panic::catch_unwind::hbaf3cae49b3c6433
[INFO] [stdout]                                at /rustc/df4ca44d3fbc9301ee17f30f4d474e6ae4b05252/library/std/src/panic.rs:358:14
[INFO] [stdout]   40:     0x64ea8ac86e5e - std::thread::Builder::spawn_unchecked_::{{closure}}::h8e141ea224820bce
[INFO] [stdout]                                at /rustc/df4ca44d3fbc9301ee17f30f4d474e6ae4b05252/library/std/src/thread/mod.rs:540:30
[INFO] [stdout]   41:     0x64ea8ac86e5e - core::ops::function::FnOnce::call_once{{vtable.shim}}::h90d312fedd7b8ea8
[INFO] [stdout]                                at /rustc/df4ca44d3fbc9301ee17f30f4d474e6ae4b05252/library/core/src/ops/function.rs:250:5
[INFO] [stdout]   42:     0x64ea8afcf75b - <alloc::boxed::Box<F,A> as core::ops::function::FnOnce<Args>>::call_once::h69aa08ddb6adb8b6
[INFO] [stdout]                                at /rustc/df4ca44d3fbc9301ee17f30f4d474e6ae4b05252/library/alloc/src/boxed.rs:2454:9
[INFO] [stdout]   43:     0x64ea8afcf75b - <alloc::boxed::Box<F,A> as core::ops::function::FnOnce<Args>>::call_once::h5aa36efdb79c806f
[INFO] [stdout]                                at /rustc/df4ca44d3fbc9301ee17f30f4d474e6ae4b05252/library/alloc/src/boxed.rs:2454:9
[INFO] [stdout]   44:     0x64ea8afcf75b - std::sys::pal::unix::thread::Thread::new::thread_start::h6cd80a1b4be5158d
[INFO] [stdout]                                at /rustc/df4ca44d3fbc9301ee17f30f4d474e6ae4b05252/library/std/src/sys/pal/unix/thread.rs:105:17
[INFO] [stdout]   45:     0x7a044118fac3 - <unknown>
[INFO] [stdout]   46:     0x7a0441220a04 - clone
[INFO] [stdout]   47:                0x0 - <unknown>
[INFO] [stdout] - Removing /opt/rustwide/workdir/tests/uncompilable/unused_builder.stderr
[INFO] [stdout] !!! Failed to remove '/opt/rustwide/workdir/tests/uncompilable/unused_builder.stderr': Read-only file system (os error 30)
[INFO] [stdout] - Removing /opt/rustwide/workdir/tests/uncompilable/priv_accessor.stderr
[INFO] [stdout] - Removing /opt/rustwide/workdir/tests/uncompilable/incompat_args.stderr
[INFO] [stdout] - Removing /opt/rustwide/workdir/tests/uncompilable/non_copy.stderr
[INFO] [stdout] - Removing /opt/rustwide/workdir/tests/uncompilable/unused_reader.stderr
[INFO] [stdout] - Removing /opt/rustwide/workdir/tests/uncompilable/skip.stderr
[INFO] [stdout] - Removing /opt/rustwide/workdir/tests/uncompilable/incompat_field_args.stderr
[INFO] [stdout] - Removing /opt/rustwide/workdir/tests/uncompilable/private.stderr
[INFO] [stdout] thread 'failures' panicked at tests/compilation.rs:165:13:
[INFO] [stdout] Failed to update or remove some stderr files
[INFO] [stdout] stack backtrace:
[INFO] [stdout]    0:     0x64ea8afc880a - std::backtrace_rs::backtrace::libunwind::trace::h207520d6e9873551
[INFO] [stdout]                                at /rustc/df4ca44d3fbc9301ee17f30f4d474e6ae4b05252/library/std/src/../../backtrace/src/backtrace/libunwind.rs:116:5
[INFO] [stdout]    1:     0x64ea8afc880a - std::backtrace_rs::backtrace::trace_unsynchronized::h2ed7433f370e3eca
[INFO] [stdout]                                at /rustc/df4ca44d3fbc9301ee17f30f4d474e6ae4b05252/library/std/src/../../backtrace/src/backtrace/mod.rs:66:5
[INFO] [stdout]    2:     0x64ea8afc880a - std::sys::backtrace::_print_fmt::h916fac51166b18d7
[INFO] [stdout]                                at /rustc/df4ca44d3fbc9301ee17f30f4d474e6ae4b05252/library/std/src/sys/backtrace.rs:66:9
[INFO] [stdout]    3:     0x64ea8afc880a - <std::sys::backtrace::BacktraceLock::print::DisplayBacktrace as core::fmt::Display>::fmt::ha0a4c9b8ce3802e6
[INFO] [stdout]                                at /rustc/df4ca44d3fbc9301ee17f30f4d474e6ae4b05252/library/std/src/sys/backtrace.rs:39:26
[INFO] [stdout]    4:     0x64ea8aff2733 - core::fmt::rt::Argument::fmt::h4cfc8587d52b3eb5
[INFO] [stdout]                                at /rustc/df4ca44d3fbc9301ee17f30f4d474e6ae4b05252/library/core/src/fmt/rt.rs:177:76
[INFO] [stdout]    5:     0x64ea8aff2733 - core::fmt::write::h522cc39e5b36ae9f
[INFO] [stdout]                                at /rustc/df4ca44d3fbc9301ee17f30f4d474e6ae4b05252/library/core/src/fmt/mod.rs:1190:21
[INFO] [stdout]    6:     0x64ea8afc4673 - std::io::Write::write_fmt::h7d3c26752da97734
[INFO] [stdout]                                at /rustc/df4ca44d3fbc9301ee17f30f4d474e6ae4b05252/library/std/src/io/mod.rs:1839:15
[INFO] [stdout]    7:     0x64ea8afc8652 - std::sys::backtrace::BacktraceLock::print::h4b9e00b29e9c0942
[INFO] [stdout]                                at /rustc/df4ca44d3fbc9301ee17f30f4d474e6ae4b05252/library/std/src/sys/backtrace.rs:42:9
[INFO] [stdout]    8:     0x64ea8afca29a - std::panicking::default_hook::{{closure}}::hb59b88280d0324d9
[INFO] [stdout]                                at /rustc/df4ca44d3fbc9301ee17f30f4d474e6ae4b05252/library/std/src/panicking.rs:268:22
[INFO] [stdout]    9:     0x64ea8afca0a4 - std::panicking::default_hook::he1dd496665be4a29
[INFO] [stdout]                                at /rustc/df4ca44d3fbc9301ee17f30f4d474e6ae4b05252/library/std/src/panicking.rs:292:9
[INFO] [stdout]   10:     0x64ea8acbbd49 - <alloc::boxed::Box<F,A> as core::ops::function::Fn<Args>>::call::h4ff71de18744e1dc
[INFO] [stdout]                                at /rustc/df4ca44d3fbc9301ee17f30f4d474e6ae4b05252/library/alloc/src/boxed.rs:2468:9
[INFO] [stdout]   11:     0x64ea8acbbd49 - test::test_main::{{closure}}::hcf7c055ce117aa81
[INFO] [stdout]                                at /rustc/df4ca44d3fbc9301ee17f30f4d474e6ae4b05252/library/test/src/lib.rs:133:21
[INFO] [stdout]   12:     0x64ea8afca998 - <alloc::boxed::Box<F,A> as core::ops::function::Fn<Args>>::call::h1d66c6bbd60c9692
[INFO] [stdout]                                at /rustc/df4ca44d3fbc9301ee17f30f4d474e6ae4b05252/library/alloc/src/boxed.rs:2468:9
[INFO] [stdout]   13:     0x64ea8afca998 - std::panicking::rust_panic_with_hook::h2ff17fe8f26dfcf8
[INFO] [stdout]                                at /rustc/df4ca44d3fbc9301ee17f30f4d474e6ae4b05252/library/std/src/panicking.rs:809:13
[INFO] [stdout]   14:     0x64ea8afca726 - std::panicking::begin_panic_handler::{{closure}}::h4fad77951c07e101
[INFO] [stdout]                                at /rustc/df4ca44d3fbc9301ee17f30f4d474e6ae4b05252/library/std/src/panicking.rs:667:13
[INFO] [stdout]   15:     0x64ea8afc8ce9 - std::sys::backtrace::__rust_end_short_backtrace::hb1a25b3da5d0ea08
[INFO] [stdout]                                at /rustc/df4ca44d3fbc9301ee17f30f4d474e6ae4b05252/library/std/src/sys/backtrace.rs:170:18
[INFO] [stdout]   16:     0x64ea8afca3ec - rust_begin_unwind
[INFO] [stdout]                                at /rustc/df4ca44d3fbc9301ee17f30f4d474e6ae4b05252/library/std/src/panicking.rs:665:5
[INFO] [stdout]   17:     0x64ea8aff0ae0 - core::panicking::panic_fmt::ha9db07b529f9b256
[INFO] [stdout]                                at /rustc/df4ca44d3fbc9301ee17f30f4d474e6ae4b05252/library/core/src/panicking.rs:75:14
[INFO] [stdout]   18:     0x64ea8ac818eb - <compilation::UncompEnv as core::ops::drop::Drop>::drop::hd10d2f98428331fe
[INFO] [stdout]                                at /opt/rustwide/workdir/tests/compilation.rs:165:13
[INFO] [stdout]   19:     0x64ea8ac7bae3 - core::ptr::drop_in_place<compilation::UncompEnv>::h7bc2cd77700aebd1
[INFO] [stdout]                                at /rustc/df4ca44d3fbc9301ee17f30f4d474e6ae4b05252/library/core/src/ptr/mod.rs:521:1
[INFO] [stdout]   20:     0x64ea8ac81c03 - compilation::failures::h5af804224b3573ce
[INFO] [stdout]                                at /opt/rustwide/workdir/tests/compilation.rs:175:1
[INFO] [stdout]   21:     0x64ea8ac81bb7 - compilation::failures::{{closure}}::h198ea9042848a2f2
[INFO] [stdout]                                at /opt/rustwide/workdir/tests/compilation.rs:171:14
[INFO] [stdout]   22:     0x64ea8ac7b9a6 - core::ops::function::FnOnce::call_once::h18f0e1b7942109b0
[INFO] [stdout]                                at /rustc/df4ca44d3fbc9301ee17f30f4d474e6ae4b05252/library/core/src/ops/function.rs:250:5
[INFO] [stdout]   23:     0x64ea8acc061b - core::ops::function::FnOnce::call_once::h22c3ba5715e93f05
[INFO] [stdout]                                at /rustc/df4ca44d3fbc9301ee17f30f4d474e6ae4b05252/library/core/src/ops/function.rs:250:5
[INFO] [stdout]   24:     0x64ea8acc061b - test::__rust_begin_short_backtrace::h8e82d8113d0da17f
[INFO] [stdout]                                at /rustc/df4ca44d3fbc9301ee17f30f4d474e6ae4b05252/library/test/src/lib.rs:621:18
[INFO] [stdout]   25:     0x64ea8acbff97 - test::run_test_in_process::{{closure}}::h33235f4f20b7b7c7
[INFO] [stdout]                                at /rustc/df4ca44d3fbc9301ee17f30f4d474e6ae4b05252/library/test/src/lib.rs:644:60
[INFO] [stdout]   26:     0x64ea8acbff97 - <core::panic::unwind_safe::AssertUnwindSafe<F> as core::ops::function::FnOnce<()>>::call_once::hb5043206310c586f
[INFO] [stdout]                                at /rustc/df4ca44d3fbc9301ee17f30f4d474e6ae4b05252/library/core/src/panic/unwind_safe.rs:272:9
[INFO] [stdout]   27:     0x64ea8acbff97 - std::panicking::try::do_call::h9ad4731a60ab23e2
[INFO] [stdout]                                at /rustc/df4ca44d3fbc9301ee17f30f4d474e6ae4b05252/library/std/src/panicking.rs:557:40
[INFO] [stdout]   28:     0x64ea8acbff97 - std::panicking::try::h3824d23db772a716
[INFO] [stdout]                                at /rustc/df4ca44d3fbc9301ee17f30f4d474e6ae4b05252/library/std/src/panicking.rs:520:19
[INFO] [stdout]   29:     0x64ea8acbff97 - std::panic::catch_unwind::h5afd514605fde46b
[INFO] [stdout]                                at /rustc/df4ca44d3fbc9301ee17f30f4d474e6ae4b05252/library/std/src/panic.rs:358:14
[INFO] [stdout]   30:     0x64ea8acbff97 - test::run_test_in_process::h0d5cbfa7067d1720
[INFO] [stdout]                                at /rustc/df4ca44d3fbc9301ee17f30f4d474e6ae4b05252/library/test/src/lib.rs:644:27
[INFO] [stdout]   31:     0x64ea8acbff97 - test::run_test::{{closure}}::h708eb8872708115d
[INFO] [stdout]                                at /rustc/df4ca44d3fbc9301ee17f30f4d474e6ae4b05252/library/test/src/lib.rs:565:43
[INFO] [stdout]   32:     0x64ea8ac836b4 - test::run_test::{{closure}}::h392c51cee94713ab
[INFO] [stdout]                                at /rustc/df4ca44d3fbc9301ee17f30f4d474e6ae4b05252/library/test/src/lib.rs:595:41
[INFO] [stdout]   33:     0x64ea8ac836b4 - std::sys::backtrace::__rust_begin_short_backtrace::h2f40290710935a8b
[INFO] [stdout]                                at /rustc/df4ca44d3fbc9301ee17f30f4d474e6ae4b05252/library/std/src/sys/backtrace.rs:154:18
[INFO] [stdout]   34:     0x64ea8ac86e5e - std::thread::Builder::spawn_unchecked_::{{closure}}::{{closure}}::h3fd968d89053a903
[INFO] [stdout]                                at /rustc/df4ca44d3fbc9301ee17f30f4d474e6ae4b05252/library/std/src/thread/mod.rs:541:17
[INFO] [stdout]   35:     0x64ea8ac86e5e - <core::panic::unwind_safe::AssertUnwindSafe<F> as core::ops::function::FnOnce<()>>::call_once::h743f637ba4229880
[INFO] [stdout]                                at /rustc/df4ca44d3fbc9301ee17f30f4d474e6ae4b05252/library/core/src/panic/unwind_safe.rs:272:9
[INFO] [stdout]   36:     0x64ea8ac86e5e - std::panicking::try::do_call::h07440897322525a6
[INFO] [stdout]                                at /rustc/df4ca44d3fbc9301ee17f30f4d474e6ae4b05252/library/std/src/panicking.rs:557:40
[INFO] [stdout]   37:     0x64ea8ac86e5e - std::panicking::try::he5a2e00188156637
[INFO] [stdout]                                at /rustc/df4ca44d3fbc9301ee17f30f4d474e6ae4b05252/library/std/src/panicking.rs:520:19
[INFO] [stdout]   38:     0x64ea8ac86e5e - std::panic::catch_unwind::hbaf3cae49b3c6433
[INFO] [stdout]                                at /rustc/df4ca44d3fbc9301ee17f30f4d474e6ae4b05252/library/std/src/panic.rs:358:14
[INFO] [stdout]   39:     0x64ea8ac86e5e - std::thread::Builder::spawn_unchecked_::{{closure}}::h8e141ea224820bce
[INFO] [stdout]                                at /rustc/df4ca44d3fbc9301ee17f30f4d474e6ae4b05252/library/std/src/thread/mod.rs:540:30
[INFO] [stdout]   40:     0x64ea8ac86e5e - core::ops::function::FnOnce::call_once{{vtable.shim}}::h90d312fedd7b8ea8
[INFO] [stdout]                                at /rustc/df4ca44d3fbc9301ee17f30f4d474e6ae4b05252/library/core/src/ops/function.rs:250:5
[INFO] [stdout]   41:     0x64ea8afcf75b - <alloc::boxed::Box<F,A> as core::ops::function::FnOnce<Args>>::call_once::h69aa08ddb6adb8b6
[INFO] [stdout]                                at /rustc/df4ca44d3fbc9301ee17f30f4d474e6ae4b05252/library/alloc/src/boxed.rs:2454:9
[INFO] [stdout]   42:     0x64ea8afcf75b - <alloc::boxed::Box<F,A> as core::ops::function::FnOnce<Args>>::call_once::h5aa36efdb79c806f
[INFO] [stdout]                                at /rustc/df4ca44d3fbc9301ee17f30f4d474e6ae4b05252/library/alloc/src/boxed.rs:2454:9
[INFO] [stdout]   43:     0x64ea8afcf75b - std::sys::pal::unix::thread::Thread::new::thread_start::h6cd80a1b4be5158d
[INFO] [stdout]                                at /rustc/df4ca44d3fbc9301ee17f30f4d474e6ae4b05252/library/std/src/sys/pal/unix/thread.rs:105:17
[INFO] [stdout]   44:     0x7a044118fac3 - <unknown>
[INFO] [stdout]   45:     0x7a0441220a04 - clone
[INFO] [stdout]   46:                0x0 - <unknown>
[INFO] [stderr] error: test failed, to rerun pass `--test compilation`
[INFO] [stderr] 
[INFO] [stderr] Caused by:
[INFO] [stderr]   process didn't exit successfully: `/opt/rustwide/target/debug/deps/compilation-5b9e08a3f60af82d` (signal: 6, SIGABRT: process abort signal)
[INFO] running `Command { std: "docker" "inspect" "38825a15ba0b4ba42768097954856e4bc9af147ede1a25cac2ed8a5bdccfb19e", kill_on_drop: false }`
[INFO] running `Command { std: "docker" "rm" "-f" "38825a15ba0b4ba42768097954856e4bc9af147ede1a25cac2ed8a5bdccfb19e", kill_on_drop: false }`
[INFO] [stdout] 38825a15ba0b4ba42768097954856e4bc9af147ede1a25cac2ed8a5bdccfb19e
