[INFO] fetching crate fib-sequence 0.1.0...
[INFO] testing fib-sequence-0.1.0 against nightly-2024-10-28+rustflags=-Zrandomize-layout for randomize-layout
[INFO] extracting crate fib-sequence 0.1.0 into /workspace/builds/worker-0-tc2/source
[INFO] validating manifest of crates.io crate fib-sequence 0.1.0 on toolchain nightly-2024-10-28
[INFO] running `Command { std: CARGO_HOME="/workspace/cargo-home" RUSTUP_HOME="/workspace/rustup-home" "/workspace/cargo-home/bin/cargo" "+nightly-2024-10-28" "metadata" "--manifest-path" "Cargo.toml" "--no-deps", kill_on_drop: false }`
[INFO] started tweaking crates.io crate fib-sequence 0.1.0
[INFO] finished tweaking crates.io crate fib-sequence 0.1.0
[INFO] tweaked toml for crates.io crate fib-sequence 0.1.0 written to /workspace/builds/worker-0-tc2/source/Cargo.toml
[INFO] running `Command { std: CARGO_HOME="/workspace/cargo-home" RUSTUP_HOME="/workspace/rustup-home" "/workspace/cargo-home/bin/cargo" "+nightly-2024-10-28" "generate-lockfile" "--manifest-path" "Cargo.toml", kill_on_drop: false }`
[INFO] [stderr]     Updating crates.io index
[INFO] [stderr]      Locking 15 packages to latest compatible versions
[INFO] running `Command { std: CARGO_HOME="/workspace/cargo-home" RUSTUP_HOME="/workspace/rustup-home" "/workspace/cargo-home/bin/cargo" "+nightly-2024-10-28" "fetch" "--manifest-path" "Cargo.toml", kill_on_drop: false }`
[INFO] running `Command { std: "docker" "create" "-v" "/var/lib/crater-agent-workspace/builds/worker-0-tc2/target:/opt/rustwide/target:rw,Z" "-v" "/var/lib/crater-agent-workspace/builds/worker-0-tc2/source:/opt/rustwide/workdir:ro,Z" "-v" "/var/lib/crater-agent-workspace/cargo-home:/opt/rustwide/cargo-home:ro,Z" "-v" "/var/lib/crater-agent-workspace/rustup-home:/opt/rustwide/rustup-home:ro,Z" "-e" "SOURCE_DIR=/opt/rustwide/workdir" "-e" "CARGO_TARGET_DIR=/opt/rustwide/target" "-e" "CARGO_HOME=/opt/rustwide/cargo-home" "-e" "RUSTUP_HOME=/opt/rustwide/rustup-home" "-w" "/opt/rustwide/workdir" "-m" "1610612736" "--user" "0:0" "--network" "none" "ghcr.io/rust-lang/crates-build-env/linux@sha256:4a844ea9eb2546a2d2c7022eacef16ef2e8229c7fbb2c7d4d55a9ceca922f72d" "/opt/rustwide/cargo-home/bin/cargo" "+nightly-2024-10-28" "metadata" "--no-deps" "--format-version=1", kill_on_drop: false }`
[INFO] [stdout] d9c788e02979a6ed30bfc4a8599284472980f5a9d4d210fd5c0481b6ff2d8c72
[INFO] running `Command { std: "docker" "start" "-a" "d9c788e02979a6ed30bfc4a8599284472980f5a9d4d210fd5c0481b6ff2d8c72", kill_on_drop: false }`
[INFO] running `Command { std: "docker" "inspect" "d9c788e02979a6ed30bfc4a8599284472980f5a9d4d210fd5c0481b6ff2d8c72", kill_on_drop: false }`
[INFO] running `Command { std: "docker" "rm" "-f" "d9c788e02979a6ed30bfc4a8599284472980f5a9d4d210fd5c0481b6ff2d8c72", kill_on_drop: false }`
[INFO] [stdout] d9c788e02979a6ed30bfc4a8599284472980f5a9d4d210fd5c0481b6ff2d8c72
[INFO] running `Command { std: "docker" "create" "-v" "/var/lib/crater-agent-workspace/builds/worker-0-tc2/target:/opt/rustwide/target:rw,Z" "-v" "/var/lib/crater-agent-workspace/builds/worker-0-tc2/source:/opt/rustwide/workdir:ro,Z" "-v" "/var/lib/crater-agent-workspace/cargo-home:/opt/rustwide/cargo-home:ro,Z" "-v" "/var/lib/crater-agent-workspace/rustup-home:/opt/rustwide/rustup-home:ro,Z" "-e" "SOURCE_DIR=/opt/rustwide/workdir" "-e" "CARGO_TARGET_DIR=/opt/rustwide/target" "-e" "CARGO_INCREMENTAL=0" "-e" "RUST_BACKTRACE=full" "-e" "RUSTFLAGS=--cap-lints=forbid -Zrandomize-layout" "-e" "RUSTDOCFLAGS=--cap-lints=forbid" "-e" "CARGO_HOME=/opt/rustwide/cargo-home" "-e" "RUSTUP_HOME=/opt/rustwide/rustup-home" "-w" "/opt/rustwide/workdir" "-m" "1610612736" "--user" "0:0" "--network" "none" "ghcr.io/rust-lang/crates-build-env/linux@sha256:4a844ea9eb2546a2d2c7022eacef16ef2e8229c7fbb2c7d4d55a9ceca922f72d" "/opt/rustwide/cargo-home/bin/cargo" "+nightly-2024-10-28" "build" "--frozen" "--message-format=json", kill_on_drop: false }`
[INFO] [stdout] 691c6f92ba2926f7e28622203d934b91762123bff6272777ae78a9c5cb87221d
[INFO] running `Command { std: "docker" "start" "-a" "691c6f92ba2926f7e28622203d934b91762123bff6272777ae78a9c5cb87221d", kill_on_drop: false }`
[INFO] [stderr]    Compiling fib-sequence v0.1.0 (/opt/rustwide/workdir)
[INFO] [stderr]     Finished `dev` profile [unoptimized + debuginfo] target(s) in 0.28s
[INFO] running `Command { std: "docker" "inspect" "691c6f92ba2926f7e28622203d934b91762123bff6272777ae78a9c5cb87221d", kill_on_drop: false }`
[INFO] running `Command { std: "docker" "rm" "-f" "691c6f92ba2926f7e28622203d934b91762123bff6272777ae78a9c5cb87221d", kill_on_drop: false }`
[INFO] [stdout] 691c6f92ba2926f7e28622203d934b91762123bff6272777ae78a9c5cb87221d
[INFO] running `Command { std: "docker" "create" "-v" "/var/lib/crater-agent-workspace/builds/worker-0-tc2/target:/opt/rustwide/target:rw,Z" "-v" "/var/lib/crater-agent-workspace/builds/worker-0-tc2/source:/opt/rustwide/workdir:ro,Z" "-v" "/var/lib/crater-agent-workspace/cargo-home:/opt/rustwide/cargo-home:ro,Z" "-v" "/var/lib/crater-agent-workspace/rustup-home:/opt/rustwide/rustup-home:ro,Z" "-e" "SOURCE_DIR=/opt/rustwide/workdir" "-e" "CARGO_TARGET_DIR=/opt/rustwide/target" "-e" "CARGO_INCREMENTAL=0" "-e" "RUST_BACKTRACE=full" "-e" "RUSTFLAGS=--cap-lints=forbid -Zrandomize-layout" "-e" "RUSTDOCFLAGS=--cap-lints=forbid" "-e" "CARGO_HOME=/opt/rustwide/cargo-home" "-e" "RUSTUP_HOME=/opt/rustwide/rustup-home" "-w" "/opt/rustwide/workdir" "-m" "1610612736" "--user" "0:0" "--network" "none" "ghcr.io/rust-lang/crates-build-env/linux@sha256:4a844ea9eb2546a2d2c7022eacef16ef2e8229c7fbb2c7d4d55a9ceca922f72d" "/opt/rustwide/cargo-home/bin/cargo" "+nightly-2024-10-28" "test" "--frozen" "--no-run" "--message-format=json", kill_on_drop: false }`
[INFO] [stdout] d0f1e4e018ee954ec1a515cb6e9a766f8ae5c27827966f79aed2f317a23f5bb2
[INFO] running `Command { std: "docker" "start" "-a" "d0f1e4e018ee954ec1a515cb6e9a766f8ae5c27827966f79aed2f317a23f5bb2", kill_on_drop: false }`
[INFO] [stderr]    Compiling libc v0.2.161
[INFO] [stderr]    Compiling syn v2.0.86
[INFO] [stderr]    Compiling byteorder v1.5.0
[INFO] [stderr]    Compiling getrandom v0.2.15
[INFO] [stderr]    Compiling rand_core v0.6.4
[INFO] [stderr]    Compiling zerocopy-derive v0.7.35
[INFO] [stderr]    Compiling zerocopy v0.7.35
[INFO] [stderr]    Compiling ppv-lite86 v0.2.20
[INFO] [stderr]    Compiling rand_chacha v0.3.1
[INFO] [stderr]    Compiling rand v0.8.5
[INFO] [stderr]    Compiling fib-sequence v0.1.0 (/opt/rustwide/workdir)
[INFO] [stderr]     Finished `test` profile [unoptimized + debuginfo] target(s) in 7.68s
[INFO] running `Command { std: "docker" "inspect" "d0f1e4e018ee954ec1a515cb6e9a766f8ae5c27827966f79aed2f317a23f5bb2", kill_on_drop: false }`
[INFO] running `Command { std: "docker" "rm" "-f" "d0f1e4e018ee954ec1a515cb6e9a766f8ae5c27827966f79aed2f317a23f5bb2", kill_on_drop: false }`
[INFO] [stdout] d0f1e4e018ee954ec1a515cb6e9a766f8ae5c27827966f79aed2f317a23f5bb2
[INFO] running `Command { std: "docker" "create" "-v" "/var/lib/crater-agent-workspace/builds/worker-0-tc2/target:/opt/rustwide/target:rw,Z" "-v" "/var/lib/crater-agent-workspace/builds/worker-0-tc2/source:/opt/rustwide/workdir:ro,Z" "-v" "/var/lib/crater-agent-workspace/cargo-home:/opt/rustwide/cargo-home:ro,Z" "-v" "/var/lib/crater-agent-workspace/rustup-home:/opt/rustwide/rustup-home:ro,Z" "-e" "SOURCE_DIR=/opt/rustwide/workdir" "-e" "CARGO_TARGET_DIR=/opt/rustwide/target" "-e" "CARGO_INCREMENTAL=0" "-e" "RUST_BACKTRACE=full" "-e" "RUSTFLAGS=--cap-lints=forbid -Zrandomize-layout" "-e" "RUSTDOCFLAGS=--cap-lints=forbid" "-e" "CARGO_HOME=/opt/rustwide/cargo-home" "-e" "RUSTUP_HOME=/opt/rustwide/rustup-home" "-w" "/opt/rustwide/workdir" "-m" "1610612736" "--user" "0:0" "--network" "none" "ghcr.io/rust-lang/crates-build-env/linux@sha256:4a844ea9eb2546a2d2c7022eacef16ef2e8229c7fbb2c7d4d55a9ceca922f72d" "/opt/rustwide/cargo-home/bin/cargo" "+nightly-2024-10-28" "test" "--frozen", kill_on_drop: false }`
[INFO] [stdout] c0d508d4ec32dfd3a42ccfced7ee281e7b2a1b5d14ce6fb1efabe4aedc9fb2a4
[INFO] running `Command { std: "docker" "start" "-a" "c0d508d4ec32dfd3a42ccfced7ee281e7b2a1b5d14ce6fb1efabe4aedc9fb2a4", kill_on_drop: false }`
[INFO] [stderr]     Finished `test` profile [unoptimized + debuginfo] target(s) in 0.04s
[INFO] [stderr]      Running unittests src/lib.rs (/opt/rustwide/target/debug/deps/fib_sequence-e5b29c60732d2f1a)
[INFO] [stdout] 
[INFO] [stdout] running 9 tests
[INFO] [stdout] test arithmetic::display::tests::bench_display ... ignored
[INFO] [stdout] test arithmetic::display::tests::bench_valid ... ignored
[INFO] [stdout] test arithmetic::mul::tests::bench_long_mult ... ignored
[INFO] [stdout] test arithmetic::sum::tests::bench ... ignored
[INFO] [stdout] test arithmetic::mul::tests::single_mult ... ok
[INFO] [stdout] test arithmetic::mul::tests::long_mult ... ok
[INFO] [stdout] test fibonacci::get::tests::verify_nth ... ok
[INFO] [stdout] test fibonacci::tests::fibonacci_sequence ... ok
[INFO] [stdout] test tests::nth ... ok
[INFO] [stdout] 
[INFO] [stdout] test result: ok. 5 passed; 0 failed; 4 ignored; 0 measured; 0 filtered out; finished in 53.68s
[INFO] [stdout] 
[INFO] [stderr]    Doc-tests fib_sequence
[INFO] [stdout] 
[INFO] [stdout] running 2 tests
[INFO] [stdout] test src/lib.rs - (line 10) ... FAILED
[INFO] [stdout] test src/lib.rs - (line 28) ... ok
[INFO] [stdout] 
[INFO] [stdout] failures:
[INFO] [stdout] 
[INFO] [stdout] ---- src/lib.rs - (line 10) stdout ----
[INFO] [stdout] error: unexpected token: `...`
[INFO] [stdout]  --> src/lib.rs:13:28
[INFO] [stdout]   |
[INFO] [stdout] 6 | for n in Sequence::new() { ... }
[INFO] [stdout]   |                            ^^^
[INFO] [stdout]   |
[INFO] [stdout] help: use `..` for an exclusive range
[INFO] [stdout]   |
[INFO] [stdout] 6 | for n in Sequence::new() { .. }
[INFO] [stdout]   |                            ~~
[INFO] [stdout] help: or `..=` for an inclusive range
[INFO] [stdout]   |
[INFO] [stdout] 6 | for n in Sequence::new() { ..= }
[INFO] [stdout]   |                            ~~~
[INFO] [stdout] 
[INFO] [stdout] error[E0586]: inclusive range with no end
[INFO] [stdout]  --> src/lib.rs:13:28
[INFO] [stdout]   |
[INFO] [stdout] 6 | for n in Sequence::new() { ... }
[INFO] [stdout]   |                            ^^^
[INFO] [stdout]   |
[INFO] [stdout]   = note: inclusive ranges must be bounded at the end (`..=b` or `a..=b`)
[INFO] [stdout] help: use `..` instead
[INFO] [stdout]   |
[INFO] [stdout] 6 - for n in Sequence::new() { ... }
[INFO] [stdout] 6 + for n in Sequence::new() { .. }
[INFO] [stdout]   |
[INFO] [stdout] 
[INFO] [stdout] error: aborting due to 2 previous errors
[INFO] [stdout] 
[INFO] [stdout] For more information about this error, try `rustc --explain E0586`.
[INFO] [stdout] Couldn't compile the test.
[INFO] [stdout] 
[INFO] [stdout] failures:
[INFO] [stdout]     src/lib.rs - (line 10)
[INFO] [stdout] 
[INFO] [stdout] test result: FAILED. 1 passed; 1 failed; 0 ignored; 0 measured; 0 filtered out; finished in 0.29s
[INFO] [stdout] 
[INFO] [stderr] error: doctest failed, to rerun pass `--doc`
[INFO] running `Command { std: "docker" "inspect" "c0d508d4ec32dfd3a42ccfced7ee281e7b2a1b5d14ce6fb1efabe4aedc9fb2a4", kill_on_drop: false }`
[INFO] running `Command { std: "docker" "rm" "-f" "c0d508d4ec32dfd3a42ccfced7ee281e7b2a1b5d14ce6fb1efabe4aedc9fb2a4", kill_on_drop: false }`
[INFO] [stdout] c0d508d4ec32dfd3a42ccfced7ee281e7b2a1b5d14ce6fb1efabe4aedc9fb2a4
