[INFO] fetching crate feldera-size-of 0.1.5...
[INFO] testing feldera-size-of-0.1.5 against nightly-2024-10-28+rustflags=-Zrandomize-layout for randomize-layout
[INFO] extracting crate feldera-size-of 0.1.5 into /workspace/builds/worker-5-tc2/source
[INFO] validating manifest of crates.io crate feldera-size-of 0.1.5 on toolchain nightly-2024-10-28
[INFO] running `Command { std: CARGO_HOME="/workspace/cargo-home" RUSTUP_HOME="/workspace/rustup-home" "/workspace/cargo-home/bin/cargo" "+nightly-2024-10-28" "metadata" "--manifest-path" "Cargo.toml" "--no-deps", kill_on_drop: false }`
[INFO] started tweaking crates.io crate feldera-size-of 0.1.5
[INFO] finished tweaking crates.io crate feldera-size-of 0.1.5
[INFO] tweaked toml for crates.io crate feldera-size-of 0.1.5 written to /workspace/builds/worker-5-tc2/source/Cargo.toml
[INFO] running `Command { std: CARGO_HOME="/workspace/cargo-home" RUSTUP_HOME="/workspace/rustup-home" "/workspace/cargo-home/bin/cargo" "+nightly-2024-10-28" "generate-lockfile" "--manifest-path" "Cargo.toml", kill_on_drop: false }`
[INFO] [stderr]     Updating crates.io index
[INFO] [stderr]      Locking 110 packages to latest compatible versions
[INFO] [stderr]       Adding bigdecimal v0.3.1 (available: v0.4.6)
[INFO] [stderr]       Adding hashbrown v0.13.2 (available: v0.15.0)
[INFO] [stderr]       Adding ordered-float v3.9.2 (available: v4.4.0)
[INFO] running `Command { std: CARGO_HOME="/workspace/cargo-home" RUSTUP_HOME="/workspace/rustup-home" "/workspace/cargo-home/bin/cargo" "+nightly-2024-10-28" "fetch" "--manifest-path" "Cargo.toml", kill_on_drop: false }`
[INFO] running `Command { std: "docker" "create" "-v" "/var/lib/crater-agent-workspace/builds/worker-5-tc2/target:/opt/rustwide/target:rw,Z" "-v" "/var/lib/crater-agent-workspace/builds/worker-5-tc2/source:/opt/rustwide/workdir:ro,Z" "-v" "/var/lib/crater-agent-workspace/cargo-home:/opt/rustwide/cargo-home:ro,Z" "-v" "/var/lib/crater-agent-workspace/rustup-home:/opt/rustwide/rustup-home:ro,Z" "-e" "SOURCE_DIR=/opt/rustwide/workdir" "-e" "CARGO_TARGET_DIR=/opt/rustwide/target" "-e" "CARGO_HOME=/opt/rustwide/cargo-home" "-e" "RUSTUP_HOME=/opt/rustwide/rustup-home" "-w" "/opt/rustwide/workdir" "-m" "1610612736" "--user" "0:0" "--network" "none" "ghcr.io/rust-lang/crates-build-env/linux@sha256:4a844ea9eb2546a2d2c7022eacef16ef2e8229c7fbb2c7d4d55a9ceca922f72d" "/opt/rustwide/cargo-home/bin/cargo" "+nightly-2024-10-28" "metadata" "--no-deps" "--format-version=1", kill_on_drop: false }`
[INFO] [stdout] bf7056c72dcb1bc67c2f2759205aeccc7ad8ee72e188b5705b36a12c510246a4
[INFO] running `Command { std: "docker" "start" "-a" "bf7056c72dcb1bc67c2f2759205aeccc7ad8ee72e188b5705b36a12c510246a4", kill_on_drop: false }`
[INFO] running `Command { std: "docker" "inspect" "bf7056c72dcb1bc67c2f2759205aeccc7ad8ee72e188b5705b36a12c510246a4", kill_on_drop: false }`
[INFO] running `Command { std: "docker" "rm" "-f" "bf7056c72dcb1bc67c2f2759205aeccc7ad8ee72e188b5705b36a12c510246a4", kill_on_drop: false }`
[INFO] [stdout] bf7056c72dcb1bc67c2f2759205aeccc7ad8ee72e188b5705b36a12c510246a4
[INFO] running `Command { std: "docker" "create" "-v" "/var/lib/crater-agent-workspace/builds/worker-5-tc2/target:/opt/rustwide/target:rw,Z" "-v" "/var/lib/crater-agent-workspace/builds/worker-5-tc2/source:/opt/rustwide/workdir:ro,Z" "-v" "/var/lib/crater-agent-workspace/cargo-home:/opt/rustwide/cargo-home:ro,Z" "-v" "/var/lib/crater-agent-workspace/rustup-home:/opt/rustwide/rustup-home:ro,Z" "-e" "SOURCE_DIR=/opt/rustwide/workdir" "-e" "CARGO_TARGET_DIR=/opt/rustwide/target" "-e" "CARGO_INCREMENTAL=0" "-e" "RUST_BACKTRACE=full" "-e" "RUSTFLAGS=--cap-lints=forbid -Zrandomize-layout" "-e" "RUSTDOCFLAGS=--cap-lints=forbid" "-e" "CARGO_HOME=/opt/rustwide/cargo-home" "-e" "RUSTUP_HOME=/opt/rustwide/rustup-home" "-w" "/opt/rustwide/workdir" "-m" "1610612736" "--user" "0:0" "--network" "none" "ghcr.io/rust-lang/crates-build-env/linux@sha256:4a844ea9eb2546a2d2c7022eacef16ef2e8229c7fbb2c7d4d55a9ceca922f72d" "/opt/rustwide/cargo-home/bin/cargo" "+nightly-2024-10-28" "build" "--frozen" "--message-format=json", kill_on_drop: false }`
[INFO] [stdout] 142ff7a7d2e52c511b296528b30c44218cacc819d4590cb09ef971f8bc77894f
[INFO] running `Command { std: "docker" "start" "-a" "142ff7a7d2e52c511b296528b30c44218cacc819d4590cb09ef971f8bc77894f", kill_on_drop: false }`
[INFO] [stderr]    Compiling syn v1.0.109
[INFO] [stderr]    Compiling size-of-derive v0.1.2
[INFO] [stderr]    Compiling feldera-size-of v0.1.5 (/opt/rustwide/workdir)
[INFO] [stdout] warning: unexpected `cfg` condition value: `wasm`
[INFO] [stdout]  --> src/arch/wasm.rs:1:8
[INFO] [stdout]   |
[INFO] [stdout] 1 | #![cfg(target_arch = "wasm")]
[INFO] [stdout]   |        ^^^^^^^^^^^^^^^^^^^^
[INFO] [stdout]   |
[INFO] [stdout]   = note: expected values for `target_arch` are: `aarch64`, `arm`, `arm64ec`, `avr`, `bpf`, `csky`, `hexagon`, `loongarch64`, `m68k`, `mips`, `mips32r6`, `mips64`, `mips64r6`, `msp430`, `nvptx64`, `powerpc`, `powerpc64`, `riscv32`, `riscv64`, `s390x`, `sparc`, `sparc64`, `wasm32`, `wasm64`, `x86`, `x86_64`, and `xtensa`
[INFO] [stdout]   = note: see <https://doc.rust-lang.org/nightly/rustc/check-cfg/cargo-specifics.html> for more information about checking conditional configuration
[INFO] [stdout]   = note: `#[warn(unexpected_cfgs)]` on by default
[INFO] [stdout] 
[INFO] [stdout] 
[INFO] [stdout] warning: the calling convention "aapcs" is not supported on this target
[INFO] [stdout]    --> src/macros.rs:66:49
[INFO] [stdout]     |
[INFO] [stdout] 66  |               impl<$($ty,)* U> $crate::SizeOf for extern $cconv fn($($ty),*) -> U {
[INFO] [stdout]     |                                                   ^^^^^^^^^^^^^^^^^^^^^^^^^^^^^^^
[INFO] [stdout]     |
[INFO] [stdout]    ::: src/core_impls.rs:299:1
[INFO] [stdout]     |
[INFO] [stdout] 299 | / impl_function_ptrs! {
[INFO] [stdout] 300 | |     "C",
[INFO] [stdout] 301 | |     "Rust",
[INFO] [stdout] 302 | |     "aapcs",
[INFO] [stdout] ...   |
[INFO] [stdout] 308 | |     "fastcall",
[INFO] [stdout] 309 | | }
[INFO] [stdout]     | |_- in this macro invocation
[INFO] [stdout]     |
[INFO] [stdout]     = warning: this was previously accepted by the compiler but is being phased out; it will become a hard error in a future release!
[INFO] [stdout]     = note: for more information, see issue #130260 <https://github.com/rust-lang/rust/issues/130260>
[INFO] [stdout]     = note: `#[warn(unsupported_fn_ptr_calling_conventions)]` on by default
[INFO] [stdout]     = note: this warning originates in the macro `impl_function_ptrs` (in Nightly builds, run with -Z macro-backtrace for more info)
[INFO] [stdout] 
[INFO] [stdout] 
[INFO] [stdout] warning: the calling convention "stdcall" is not supported on this target
[INFO] [stdout]    --> src/macros.rs:66:49
[INFO] [stdout]     |
[INFO] [stdout] 66  |               impl<$($ty,)* U> $crate::SizeOf for extern $cconv fn($($ty),*) -> U {
[INFO] [stdout]     |                                                   ^^^^^^^^^^^^^^^^^^^^^^^^^^^^^^^
[INFO] [stdout]     |
[INFO] [stdout]    ::: src/core_impls.rs:299:1
[INFO] [stdout]     |
[INFO] [stdout] 299 | / impl_function_ptrs! {
[INFO] [stdout] 300 | |     "C",
[INFO] [stdout] 301 | |     "Rust",
[INFO] [stdout] 302 | |     "aapcs",
[INFO] [stdout] ...   |
[INFO] [stdout] 308 | |     "fastcall",
[INFO] [stdout] 309 | | }
[INFO] [stdout]     | |_- in this macro invocation
[INFO] [stdout]     |
[INFO] [stdout]     = warning: this was previously accepted by the compiler but is being phased out; it will become a hard error in a future release!
[INFO] [stdout]     = note: for more information, see issue #130260 <https://github.com/rust-lang/rust/issues/130260>
[INFO] [stdout]     = note: this warning originates in the macro `impl_function_ptrs` (in Nightly builds, run with -Z macro-backtrace for more info)
[INFO] [stdout] 
[INFO] [stdout] 
[INFO] [stdout] warning: the calling convention "fastcall" is not supported on this target
[INFO] [stdout]    --> src/macros.rs:66:49
[INFO] [stdout]     |
[INFO] [stdout] 66  |               impl<$($ty,)* U> $crate::SizeOf for extern $cconv fn($($ty),*) -> U {
[INFO] [stdout]     |                                                   ^^^^^^^^^^^^^^^^^^^^^^^^^^^^^^^
[INFO] [stdout]     |
[INFO] [stdout]    ::: src/core_impls.rs:299:1
[INFO] [stdout]     |
[INFO] [stdout] 299 | / impl_function_ptrs! {
[INFO] [stdout] 300 | |     "C",
[INFO] [stdout] 301 | |     "Rust",
[INFO] [stdout] 302 | |     "aapcs",
[INFO] [stdout] ...   |
[INFO] [stdout] 308 | |     "fastcall",
[INFO] [stdout] 309 | | }
[INFO] [stdout]     | |_- in this macro invocation
[INFO] [stdout]     |
[INFO] [stdout]     = warning: this was previously accepted by the compiler but is being phased out; it will become a hard error in a future release!
[INFO] [stdout]     = note: for more information, see issue #130260 <https://github.com/rust-lang/rust/issues/130260>
[INFO] [stdout]     = note: this warning originates in the macro `impl_function_ptrs` (in Nightly builds, run with -Z macro-backtrace for more info)
[INFO] [stdout] 
[INFO] [stdout] 
[INFO] [stderr]     Finished `dev` profile [unoptimized + debuginfo] target(s) in 3.69s
[INFO] running `Command { std: "docker" "inspect" "142ff7a7d2e52c511b296528b30c44218cacc819d4590cb09ef971f8bc77894f", kill_on_drop: false }`
[INFO] running `Command { std: "docker" "rm" "-f" "142ff7a7d2e52c511b296528b30c44218cacc819d4590cb09ef971f8bc77894f", kill_on_drop: false }`
[INFO] [stdout] 142ff7a7d2e52c511b296528b30c44218cacc819d4590cb09ef971f8bc77894f
[INFO] running `Command { std: "docker" "create" "-v" "/var/lib/crater-agent-workspace/builds/worker-5-tc2/target:/opt/rustwide/target:rw,Z" "-v" "/var/lib/crater-agent-workspace/builds/worker-5-tc2/source:/opt/rustwide/workdir:ro,Z" "-v" "/var/lib/crater-agent-workspace/cargo-home:/opt/rustwide/cargo-home:ro,Z" "-v" "/var/lib/crater-agent-workspace/rustup-home:/opt/rustwide/rustup-home:ro,Z" "-e" "SOURCE_DIR=/opt/rustwide/workdir" "-e" "CARGO_TARGET_DIR=/opt/rustwide/target" "-e" "CARGO_INCREMENTAL=0" "-e" "RUST_BACKTRACE=full" "-e" "RUSTFLAGS=--cap-lints=forbid -Zrandomize-layout" "-e" "RUSTDOCFLAGS=--cap-lints=forbid" "-e" "CARGO_HOME=/opt/rustwide/cargo-home" "-e" "RUSTUP_HOME=/opt/rustwide/rustup-home" "-w" "/opt/rustwide/workdir" "-m" "1610612736" "--user" "0:0" "--network" "none" "ghcr.io/rust-lang/crates-build-env/linux@sha256:4a844ea9eb2546a2d2c7022eacef16ef2e8229c7fbb2c7d4d55a9ceca922f72d" "/opt/rustwide/cargo-home/bin/cargo" "+nightly-2024-10-28" "test" "--frozen" "--no-run" "--message-format=json", kill_on_drop: false }`
[INFO] [stdout] fdc0baab9f06f20fdcc54aa438b474dd3c2f5a406c74692d877bc5e1fb1b8cdf
[INFO] running `Command { std: "docker" "start" "-a" "fdc0baab9f06f20fdcc54aa438b474dd3c2f5a406c74692d877bc5e1fb1b8cdf", kill_on_drop: false }`
[INFO] [stderr]    Compiling serde v1.0.214
[INFO] [stderr]    Compiling hashbrown v0.15.0
[INFO] [stderr]    Compiling equivalent v1.0.1
[INFO] [stderr]    Compiling winnow v0.6.20
[INFO] [stderr]    Compiling serde_json v1.0.132
[INFO] [stderr]    Compiling target-triple v0.1.3
[INFO] [stderr]    Compiling memchr v2.7.4
[INFO] [stderr]    Compiling itoa v1.0.11
[INFO] [stderr]    Compiling ryu v1.0.18
[INFO] [stderr]    Compiling glob v0.3.1
[INFO] [stderr]    Compiling syn v2.0.86
[INFO] [stdout] warning: unexpected `cfg` condition value: `wasm`
[INFO] [stdout]  --> src/arch/wasm.rs:1:8
[INFO] [stdout]   |
[INFO] [stdout] 1 | #![cfg(target_arch = "wasm")]
[INFO] [stdout]   |        ^^^^^^^^^^^^^^^^^^^^
[INFO] [stdout]   |
[INFO] [stdout]   = note: expected values for `target_arch` are: `aarch64`, `arm`, `arm64ec`, `avr`, `bpf`, `csky`, `hexagon`, `loongarch64`, `m68k`, `mips`, `mips32r6`, `mips64`, `mips64r6`, `msp430`, `nvptx64`, `powerpc`, `powerpc64`, `riscv32`, `riscv64`, `s390x`, `sparc`, `sparc64`, `wasm32`, `wasm64`, `x86`, `x86_64`, and `xtensa`
[INFO] [stdout]   = note: see <https://doc.rust-lang.org/nightly/rustc/check-cfg/cargo-specifics.html> for more information about checking conditional configuration
[INFO] [stdout]   = note: `#[warn(unexpected_cfgs)]` on by default
[INFO] [stdout] 
[INFO] [stdout] 
[INFO] [stdout] warning: the calling convention "aapcs" is not supported on this target
[INFO] [stdout]    --> src/macros.rs:66:49
[INFO] [stdout]     |
[INFO] [stdout] 66  |               impl<$($ty,)* U> $crate::SizeOf for extern $cconv fn($($ty),*) -> U {
[INFO] [stdout]     |                                                   ^^^^^^^^^^^^^^^^^^^^^^^^^^^^^^^
[INFO] [stdout]     |
[INFO] [stdout]    ::: src/core_impls.rs:299:1
[INFO] [stdout]     |
[INFO] [stdout] 299 | / impl_function_ptrs! {
[INFO] [stdout] 300 | |     "C",
[INFO] [stdout] 301 | |     "Rust",
[INFO] [stdout] 302 | |     "aapcs",
[INFO] [stdout] ...   |
[INFO] [stdout] 308 | |     "fastcall",
[INFO] [stdout] 309 | | }
[INFO] [stdout]     | |_- in this macro invocation
[INFO] [stdout]     |
[INFO] [stdout]     = warning: this was previously accepted by the compiler but is being phased out; it will become a hard error in a future release!
[INFO] [stdout]     = note: for more information, see issue #130260 <https://github.com/rust-lang/rust/issues/130260>
[INFO] [stdout]     = note: `#[warn(unsupported_fn_ptr_calling_conventions)]` on by default
[INFO] [stdout]     = note: this warning originates in the macro `impl_function_ptrs` (in Nightly builds, run with -Z macro-backtrace for more info)
[INFO] [stdout] 
[INFO] [stdout] 
[INFO] [stdout] warning: the calling convention "stdcall" is not supported on this target
[INFO] [stdout]    --> src/macros.rs:66:49
[INFO] [stdout]     |
[INFO] [stdout] 66  |               impl<$($ty,)* U> $crate::SizeOf for extern $cconv fn($($ty),*) -> U {
[INFO] [stdout]     |                                                   ^^^^^^^^^^^^^^^^^^^^^^^^^^^^^^^
[INFO] [stdout]     |
[INFO] [stdout]    ::: src/core_impls.rs:299:1
[INFO] [stdout]     |
[INFO] [stdout] 299 | / impl_function_ptrs! {
[INFO] [stdout] 300 | |     "C",
[INFO] [stdout] 301 | |     "Rust",
[INFO] [stdout] 302 | |     "aapcs",
[INFO] [stdout] ...   |
[INFO] [stdout] 308 | |     "fastcall",
[INFO] [stdout] 309 | | }
[INFO] [stdout]     | |_- in this macro invocation
[INFO] [stdout]     |
[INFO] [stdout]     = warning: this was previously accepted by the compiler but is being phased out; it will become a hard error in a future release!
[INFO] [stdout]     = note: for more information, see issue #130260 <https://github.com/rust-lang/rust/issues/130260>
[INFO] [stdout]     = note: this warning originates in the macro `impl_function_ptrs` (in Nightly builds, run with -Z macro-backtrace for more info)
[INFO] [stdout] 
[INFO] [stdout] 
[INFO] [stdout] warning: the calling convention "fastcall" is not supported on this target
[INFO] [stdout]    --> src/macros.rs:66:49
[INFO] [stdout]     |
[INFO] [stdout] 66  |               impl<$($ty,)* U> $crate::SizeOf for extern $cconv fn($($ty),*) -> U {
[INFO] [stdout]     |                                                   ^^^^^^^^^^^^^^^^^^^^^^^^^^^^^^^
[INFO] [stdout]     |
[INFO] [stdout]    ::: src/core_impls.rs:299:1
[INFO] [stdout]     |
[INFO] [stdout] 299 | / impl_function_ptrs! {
[INFO] [stdout] 300 | |     "C",
[INFO] [stdout] 301 | |     "Rust",
[INFO] [stdout] 302 | |     "aapcs",
[INFO] [stdout] ...   |
[INFO] [stdout] 308 | |     "fastcall",
[INFO] [stdout] 309 | | }
[INFO] [stdout]     | |_- in this macro invocation
[INFO] [stdout]     |
[INFO] [stdout]     = warning: this was previously accepted by the compiler but is being phased out; it will become a hard error in a future release!
[INFO] [stdout]     = note: for more information, see issue #130260 <https://github.com/rust-lang/rust/issues/130260>
[INFO] [stdout]     = note: this warning originates in the macro `impl_function_ptrs` (in Nightly builds, run with -Z macro-backtrace for more info)
[INFO] [stdout] 
[INFO] [stdout] 
[INFO] [stderr]    Compiling indexmap v2.6.0
[INFO] [stderr]    Compiling serde_derive v1.0.214
[INFO] [stderr]    Compiling serde_spanned v0.6.8
[INFO] [stderr]    Compiling toml_datetime v0.6.8
[INFO] [stderr]    Compiling toml_edit v0.22.22
[INFO] [stderr]    Compiling toml v0.8.19
[INFO] [stderr]    Compiling trybuild v1.0.101
[INFO] [stderr]    Compiling feldera-size-of v0.1.5 (/opt/rustwide/workdir)
[INFO] [stdout] warning: unexpected `cfg` condition value: `wasm`
[INFO] [stdout]  --> src/arch/wasm.rs:1:8
[INFO] [stdout]   |
[INFO] [stdout] 1 | #![cfg(target_arch = "wasm")]
[INFO] [stdout]   |        ^^^^^^^^^^^^^^^^^^^^
[INFO] [stdout]   |
[INFO] [stdout]   = note: expected values for `target_arch` are: `aarch64`, `arm`, `arm64ec`, `avr`, `bpf`, `csky`, `hexagon`, `loongarch64`, `m68k`, `mips`, `mips32r6`, `mips64`, `mips64r6`, `msp430`, `nvptx64`, `powerpc`, `powerpc64`, `riscv32`, `riscv64`, `s390x`, `sparc`, `sparc64`, `wasm32`, `wasm64`, `x86`, `x86_64`, and `xtensa`
[INFO] [stdout]   = note: see <https://doc.rust-lang.org/nightly/rustc/check-cfg/cargo-specifics.html> for more information about checking conditional configuration
[INFO] [stdout]   = note: `#[warn(unexpected_cfgs)]` on by default
[INFO] [stdout] 
[INFO] [stdout] 
[INFO] [stdout] warning: the calling convention "aapcs" is not supported on this target
[INFO] [stdout]    --> src/macros.rs:66:49
[INFO] [stdout]     |
[INFO] [stdout] 66  |               impl<$($ty,)* U> $crate::SizeOf for extern $cconv fn($($ty),*) -> U {
[INFO] [stdout]     |                                                   ^^^^^^^^^^^^^^^^^^^^^^^^^^^^^^^
[INFO] [stdout]     |
[INFO] [stdout]    ::: src/core_impls.rs:299:1
[INFO] [stdout]     |
[INFO] [stdout] 299 | / impl_function_ptrs! {
[INFO] [stdout] 300 | |     "C",
[INFO] [stdout] 301 | |     "Rust",
[INFO] [stdout] 302 | |     "aapcs",
[INFO] [stdout] ...   |
[INFO] [stdout] 308 | |     "fastcall",
[INFO] [stdout] 309 | | }
[INFO] [stdout]     | |_- in this macro invocation
[INFO] [stdout]     |
[INFO] [stdout]     = warning: this was previously accepted by the compiler but is being phased out; it will become a hard error in a future release!
[INFO] [stdout]     = note: for more information, see issue #130260 <https://github.com/rust-lang/rust/issues/130260>
[INFO] [stdout]     = note: `#[warn(unsupported_fn_ptr_calling_conventions)]` on by default
[INFO] [stdout]     = note: this warning originates in the macro `impl_function_ptrs` (in Nightly builds, run with -Z macro-backtrace for more info)
[INFO] [stdout] 
[INFO] [stdout] 
[INFO] [stdout] warning: the calling convention "stdcall" is not supported on this target
[INFO] [stdout]    --> src/macros.rs:66:49
[INFO] [stdout]     |
[INFO] [stdout] 66  |               impl<$($ty,)* U> $crate::SizeOf for extern $cconv fn($($ty),*) -> U {
[INFO] [stdout]     |                                                   ^^^^^^^^^^^^^^^^^^^^^^^^^^^^^^^
[INFO] [stdout]     |
[INFO] [stdout]    ::: src/core_impls.rs:299:1
[INFO] [stdout]     |
[INFO] [stdout] 299 | / impl_function_ptrs! {
[INFO] [stdout] 300 | |     "C",
[INFO] [stdout] 301 | |     "Rust",
[INFO] [stdout] 302 | |     "aapcs",
[INFO] [stdout] ...   |
[INFO] [stdout] 308 | |     "fastcall",
[INFO] [stdout] 309 | | }
[INFO] [stdout]     | |_- in this macro invocation
[INFO] [stdout]     |
[INFO] [stdout]     = warning: this was previously accepted by the compiler but is being phased out; it will become a hard error in a future release!
[INFO] [stdout]     = note: for more information, see issue #130260 <https://github.com/rust-lang/rust/issues/130260>
[INFO] [stdout]     = note: this warning originates in the macro `impl_function_ptrs` (in Nightly builds, run with -Z macro-backtrace for more info)
[INFO] [stdout] 
[INFO] [stdout] 
[INFO] [stdout] warning: the calling convention "fastcall" is not supported on this target
[INFO] [stdout]    --> src/macros.rs:66:49
[INFO] [stdout]     |
[INFO] [stdout] 66  |               impl<$($ty,)* U> $crate::SizeOf for extern $cconv fn($($ty),*) -> U {
[INFO] [stdout]     |                                                   ^^^^^^^^^^^^^^^^^^^^^^^^^^^^^^^
[INFO] [stdout]     |
[INFO] [stdout]    ::: src/core_impls.rs:299:1
[INFO] [stdout]     |
[INFO] [stdout] 299 | / impl_function_ptrs! {
[INFO] [stdout] 300 | |     "C",
[INFO] [stdout] 301 | |     "Rust",
[INFO] [stdout] 302 | |     "aapcs",
[INFO] [stdout] ...   |
[INFO] [stdout] 308 | |     "fastcall",
[INFO] [stdout] 309 | | }
[INFO] [stdout]     | |_- in this macro invocation
[INFO] [stdout]     |
[INFO] [stdout]     = warning: this was previously accepted by the compiler but is being phased out; it will become a hard error in a future release!
[INFO] [stdout]     = note: for more information, see issue #130260 <https://github.com/rust-lang/rust/issues/130260>
[INFO] [stdout]     = note: this warning originates in the macro `impl_function_ptrs` (in Nightly builds, run with -Z macro-backtrace for more info)
[INFO] [stdout] 
[INFO] [stdout] 
[INFO] [stdout] warning: unnecessary allocation, use `&` instead
[INFO] [stdout]   --> src/tests/mod.rs:43:9
[INFO] [stdout]    |
[INFO] [stdout] 43 |         Box::new(0u32).size_of(),
[INFO] [stdout]    |         ^^^^^^^^^^^^^^
[INFO] [stdout]    |
[INFO] [stdout]    = note: `#[warn(unused_allocation)]` on by default
[INFO] [stdout] 
[INFO] [stdout] 
[INFO] [stdout] warning: unnecessary allocation, use `&` instead
[INFO] [stdout]   --> src/tests/mod.rs:51:9
[INFO] [stdout]    |
[INFO] [stdout] 51 |         Box::new(()).size_of(),
[INFO] [stdout]    |         ^^^^^^^^^^^^
[INFO] [stdout] 
[INFO] [stdout] 
[INFO] [stderr]     Finished `test` profile [unoptimized + debuginfo] target(s) in 7.08s
[INFO] running `Command { std: "docker" "inspect" "fdc0baab9f06f20fdcc54aa438b474dd3c2f5a406c74692d877bc5e1fb1b8cdf", kill_on_drop: false }`
[INFO] running `Command { std: "docker" "rm" "-f" "fdc0baab9f06f20fdcc54aa438b474dd3c2f5a406c74692d877bc5e1fb1b8cdf", kill_on_drop: false }`
[INFO] [stdout] fdc0baab9f06f20fdcc54aa438b474dd3c2f5a406c74692d877bc5e1fb1b8cdf
[INFO] running `Command { std: "docker" "create" "-v" "/var/lib/crater-agent-workspace/builds/worker-5-tc2/target:/opt/rustwide/target:rw,Z" "-v" "/var/lib/crater-agent-workspace/builds/worker-5-tc2/source:/opt/rustwide/workdir:ro,Z" "-v" "/var/lib/crater-agent-workspace/cargo-home:/opt/rustwide/cargo-home:ro,Z" "-v" "/var/lib/crater-agent-workspace/rustup-home:/opt/rustwide/rustup-home:ro,Z" "-e" "SOURCE_DIR=/opt/rustwide/workdir" "-e" "CARGO_TARGET_DIR=/opt/rustwide/target" "-e" "CARGO_INCREMENTAL=0" "-e" "RUST_BACKTRACE=full" "-e" "RUSTFLAGS=--cap-lints=forbid -Zrandomize-layout" "-e" "RUSTDOCFLAGS=--cap-lints=forbid" "-e" "CARGO_HOME=/opt/rustwide/cargo-home" "-e" "RUSTUP_HOME=/opt/rustwide/rustup-home" "-w" "/opt/rustwide/workdir" "-m" "1610612736" "--user" "0:0" "--network" "none" "ghcr.io/rust-lang/crates-build-env/linux@sha256:4a844ea9eb2546a2d2c7022eacef16ef2e8229c7fbb2c7d4d55a9ceca922f72d" "/opt/rustwide/cargo-home/bin/cargo" "+nightly-2024-10-28" "test" "--frozen", kill_on_drop: false }`
[INFO] [stdout] 7d3600745ae99bcc0a2df02c80b0a58b74eca70edeedbf523fff781fff0517d7
[INFO] running `Command { std: "docker" "start" "-a" "7d3600745ae99bcc0a2df02c80b0a58b74eca70edeedbf523fff781fff0517d7", kill_on_drop: false }`
[INFO] [stderr] warning: unexpected `cfg` condition value: `wasm`
[INFO] [stderr]  --> src/arch/wasm.rs:1:8
[INFO] [stderr]   |
[INFO] [stderr] 1 | #![cfg(target_arch = "wasm")]
[INFO] [stderr]   |        ^^^^^^^^^^^^^^^^^^^^
[INFO] [stderr]   |
[INFO] [stderr]   = note: expected values for `target_arch` are: `aarch64`, `arm`, `arm64ec`, `avr`, `bpf`, `csky`, `hexagon`, `loongarch64`, `m68k`, `mips`, `mips32r6`, `mips64`, `mips64r6`, `msp430`, `nvptx64`, `powerpc`, `powerpc64`, `riscv32`, `riscv64`, `s390x`, `sparc`, `sparc64`, `wasm32`, `wasm64`, `x86`, `x86_64`, and `xtensa`
[INFO] [stderr]   = note: see <https://doc.rust-lang.org/nightly/rustc/check-cfg/cargo-specifics.html> for more information about checking conditional configuration
[INFO] [stderr]   = note: `#[warn(unexpected_cfgs)]` on by default
[INFO] [stderr] 
[INFO] [stderr] warning: the calling convention "aapcs" is not supported on this target
[INFO] [stderr]    --> src/macros.rs:66:49
[INFO] [stderr]     |
[INFO] [stderr] 66  |               impl<$($ty,)* U> $crate::SizeOf for extern $cconv fn($($ty),*) -> U {
[INFO] [stderr]     |                                                   ^^^^^^^^^^^^^^^^^^^^^^^^^^^^^^^
[INFO] [stderr]     |
[INFO] [stderr]    ::: src/core_impls.rs:299:1
[INFO] [stderr]     |
[INFO] [stderr] 299 | / impl_function_ptrs! {
[INFO] [stderr] 300 | |     "C",
[INFO] [stderr] 301 | |     "Rust",
[INFO] [stderr] 302 | |     "aapcs",
[INFO] [stderr] ...   |
[INFO] [stderr] 308 | |     "fastcall",
[INFO] [stderr] 309 | | }
[INFO] [stderr]     | |_- in this macro invocation
[INFO] [stderr]     |
[INFO] [stderr]     = warning: this was previously accepted by the compiler but is being phased out; it will become a hard error in a future release!
[INFO] [stderr]     = note: for more information, see issue #130260 <https://github.com/rust-lang/rust/issues/130260>
[INFO] [stderr]     = note: `#[warn(unsupported_fn_ptr_calling_conventions)]` on by default
[INFO] [stderr]     = note: this warning originates in the macro `impl_function_ptrs` (in Nightly builds, run with -Z macro-backtrace for more info)
[INFO] [stderr] 
[INFO] [stderr] warning: the calling convention "stdcall" is not supported on this target
[INFO] [stderr]    --> src/macros.rs:66:49
[INFO] [stderr]     |
[INFO] [stderr] 66  |               impl<$($ty,)* U> $crate::SizeOf for extern $cconv fn($($ty),*) -> U {
[INFO] [stderr]     |                                                   ^^^^^^^^^^^^^^^^^^^^^^^^^^^^^^^
[INFO] [stderr]     |
[INFO] [stderr]    ::: src/core_impls.rs:299:1
[INFO] [stderr]     |
[INFO] [stderr] 299 | / impl_function_ptrs! {
[INFO] [stderr] 300 | |     "C",
[INFO] [stderr] 301 | |     "Rust",
[INFO] [stderr] 302 | |     "aapcs",
[INFO] [stderr] ...   |
[INFO] [stderr] 308 | |     "fastcall",
[INFO] [stderr] 309 | | }
[INFO] [stderr]     | |_- in this macro invocation
[INFO] [stderr]     |
[INFO] [stderr]     = warning: this was previously accepted by the compiler but is being phased out; it will become a hard error in a future release!
[INFO] [stderr]     = note: for more information, see issue #130260 <https://github.com/rust-lang/rust/issues/130260>
[INFO] [stderr]     = note: this warning originates in the macro `impl_function_ptrs` (in Nightly builds, run with -Z macro-backtrace for more info)
[INFO] [stderr] 
[INFO] [stderr] warning: the calling convention "fastcall" is not supported on this target
[INFO] [stderr]    --> src/macros.rs:66:49
[INFO] [stderr]     |
[INFO] [stderr] 66  |               impl<$($ty,)* U> $crate::SizeOf for extern $cconv fn($($ty),*) -> U {
[INFO] [stderr]     |                                                   ^^^^^^^^^^^^^^^^^^^^^^^^^^^^^^^
[INFO] [stderr]     |
[INFO] [stderr]    ::: src/core_impls.rs:299:1
[INFO] [stderr]     |
[INFO] [stderr] 299 | / impl_function_ptrs! {
[INFO] [stderr] 300 | |     "C",
[INFO] [stderr] 301 | |     "Rust",
[INFO] [stderr] 302 | |     "aapcs",
[INFO] [stderr] ...   |
[INFO] [stderr] 308 | |     "fastcall",
[INFO] [stderr] 309 | | }
[INFO] [stderr]     | |_- in this macro invocation
[INFO] [stderr]     |
[INFO] [stderr]     = warning: this was previously accepted by the compiler but is being phased out; it will become a hard error in a future release!
[INFO] [stderr]     = note: for more information, see issue #130260 <https://github.com/rust-lang/rust/issues/130260>
[INFO] [stderr]     = note: this warning originates in the macro `impl_function_ptrs` (in Nightly builds, run with -Z macro-backtrace for more info)
[INFO] [stderr] 
[INFO] [stderr] warning: `feldera-size-of` (lib) generated 4 warnings
[INFO] [stderr] warning: unnecessary allocation, use `&` instead
[INFO] [stderr]   --> src/tests/mod.rs:43:9
[INFO] [stderr]    |
[INFO] [stderr] 43 |         Box::new(0u32).size_of(),
[INFO] [stderr]    |         ^^^^^^^^^^^^^^
[INFO] [stderr]    |
[INFO] [stderr]    = note: `#[warn(unused_allocation)]` on by default
[INFO] [stderr] 
[INFO] [stderr] warning: unnecessary allocation, use `&` instead
[INFO] [stderr]   --> src/tests/mod.rs:51:9
[INFO] [stderr]    |
[INFO] [stderr] 51 |         Box::new(()).size_of(),
[INFO] [stderr]    |         ^^^^^^^^^^^^
[INFO] [stderr] 
[INFO] [stderr] warning: `feldera-size-of` (lib test) generated 6 warnings (4 duplicates)
[INFO] [stderr]     Finished `test` profile [unoptimized + debuginfo] target(s) in 0.03s
[INFO] [stderr]      Running unittests src/lib.rs (/opt/rustwide/target/debug/deps/feldera_size_of-aa9315577e09a78f)
[INFO] [stdout] 
[INFO] [stdout] running 13 tests
[INFO] [stdout] test tests::arc ... ok
[INFO] [stdout] test tests::boxed ... ok
[INFO] [stdout] test tests::boxed_zst ... ok
[INFO] [stdout] test tests::collections_of_zsts ... ok
[INFO] [stdout] test tests::btree ... ok
[INFO] [stdout] test tests::primitives ... ok
[INFO] [stdout] test tests::slices ... ok
[INFO] [stdout] test tests::std::hashmap ... ok
[INFO] [stdout] test tests::std::hashset ... ok
[INFO] [stdout] test tests::std::socket_addresses ... ok
[INFO] [stdout] test tests::strings ... ok
[INFO] [stdout] test tests::vec ... ok
[INFO] [stderr]    Compiling proc-macro2 v1.0.89
[INFO] [stderr]    Compiling unicode-ident v1.0.13
[INFO] [stderr]    Compiling syn v1.0.109
[INFO] [stderr]    Compiling quote v1.0.37
[INFO] [stderr]    Compiling size-of-derive v0.1.2
[INFO] [stderr]    Compiling feldera-size-of v0.1.5 (/opt/rustwide/workdir)
[INFO] [stderr] warning: unexpected `cfg` condition value: `wasm`
[INFO] [stderr]  --> /opt/rustwide/workdir/src/arch/wasm.rs:1:8
[INFO] [stderr]   |
[INFO] [stderr] 1 | #![cfg(target_arch = "wasm")]
[INFO] [stderr]   |        ^^^^^^^^^^^^^^^^^^^^
[INFO] [stderr]   |
[INFO] [stderr]   = note: expected values for `target_arch` are: `aarch64`, `arm`, `arm64ec`, `avr`, `bpf`, `csky`, `hexagon`, `loongarch64`, `m68k`, `mips`, `mips32r6`, `mips64`, `mips64r6`, `msp430`, `nvptx64`, `powerpc`, `powerpc64`, `riscv32`, `riscv64`, `s390x`, `sparc`, `sparc64`, `wasm32`, `wasm64`, `x86`, `x86_64`, and `xtensa`
[INFO] [stderr]   = note: see <https://doc.rust-lang.org/nightly/rustc/check-cfg/cargo-specifics.html> for more information about checking conditional configuration
[INFO] [stderr]   = note: `#[warn(unexpected_cfgs)]` on by default
[INFO] [stderr] 
[INFO] [stderr] warning: the calling convention "aapcs" is not supported on this target
[INFO] [stderr]    --> /opt/rustwide/workdir/src/macros.rs:66:49
[INFO] [stderr]     |
[INFO] [stderr] 66  |               impl<$($ty,)* U> $crate::SizeOf for extern $cconv fn($($ty),*) -> U {
[INFO] [stderr]     |                                                   ^^^^^^^^^^^^^^^^^^^^^^^^^^^^^^^
[INFO] [stderr]     |
[INFO] [stderr]    ::: /opt/rustwide/workdir/src/core_impls.rs:299:1
[INFO] [stderr]     |
[INFO] [stderr] 299 | / impl_function_ptrs! {
[INFO] [stderr] 300 | |     "C",
[INFO] [stderr] 301 | |     "Rust",
[INFO] [stderr] 302 | |     "aapcs",
[INFO] [stderr] ...   |
[INFO] [stderr] 308 | |     "fastcall",
[INFO] [stderr] 309 | | }
[INFO] [stderr]     | |_- in this macro invocation
[INFO] [stderr]     |
[INFO] [stderr]     = warning: this was previously accepted by the compiler but is being phased out; it will become a hard error in a future release!
[INFO] [stderr]     = note: for more information, see issue #130260 <https://github.com/rust-lang/rust/issues/130260>
[INFO] [stderr]     = note: `#[warn(unsupported_fn_ptr_calling_conventions)]` on by default
[INFO] [stderr]     = note: this warning originates in the macro `impl_function_ptrs` (in Nightly builds, run with -Z macro-backtrace for more info)
[INFO] [stderr] 
[INFO] [stderr] warning: the calling convention "stdcall" is not supported on this target
[INFO] [stderr]    --> /opt/rustwide/workdir/src/macros.rs:66:49
[INFO] [stderr]     |
[INFO] [stderr] 66  |               impl<$($ty,)* U> $crate::SizeOf for extern $cconv fn($($ty),*) -> U {
[INFO] [stderr]     |                                                   ^^^^^^^^^^^^^^^^^^^^^^^^^^^^^^^
[INFO] [stderr]     |
[INFO] [stderr]    ::: /opt/rustwide/workdir/src/core_impls.rs:299:1
[INFO] [stderr]     |
[INFO] [stderr] 299 | / impl_function_ptrs! {
[INFO] [stderr] 300 | |     "C",
[INFO] [stderr] 301 | |     "Rust",
[INFO] [stderr] 302 | |     "aapcs",
[INFO] [stderr] ...   |
[INFO] [stderr] 308 | |     "fastcall",
[INFO] [stderr] 309 | | }
[INFO] [stderr]     | |_- in this macro invocation
[INFO] [stderr]     |
[INFO] [stderr]     = warning: this was previously accepted by the compiler but is being phased out; it will become a hard error in a future release!
[INFO] [stderr]     = note: for more information, see issue #130260 <https://github.com/rust-lang/rust/issues/130260>
[INFO] [stderr]     = note: this warning originates in the macro `impl_function_ptrs` (in Nightly builds, run with -Z macro-backtrace for more info)
[INFO] [stderr] 
[INFO] [stderr] warning: the calling convention "fastcall" is not supported on this target
[INFO] [stderr]    --> /opt/rustwide/workdir/src/macros.rs:66:49
[INFO] [stderr]     |
[INFO] [stderr] 66  |               impl<$($ty,)* U> $crate::SizeOf for extern $cconv fn($($ty),*) -> U {
[INFO] [stderr]     |                                                   ^^^^^^^^^^^^^^^^^^^^^^^^^^^^^^^
[INFO] [stderr]     |
[INFO] [stderr]    ::: /opt/rustwide/workdir/src/core_impls.rs:299:1
[INFO] [stderr]     |
[INFO] [stderr] 299 | / impl_function_ptrs! {
[INFO] [stderr] 300 | |     "C",
[INFO] [stderr] 301 | |     "Rust",
[INFO] [stderr] 302 | |     "aapcs",
[INFO] [stderr] ...   |
[INFO] [stderr] 308 | |     "fastcall",
[INFO] [stderr] 309 | | }
[INFO] [stderr]     | |_- in this macro invocation
[INFO] [stderr]     |
[INFO] [stderr]     = warning: this was previously accepted by the compiler but is being phased out; it will become a hard error in a future release!
[INFO] [stderr]     = note: for more information, see issue #130260 <https://github.com/rust-lang/rust/issues/130260>
[INFO] [stderr]     = note: this warning originates in the macro `impl_function_ptrs` (in Nightly builds, run with -Z macro-backtrace for more info)
[INFO] [stderr] 
[INFO] [stderr] warning: `feldera-size-of` (lib) generated 4 warnings
[INFO] [stderr]    Compiling feldera-size-of-tests v0.0.0 (/opt/rustwide/target/tests/trybuild/feldera-size-of)
[INFO] [stderr]     Finished `dev` profile [unoptimized + debuginfo] target(s) in 3.11s
[INFO] [stderr] 
[INFO] [stderr] 
[INFO] [stderr] test src/tests/pass/derive_enum.rs ... error
[INFO] [stderr] ┈┈┈┈┈┈┈┈┈┈┈┈┈┈┈┈┈┈┈┈┈┈┈┈┈┈┈┈┈┈┈┈┈┈┈┈┈┈┈┈┈┈┈┈┈┈┈┈┈┈┈┈┈┈┈┈┈┈┈┈
[INFO] [stderr] error[E0433]: failed to resolve: could not find `size_of` in the list of imported crates
[INFO] [stderr]  --> src/tests/pass/derive_enum.rs:3:10
[INFO] [stderr]   |
[INFO] [stderr] 3 | #[derive(SizeOf)]
[INFO] [stderr]   |          ^^^^^^ could not find `size_of` in the list of imported crates
[INFO] [stderr]   |
[INFO] [stderr]   = note: this error originates in the derive macro `SizeOf` (in Nightly builds, run with -Z macro-backtrace for more info)
[INFO] [stderr] 
[INFO] [stderr] error[E0433]: failed to resolve: could not find `size_of` in the list of imported crates
[INFO] [stderr]  --> src/tests/pass/derive_enum.rs:6:10
[INFO] [stderr]   |
[INFO] [stderr] 6 | #[derive(SizeOf)]
[INFO] [stderr]   |          ^^^^^^ could not find `size_of` in the list of imported crates
[INFO] [stderr]   |
[INFO] [stderr]   = note: this error originates in the derive macro `SizeOf` (in Nightly builds, run with -Z macro-backtrace for more info)
[INFO] [stderr] 
[INFO] [stderr] error[E0433]: failed to resolve: could not find `size_of` in the list of imported crates
[INFO] [stderr]   --> src/tests/pass/derive_enum.rs:14:10
[INFO] [stderr]    |
[INFO] [stderr] 14 | #[derive(SizeOf)]
[INFO] [stderr]    |          ^^^^^^ could not find `size_of` in the list of imported crates
[INFO] [stderr]    |
[INFO] [stderr]    = note: this error originates in the derive macro `SizeOf` (in Nightly builds, run with -Z macro-backtrace for more info)
[INFO] [stderr] 
[INFO] [stderr] error[E0433]: failed to resolve: could not find `size_of` in the list of imported crates
[INFO] [stderr]   --> src/tests/pass/derive_enum.rs:30:10
[INFO] [stderr]    |
[INFO] [stderr] 30 | #[derive(SizeOf)]
[INFO] [stderr]    |          ^^^^^^ could not find `size_of` in the list of imported crates
[INFO] [stderr]    |
[INFO] [stderr]    = note: this error originates in the derive macro `SizeOf` (in Nightly builds, run with -Z macro-backtrace for more info)
[INFO] [stderr] 
[INFO] [stderr] error[E0433]: failed to resolve: could not find `size_of` in the list of imported crates
[INFO] [stderr]   --> src/tests/pass/derive_enum.rs:38:10
[INFO] [stderr]    |
[INFO] [stderr] 38 | #[derive(SizeOf)]
[INFO] [stderr]    |          ^^^^^^ could not find `size_of` in the list of imported crates
[INFO] [stderr]    |
[INFO] [stderr]    = note: this error originates in the derive macro `SizeOf` (in Nightly builds, run with -Z macro-backtrace for more info)
[INFO] [stderr] 
[INFO] [stderr] error[E0433]: failed to resolve: could not find `size_of` in the list of imported crates
[INFO] [stderr]   --> src/tests/pass/derive_enum.rs:50:10
[INFO] [stderr]    |
[INFO] [stderr] 50 | #[derive(SizeOf)]
[INFO] [stderr]    |          ^^^^^^ could not find `size_of` in the list of imported crates
[INFO] [stderr]    |
[INFO] [stderr]    = note: this error originates in the derive macro `SizeOf` (in Nightly builds, run with -Z macro-backtrace for more info)
[INFO] [stderr] ┈┈┈┈┈┈┈┈┈┈┈┈┈┈┈┈┈┈┈┈┈┈┈┈┈┈┈┈┈┈┈┈┈┈┈┈┈┈┈┈┈┈┈┈┈┈┈┈┈┈┈┈┈┈┈┈┈┈┈┈
[INFO] [stderr] 
[INFO] [stderr] test src/tests/pass/derive_struct.rs ... error
[INFO] [stderr] ┈┈┈┈┈┈┈┈┈┈┈┈┈┈┈┈┈┈┈┈┈┈┈┈┈┈┈┈┈┈┈┈┈┈┈┈┈┈┈┈┈┈┈┈┈┈┈┈┈┈┈┈┈┈┈┈┈┈┈┈
[INFO] [stderr] error[E0432]: unresolved import `size_of`
[INFO] [stderr]  --> src/tests/pass/derive_struct.rs:2:5
[INFO] [stderr]   |
[INFO] [stderr] 2 | use size_of::{SizeOf, TotalSize};
[INFO] [stderr]   |     ^^^^^^^ function `size_of` is not a crate or module
[INFO] [stderr] 
[INFO] [stderr] error: cannot find attribute `size_of` in this scope
[INFO] [stderr]   --> src/tests/pass/derive_struct.rs:10:42
[INFO] [stderr]    |
[INFO] [stderr] 10 | struct TupleStruct(usize, usize, bool, #[size_of(skip)] Vec<u8>);
[INFO] [stderr]    |                                          ^^^^^^^
[INFO] [stderr]    |
[INFO] [stderr] note: `size_of` is imported here, but it is a function, not an attribute
[INFO] [stderr]   --> src/tests/pass/derive_struct.rs:1:5
[INFO] [stderr]    |
[INFO] [stderr] 1  | use core::mem::size_of;
[INFO] [stderr]    |     ^^^^^^^^^^^^^^^^^^
[INFO] [stderr] 
[INFO] [stderr] error: cannot find attribute `size_of` in this scope
[INFO] [stderr]   --> src/tests/pass/derive_struct.rs:20:7
[INFO] [stderr]    |
[INFO] [stderr] 20 |     #[size_of(skip)]
[INFO] [stderr]    |       ^^^^^^^
[INFO] [stderr]    |
[INFO] [stderr] note: `size_of` is imported here, but it is a function, not an attribute
[INFO] [stderr]   --> src/tests/pass/derive_struct.rs:1:5
[INFO] [stderr]    |
[INFO] [stderr] 1  | use core::mem::size_of;
[INFO] [stderr]    |     ^^^^^^^^^^^^^^^^^^
[INFO] [stderr] 
[INFO] [stderr] error[E0599]: no method named `size_of` found for struct `Zst` in the current scope
[INFO] [stderr]   --> src/tests/pass/derive_struct.rs:25:20
[INFO] [stderr]    |
[INFO] [stderr] 7  | struct Zst;
[INFO] [stderr]    | ---------- method `size_of` not found for this struct
[INFO] [stderr] ...
[INFO] [stderr] 25 |     assert_eq!(Zst.size_of(), TotalSize::zero());
[INFO] [stderr]    |                    ^^^^^^^ method not found in `Zst`
[INFO] [stderr]    |
[INFO] [stderr]    = help: items from traits can only be used if the trait is implemented and in scope
[INFO] [stderr]    = note: the following trait defines an item `size_of`, perhaps you need to implement it:
[INFO] [stderr]            candidate #1: `feldera_size_of::SizeOf`
[INFO] [stderr] 
[INFO] [stderr] error[E0599]: no method named `size_of` found for struct `TupleStruct` in the current scope
[INFO] [stderr]   --> src/tests/pass/derive_struct.rs:28:22
[INFO] [stderr]    |
[INFO] [stderr] 10 | struct TupleStruct(usize, usize, bool, #[size_of(skip)] Vec<u8>);
[INFO] [stderr]    | ------------------ method `size_of` not found for this struct
[INFO] [stderr] ...
[INFO] [stderr] 28 |     assert_eq!(tuple.size_of(), TotalSize::total(size_of::<TupleStruct>()));
[INFO] [stderr]    |                      ^^^^^^^ method not found in `TupleStruct`
[INFO] [stderr]    |
[INFO] [stderr]    = help: items from traits can only be used if the trait is implemented and in scope
[INFO] [stderr]    = note: the following trait defines an item `size_of`, perhaps you need to implement it:
[INFO] [stderr]            candidate #1: `feldera_size_of::SizeOf`
[INFO] [stderr] 
[INFO] [stderr] error[E0599]: no method named `size_of` found for struct `BracketStruct` in the current scope
[INFO] [stderr]   --> src/tests/pass/derive_struct.rs:37:17
[INFO] [stderr]    |
[INFO] [stderr] 16 | struct BracketStruct {
[INFO] [stderr]    | -------------------- method `size_of` not found for this struct
[INFO] [stderr] ...
[INFO] [stderr] 37 |         bracket.size_of(),
[INFO] [stderr]    |                 ^^^^^^^ method not found in `BracketStruct`
[INFO] [stderr]    |
[INFO] [stderr]    = help: items from traits can only be used if the trait is implemented and in scope
[INFO] [stderr]    = note: the following trait defines an item `size_of`, perhaps you need to implement it:
[INFO] [stderr]            candidate #1: `feldera_size_of::SizeOf`
[INFO] [stderr] ┈┈┈┈┈┈┈┈┈┈┈┈┈┈┈┈┈┈┈┈┈┈┈┈┈┈┈┈┈┈┈┈┈┈┈┈┈┈┈┈┈┈┈┈┈┈┈┈┈┈┈┈┈┈┈┈┈┈┈┈
[INFO] [stderr] 
[INFO] [stderr] test src/tests/pass/recursive.rs ... error
[INFO] [stderr] ┈┈┈┈┈┈┈┈┈┈┈┈┈┈┈┈┈┈┈┈┈┈┈┈┈┈┈┈┈┈┈┈┈┈┈┈┈┈┈┈┈┈┈┈┈┈┈┈┈┈┈┈┈┈┈┈┈┈┈┈
[INFO] [stderr] error[E0432]: unresolved import `size_of`
[INFO] [stderr]  --> src/tests/pass/recursive.rs:2:5
[INFO] [stderr]   |
[INFO] [stderr] 2 | use size_of::{SizeOf, TotalSize};
[INFO] [stderr]   |     ^^^^^^^ function `size_of` is not a crate or module
[INFO] [stderr] 
[INFO] [stderr] error: cannot find attribute `size_of` in this scope
[INFO] [stderr]   --> src/tests/pass/recursive.rs:12:11
[INFO] [stderr]    |
[INFO] [stderr] 12 |         #[size_of(skip_bounds)]
[INFO] [stderr]    |           ^^^^^^^
[INFO] [stderr]    |
[INFO] [stderr] note: `size_of` is imported here, but it is a function, not an attribute
[INFO] [stderr]   --> src/tests/pass/recursive.rs:1:5
[INFO] [stderr]    |
[INFO] [stderr] 1  | use core::mem::size_of;
[INFO] [stderr]    |     ^^^^^^^^^^^^^^^^^^
[INFO] [stderr] 
[INFO] [stderr] error[E0599]: no method named `size_of` found for enum `Action` in the current scope
[INFO] [stderr]   --> src/tests/pass/recursive.rs:18:35
[INFO] [stderr]    |
[INFO] [stderr] 7  | enum Action {
[INFO] [stderr]    | ----------- method `size_of` not found for this enum
[INFO] [stderr] ...
[INFO] [stderr] 18 |     let action1 = Action::Action1.size_of();
[INFO] [stderr]    |                                   ^^^^^^^ method not found in `Action`
[INFO] [stderr]    |
[INFO] [stderr]    = help: items from traits can only be used if the trait is implemented and in scope
[INFO] [stderr]    = note: the following trait defines an item `size_of`, perhaps you need to implement it:
[INFO] [stderr]            candidate #1: `feldera_size_of::SizeOf`
[INFO] [stderr] 
[INFO] [stderr] error[E0599]: no method named `size_of` found for enum `Action` in the current scope
[INFO] [stderr]   --> src/tests/pass/recursive.rs:21:35
[INFO] [stderr]    |
[INFO] [stderr] 7  | enum Action {
[INFO] [stderr]    | ----------- method `size_of` not found for this enum
[INFO] [stderr] ...
[INFO] [stderr] 21 |     let action2 = Action::Action2.size_of();
[INFO] [stderr]    |                                   ^^^^^^^ method not found in `Action`
[INFO] [stderr]    |
[INFO] [stderr]    = help: items from traits can only be used if the trait is implemented and in scope
[INFO] [stderr]    = note: the following trait defines an item `size_of`, perhaps you need to implement it:
[INFO] [stderr]            candidate #1: `feldera_size_of::SizeOf`
[INFO] [stderr] 
[INFO] [stderr] error[E0599]: no method named `size_of` found for enum `Action` in the current scope
[INFO] [stderr]   --> src/tests/pass/recursive.rs:27:6
[INFO] [stderr]    |
[INFO] [stderr] 7  |   enum Action {
[INFO] [stderr]    |   ----------- method `size_of` not found for this enum
[INFO] [stderr] ...
[INFO] [stderr] 24 |       let empty_injection = Action::InjectActions {
[INFO] [stderr]    |  ___________________________-
[INFO] [stderr] 25 | |         injected_actions: Vec::new(),
[INFO] [stderr] 26 | |     }
[INFO] [stderr] 27 | |     .size_of();
[INFO] [stderr]    | |     -^^^^^^^ method not found in `Action`
[INFO] [stderr]    | |_____|
[INFO] [stderr]    |
[INFO] [stderr]    |
[INFO] [stderr]    = help: items from traits can only be used if the trait is implemented and in scope
[INFO] [stderr]    = note: the following trait defines an item `size_of`, perhaps you need to implement it:
[INFO] [stderr]            candidate #1: `feldera_size_of::SizeOf`
[INFO] [stderr] 
[INFO] [stderr] error[E0599]: no method named `size_of` found for enum `Action` in the current scope
[INFO] [stderr]   --> src/tests/pass/recursive.rs:33:6
[INFO] [stderr]    |
[INFO] [stderr] 7  |   enum Action {
[INFO] [stderr]    |   ----------- method `size_of` not found for this enum
[INFO] [stderr] ...
[INFO] [stderr] 30 |       let filled_injection = Action::InjectActions {
[INFO] [stderr]    |  ____________________________-
[INFO] [stderr] 31 | |         injected_actions: vec![Action::Action1, Action::Action2],
[INFO] [stderr] 32 | |     }
[INFO] [stderr] 33 | |     .size_of();
[INFO] [stderr]    | |     -^^^^^^^ method not found in `Action`
[INFO] [stderr]    | |_____|
[INFO] [stderr]    |
[INFO] [stderr]    |
[INFO] [stderr]    = help: items from traits can only be used if the trait is implemented and in scope
[INFO] [stderr]    = note: the following trait defines an item `size_of`, perhaps you need to implement it:
[INFO] [stderr]            candidate #1: `feldera_size_of::SizeOf`
[INFO] [stderr] ┈┈┈┈┈┈┈┈┈┈┈┈┈┈┈┈┈┈┈┈┈┈┈┈┈┈┈┈┈┈┈┈┈┈┈┈┈┈┈┈┈┈┈┈┈┈┈┈┈┈┈┈┈┈┈┈┈┈┈┈
[INFO] [stderr] 
[INFO] [stderr] test src/tests/pass/skip_all.rs ... error
[INFO] [stderr] ┈┈┈┈┈┈┈┈┈┈┈┈┈┈┈┈┈┈┈┈┈┈┈┈┈┈┈┈┈┈┈┈┈┈┈┈┈┈┈┈┈┈┈┈┈┈┈┈┈┈┈┈┈┈┈┈┈┈┈┈
[INFO] [stderr] error[E0432]: unresolved import `size_of`
[INFO] [stderr]  --> src/tests/pass/skip_all.rs:2:5
[INFO] [stderr]   |
[INFO] [stderr] 2 | use size_of::{SizeOf, TotalSize};
[INFO] [stderr]   |     ^^^^^^^ function `size_of` is not a crate or module
[INFO] [stderr] 
[INFO] [stderr] error: cannot find attribute `size_of` in this scope
[INFO] [stderr]  --> src/tests/pass/skip_all.rs:9:3
[INFO] [stderr]   |
[INFO] [stderr] 9 | #[size_of(skip_all)]
[INFO] [stderr]   |   ^^^^^^^
[INFO] [stderr]   |
[INFO] [stderr] note: `size_of` is imported here, but it is a function, not an attribute
[INFO] [stderr]  --> src/tests/pass/skip_all.rs:1:17
[INFO] [stderr]   |
[INFO] [stderr] 1 | use core::mem::{size_of, ManuallyDrop};
[INFO] [stderr]   |                 ^^^^^^^
[INFO] [stderr] 
[INFO] [stderr] error: cannot find attribute `size_of` in this scope
[INFO] [stderr]   --> src/tests/pass/skip_all.rs:16:3
[INFO] [stderr]    |
[INFO] [stderr] 16 | #[size_of(skip_all)]
[INFO] [stderr]    |   ^^^^^^^
[INFO] [stderr]    |
[INFO] [stderr] note: `size_of` is imported here, but it is a function, not an attribute
[INFO] [stderr]   --> src/tests/pass/skip_all.rs:1:17
[INFO] [stderr]    |
[INFO] [stderr] 1  | use core::mem::{size_of, ManuallyDrop};
[INFO] [stderr]    |                 ^^^^^^^
[INFO] [stderr] 
[INFO] [stderr] error[E0599]: no method named `size_of` found for struct `ContainsNonImplementer` in the current scope
[INFO] [stderr]   --> src/tests/pass/skip_all.rs:28:19
[INFO] [stderr]    |
[INFO] [stderr] 10 | struct ContainsNonImplementer {
[INFO] [stderr]    | ----------------------------- method `size_of` not found for this struct
[INFO] [stderr] ...
[INFO] [stderr] 28 |         container.size_of(),
[INFO] [stderr]    |                   ^^^^^^^ method not found in `ContainsNonImplementer`
[INFO] [stderr]    |
[INFO] [stderr]    = help: items from traits can only be used if the trait is implemented and in scope
[INFO] [stderr]    = note: the following trait defines an item `size_of`, perhaps you need to implement it:
[INFO] [stderr]            candidate #1: `feldera_size_of::SizeOf`
[INFO] [stderr] 
[INFO] [stderr] error[E0599]: no method named `size_of` found for union `Union` in the current scope
[INFO] [stderr]   --> src/tests/pass/skip_all.rs:35:22
[INFO] [stderr]    |
[INFO] [stderr] 17 | union Union {
[INFO] [stderr]    | ----------- method `size_of` not found for this union
[INFO] [stderr] ...
[INFO] [stderr] 35 |     assert_eq!(union.size_of(), TotalSize::total(size_of::<Union>()));
[INFO] [stderr]    |                      ^^^^^^^ method not found in `Union`
[INFO] [stderr]    |
[INFO] [stderr]    = help: items from traits can only be used if the trait is implemented and in scope
[INFO] [stderr]    = note: the following trait defines an item `size_of`, perhaps you need to implement it:
[INFO] [stderr]            candidate #1: `feldera_size_of::SizeOf`
[INFO] [stderr] ┈┈┈┈┈┈┈┈┈┈┈┈┈┈┈┈┈┈┈┈┈┈┈┈┈┈┈┈┈┈┈┈┈┈┈┈┈┈┈┈┈┈┈┈┈┈┈┈┈┈┈┈┈┈┈┈┈┈┈┈
[INFO] [stderr] 
[INFO] [stderr] 
[INFO] [stderr] 
[INFO] [stdout] test tests::std::ui ... FAILED
[INFO] [stdout] 
[INFO] [stdout] failures:
[INFO] [stdout] 
[INFO] [stdout] ---- tests::std::ui stdout ----
[INFO] [stdout] thread 'tests::std::ui' panicked at /opt/rustwide/cargo-home/registry/src/index.crates.io-6f17d22bba15001f/trybuild-1.0.101/src/run.rs:101:13:
[INFO] [stdout] 4 of 4 tests failed
[INFO] [stdout] stack backtrace:
[INFO] [stdout]    0:     0x6458cf7641aa - std::backtrace_rs::backtrace::libunwind::trace::h207520d6e9873551
[INFO] [stdout]                                at /rustc/df4ca44d3fbc9301ee17f30f4d474e6ae4b05252/library/std/src/../../backtrace/src/backtrace/libunwind.rs:116:5
[INFO] [stdout]    1:     0x6458cf7641aa - std::backtrace_rs::backtrace::trace_unsynchronized::h2ed7433f370e3eca
[INFO] [stdout]                                at /rustc/df4ca44d3fbc9301ee17f30f4d474e6ae4b05252/library/std/src/../../backtrace/src/backtrace/mod.rs:66:5
[INFO] [stdout]    2:     0x6458cf7641aa - std::sys::backtrace::_print_fmt::h916fac51166b18d7
[INFO] [stdout]                                at /rustc/df4ca44d3fbc9301ee17f30f4d474e6ae4b05252/library/std/src/sys/backtrace.rs:66:9
[INFO] [stdout]    3:     0x6458cf7641aa - <std::sys::backtrace::BacktraceLock::print::DisplayBacktrace as core::fmt::Display>::fmt::ha0a4c9b8ce3802e6
[INFO] [stdout]                                at /rustc/df4ca44d3fbc9301ee17f30f4d474e6ae4b05252/library/std/src/sys/backtrace.rs:39:26
[INFO] [stdout]    4:     0x6458cf78f003 - core::fmt::rt::Argument::fmt::h4cfc8587d52b3eb5
[INFO] [stdout]                                at /rustc/df4ca44d3fbc9301ee17f30f4d474e6ae4b05252/library/core/src/fmt/rt.rs:177:76
[INFO] [stdout]    5:     0x6458cf78f003 - core::fmt::write::h522cc39e5b36ae9f
[INFO] [stdout]                                at /rustc/df4ca44d3fbc9301ee17f30f4d474e6ae4b05252/library/core/src/fmt/mod.rs:1190:21
[INFO] [stdout]    6:     0x6458cf7601e3 - std::io::Write::write_fmt::h7d3c26752da97734
[INFO] [stdout]                                at /rustc/df4ca44d3fbc9301ee17f30f4d474e6ae4b05252/library/std/src/io/mod.rs:1839:15
[INFO] [stdout]    7:     0x6458cf763ff2 - std::sys::backtrace::BacktraceLock::print::h4b9e00b29e9c0942
[INFO] [stdout]                                at /rustc/df4ca44d3fbc9301ee17f30f4d474e6ae4b05252/library/std/src/sys/backtrace.rs:42:9
[INFO] [stdout]    8:     0x6458cf765c3a - std::panicking::default_hook::{{closure}}::hb59b88280d0324d9
[INFO] [stdout]                                at /rustc/df4ca44d3fbc9301ee17f30f4d474e6ae4b05252/library/std/src/panicking.rs:268:22
[INFO] [stdout]    9:     0x6458cf765a44 - std::panicking::default_hook::he1dd496665be4a29
[INFO] [stdout]                                at /rustc/df4ca44d3fbc9301ee17f30f4d474e6ae4b05252/library/std/src/panicking.rs:292:9
[INFO] [stdout]   10:     0x6458cf72c739 - <alloc::boxed::Box<F,A> as core::ops::function::Fn<Args>>::call::h4ff71de18744e1dc
[INFO] [stdout]                                at /rustc/df4ca44d3fbc9301ee17f30f4d474e6ae4b05252/library/alloc/src/boxed.rs:2468:9
[INFO] [stdout]   11:     0x6458cf72c739 - test::test_main::{{closure}}::hcf7c055ce117aa81
[INFO] [stdout]                                at /rustc/df4ca44d3fbc9301ee17f30f4d474e6ae4b05252/library/test/src/lib.rs:133:21
[INFO] [stdout]   12:     0x6458cf766338 - <alloc::boxed::Box<F,A> as core::ops::function::Fn<Args>>::call::h1d66c6bbd60c9692
[INFO] [stdout]                                at /rustc/df4ca44d3fbc9301ee17f30f4d474e6ae4b05252/library/alloc/src/boxed.rs:2468:9
[INFO] [stdout]   13:     0x6458cf766338 - std::panicking::rust_panic_with_hook::h2ff17fe8f26dfcf8
[INFO] [stdout]                                at /rustc/df4ca44d3fbc9301ee17f30f4d474e6ae4b05252/library/std/src/panicking.rs:809:13
[INFO] [stdout]   14:     0x6458cf7660fa - std::panicking::begin_panic_handler::{{closure}}::h4fad77951c07e101
[INFO] [stdout]                                at /rustc/df4ca44d3fbc9301ee17f30f4d474e6ae4b05252/library/std/src/panicking.rs:674:13
[INFO] [stdout]   15:     0x6458cf764689 - std::sys::backtrace::__rust_end_short_backtrace::hb1a25b3da5d0ea08
[INFO] [stdout]                                at /rustc/df4ca44d3fbc9301ee17f30f4d474e6ae4b05252/library/std/src/sys/backtrace.rs:170:18
[INFO] [stdout]   16:     0x6458cf765d8c - rust_begin_unwind
[INFO] [stdout]                                at /rustc/df4ca44d3fbc9301ee17f30f4d474e6ae4b05252/library/std/src/panicking.rs:665:5
[INFO] [stdout]   17:     0x6458cf78d3b0 - core::panicking::panic_fmt::ha9db07b529f9b256
[INFO] [stdout]                                at /rustc/df4ca44d3fbc9301ee17f30f4d474e6ae4b05252/library/core/src/panicking.rs:75:14
[INFO] [stdout]   18:     0x6458cf50a3f5 - trybuild::run::<impl trybuild::Runner>::run::hd32481aace2341a1
[INFO] [stdout]                                at /opt/rustwide/cargo-home/registry/src/index.crates.io-6f17d22bba15001f/trybuild-1.0.101/src/run.rs:101:13
[INFO] [stdout]   19:     0x6458cf50f928 - <trybuild::TestCases as core::ops::drop::Drop>::drop::hafee749486564316
[INFO] [stdout]                                at /opt/rustwide/cargo-home/registry/src/index.crates.io-6f17d22bba15001f/trybuild-1.0.101/src/lib.rs:340:13
[INFO] [stdout]   20:     0x6458cf4303e7 - core::ptr::drop_in_place<trybuild::TestCases>::he570a7aac76b7409
[INFO] [stdout]                                at /rustc/df4ca44d3fbc9301ee17f30f4d474e6ae4b05252/library/core/src/ptr/mod.rs:521:1
[INFO] [stdout]   21:     0x6458cf42797b - feldera_size_of::tests::std::ui::hdcb500e4ca550804
[INFO] [stdout]                                at /opt/rustwide/workdir/src/tests/mod.rs:271:5
[INFO] [stdout]   22:     0x6458cf4278f7 - feldera_size_of::tests::std::ui::{{closure}}::h5b4e24cec0435823
[INFO] [stdout]                                at /opt/rustwide/workdir/src/tests/mod.rs:267:12
[INFO] [stdout]   23:     0x6458cf42fe86 - core::ops::function::FnOnce::call_once::h9b36b9c34ad39693
[INFO] [stdout]                                at /rustc/df4ca44d3fbc9301ee17f30f4d474e6ae4b05252/library/core/src/ops/function.rs:250:5
[INFO] [stdout]   24:     0x6458cf73100b - core::ops::function::FnOnce::call_once::h22c3ba5715e93f05
[INFO] [stdout]                                at /rustc/df4ca44d3fbc9301ee17f30f4d474e6ae4b05252/library/core/src/ops/function.rs:250:5
[INFO] [stdout]   25:     0x6458cf73100b - test::__rust_begin_short_backtrace::h8e82d8113d0da17f
[INFO] [stdout]                                at /rustc/df4ca44d3fbc9301ee17f30f4d474e6ae4b05252/library/test/src/lib.rs:621:18
[INFO] [stdout]   26:     0x6458cf730987 - test::run_test_in_process::{{closure}}::h33235f4f20b7b7c7
[INFO] [stdout]                                at /rustc/df4ca44d3fbc9301ee17f30f4d474e6ae4b05252/library/test/src/lib.rs:644:60
[INFO] [stdout]   27:     0x6458cf730987 - <core::panic::unwind_safe::AssertUnwindSafe<F> as core::ops::function::FnOnce<()>>::call_once::hb5043206310c586f
[INFO] [stdout]                                at /rustc/df4ca44d3fbc9301ee17f30f4d474e6ae4b05252/library/core/src/panic/unwind_safe.rs:272:9
[INFO] [stdout]   28:     0x6458cf730987 - std::panicking::try::do_call::h9ad4731a60ab23e2
[INFO] [stdout]                                at /rustc/df4ca44d3fbc9301ee17f30f4d474e6ae4b05252/library/std/src/panicking.rs:557:40
[INFO] [stdout]   29:     0x6458cf730987 - std::panicking::try::h3824d23db772a716
[INFO] [stdout]                                at /rustc/df4ca44d3fbc9301ee17f30f4d474e6ae4b05252/library/std/src/panicking.rs:520:19
[INFO] [stdout]   30:     0x6458cf730987 - std::panic::catch_unwind::h5afd514605fde46b
[INFO] [stdout]                                at /rustc/df4ca44d3fbc9301ee17f30f4d474e6ae4b05252/library/std/src/panic.rs:358:14
[INFO] [stdout]   31:     0x6458cf730987 - test::run_test_in_process::h0d5cbfa7067d1720
[INFO] [stdout]                                at /rustc/df4ca44d3fbc9301ee17f30f4d474e6ae4b05252/library/test/src/lib.rs:644:27
[INFO] [stdout]   32:     0x6458cf730987 - test::run_test::{{closure}}::h708eb8872708115d
[INFO] [stdout]                                at /rustc/df4ca44d3fbc9301ee17f30f4d474e6ae4b05252/library/test/src/lib.rs:565:43
[INFO] [stdout]   33:     0x6458cf6f40a4 - test::run_test::{{closure}}::h392c51cee94713ab
[INFO] [stdout]                                at /rustc/df4ca44d3fbc9301ee17f30f4d474e6ae4b05252/library/test/src/lib.rs:595:41
[INFO] [stdout]   34:     0x6458cf6f40a4 - std::sys::backtrace::__rust_begin_short_backtrace::h2f40290710935a8b
[INFO] [stdout]                                at /rustc/df4ca44d3fbc9301ee17f30f4d474e6ae4b05252/library/std/src/sys/backtrace.rs:154:18
[INFO] [stdout]   35:     0x6458cf6f784e - std::thread::Builder::spawn_unchecked_::{{closure}}::{{closure}}::h3fd968d89053a903
[INFO] [stdout]                                at /rustc/df4ca44d3fbc9301ee17f30f4d474e6ae4b05252/library/std/src/thread/mod.rs:541:17
[INFO] [stdout]   36:     0x6458cf6f784e - <core::panic::unwind_safe::AssertUnwindSafe<F> as core::ops::function::FnOnce<()>>::call_once::h743f637ba4229880
[INFO] [stdout]                                at /rustc/df4ca44d3fbc9301ee17f30f4d474e6ae4b05252/library/core/src/panic/unwind_safe.rs:272:9
[INFO] [stdout]   37:     0x6458cf6f784e - std::panicking::try::do_call::h07440897322525a6
[INFO] [stdout]                                at /rustc/df4ca44d3fbc9301ee17f30f4d474e6ae4b05252/library/std/src/panicking.rs:557:40
[INFO] [stdout]   38:     0x6458cf6f784e - std::panicking::try::he5a2e00188156637
[INFO] [stdout]                                at /rustc/df4ca44d3fbc9301ee17f30f4d474e6ae4b05252/library/std/src/panicking.rs:520:19
[INFO] [stdout]   39:     0x6458cf6f784e - std::panic::catch_unwind::hbaf3cae49b3c6433
[INFO] [stdout]                                at /rustc/df4ca44d3fbc9301ee17f30f4d474e6ae4b05252/library/std/src/panic.rs:358:14
[INFO] [stdout]   40:     0x6458cf6f784e - std::thread::Builder::spawn_unchecked_::{{closure}}::h8e141ea224820bce
[INFO] [stdout]                                at /rustc/df4ca44d3fbc9301ee17f30f4d474e6ae4b05252/library/std/src/thread/mod.rs:540:30
[INFO] [stdout]   41:     0x6458cf6f784e - core::ops::function::FnOnce::call_once{{vtable.shim}}::h90d312fedd7b8ea8
[INFO] [stdout]                                at /rustc/df4ca44d3fbc9301ee17f30f4d474e6ae4b05252/library/core/src/ops/function.rs:250:5
[INFO] [stdout]   42:     0x6458cf76b0fb - <alloc::boxed::Box<F,A> as core::ops::function::FnOnce<Args>>::call_once::h69aa08ddb6adb8b6
[INFO] [stdout]                                at /rustc/df4ca44d3fbc9301ee17f30f4d474e6ae4b05252/library/alloc/src/boxed.rs:2454:9
[INFO] [stdout]   43:     0x6458cf76b0fb - <alloc::boxed::Box<F,A> as core::ops::function::FnOnce<Args>>::call_once::h5aa36efdb79c806f
[INFO] [stdout]                                at /rustc/df4ca44d3fbc9301ee17f30f4d474e6ae4b05252/library/alloc/src/boxed.rs:2454:9
[INFO] [stdout]   44:     0x6458cf76b0fb - std::sys::pal::unix::thread::Thread::new::thread_start::h6cd80a1b4be5158d
[INFO] [stdout]                                at /rustc/df4ca44d3fbc9301ee17f30f4d474e6ae4b05252/library/std/src/sys/pal/unix/thread.rs:105:17
[INFO] [stdout]   45:     0x74f222c10ac3 - <unknown>
[INFO] [stdout]   46:     0x74f222ca1a04 - clone
[INFO] [stdout]   47:                0x0 - <unknown>
[INFO] [stdout] 
[INFO] [stdout] 
[INFO] [stdout] failures:
[INFO] [stdout]     tests::std::ui
[INFO] [stdout] 
[INFO] [stdout] test result: FAILED. 12 passed; 1 failed; 0 ignored; 0 measured; 0 filtered out; finished in 3.79s
[INFO] [stdout] 
[INFO] [stderr] error: test failed, to rerun pass `--lib`
[INFO] running `Command { std: "docker" "inspect" "7d3600745ae99bcc0a2df02c80b0a58b74eca70edeedbf523fff781fff0517d7", kill_on_drop: false }`
[INFO] running `Command { std: "docker" "rm" "-f" "7d3600745ae99bcc0a2df02c80b0a58b74eca70edeedbf523fff781fff0517d7", kill_on_drop: false }`
[INFO] [stdout] 7d3600745ae99bcc0a2df02c80b0a58b74eca70edeedbf523fff781fff0517d7
