[INFO] fetching crate fastpasta 1.22.0...
[INFO] testing fastpasta-1.22.0 against nightly-2024-10-28 for randomize-layout
[INFO] extracting crate fastpasta 1.22.0 into /workspace/builds/worker-0-tc1/source
[INFO] validating manifest of crates.io crate fastpasta 1.22.0 on toolchain nightly-2024-10-28
[INFO] running `Command { std: CARGO_HOME="/workspace/cargo-home" RUSTUP_HOME="/workspace/rustup-home" "/workspace/cargo-home/bin/cargo" "+nightly-2024-10-28" "metadata" "--manifest-path" "Cargo.toml" "--no-deps", kill_on_drop: false }`
[INFO] started tweaking crates.io crate fastpasta 1.22.0
[INFO] finished tweaking crates.io crate fastpasta 1.22.0
[INFO] tweaked toml for crates.io crate fastpasta 1.22.0 written to /workspace/builds/worker-0-tc1/source/Cargo.toml
[INFO] crate crates.io crate fastpasta 1.22.0 already has a lockfile, it will not be regenerated
[INFO] running `Command { std: CARGO_HOME="/workspace/cargo-home" RUSTUP_HOME="/workspace/rustup-home" "/workspace/cargo-home/bin/cargo" "+nightly-2024-10-28" "fetch" "--manifest-path" "Cargo.toml", kill_on_drop: false }`
[INFO] [stderr]     Updating crates.io index
[INFO] [stderr]  Downloading crates ...
[INFO] [stderr]   Downloaded temp-dir v0.1.13
[INFO] [stderr]   Downloaded sm v0.9.0
[INFO] [stderr]   Downloaded gag v1.0.0
[INFO] [stderr]   Downloaded descriptive_toml_derive_macro v0.1.0
[INFO] [stderr]   Downloaded descriptive_toml_derive v0.1.1
[INFO] [stderr]   Downloaded fmt v0.1.0
[INFO] [stderr]   Downloaded stderrlog v0.6.0
[INFO] [stderr]   Downloaded sm_macro v0.9.0
[INFO] [stderr]   Downloaded alice_protocol_reader v0.15.0
[INFO] [stderr]   Downloaded papergrid v0.11.0
[INFO] [stderr]   Downloaded fancy-regex v0.13.0
[INFO] [stderr]   Downloaded tabled v0.15.0
[INFO] [stderr]   Downloaded plotters v0.3.6
[INFO] [stderr]   Downloaded human-panic v2.0.0
[INFO] [stderr]   Downloaded ringbuffer v0.15.0
[INFO] [stderr]   Downloaded tabled_derive v0.7.0
[INFO] [stderr]   Downloaded ansi-str v0.8.0
[INFO] running `Command { std: "docker" "create" "-v" "/var/lib/crater-agent-workspace/builds/worker-0-tc1/target:/opt/rustwide/target:rw,Z" "-v" "/var/lib/crater-agent-workspace/builds/worker-0-tc1/source:/opt/rustwide/workdir:ro,Z" "-v" "/var/lib/crater-agent-workspace/cargo-home:/opt/rustwide/cargo-home:ro,Z" "-v" "/var/lib/crater-agent-workspace/rustup-home:/opt/rustwide/rustup-home:ro,Z" "-e" "SOURCE_DIR=/opt/rustwide/workdir" "-e" "CARGO_TARGET_DIR=/opt/rustwide/target" "-e" "CARGO_HOME=/opt/rustwide/cargo-home" "-e" "RUSTUP_HOME=/opt/rustwide/rustup-home" "-w" "/opt/rustwide/workdir" "-m" "1610612736" "--user" "0:0" "--network" "none" "ghcr.io/rust-lang/crates-build-env/linux@sha256:4a844ea9eb2546a2d2c7022eacef16ef2e8229c7fbb2c7d4d55a9ceca922f72d" "/opt/rustwide/cargo-home/bin/cargo" "+nightly-2024-10-28" "metadata" "--no-deps" "--format-version=1", kill_on_drop: false }`
[INFO] [stdout] 413c8b4a5d9c92380f00cb0b33fe70fcf995426c5a38537069c67906c1acbdab
[INFO] running `Command { std: "docker" "start" "-a" "413c8b4a5d9c92380f00cb0b33fe70fcf995426c5a38537069c67906c1acbdab", kill_on_drop: false }`
[INFO] running `Command { std: "docker" "inspect" "413c8b4a5d9c92380f00cb0b33fe70fcf995426c5a38537069c67906c1acbdab", kill_on_drop: false }`
[INFO] running `Command { std: "docker" "rm" "-f" "413c8b4a5d9c92380f00cb0b33fe70fcf995426c5a38537069c67906c1acbdab", kill_on_drop: false }`
[INFO] [stdout] 413c8b4a5d9c92380f00cb0b33fe70fcf995426c5a38537069c67906c1acbdab
[INFO] running `Command { std: "docker" "create" "-v" "/var/lib/crater-agent-workspace/builds/worker-0-tc1/target:/opt/rustwide/target:rw,Z" "-v" "/var/lib/crater-agent-workspace/builds/worker-0-tc1/source:/opt/rustwide/workdir:ro,Z" "-v" "/var/lib/crater-agent-workspace/cargo-home:/opt/rustwide/cargo-home:ro,Z" "-v" "/var/lib/crater-agent-workspace/rustup-home:/opt/rustwide/rustup-home:ro,Z" "-e" "SOURCE_DIR=/opt/rustwide/workdir" "-e" "CARGO_TARGET_DIR=/opt/rustwide/target" "-e" "CARGO_INCREMENTAL=0" "-e" "RUST_BACKTRACE=full" "-e" "RUSTFLAGS=--cap-lints=forbid" "-e" "RUSTDOCFLAGS=--cap-lints=forbid" "-e" "CARGO_HOME=/opt/rustwide/cargo-home" "-e" "RUSTUP_HOME=/opt/rustwide/rustup-home" "-w" "/opt/rustwide/workdir" "-m" "1610612736" "--user" "0:0" "--network" "none" "ghcr.io/rust-lang/crates-build-env/linux@sha256:4a844ea9eb2546a2d2c7022eacef16ef2e8229c7fbb2c7d4d55a9ceca922f72d" "/opt/rustwide/cargo-home/bin/cargo" "+nightly-2024-10-28" "build" "--frozen" "--message-format=json", kill_on_drop: false }`
[INFO] [stdout] a491dec6631e3067ae2bdd872b7137ed648868eb7524d95998ea1652987a5340
[INFO] running `Command { std: "docker" "start" "-a" "a491dec6631e3067ae2bdd872b7137ed648868eb7524d95998ea1652987a5340", kill_on_drop: false }`
[INFO] [stderr]    Compiling proc-macro2 v1.0.83
[INFO] [stderr]    Compiling libc v0.2.155
[INFO] [stderr]    Compiling memchr v2.7.2
[INFO] [stderr]    Compiling utf8parse v0.2.1
[INFO] [stderr]    Compiling serde v1.0.202
[INFO] [stderr]    Compiling version_check v0.9.4
[INFO] [stderr]    Compiling proc-macro2 v0.4.30
[INFO] [stderr]    Compiling colorchoice v1.0.1
[INFO] [stderr]    Compiling anstyle-parse v0.2.4
[INFO] [stderr]    Compiling minimal-lexical v0.2.1
[INFO] [stderr]    Compiling anstyle-query v1.0.3
[INFO] [stderr]    Compiling is_terminal_polyfill v1.70.0
[INFO] [stderr]    Compiling anstyle v1.0.7
[INFO] [stderr]    Compiling unicode-xid v0.1.0
[INFO] [stderr]    Compiling num-traits v0.2.19
[INFO] [stderr]    Compiling cfg_aliases v0.1.1
[INFO] [stderr]    Compiling crossbeam-utils v0.8.20
[INFO] [stderr]    Compiling proc-macro-error-attr v1.0.4
[INFO] [stderr]    Compiling proc-macro-error v1.0.4
[INFO] [stderr]    Compiling anstream v0.6.14
[INFO] [stderr]    Compiling cc v1.0.98
[INFO] [stderr]    Compiling unicode-width v0.1.12
[INFO] [stderr]    Compiling syn v0.15.44
[INFO] [stderr]    Compiling indexmap v2.2.6
[INFO] [stderr]    Compiling quote v1.0.36
[INFO] [stderr]    Compiling nom v7.1.3
[INFO] [stderr]    Compiling syn v2.0.65
[INFO] [stderr]    Compiling syn v1.0.109
[INFO] [stderr]    Compiling vte_generate_state_changes v0.1.1
[INFO] [stderr]    Compiling vte v0.10.1
[INFO] [stderr]    Compiling getrandom v0.2.15
[INFO] [stderr]    Compiling quote v0.6.13
[INFO] [stderr]    Compiling nix v0.28.0
[INFO] [stderr]    Compiling clap_lex v0.7.0
[INFO] [stderr]    Compiling winnow v0.6.8
[INFO] [stderr]    Compiling log v0.4.21
[INFO] [stderr]    Compiling backtrace v0.3.71
[INFO] [stderr]    Compiling portable-atomic v1.6.0
[INFO] [stderr]    Compiling ansitok v0.2.0
[INFO] [stderr]    Compiling gimli v0.28.1
[INFO] [stderr]    Compiling clap_builder v4.5.2
[INFO] [stderr]    Compiling miniz_oxide v0.7.3
[INFO] [stderr]    Compiling ansi-str v0.8.0
[INFO] [stderr]    Compiling nanorand v0.7.0
[INFO] [stderr]    Compiling object v0.32.2
[INFO] [stderr]    Compiling aho-corasick v1.1.3
[INFO] [stderr]    Compiling spin v0.9.8
[INFO] [stderr]    Compiling bytecount v0.6.8
[INFO] [stderr]    Compiling serde_json v1.0.117
[INFO] [stderr]    Compiling futures-sink v0.3.30
[INFO] [stderr]    Compiling bitflags v2.5.0
[INFO] [stderr]    Compiling futures-core v0.3.30
[INFO] [stderr]    Compiling regex-syntax v0.8.3
[INFO] [stderr]    Compiling heck v0.4.1
[INFO] [stderr]    Compiling rustc-demangle v0.1.24
[INFO] [stderr]    Compiling addr2line v0.21.0
[INFO] [stderr]    Compiling tabled_derive v0.7.0
[INFO] [stderr]    Compiling serde_derive v1.0.202
[INFO] [stderr]    Compiling clap_derive v4.5.4
[INFO] [stderr]    Compiling sm_macro v0.9.0
[INFO] [stderr]    Compiling regex-automata v0.4.6
[INFO] [stderr]    Compiling descriptive_toml_derive_macro v0.1.0
[INFO] [stderr]    Compiling flume v0.11.0
[INFO] [stderr]    Compiling console v0.15.8
[INFO] [stderr]    Compiling papergrid v0.11.0
[INFO] [stderr]    Compiling thread_local v1.1.8
[INFO] [stderr]    Compiling chrono v0.4.38
[INFO] [stderr]    Compiling crossbeam-channel v0.5.13
[INFO] [stderr]    Compiling clap v4.5.4
[INFO] [stderr]    Compiling uuid v1.8.0
[INFO] [stderr]    Compiling is-terminal v0.4.12
[INFO] [stderr]    Compiling number_prefix v0.4.0
[INFO] [stderr]    Compiling arrayvec v0.7.4
[INFO] [stderr]    Compiling either v1.12.0
[INFO] [stderr]    Compiling owo-colors v4.0.0
[INFO] [stderr]    Compiling itertools v0.13.0
[INFO] [stderr]    Compiling tabled v0.15.0
[INFO] [stderr]    Compiling alice_protocol_reader v0.15.0
[INFO] [stderr]    Compiling stderrlog v0.6.0
[INFO] [stderr]    Compiling regex v1.10.4
[INFO] [stderr]    Compiling indicatif v0.17.8
[INFO] [stderr]    Compiling clap_complete v4.5.2
[INFO] [stderr]    Compiling descriptive_toml_derive v0.1.1
[INFO] [stderr]    Compiling ctrlc v3.4.4
[INFO] [stderr]    Compiling sm v0.9.0
[INFO] [stderr]    Compiling ringbuffer v0.15.0
[INFO] [stderr]    Compiling fmt v0.1.0
[INFO] [stderr]    Compiling toml_datetime v0.6.6
[INFO] [stderr]    Compiling serde_spanned v0.6.6
[INFO] [stderr]    Compiling os_info v3.8.2
[INFO] [stderr]    Compiling toml_edit v0.22.13
[INFO] [stderr]    Compiling toml v0.8.13
[INFO] [stderr]    Compiling human-panic v2.0.0
[INFO] [stderr]    Compiling fastpasta v1.22.0 (/opt/rustwide/workdir)
[INFO] [stdout] warning: elided lifetime has a name
[INFO] [stdout]   --> src/config/custom_checks.rs:44:48
[INFO] [stdout]    |
[INFO] [stdout] 44 |     fn chip_orders_ob(&'static self) -> Option<&[Vec<u8>]>;
[INFO] [stdout]    |                                                ^ this elided lifetime gets resolved as `'static`
[INFO] [stdout]    |
[INFO] [stdout]    = note: `#[warn(elided_named_lifetimes)]` on by default
[INFO] [stdout] help: consider specifying it explicitly
[INFO] [stdout]    |
[INFO] [stdout] 44 |     fn chip_orders_ob(&'static self) -> Option<&'static [Vec<u8>]>;
[INFO] [stdout]    |                                                 +++++++
[INFO] [stdout] 
[INFO] [stdout] 
[INFO] [stdout] warning: elided lifetime has a name
[INFO] [stdout]    --> src/config/custom_checks.rs:115:48
[INFO] [stdout]     |
[INFO] [stdout] 115 |     fn chip_orders_ob(&'static self) -> Option<&[Vec<u8>]> {
[INFO] [stdout]     |                                                ^ this elided lifetime gets resolved as `'static`
[INFO] [stdout]     |
[INFO] [stdout] help: consider specifying it explicitly
[INFO] [stdout]     |
[INFO] [stdout] 115 |     fn chip_orders_ob(&'static self) -> Option<&'static [Vec<u8>]> {
[INFO] [stdout]     |                                                 +++++++
[INFO] [stdout] 
[INFO] [stdout] 
[INFO] [stdout] warning: elided lifetime has a name
[INFO] [stdout]    --> src/config/custom_checks.rs:152:48
[INFO] [stdout]     |
[INFO] [stdout] 152 |     fn chip_orders_ob(&'static self) -> Option<&[Vec<u8>]> {
[INFO] [stdout]     |                                                ^ this elided lifetime gets resolved as `'static`
[INFO] [stdout]     |
[INFO] [stdout] help: consider specifying it explicitly
[INFO] [stdout]     |
[INFO] [stdout] 152 |     fn chip_orders_ob(&'static self) -> Option<&'static [Vec<u8>]> {
[INFO] [stdout]     |                                                 +++++++
[INFO] [stdout] 
[INFO] [stdout] 
[INFO] [stdout] warning: elided lifetime has a name
[INFO] [stdout]    --> src/config/test_util.rs:211:48
[INFO] [stdout]     |
[INFO] [stdout] 211 |     fn chip_orders_ob(&'static self) -> Option<&[Vec<u8>]> {
[INFO] [stdout]     |                                                ^ this elided lifetime gets resolved as `'static`
[INFO] [stdout]     |
[INFO] [stdout] help: consider specifying it explicitly
[INFO] [stdout]     |
[INFO] [stdout] 211 |     fn chip_orders_ob(&'static self) -> Option<&'static [Vec<u8>]> {
[INFO] [stdout]     |                                                 +++++++
[INFO] [stdout] 
[INFO] [stdout] 
[INFO] [stdout] warning: elided lifetime has a name
[INFO] [stdout]    --> src/config.rs:428:48
[INFO] [stdout]     |
[INFO] [stdout] 428 |     fn chip_orders_ob(&'static self) -> Option<&[Vec<u8>]> {
[INFO] [stdout]     |                                                ^ this elided lifetime gets resolved as `'static`
[INFO] [stdout]     |
[INFO] [stdout] help: consider specifying it explicitly
[INFO] [stdout]     |
[INFO] [stdout] 428 |     fn chip_orders_ob(&'static self) -> Option<&'static [Vec<u8>]> {
[INFO] [stdout]     |                                                 +++++++
[INFO] [stdout] 
[INFO] [stdout] 
[INFO] [stderr]     Finished `dev` profile [unoptimized + debuginfo] target(s) in 39.27s
[INFO] running `Command { std: "docker" "inspect" "a491dec6631e3067ae2bdd872b7137ed648868eb7524d95998ea1652987a5340", kill_on_drop: false }`
[INFO] running `Command { std: "docker" "rm" "-f" "a491dec6631e3067ae2bdd872b7137ed648868eb7524d95998ea1652987a5340", kill_on_drop: false }`
[INFO] [stdout] a491dec6631e3067ae2bdd872b7137ed648868eb7524d95998ea1652987a5340
[INFO] running `Command { std: "docker" "create" "-v" "/var/lib/crater-agent-workspace/builds/worker-0-tc1/target:/opt/rustwide/target:rw,Z" "-v" "/var/lib/crater-agent-workspace/builds/worker-0-tc1/source:/opt/rustwide/workdir:ro,Z" "-v" "/var/lib/crater-agent-workspace/cargo-home:/opt/rustwide/cargo-home:ro,Z" "-v" "/var/lib/crater-agent-workspace/rustup-home:/opt/rustwide/rustup-home:ro,Z" "-e" "SOURCE_DIR=/opt/rustwide/workdir" "-e" "CARGO_TARGET_DIR=/opt/rustwide/target" "-e" "CARGO_INCREMENTAL=0" "-e" "RUST_BACKTRACE=full" "-e" "RUSTFLAGS=--cap-lints=forbid" "-e" "RUSTDOCFLAGS=--cap-lints=forbid" "-e" "CARGO_HOME=/opt/rustwide/cargo-home" "-e" "RUSTUP_HOME=/opt/rustwide/rustup-home" "-w" "/opt/rustwide/workdir" "-m" "1610612736" "--user" "0:0" "--network" "none" "ghcr.io/rust-lang/crates-build-env/linux@sha256:4a844ea9eb2546a2d2c7022eacef16ef2e8229c7fbb2c7d4d55a9ceca922f72d" "/opt/rustwide/cargo-home/bin/cargo" "+nightly-2024-10-28" "test" "--frozen" "--no-run" "--message-format=json", kill_on_drop: false }`
[INFO] [stdout] 660800a9bf3a991e00921723fba0d2c59f8ff5cf637baeb7cb0d2cd27d13fab0
[INFO] running `Command { std: "docker" "start" "-a" "660800a9bf3a991e00921723fba0d2c59f8ff5cf637baeb7cb0d2cd27d13fab0", kill_on_drop: false }`
[INFO] [stderr]    Compiling memchr v2.7.2
[INFO] [stderr]    Compiling serde v1.0.202
[INFO] [stderr]    Compiling num-traits v0.2.19
[INFO] [stderr]    Compiling bitflags v2.5.0
[INFO] [stderr]    Compiling rustix v0.38.34
[INFO] [stderr]    Compiling doc-comment v0.3.3
[INFO] [stderr]    Compiling predicates-core v1.0.6
[INFO] [stderr]    Compiling thiserror v1.0.61
[INFO] [stderr]    Compiling nix v0.28.0
[INFO] [stderr]    Compiling crossbeam-channel v0.5.13
[INFO] [stderr]    Compiling thiserror-impl v1.0.61
[INFO] [stderr]    Compiling half v2.4.1
[INFO] [stderr]    Compiling aho-corasick v1.1.3
[INFO] [stderr]    Compiling nom v7.1.3
[INFO] [stderr]    Compiling object v0.32.2
[INFO] [stderr]    Compiling chrono v0.4.38
[INFO] [stderr]    Compiling float-cmp v0.9.0
[INFO] [stderr]    Compiling difflib v0.4.0
[INFO] [stderr]    Compiling regex-automata v0.4.6
[INFO] [stderr]    Compiling ansitok v0.2.0
[INFO] [stderr]    Compiling normalize-line-endings v0.3.0
[INFO] [stderr]    Compiling plotters-backend v0.3.6
[INFO] [stderr]    Compiling fastrand v2.1.0
[INFO] [stderr]    Compiling ansi-str v0.8.0
[INFO] [stderr]    Compiling toml_datetime v0.6.6
[INFO] [stderr]    Compiling serde_spanned v0.6.6
[INFO] [stderr]    Compiling serde_json v1.0.117
[INFO] [stderr]    Compiling toml_edit v0.22.13
[INFO] [stderr]    Compiling papergrid v0.11.0
[INFO] [stderr]    Compiling os_info v3.8.2
[INFO] [stderr]    Compiling ciborium-io v0.2.2
[INFO] [stderr]    Compiling termtree v0.4.1
[INFO] [stderr]    Compiling alice_protocol_reader v0.15.0
[INFO] [stderr]    Compiling predicates-tree v1.0.9
[INFO] [stderr]    Compiling ciborium-ll v0.2.2
[INFO] [stderr]    Compiling plotters-svg v0.3.6
[INFO] [stderr]    Compiling tempfile v3.10.1
[INFO] [stderr]    Compiling stderrlog v0.6.0
[INFO] [stderr]    Compiling tabled v0.15.0
[INFO] [stderr]    Compiling backtrace v0.3.71
[INFO] [stderr]    Compiling ctrlc v3.4.4
[INFO] [stderr]    Compiling itertools v0.10.5
[INFO] [stderr]    Compiling assert_cmd v2.0.14
[INFO] [stderr]    Compiling cast v0.3.0
[INFO] [stderr]    Compiling bit-vec v0.6.3
[INFO] [stderr]    Compiling regex v1.10.4
[INFO] [stderr]    Compiling bstr v1.9.1
[INFO] [stderr]    Compiling toml v0.8.13
[INFO] [stderr]    Compiling globset v0.4.14
[INFO] [stderr]    Compiling human-panic v2.0.0
[INFO] [stderr]    Compiling ignore v0.4.22
[INFO] [stderr]    Compiling predicates v3.1.0
[INFO] [stderr]    Compiling criterion-plot v0.5.0
[INFO] [stderr]    Compiling globwalk v0.9.1
[INFO] [stderr]    Compiling bit-set v0.5.3
[INFO] [stderr]    Compiling rayon v1.10.0
[INFO] [stderr]    Compiling filedescriptor v0.8.2
[INFO] [stderr]    Compiling plotters v0.3.6
[INFO] [stderr]    Compiling ciborium v0.2.2
[INFO] [stderr]    Compiling tinytemplate v1.2.1
[INFO] [stderr]    Compiling wait-timeout v0.2.0
[INFO] [stderr]    Compiling diff v0.1.13
[INFO] [stderr]    Compiling yansi v0.5.1
[INFO] [stderr]    Compiling anes v0.1.6
[INFO] [stderr]    Compiling oorandom v11.1.3
[INFO] [stderr]    Compiling pretty_assertions v1.4.0
[INFO] [stderr]    Compiling gag v1.0.0
[INFO] [stderr]    Compiling assert_fs v1.1.1
[INFO] [stderr]    Compiling fancy-regex v0.13.0
[INFO] [stderr]    Compiling fastpasta v1.22.0 (/opt/rustwide/workdir)
[INFO] [stderr]    Compiling temp-dir v0.1.13
[INFO] [stdout] warning: elided lifetime has a name
[INFO] [stdout]   --> src/config/custom_checks.rs:44:48
[INFO] [stdout]    |
[INFO] [stdout] 44 |     fn chip_orders_ob(&'static self) -> Option<&[Vec<u8>]>;
[INFO] [stdout]    |                                                ^ this elided lifetime gets resolved as `'static`
[INFO] [stdout]    |
[INFO] [stdout]    = note: `#[warn(elided_named_lifetimes)]` on by default
[INFO] [stdout] help: consider specifying it explicitly
[INFO] [stdout]    |
[INFO] [stdout] 44 |     fn chip_orders_ob(&'static self) -> Option<&'static [Vec<u8>]>;
[INFO] [stdout]    |                                                 +++++++
[INFO] [stdout] 
[INFO] [stdout] 
[INFO] [stdout] warning: elided lifetime has a name
[INFO] [stdout]    --> src/config/custom_checks.rs:115:48
[INFO] [stdout]     |
[INFO] [stdout] 115 |     fn chip_orders_ob(&'static self) -> Option<&[Vec<u8>]> {
[INFO] [stdout]     |                                                ^ this elided lifetime gets resolved as `'static`
[INFO] [stdout]     |
[INFO] [stdout] help: consider specifying it explicitly
[INFO] [stdout]     |
[INFO] [stdout] 115 |     fn chip_orders_ob(&'static self) -> Option<&'static [Vec<u8>]> {
[INFO] [stdout]     |                                                 +++++++
[INFO] [stdout] 
[INFO] [stdout] 
[INFO] [stdout] warning: elided lifetime has a name
[INFO] [stdout]    --> src/config/custom_checks.rs:152:48
[INFO] [stdout]     |
[INFO] [stdout] 152 |     fn chip_orders_ob(&'static self) -> Option<&[Vec<u8>]> {
[INFO] [stdout]     |                                                ^ this elided lifetime gets resolved as `'static`
[INFO] [stdout]     |
[INFO] [stdout] help: consider specifying it explicitly
[INFO] [stdout]     |
[INFO] [stdout] 152 |     fn chip_orders_ob(&'static self) -> Option<&'static [Vec<u8>]> {
[INFO] [stdout]     |                                                 +++++++
[INFO] [stdout] 
[INFO] [stdout] 
[INFO] [stdout] warning: elided lifetime has a name
[INFO] [stdout]    --> src/config/test_util.rs:211:48
[INFO] [stdout]     |
[INFO] [stdout] 211 |     fn chip_orders_ob(&'static self) -> Option<&[Vec<u8>]> {
[INFO] [stdout]     |                                                ^ this elided lifetime gets resolved as `'static`
[INFO] [stdout]     |
[INFO] [stdout] help: consider specifying it explicitly
[INFO] [stdout]     |
[INFO] [stdout] 211 |     fn chip_orders_ob(&'static self) -> Option<&'static [Vec<u8>]> {
[INFO] [stdout]     |                                                 +++++++
[INFO] [stdout] 
[INFO] [stdout] 
[INFO] [stdout] warning: elided lifetime has a name
[INFO] [stdout]    --> src/config.rs:428:48
[INFO] [stdout]     |
[INFO] [stdout] 428 |     fn chip_orders_ob(&'static self) -> Option<&[Vec<u8>]> {
[INFO] [stdout]     |                                                ^ this elided lifetime gets resolved as `'static`
[INFO] [stdout]     |
[INFO] [stdout] help: consider specifying it explicitly
[INFO] [stdout]     |
[INFO] [stdout] 428 |     fn chip_orders_ob(&'static self) -> Option<&'static [Vec<u8>]> {
[INFO] [stdout]     |                                                 +++++++
[INFO] [stdout] 
[INFO] [stdout] 
[INFO] [stderr]    Compiling criterion v0.5.1
[INFO] [stdout] warning: elided lifetime has a name
[INFO] [stdout]   --> src/config/custom_checks.rs:44:48
[INFO] [stdout]    |
[INFO] [stdout] 44 |     fn chip_orders_ob(&'static self) -> Option<&[Vec<u8>]>;
[INFO] [stdout]    |                                                ^ this elided lifetime gets resolved as `'static`
[INFO] [stdout]    |
[INFO] [stdout]    = note: `#[warn(elided_named_lifetimes)]` on by default
[INFO] [stdout] help: consider specifying it explicitly
[INFO] [stdout]    |
[INFO] [stdout] 44 |     fn chip_orders_ob(&'static self) -> Option<&'static [Vec<u8>]>;
[INFO] [stdout]    |                                                 +++++++
[INFO] [stdout] 
[INFO] [stdout] 
[INFO] [stdout] warning: elided lifetime has a name
[INFO] [stdout]    --> src/config/custom_checks.rs:115:48
[INFO] [stdout]     |
[INFO] [stdout] 115 |     fn chip_orders_ob(&'static self) -> Option<&[Vec<u8>]> {
[INFO] [stdout]     |                                                ^ this elided lifetime gets resolved as `'static`
[INFO] [stdout]     |
[INFO] [stdout] help: consider specifying it explicitly
[INFO] [stdout]     |
[INFO] [stdout] 115 |     fn chip_orders_ob(&'static self) -> Option<&'static [Vec<u8>]> {
[INFO] [stdout]     |                                                 +++++++
[INFO] [stdout] 
[INFO] [stdout] 
[INFO] [stdout] warning: elided lifetime has a name
[INFO] [stdout]    --> src/config/custom_checks.rs:152:48
[INFO] [stdout]     |
[INFO] [stdout] 152 |     fn chip_orders_ob(&'static self) -> Option<&[Vec<u8>]> {
[INFO] [stdout]     |                                                ^ this elided lifetime gets resolved as `'static`
[INFO] [stdout]     |
[INFO] [stdout] help: consider specifying it explicitly
[INFO] [stdout]     |
[INFO] [stdout] 152 |     fn chip_orders_ob(&'static self) -> Option<&'static [Vec<u8>]> {
[INFO] [stdout]     |                                                 +++++++
[INFO] [stdout] 
[INFO] [stdout] 
[INFO] [stdout] warning: elided lifetime has a name
[INFO] [stdout]    --> src/config/test_util.rs:211:48
[INFO] [stdout]     |
[INFO] [stdout] 211 |     fn chip_orders_ob(&'static self) -> Option<&[Vec<u8>]> {
[INFO] [stdout]     |                                                ^ this elided lifetime gets resolved as `'static`
[INFO] [stdout]     |
[INFO] [stdout] help: consider specifying it explicitly
[INFO] [stdout]     |
[INFO] [stdout] 211 |     fn chip_orders_ob(&'static self) -> Option<&'static [Vec<u8>]> {
[INFO] [stdout]     |                                                 +++++++
[INFO] [stdout] 
[INFO] [stdout] 
[INFO] [stdout] warning: elided lifetime has a name
[INFO] [stdout]    --> src/config.rs:428:48
[INFO] [stdout]     |
[INFO] [stdout] 428 |     fn chip_orders_ob(&'static self) -> Option<&[Vec<u8>]> {
[INFO] [stdout]     |                                                ^ this elided lifetime gets resolved as `'static`
[INFO] [stdout]     |
[INFO] [stdout] help: consider specifying it explicitly
[INFO] [stdout]     |
[INFO] [stdout] 428 |     fn chip_orders_ob(&'static self) -> Option<&'static [Vec<u8>]> {
[INFO] [stdout]     |                                                 +++++++
[INFO] [stdout] 
[INFO] [stdout] 
[INFO] [stdout] warning: missing documentation for a module
[INFO] [stdout]  --> src/words/example_data.rs:4:1
[INFO] [stdout]   |
[INFO] [stdout] 4 | pub mod data {
[INFO] [stdout]   | ^^^^^^^^^^^^
[INFO] [stdout]   |
[INFO] [stdout] note: the lint level is defined here
[INFO] [stdout]  --> src/lib.rs:2:9
[INFO] [stdout]   |
[INFO] [stdout] 2 | #![warn(missing_docs)]
[INFO] [stdout]   |         ^^^^^^^^^^^^
[INFO] [stdout] 
[INFO] [stdout] 
[INFO] [stdout] warning: missing documentation for a constant
[INFO] [stdout]  --> src/words/example_data.rs:7:5
[INFO] [stdout]   |
[INFO] [stdout] 7 |     pub const DATA_WORDS_OB: [u8; 64] = [
[INFO] [stdout]   |     ^^^^^^^^^^^^^^^^^^^^^^^^^^^^^^^^^
[INFO] [stdout] 
[INFO] [stdout] 
[INFO] [stderr]     Finished `test` profile [unoptimized + debuginfo] target(s) in 46.32s
[INFO] running `Command { std: "docker" "inspect" "660800a9bf3a991e00921723fba0d2c59f8ff5cf637baeb7cb0d2cd27d13fab0", kill_on_drop: false }`
[INFO] running `Command { std: "docker" "rm" "-f" "660800a9bf3a991e00921723fba0d2c59f8ff5cf637baeb7cb0d2cd27d13fab0", kill_on_drop: false }`
[INFO] [stdout] 660800a9bf3a991e00921723fba0d2c59f8ff5cf637baeb7cb0d2cd27d13fab0
[INFO] running `Command { std: "docker" "create" "-v" "/var/lib/crater-agent-workspace/builds/worker-0-tc1/target:/opt/rustwide/target:rw,Z" "-v" "/var/lib/crater-agent-workspace/builds/worker-0-tc1/source:/opt/rustwide/workdir:ro,Z" "-v" "/var/lib/crater-agent-workspace/cargo-home:/opt/rustwide/cargo-home:ro,Z" "-v" "/var/lib/crater-agent-workspace/rustup-home:/opt/rustwide/rustup-home:ro,Z" "-e" "SOURCE_DIR=/opt/rustwide/workdir" "-e" "CARGO_TARGET_DIR=/opt/rustwide/target" "-e" "CARGO_INCREMENTAL=0" "-e" "RUST_BACKTRACE=full" "-e" "RUSTFLAGS=--cap-lints=forbid" "-e" "RUSTDOCFLAGS=--cap-lints=forbid" "-e" "CARGO_HOME=/opt/rustwide/cargo-home" "-e" "RUSTUP_HOME=/opt/rustwide/rustup-home" "-w" "/opt/rustwide/workdir" "-m" "1610612736" "--user" "0:0" "--network" "none" "ghcr.io/rust-lang/crates-build-env/linux@sha256:4a844ea9eb2546a2d2c7022eacef16ef2e8229c7fbb2c7d4d55a9ceca922f72d" "/opt/rustwide/cargo-home/bin/cargo" "+nightly-2024-10-28" "test" "--frozen", kill_on_drop: false }`
[INFO] [stdout] 4f6b41f8753039659f9327382d13eaf337d21eba51f781ce15d2edf0fbf542af
[INFO] running `Command { std: "docker" "start" "-a" "4f6b41f8753039659f9327382d13eaf337d21eba51f781ce15d2edf0fbf542af", kill_on_drop: false }`
[INFO] [stderr] warning: elided lifetime has a name
[INFO] [stderr]   --> src/config/custom_checks.rs:44:48
[INFO] [stderr]    |
[INFO] [stderr] 44 |     fn chip_orders_ob(&'static self) -> Option<&[Vec<u8>]>;
[INFO] [stderr]    |                                                ^ this elided lifetime gets resolved as `'static`
[INFO] [stderr]    |
[INFO] [stderr]    = note: `#[warn(elided_named_lifetimes)]` on by default
[INFO] [stderr] help: consider specifying it explicitly
[INFO] [stderr]    |
[INFO] [stderr] 44 |     fn chip_orders_ob(&'static self) -> Option<&'static [Vec<u8>]>;
[INFO] [stderr]    |                                                 +++++++
[INFO] [stderr] 
[INFO] [stderr] warning: elided lifetime has a name
[INFO] [stderr]    --> src/config/custom_checks.rs:115:48
[INFO] [stderr]     |
[INFO] [stderr] 115 |     fn chip_orders_ob(&'static self) -> Option<&[Vec<u8>]> {
[INFO] [stderr]     |                                                ^ this elided lifetime gets resolved as `'static`
[INFO] [stderr]     |
[INFO] [stderr] help: consider specifying it explicitly
[INFO] [stderr]     |
[INFO] [stderr] 115 |     fn chip_orders_ob(&'static self) -> Option<&'static [Vec<u8>]> {
[INFO] [stderr]     |                                                 +++++++
[INFO] [stderr] 
[INFO] [stderr] warning: elided lifetime has a name
[INFO] [stderr]    --> src/config/custom_checks.rs:152:48
[INFO] [stderr]     |
[INFO] [stderr] 152 |     fn chip_orders_ob(&'static self) -> Option<&[Vec<u8>]> {
[INFO] [stderr]     |                                                ^ this elided lifetime gets resolved as `'static`
[INFO] [stderr]     |
[INFO] [stderr] help: consider specifying it explicitly
[INFO] [stderr]     |
[INFO] [stderr] 152 |     fn chip_orders_ob(&'static self) -> Option<&'static [Vec<u8>]> {
[INFO] [stderr]     |                                                 +++++++
[INFO] [stderr] 
[INFO] [stderr] warning: elided lifetime has a name
[INFO] [stderr]    --> src/config/test_util.rs:211:48
[INFO] [stderr]     |
[INFO] [stderr] 211 |     fn chip_orders_ob(&'static self) -> Option<&[Vec<u8>]> {
[INFO] [stderr]     |                                                ^ this elided lifetime gets resolved as `'static`
[INFO] [stderr]     |
[INFO] [stderr] help: consider specifying it explicitly
[INFO] [stderr]     |
[INFO] [stderr] 211 |     fn chip_orders_ob(&'static self) -> Option<&'static [Vec<u8>]> {
[INFO] [stderr]     |                                                 +++++++
[INFO] [stderr] 
[INFO] [stderr] warning: elided lifetime has a name
[INFO] [stderr]    --> src/config.rs:428:48
[INFO] [stderr]     |
[INFO] [stderr] 428 |     fn chip_orders_ob(&'static self) -> Option<&[Vec<u8>]> {
[INFO] [stderr]     |                                                ^ this elided lifetime gets resolved as `'static`
[INFO] [stderr]     |
[INFO] [stderr] help: consider specifying it explicitly
[INFO] [stderr]     |
[INFO] [stderr] 428 |     fn chip_orders_ob(&'static self) -> Option<&'static [Vec<u8>]> {
[INFO] [stderr]     |                                                 +++++++
[INFO] [stderr] 
[INFO] [stderr] warning: `fastpasta` (lib) generated 5 warnings (run `cargo fix --lib -p fastpasta` to apply 5 suggestions)
[INFO] [stderr] warning: missing documentation for a module
[INFO] [stderr]  --> src/words/example_data.rs:4:1
[INFO] [stderr]   |
[INFO] [stderr] 4 | pub mod data {
[INFO] [stderr]   | ^^^^^^^^^^^^
[INFO] [stderr]   |
[INFO] [stderr] note: the lint level is defined here
[INFO] [stderr]  --> src/lib.rs:2:9
[INFO] [stderr]   |
[INFO] [stderr] 2 | #![warn(missing_docs)]
[INFO] [stderr]   |         ^^^^^^^^^^^^
[INFO] [stderr] 
[INFO] [stderr] warning: missing documentation for a constant
[INFO] [stderr]  --> src/words/example_data.rs:7:5
[INFO] [stderr]   |
[INFO] [stderr] 7 |     pub const DATA_WORDS_OB: [u8; 64] = [
[INFO] [stderr]   |     ^^^^^^^^^^^^^^^^^^^^^^^^^^^^^^^^^
[INFO] [stderr] 
[INFO] [stderr] warning: `fastpasta` (lib test) generated 7 warnings (5 duplicates)
[INFO] [stderr]     Finished `test` profile [unoptimized + debuginfo] target(s) in 0.23s
[INFO] [stderr]      Running unittests src/lib.rs (/opt/rustwide/target/debug/deps/fastpasta-32c893e2dbfbd8ca)
[INFO] [stdout] 
[INFO] [stdout] running 124 tests
[INFO] [stdout] test analyze::validators::its::cdp_running::tests::test_expect_ihw_invalidate_tdh ... ok
[INFO] [stdout] test analyze::validators::its::cdp_running::tests::test_expect_match_rdh_tdh_trigger_type_fail ... ok
[INFO] [stdout] test analyze::validators::its::cdp_running::tests::test_expect_ihw_invalidate_tdh_and_next_next ... ok
[INFO] [stdout] test analyze::validators::its::cdp_running::tests::test_expect_ihw_invalidate_tdh_and_next ... ok
[INFO] [stdout] test analyze::validators::its::cdp_running::tests::test_invalidate_ihw ... ok
[INFO] [stdout] test analyze::validators::its::cdp_running::tests::test_tdh_trigger_bc_increasing_fail ... ok
[INFO] [stdout] test analyze::validators::its::status_word::ddw::tests::test_ddw0_valid ... ok
[INFO] [stdout] test analyze::validators::its::cdp_running::tests::test_validate_ihw ... ok
[INFO] [stdout] test analyze::validators::its::lib::tests::test_do_payload_checks_bad_payload ... ok
[INFO] [stdout] test analyze::validators::its::status_word::tdh::tests::test_tdh_err_msg ... ok
[INFO] [stdout] test analyze::validators::its::status_word::tdh::tests::test_tdh_validator ... ok
[INFO] [stdout] test analyze::validators::its::status_word::tdt::tests::tdt_error_msg ... ok
[INFO] [stdout] test analyze::validators::its::status_word::ihw::tests::test_ihw_validator ... ok
[INFO] [stdout] test analyze::validators::its::status_word::tests::test_ddw0_error_msg_bad_index ... ok
[INFO] [stdout] test analyze::validators::its::status_word::tdt::tests::test_tdt_validator ... ok
[INFO] [stdout] test analyze::validators::its::status_word::tests::test_ddw0_error_msg_bad_id ... ok
[INFO] [stdout] test analyze::validators::its::status_word::ihw::tests::test_invalidate_ihw ... ok
[INFO] [stdout] test analyze::validators::its::status_word::tests::test_ddw0_invalid_handled ... ok
[INFO] [stdout] test analyze::validators::lib::tests::test_detect_payload_data_format ... ok
[INFO] [stdout] test analyze::validators::lib::tests::test_extract_payload_padding ... ok
[INFO] [stdout] test analyze::validators::lib::tests::test_preprocess_payload_flavors ... ok
[INFO] [stdout] test analyze::validators::its::status_word::tdt::tests::test_invalidate_tdt - should panic ... ok
[INFO] [stdout] test analyze::validators::its::status_word::tdh::tests::test_tdh_validator_bad_id - should panic ... ok
[INFO] [stdout] test analyze::validators::its::status_word::tests::test_ddw0_invalid - should panic ... ok
[INFO] [stdout] test analyze::validators::rdh::tests::allow_rdh_cru_v7_non_its_system_id ... ok
[INFO] [stdout] test analyze::validators::rdh::tests::invalidate_fee_id_bad_layer ... ok
[INFO] [stdout] test analyze::validators::rdh::tests::invalidate_fee_id_bad_reserved ... ok
[INFO] [stdout] test analyze::validators::rdh::tests::invalidate_fee_id_bad_stave_number ... ok
[INFO] [stdout] test analyze::validators::rdh::tests::invalidate_rdh0_bad_fee_id ... ok
[INFO] [stdout] test analyze::validators::rdh::tests::invalidate_rdh0_bad_header_size ... ok
[INFO] [stdout] test analyze::validators::rdh::tests::invalidate_rdh0_bad_header_id ... ok
[INFO] [stdout] test analyze::validators::rdh::tests::invalidate_rdh0_bad_reserved0 ... ok
[INFO] [stdout] test analyze::validators::rdh::tests::invalidate_rdh0_bad_system_id ... ok
[INFO] [stdout] test analyze::validators::rdh::tests::invalidate_rdh1_bad_reserved0 ... ok
[INFO] [stdout] test analyze::validators::rdh::tests::invalidate_rdh2_bad_reserved0 ... ok
[INFO] [stdout] test analyze::validators::rdh::tests::invalidate_rdh2_bad_stop_bit ... ok
[INFO] [stdout] test analyze::validators::rdh::tests::invalidate_rdh2_bad_trigger_type ... ok
[INFO] [stdout] test analyze::validators::rdh::tests::invalidate_rdh3_bad_detector_field ... ok
[INFO] [stdout] test analyze::validators::rdh::tests::invalidate_rdh3_bad_reserved0 ... ok
[INFO] [stdout] test analyze::validators::rdh::tests::invalidate_rdh_cru_v6_bad_header_id ... ok
[INFO] [stdout] test analyze::validators::link_validator::tests::test_init_link_validator_no_checks_enabled - should panic ... ok
[INFO] [stdout] test analyze::validators::rdh::tests::invalidate_rdh_cru_v6_multiple_errors ... ok
[INFO] [stdout] test analyze::validators::rdh::tests::invalidate_rdh_cru_v7_its_specialized_bad_system_id ... ok
[INFO] [stdout] test analyze::validators::rdh::tests::invalidate_rdh_cru_v7_multiple_errors ... ok
[INFO] [stdout] test analyze::validators::rdh::tests::validate_fee_id ... ok
[INFO] [stdout] test analyze::validators::rdh::tests::invalidate_rdh_cru_v7_bad_header_id ... ok
[INFO] [stdout] test analyze::validators::rdh::tests::validate_rdh0_non_its_system_id ... ok
[INFO] [stdout] test analyze::validators::rdh::tests::validate_rdh0 ... ok
[INFO] [stdout] test analyze::validators::rdh::tests::validate_rdh1 ... ok
[INFO] [stdout] test analyze::validators::rdh::tests::validate_rdh2 ... ok
[INFO] [stdout] test analyze::validators::rdh::tests::validate_rdh3 ... ok
[INFO] [stdout] test analyze::validators::rdh::tests::validate_rdh_cru_v6 ... ok
[INFO] [stdout] test analyze::validators::rdh_running::tests::test_invalid_fields_not_same ... ok
[INFO] [stdout] test analyze::validators::rdh::tests::validate_rdh_cru_v7 ... ok
[INFO] [stdout] test analyze::validators::rdh_running::tests::test_invalid_first_second_is_same ... ok
[INFO] [stdout] test analyze::validators::rdh_running::tests::test_invalid_orbit_same_after_stop ... ok
[INFO] [stdout] test analyze::validators::rdh_running::tests::test_valid_first_second_invalid_stop ... ok
[INFO] [stdout] test analyze::validators::rdh_running::tests::test_invalid_first_is_stop ... ok
[INFO] [stdout] test config::custom_checks::custom_checks_cfg::tests::test_deserialize_counters_default ... ok
[INFO] [stdout] test analyze::validators::validator_dispatcher::tests::test_dispacter ... ok
[INFO] [stdout] test analyze::validators::rdh_running::tests::test_valid_rdh_crus ... ok
[INFO] [stdout] test config::custom_checks::custom_checks_cfg::tests::test_serde_consistency ... ok
[INFO] [stdout] test config::custom_checks::custom_checks_cfg::tests::test_serialize_custom_checks ... ok
[INFO] [stdout] test config::custom_checks::custom_checks_cfg::tests::test_deserialize_counters_some_values ... ok
[INFO] [stdout] test config::custom_checks::custom_checks_cfg::tests::test_read_toml_from_file ... ok
[INFO] [stdout] test config::custom_checks::tests::test_write_toml_to_file_trait ... FAILED
[INFO] [stdout] test config::custom_checks::custom_checks_cfg::tests::test_write_toml_to_file ... ok
[INFO] [stdout] test stats::err_printer::tests::test_filter_error_messages_simple ... ok
[INFO] [stdout] test stats::err_printer::tests::test_minify_filter_narrow_unique_errors ... ok
[INFO] [stdout] test stats::err_printer::tests::test_minify_filter ... ok
[INFO] [stdout] test stats::err_printer::tests::test_minify_filter_wide_unique_error_codes ... ok
[INFO] [stdout] test stats::err_printer::tests::test_filter_error_messages ... ok
[INFO] [stdout] test stats::lib::tests::test_all_stattype_enums ... ok
[INFO] [stdout] test stats::lib::tests::test_collect_its_stats ... ok
[INFO] [stdout] ╭────────────────────────────────────────────╮
[INFO] [stdout] │      [31mFATAL ERROR - EARLY TERMINATION[39m       │
[INFO] [stdout] ├────────────────────────────────────────────┤
[INFO] [stdout] │ [32mREPORT[39m                                     │
[INFO] [stdout] │                [93mGLOBAL STATS[39m                │
[INFO] [stdout] │ ══════════════════════════════════════════ │
[INFO] [stdout] │  [31m[94mSTATISTIC[39m[39m         [31m[32m[96mVALUE[39m[39m[39m   [31m[33mNOTES[39m[39m           │
[INFO] [stdout] │  [94m[32mTotal Errors[39m[39m      [32m[96m[32m0[39m[39m[39m       [33m[39m                │
[INFO] [stdout] │  [94mRun Trigger Type[39m  [32m[96m0xBEEF[39m[39m  [33mBEEF[39m            │
[INFO] [stdout] │  [94mTotal RDHs[39m        [32m[96m1[39m[39m       [33m[39m                │
[INFO] [stdout] │  [94mLinks observed[39m    [32m[96m[39m[39m        [33m[39m                │
[INFO] [stdout] │  [94mFEE IDs seen[39m      [32m[96m[31mnone[39m[39m[39m    [33m[39m                │
[INFO] [stdout] │  [94mTotal HBFs[39m        [32m[96m0[39m[39m       [33m[39m                │
[INFO] [stdout] │  [94mData size[39m         [32m[96m64 B[39m[39m    [33mRDHs:     64 B[39m  │
[INFO] [stdout] │                            [33mPayloads: 0 B[39m   │
[INFO] [stdout] │        +-------------------------+         │
[INFO] [stdout] │        |   [33mDETECTED ATTRIBUTES[39m   |         │
[INFO] [stdout] │        | ═══════════════════════ |         │
[INFO] [stdout] │        |  [33mattribute[39m    [33mdetected[39m  |         │
[INFO] [stdout] │        |  RDH Version  7         |         │
[INFO] [stdout] │        |  Data Format  99        |         │
[INFO] [stdout] │        |  System ID    [31mnone[39m      |         │
[INFO] [stdout] │        +-------------------------+         │
[INFO] [stdout] │ [2mProcessed in 4.58ms[0m                        │
[INFO] [stdout] ╰────────────────────────────────────────────╯
[INFO] [stdout] test stats::lib::tests::test_collect_system_specific_stats ... ok
[INFO] [stdout] test stats::lib::tests::test_system_id_enums_all ... ok
[INFO] [stdout] test stats::lib::tests::test_system_id_from_system_id ... ok
[INFO] [stdout] test controller::tests::test_init_controller ... ok
[INFO] [stdout] test stats::stats_collector::its_stats::alpide_stats::tests::test_serde_consistency ... ok
[INFO] [stdout] test stats::stats_collector::its_stats::tests::test_serde_consistency ... ok
[INFO] [stdout] test stats::stats_collector::error_stats::tests::test_serde_consistency ... ok
[INFO] [stdout] test stats::stats_collector::tests::test_validate_match_various_vals ... ok
[INFO] [stdout] test stats::stats_collector::tests::test_validate_mismatch_errors ... ok
[INFO] [stdout] test stats::stats_collector::tests::test_validate_other_stats_default_succeeds ... ok
[INFO] [stdout] test stats::stats_collector::tests::test_validate_other_stats_with_alpide_stats_and_default_fails ... ok
[INFO] [stdout] test stats::stats_collector::trigger_stats::tests::test_serde_consistency ... ok
[INFO] [stdout] test stats::stats_collector::rdh_stats::tests::test_serde_consistency ... ok
[INFO] [stdout] test stats::stats_collector::trigger_stats::tests::test_validate_other_multiple_fails ... ok
[INFO] [stdout] test stats::stats_collector::trigger_stats::tests::test_validate_other_success ... ok
[INFO] [stdout] test stats::stats_collector::trigger_stats::tests::test_validate_other_fails ... ok
[INFO] [stdout] test stats::stats_report::report::tests::test_fatal_error_report ... ignored, Uses stdout which prevents concurrent test execution and also break without --nocapture
[INFO] [stdout] test stats::stats_collector::tests::test_serde ... ok
[INFO] [stdout] test stats::stats_collector::tests::test_validate_other_stats_with_alpide_stats_succeeds ... ok
[INFO] [stdout] test stats::stats_report::report::tests::stats_summar_default ... ok
[INFO] [stdout] test stats::stats_report::report::tests::test_summary_contains_filtered_links_rdhs ... ignored, Uses stdout which prevents concurrent test execution and also break without --nocapture
[INFO] [stdout] test stats::stats_report::report::tests::test_os ... ok
[INFO] [stdout] test stats::stats_report::report::tests::test_summary_contains_filtered_links_rdhs_windows ... ignored, Uses stdout which prevents concurrent test execution and also break without --nocapture
[INFO] [stdout] test words::its::alpide::alpide_word::tests::alpide_word_from_byte_ape_variants ... ok
[INFO] [stdout] test words::its::alpide::alpide_word::tests::alpide_word_from_byte_variants ... ok
[INFO] [stdout] test words::its::alpide::alpide_word::tests::alpide_word_from_byte_variants_ranges ... ok
[INFO] [stdout] test words::its::data_words::tests::test_ob_data_word_id_to_input_number_connector ... ok
[INFO] [stdout] test words::its::data_words::tests::test_ob_data_word_id_to_lane ... ok
[INFO] [stdout] test words::its::data_words::tests::test_ob_data_word_id_to_connector ... ok
[INFO] [stdout] test words::its::status_words::cdw::tests::cdw_read_write ... ok
[INFO] [stdout] test words::its::status_words::ddw::tests::ddw0_reporting_errors_read_write ... ok
[INFO] [stdout] test words::its::status_words::ddw::tests::ddw0_read_write ... ok
[INFO] [stdout] test tests::test_init_processing ... FAILED
[INFO] [stdout] test words::its::status_words::ihw::tests::ihw_read_write ... ok
[INFO] [stdout] test words::its::status_words::tdh::tests::tdh_read_write ... ok
[INFO] [stdout] test words::its::status_words::tdt::tests::tdt_read_write ... ok
[INFO] [stdout] test words::its::status_words::tdt::tests::tdt_reporting_errors_read_write ... ok
[INFO] [stdout] test words::its::status_words::util::tests::test_tdh_continuation_as_string ... ok
[INFO] [stdout] test words::its::status_words::util::tests::test_tdh_trigger_as_string ... ok
[INFO] [stdout] test words::its::tests::layer_stave_feeid_coversions ... ok
[INFO] [stdout] test words::its::tests::test_layer_stave_string_to_feeid ... ok
[INFO] [stdout] test words::its::tests::feeid_layer_stave_conversion ... ok
[INFO] [stdout] test write::writer::tests::test_buffered_writer ... ok
[INFO] [stdout] test write::writer::tests::test_push_2_rdh_v7_and_empty_payloads_buffers_are_2 ... ok
[INFO] [stdout] test write::writer::tests::test_push_2_rdh_v7_buffer_is_2 - should panic ... ok
[INFO] [stdout] test analyze::validators::link_validator::tests::test_invalid_payloads_flavor_2_bad_tdh_one_error ... ok
[INFO] [stdout] test analyze::validators::link_validator::tests::test_valid_payloads_flavor_0 ... ok
[INFO] [stdout] test analyze::validators::link_validator::tests::test_valid_payloads_flavor_2 ... ok
[INFO] [stdout] test analyze::validators::link_validator::tests::test_run_link_validator ... ok
[INFO] [stdout] test tests::test_spawn_analysis ... ok
[INFO] [stdout] 
[INFO] [stdout] failures:
[INFO] [stdout] 
[INFO] [stdout] ---- config::custom_checks::tests::test_write_toml_to_file_trait stdout ----
[INFO] [stdout] thread 'config::custom_checks::tests::test_write_toml_to_file_trait' panicked at src/config/custom_checks.rs:29:36:
[INFO] [stdout] Failed to write TOML file: Os { code: 30, kind: ReadOnlyFilesystem, message: "Read-only file system" }
[INFO] [stdout] stack backtrace:
[INFO] [stdout]    0:     0x5c0ed80969ca - std::backtrace_rs::backtrace::libunwind::trace::h207520d6e9873551
[INFO] [stdout]                                at /rustc/df4ca44d3fbc9301ee17f30f4d474e6ae4b05252/library/std/src/../../backtrace/src/backtrace/libunwind.rs:116:5
[INFO] [stdout]    1:     0x5c0ed80969ca - std::backtrace_rs::backtrace::trace_unsynchronized::h2ed7433f370e3eca
[INFO] [stdout]                                at /rustc/df4ca44d3fbc9301ee17f30f4d474e6ae4b05252/library/std/src/../../backtrace/src/backtrace/mod.rs:66:5
[INFO] [stdout]    2:     0x5c0ed80969ca - std::sys::backtrace::_print_fmt::h916fac51166b18d7
[INFO] [stdout]                                at /rustc/df4ca44d3fbc9301ee17f30f4d474e6ae4b05252/library/std/src/sys/backtrace.rs:66:9
[INFO] [stdout]    3:     0x5c0ed80969ca - <std::sys::backtrace::BacktraceLock::print::DisplayBacktrace as core::fmt::Display>::fmt::ha0a4c9b8ce3802e6
[INFO] [stdout]                                at /rustc/df4ca44d3fbc9301ee17f30f4d474e6ae4b05252/library/std/src/sys/backtrace.rs:39:26
[INFO] [stdout]    4:     0x5c0ed80c1363 - core::fmt::rt::Argument::fmt::h4cfc8587d52b3eb5
[INFO] [stdout]                                at /rustc/df4ca44d3fbc9301ee17f30f4d474e6ae4b05252/library/core/src/fmt/rt.rs:177:76
[INFO] [stdout]    5:     0x5c0ed80c1363 - core::fmt::write::h522cc39e5b36ae9f
[INFO] [stdout]                                at /rustc/df4ca44d3fbc9301ee17f30f4d474e6ae4b05252/library/core/src/fmt/mod.rs:1190:21
[INFO] [stdout]    6:     0x5c0ed8092f53 - std::io::Write::write_fmt::h7d3c26752da97734
[INFO] [stdout]                                at /rustc/df4ca44d3fbc9301ee17f30f4d474e6ae4b05252/library/std/src/io/mod.rs:1839:15
[INFO] [stdout]    7:     0x5c0ed8096812 - std::sys::backtrace::BacktraceLock::print::h4b9e00b29e9c0942
[INFO] [stdout]                                at /rustc/df4ca44d3fbc9301ee17f30f4d474e6ae4b05252/library/std/src/sys/backtrace.rs:42:9
[INFO] [stdout]    8:     0x5c0ed8097e5a - std::panicking::default_hook::{{closure}}::hb59b88280d0324d9
[INFO] [stdout]                                at /rustc/df4ca44d3fbc9301ee17f30f4d474e6ae4b05252/library/std/src/panicking.rs:268:22
[INFO] [stdout]    9:     0x5c0ed8097c64 - std::panicking::default_hook::he1dd496665be4a29
[INFO] [stdout]                                at /rustc/df4ca44d3fbc9301ee17f30f4d474e6ae4b05252/library/std/src/panicking.rs:292:9
[INFO] [stdout]   10:     0x5c0ed7ae4699 - <alloc::boxed::Box<F,A> as core::ops::function::Fn<Args>>::call::h4ff71de18744e1dc
[INFO] [stdout]                                at /rustc/df4ca44d3fbc9301ee17f30f4d474e6ae4b05252/library/alloc/src/boxed.rs:2468:9
[INFO] [stdout]   11:     0x5c0ed7ae4699 - test::test_main::{{closure}}::hcf7c055ce117aa81
[INFO] [stdout]                                at /rustc/df4ca44d3fbc9301ee17f30f4d474e6ae4b05252/library/test/src/lib.rs:133:21
[INFO] [stdout]   12:     0x5c0ed8098558 - <alloc::boxed::Box<F,A> as core::ops::function::Fn<Args>>::call::h1d66c6bbd60c9692
[INFO] [stdout]                                at /rustc/df4ca44d3fbc9301ee17f30f4d474e6ae4b05252/library/alloc/src/boxed.rs:2468:9
[INFO] [stdout]   13:     0x5c0ed8098558 - std::panicking::rust_panic_with_hook::h2ff17fe8f26dfcf8
[INFO] [stdout]                                at /rustc/df4ca44d3fbc9301ee17f30f4d474e6ae4b05252/library/std/src/panicking.rs:809:13
[INFO] [stdout]   14:     0x5c0ed809831a - std::panicking::begin_panic_handler::{{closure}}::h4fad77951c07e101
[INFO] [stdout]                                at /rustc/df4ca44d3fbc9301ee17f30f4d474e6ae4b05252/library/std/src/panicking.rs:674:13
[INFO] [stdout]   15:     0x5c0ed8096ea9 - std::sys::backtrace::__rust_end_short_backtrace::hb1a25b3da5d0ea08
[INFO] [stdout]                                at /rustc/df4ca44d3fbc9301ee17f30f4d474e6ae4b05252/library/std/src/sys/backtrace.rs:170:18
[INFO] [stdout]   16:     0x5c0ed8097fac - rust_begin_unwind
[INFO] [stdout]                                at /rustc/df4ca44d3fbc9301ee17f30f4d474e6ae4b05252/library/std/src/panicking.rs:665:5
[INFO] [stdout]   17:     0x5c0ed80bed60 - core::panicking::panic_fmt::ha9db07b529f9b256
[INFO] [stdout]                                at /rustc/df4ca44d3fbc9301ee17f30f4d474e6ae4b05252/library/core/src/panicking.rs:75:14
[INFO] [stdout]   18:     0x5c0ed80bf1e6 - core::result::unwrap_failed::h5e8218e4d4338b8a
[INFO] [stdout]                                at /rustc/df4ca44d3fbc9301ee17f30f4d474e6ae4b05252/library/core/src/result.rs:1698:5
[INFO] [stdout]   19:     0x5c0ed778241f - core::result::Result<T,E>::expect::h4bacb71d51f0424f
[INFO] [stdout]                                at /rustc/df4ca44d3fbc9301ee17f30f4d474e6ae4b05252/library/core/src/result.rs:1060:23
[INFO] [stdout]   20:     0x5c0ed78a77f7 - fastpasta::config::custom_checks::CustomChecksOpt::generate_custom_checks_toml::hf86d558fbfa9b7c0
[INFO] [stdout]                                at /opt/rustwide/workdir/src/config/custom_checks.rs:29:9
[INFO] [stdout]   21:     0x5c0ed794717a - fastpasta::config::custom_checks::tests::test_write_toml_to_file_trait::ha86aade242e2bec1
[INFO] [stdout]                                at /opt/rustwide/workdir/src/config/custom_checks.rs:169:9
[INFO] [stdout]   22:     0x5c0ed7947117 - fastpasta::config::custom_checks::tests::test_write_toml_to_file_trait::{{closure}}::h7c4502cfd458d813
[INFO] [stdout]                                at /opt/rustwide/workdir/src/config/custom_checks.rs:166:39
[INFO] [stdout]   23:     0x5c0ed79279b6 - core::ops::function::FnOnce::call_once::h1865f6458bedc9fb
[INFO] [stdout]                                at /rustc/df4ca44d3fbc9301ee17f30f4d474e6ae4b05252/library/core/src/ops/function.rs:250:5
[INFO] [stdout]   24:     0x5c0ed7ae8f6b - core::ops::function::FnOnce::call_once::h22c3ba5715e93f05
[INFO] [stdout]                                at /rustc/df4ca44d3fbc9301ee17f30f4d474e6ae4b05252/library/core/src/ops/function.rs:250:5
[INFO] [stdout]   25:     0x5c0ed7ae8f6b - test::__rust_begin_short_backtrace::h8e82d8113d0da17f
[INFO] [stdout]                                at /rustc/df4ca44d3fbc9301ee17f30f4d474e6ae4b05252/library/test/src/lib.rs:621:18
[INFO] [stdout]   26:     0x5c0ed7ae88e7 - test::run_test_in_process::{{closure}}::h33235f4f20b7b7c7
[INFO] [stdout]                                at /rustc/df4ca44d3fbc9301ee17f30f4d474e6ae4b05252/library/test/src/lib.rs:644:60
[INFO] [stdout]   27:     0x5c0ed7ae88e7 - <core::panic::unwind_safe::AssertUnwindSafe<F> as core::ops::function::FnOnce<()>>::call_once::hb5043206310c586f
[INFO] [stdout]                                at /rustc/df4ca44d3fbc9301ee17f30f4d474e6ae4b05252/library/core/src/panic/unwind_safe.rs:272:9
[INFO] [stdout]   28:     0x5c0ed7ae88e7 - std::panicking::try::do_call::h9ad4731a60ab23e2
[INFO] [stdout]                                at /rustc/df4ca44d3fbc9301ee17f30f4d474e6ae4b05252/library/std/src/panicking.rs:557:40
[INFO] [stdout]   29:     0x5c0ed7ae88e7 - std::panicking::try::h3824d23db772a716
[INFO] [stdout]                                at /rustc/df4ca44d3fbc9301ee17f30f4d474e6ae4b05252/library/std/src/panicking.rs:520:19
[INFO] [stdout]   30:     0x5c0ed7ae88e7 - std::panic::catch_unwind::h5afd514605fde46b
[INFO] [stdout]                                at /rustc/df4ca44d3fbc9301ee17f30f4d474e6ae4b05252/library/std/src/panic.rs:358:14
[INFO] [stdout]   31:     0x5c0ed7ae88e7 - test::run_test_in_process::h0d5cbfa7067d1720
[INFO] [stdout]                                at /rustc/df4ca44d3fbc9301ee17f30f4d474e6ae4b05252/library/test/src/lib.rs:644:27
[INFO] [stdout]   32:     0x5c0ed7ae88e7 - test::run_test::{{closure}}::h708eb8872708115d
[INFO] [stdout]                                at /rustc/df4ca44d3fbc9301ee17f30f4d474e6ae4b05252/library/test/src/lib.rs:565:43
[INFO] [stdout]   33:     0x5c0ed7aac004 - test::run_test::{{closure}}::h392c51cee94713ab
[INFO] [stdout]                                at /rustc/df4ca44d3fbc9301ee17f30f4d474e6ae4b05252/library/test/src/lib.rs:595:41
[INFO] [stdout]   34:     0x5c0ed7aac004 - std::sys::backtrace::__rust_begin_short_backtrace::h2f40290710935a8b
[INFO] [stdout]                                at /rustc/df4ca44d3fbc9301ee17f30f4d474e6ae4b05252/library/std/src/sys/backtrace.rs:154:18
[INFO] [stdout]   35:     0x5c0ed7aaf7ae - std::thread::Builder::spawn_unchecked_::{{closure}}::{{closure}}::h3fd968d89053a903
[INFO] [stdout]                                at /rustc/df4ca44d3fbc9301ee17f30f4d474e6ae4b05252/library/std/src/thread/mod.rs:541:17
[INFO] [stdout]   36:     0x5c0ed7aaf7ae - <core::panic::unwind_safe::AssertUnwindSafe<F> as core::ops::function::FnOnce<()>>::call_once::h743f637ba4229880
[INFO] [stdout]                                at /rustc/df4ca44d3fbc9301ee17f30f4d474e6ae4b05252/library/core/src/panic/unwind_safe.rs:272:9
[INFO] [stdout]   37:     0x5c0ed7aaf7ae - std::panicking::try::do_call::h07440897322525a6
[INFO] [stdout]                                at /rustc/df4ca44d3fbc9301ee17f30f4d474e6ae4b05252/library/std/src/panicking.rs:557:40
[INFO] [stdout]   38:     0x5c0ed7aaf7ae - std::panicking::try::he5a2e00188156637
[INFO] [stdout]                                at /rustc/df4ca44d3fbc9301ee17f30f4d474e6ae4b05252/library/std/src/panicking.rs:520:19
[INFO] [stdout]   39:     0x5c0ed7aaf7ae - std::panic::catch_unwind::hbaf3cae49b3c6433
[INFO] [stdout]                                at /rustc/df4ca44d3fbc9301ee17f30f4d474e6ae4b05252/library/std/src/panic.rs:358:14
[INFO] [stdout]   40:     0x5c0ed7aaf7ae - std::thread::Builder::spawn_unchecked_::{{closure}}::h8e141ea224820bce
[INFO] [stdout]                                at /rustc/df4ca44d3fbc9301ee17f30f4d474e6ae4b05252/library/std/src/thread/mod.rs:540:30
[INFO] [stdout]   41:     0x5c0ed7aaf7ae - core::ops::function::FnOnce::call_once{{vtable.shim}}::h90d312fedd7b8ea8
[INFO] [stdout]                                at /rustc/df4ca44d3fbc9301ee17f30f4d474e6ae4b05252/library/core/src/ops/function.rs:250:5
[INFO] [stdout]   42:     0x5c0ed809ce9b - <alloc::boxed::Box<F,A> as core::ops::function::FnOnce<Args>>::call_once::h69aa08ddb6adb8b6
[INFO] [stdout]                                at /rustc/df4ca44d3fbc9301ee17f30f4d474e6ae4b05252/library/alloc/src/boxed.rs:2454:9
[INFO] [stdout]   43:     0x5c0ed809ce9b - <alloc::boxed::Box<F,A> as core::ops::function::FnOnce<Args>>::call_once::h5aa36efdb79c806f
[INFO] [stdout]                                at /rustc/df4ca44d3fbc9301ee17f30f4d474e6ae4b05252/library/alloc/src/boxed.rs:2454:9
[INFO] [stdout]   44:     0x5c0ed809ce9b - std::sys::pal::unix::thread::Thread::new::thread_start::h6cd80a1b4be5158d
[INFO] [stdout]                                at /rustc/df4ca44d3fbc9301ee17f30f4d474e6ae4b05252/library/std/src/sys/pal/unix/thread.rs:105:17
[INFO] [stdout]   45:     0x71110178bac3 - <unknown>
[INFO] [stdout]   46:     0x71110181ca04 - clone
[INFO] [stdout]   47:                0x0 - <unknown>
[INFO] [stdout] 
[INFO] [stdout] ---- tests::test_init_processing stdout ----
[INFO] [stdout] thread 'tests::test_init_processing' panicked at src/lib.rs:301:88:
[INFO] [stdout] called `Result::unwrap()` on an `Err` value: Os { code: 2, kind: NotFound, message: "No such file or directory" }
[INFO] [stdout] stack backtrace:
[INFO] [stdout]    0:     0x5c0ed80969ca - std::backtrace_rs::backtrace::libunwind::trace::h207520d6e9873551
[INFO] [stdout]                                at /rustc/df4ca44d3fbc9301ee17f30f4d474e6ae4b05252/library/std/src/../../backtrace/src/backtrace/libunwind.rs:116:5
[INFO] [stdout]    1:     0x5c0ed80969ca - std::backtrace_rs::backtrace::trace_unsynchronized::h2ed7433f370e3eca
[INFO] [stdout]                                at /rustc/df4ca44d3fbc9301ee17f30f4d474e6ae4b05252/library/std/src/../../backtrace/src/backtrace/mod.rs:66:5
[INFO] [stdout]    2:     0x5c0ed80969ca - std::sys::backtrace::_print_fmt::h916fac51166b18d7
[INFO] [stdout]                                at /rustc/df4ca44d3fbc9301ee17f30f4d474e6ae4b05252/library/std/src/sys/backtrace.rs:66:9
[INFO] [stdout]    3:     0x5c0ed80969ca - <std::sys::backtrace::BacktraceLock::print::DisplayBacktrace as core::fmt::Display>::fmt::ha0a4c9b8ce3802e6
[INFO] [stdout]                                at /rustc/df4ca44d3fbc9301ee17f30f4d474e6ae4b05252/library/std/src/sys/backtrace.rs:39:26
[INFO] [stdout]    4:     0x5c0ed80c1363 - core::fmt::rt::Argument::fmt::h4cfc8587d52b3eb5
[INFO] [stdout]                                at /rustc/df4ca44d3fbc9301ee17f30f4d474e6ae4b05252/library/core/src/fmt/rt.rs:177:76
[INFO] [stdout]    5:     0x5c0ed80c1363 - core::fmt::write::h522cc39e5b36ae9f
[INFO] [stdout]                                at /rustc/df4ca44d3fbc9301ee17f30f4d474e6ae4b05252/library/core/src/fmt/mod.rs:1190:21
[INFO] [stdout]    6:     0x5c0ed8092f53 - std::io::Write::write_fmt::h7d3c26752da97734
[INFO] [stdout]                                at /rustc/df4ca44d3fbc9301ee17f30f4d474e6ae4b05252/library/std/src/io/mod.rs:1839:15
[INFO] [stdout]    7:     0x5c0ed8096812 - std::sys::backtrace::BacktraceLock::print::h4b9e00b29e9c0942
[INFO] [stdout]                                at /rustc/df4ca44d3fbc9301ee17f30f4d474e6ae4b05252/library/std/src/sys/backtrace.rs:42:9
[INFO] [stdout]    8:     0x5c0ed8097e5a - std::panicking::default_hook::{{closure}}::hb59b88280d0324d9
[INFO] [stdout]                                at /rustc/df4ca44d3fbc9301ee17f30f4d474e6ae4b05252/library/std/src/panicking.rs:268:22
[INFO] [stdout]    9:     0x5c0ed8097c64 - std::panicking::default_hook::he1dd496665be4a29
[INFO] [stdout]                                at /rustc/df4ca44d3fbc9301ee17f30f4d474e6ae4b05252/library/std/src/panicking.rs:292:9
[INFO] [stdout]   10:     0x5c0ed7ae4699 - <alloc::boxed::Box<F,A> as core::ops::function::Fn<Args>>::call::h4ff71de18744e1dc
[INFO] [stdout]                                at /rustc/df4ca44d3fbc9301ee17f30f4d474e6ae4b05252/library/alloc/src/boxed.rs:2468:9
[INFO] [stdout]   11:     0x5c0ed7ae4699 - test::test_main::{{closure}}::hcf7c055ce117aa81
[INFO] [stdout]                                at /rustc/df4ca44d3fbc9301ee17f30f4d474e6ae4b05252/library/test/src/lib.rs:133:21
[INFO] [stdout]   12:     0x5c0ed8098558 - <alloc::boxed::Box<F,A> as core::ops::function::Fn<Args>>::call::h1d66c6bbd60c9692
[INFO] [stdout]                                at /rustc/df4ca44d3fbc9301ee17f30f4d474e6ae4b05252/library/alloc/src/boxed.rs:2468:9
[INFO] [stdout]   13:     0x5c0ed8098558 - std::panicking::rust_panic_with_hook::h2ff17fe8f26dfcf8
[INFO] [stdout]                                at /rustc/df4ca44d3fbc9301ee17f30f4d474e6ae4b05252/library/std/src/panicking.rs:809:13
[INFO] [stdout]   14:     0x5c0ed809831a - std::panicking::begin_panic_handler::{{closure}}::h4fad77951c07e101
[INFO] [stdout]                                at /rustc/df4ca44d3fbc9301ee17f30f4d474e6ae4b05252/library/std/src/panicking.rs:674:13
[INFO] [stdout]   15:     0x5c0ed8096ea9 - std::sys::backtrace::__rust_end_short_backtrace::hb1a25b3da5d0ea08
[INFO] [stdout]                                at /rustc/df4ca44d3fbc9301ee17f30f4d474e6ae4b05252/library/std/src/sys/backtrace.rs:170:18
[INFO] [stdout]   16:     0x5c0ed8097fac - rust_begin_unwind
[INFO] [stdout]                                at /rustc/df4ca44d3fbc9301ee17f30f4d474e6ae4b05252/library/std/src/panicking.rs:665:5
[INFO] [stdout]   17:     0x5c0ed80bed60 - core::panicking::panic_fmt::ha9db07b529f9b256
[INFO] [stdout]                                at /rustc/df4ca44d3fbc9301ee17f30f4d474e6ae4b05252/library/core/src/panicking.rs:75:14
[INFO] [stdout]   18:     0x5c0ed80bf1e6 - core::result::unwrap_failed::h5e8218e4d4338b8a
[INFO] [stdout]                                at /rustc/df4ca44d3fbc9301ee17f30f4d474e6ae4b05252/library/core/src/result.rs:1698:5
[INFO] [stdout]   19:     0x5c0ed776ce31 - core::result::Result<T,E>::unwrap::h222d0686208db6e2
[INFO] [stdout]                                at /rustc/df4ca44d3fbc9301ee17f30f4d474e6ae4b05252/library/core/src/result.rs:1103:23
[INFO] [stdout]   20:     0x5c0ed776ce31 - fastpasta::tests::test_init_processing::h9569a5faa98f0c21
[INFO] [stdout]                                at /opt/rustwide/workdir/src/lib.rs:301:22
[INFO] [stdout]   21:     0x5c0ed776ca67 - fastpasta::tests::test_init_processing::{{closure}}::heefbe08fdb0c658b
[INFO] [stdout]                                at /opt/rustwide/workdir/src/lib.rs:292:30
[INFO] [stdout]   22:     0x5c0ed792a096 - core::ops::function::FnOnce::call_once::heebec6dc917eb438
[INFO] [stdout]                                at /rustc/df4ca44d3fbc9301ee17f30f4d474e6ae4b05252/library/core/src/ops/function.rs:250:5
[INFO] [stdout]   23:     0x5c0ed7ae8f6b - core::ops::function::FnOnce::call_once::h22c3ba5715e93f05
[INFO] [stdout]                                at /rustc/df4ca44d3fbc9301ee17f30f4d474e6ae4b05252/library/core/src/ops/function.rs:250:5
[INFO] [stdout]   24:     0x5c0ed7ae8f6b - test::__rust_begin_short_backtrace::h8e82d8113d0da17f
[INFO] [stdout]                                at /rustc/df4ca44d3fbc9301ee17f30f4d474e6ae4b05252/library/test/src/lib.rs:621:18
[INFO] [stdout]   25:     0x5c0ed7ae88e7 - test::run_test_in_process::{{closure}}::h33235f4f20b7b7c7
[INFO] [stdout]                                at /rustc/df4ca44d3fbc9301ee17f30f4d474e6ae4b05252/library/test/src/lib.rs:644:60
[INFO] [stdout]   26:     0x5c0ed7ae88e7 - <core::panic::unwind_safe::AssertUnwindSafe<F> as core::ops::function::FnOnce<()>>::call_once::hb5043206310c586f
[INFO] [stdout]                                at /rustc/df4ca44d3fbc9301ee17f30f4d474e6ae4b05252/library/core/src/panic/unwind_safe.rs:272:9
[INFO] [stdout]   27:     0x5c0ed7ae88e7 - std::panicking::try::do_call::h9ad4731a60ab23e2
[INFO] [stdout]                                at /rustc/df4ca44d3fbc9301ee17f30f4d474e6ae4b05252/library/std/src/panicking.rs:557:40
[INFO] [stdout]   28:     0x5c0ed7ae88e7 - std::panicking::try::h3824d23db772a716
[INFO] [stdout]                                at /rustc/df4ca44d3fbc9301ee17f30f4d474e6ae4b05252/library/std/src/panicking.rs:520:19
[INFO] [stdout]   29:     0x5c0ed7ae88e7 - std::panic::catch_unwind::h5afd514605fde46b
[INFO] [stdout]                                at /rustc/df4ca44d3fbc9301ee17f30f4d474e6ae4b05252/library/std/src/panic.rs:358:14
[INFO] [stdout]   30:     0x5c0ed7ae88e7 - test::run_test_in_process::h0d5cbfa7067d1720
[INFO] [stdout]                                at /rustc/df4ca44d3fbc9301ee17f30f4d474e6ae4b05252/library/test/src/lib.rs:644:27
[INFO] [stdout]   31:     0x5c0ed7ae88e7 - test::run_test::{{closure}}::h708eb8872708115d
[INFO] [stdout]                                at /rustc/df4ca44d3fbc9301ee17f30f4d474e6ae4b05252/library/test/src/lib.rs:565:43
[INFO] [stdout]   32:     0x5c0ed7aac004 - test::run_test::{{closure}}::h392c51cee94713ab
[INFO] [stdout]                                at /rustc/df4ca44d3fbc9301ee17f30f4d474e6ae4b05252/library/test/src/lib.rs:595:41
[INFO] [stdout]   33:     0x5c0ed7aac004 - std::sys::backtrace::__rust_begin_short_backtrace::h2f40290710935a8b
[INFO] [stdout]                                at /rustc/df4ca44d3fbc9301ee17f30f4d474e6ae4b05252/library/std/src/sys/backtrace.rs:154:18
[INFO] [stdout]   34:     0x5c0ed7aaf7ae - std::thread::Builder::spawn_unchecked_::{{closure}}::{{closure}}::h3fd968d89053a903
[INFO] [stdout]                                at /rustc/df4ca44d3fbc9301ee17f30f4d474e6ae4b05252/library/std/src/thread/mod.rs:541:17
[INFO] [stdout]   35:     0x5c0ed7aaf7ae - <core::panic::unwind_safe::AssertUnwindSafe<F> as core::ops::function::FnOnce<()>>::call_once::h743f637ba4229880
[INFO] [stdout]                                at /rustc/df4ca44d3fbc9301ee17f30f4d474e6ae4b05252/library/core/src/panic/unwind_safe.rs:272:9
[INFO] [stdout]   36:     0x5c0ed7aaf7ae - std::panicking::try::do_call::h07440897322525a6
[INFO] [stdout]                                at /rustc/df4ca44d3fbc9301ee17f30f4d474e6ae4b05252/library/std/src/panicking.rs:557:40
[INFO] [stdout]   37:     0x5c0ed7aaf7ae - std::panicking::try::he5a2e00188156637
[INFO] [stdout]                                at /rustc/df4ca44d3fbc9301ee17f30f4d474e6ae4b05252/library/std/src/panicking.rs:520:19
[INFO] [stdout]   38:     0x5c0ed7aaf7ae - std::panic::catch_unwind::hbaf3cae49b3c6433
[INFO] [stdout]                                at /rustc/df4ca44d3fbc9301ee17f30f4d474e6ae4b05252/library/std/src/panic.rs:358:14
[INFO] [stdout]   39:     0x5c0ed7aaf7ae - std::thread::Builder::spawn_unchecked_::{{closure}}::h8e141ea224820bce
[INFO] [stdout]                                at /rustc/df4ca44d3fbc9301ee17f30f4d474e6ae4b05252/library/std/src/thread/mod.rs:540:30
[INFO] [stdout]   40:     0x5c0ed7aaf7ae - core::ops::function::FnOnce::call_once{{vtable.shim}}::h90d312fedd7b8ea8
[INFO] [stdout]                                at /rustc/df4ca44d3fbc9301ee17f30f4d474e6ae4b05252/library/core/src/ops/function.rs:250:5
[INFO] [stdout]   41:     0x5c0ed809ce9b - <alloc::boxed::Box<F,A> as core::ops::function::FnOnce<Args>>::call_once::h69aa08ddb6adb8b6
[INFO] [stdout]                                at /rustc/df4ca44d3fbc9301ee17f30f4d474e6ae4b05252/library/alloc/src/boxed.rs:2454:9
[INFO] [stdout]   42:     0x5c0ed809ce9b - <alloc::boxed::Box<F,A> as core::ops::function::FnOnce<Args>>::call_once::h5aa36efdb79c806f
[INFO] [stdout]                                at /rustc/df4ca44d3fbc9301ee17f30f4d474e6ae4b05252/library/alloc/src/boxed.rs:2454:9
[INFO] [stdout]   43:     0x5c0ed809ce9b - std::sys::pal::unix::thread::Thread::new::thread_start::h6cd80a1b4be5158d
[INFO] [stdout]                                at /rustc/df4ca44d3fbc9301ee17f30f4d474e6ae4b05252/library/std/src/sys/pal/unix/thread.rs:105:17
[INFO] [stdout]   44:     0x71110178bac3 - <unknown>
[INFO] [stdout]   45:     0x71110181ca04 - clone
[INFO] [stdout]   46:                0x0 - <unknown>
[INFO] [stdout] 
[INFO] [stdout] 
[INFO] [stdout] failures:
[INFO] [stdout]     config::custom_checks::tests::test_write_toml_to_file_trait
[INFO] [stdout]     tests::test_init_processing
[INFO] [stdout] 
[INFO] [stdout] test result: FAILED. 119 passed; 2 failed; 3 ignored; 0 measured; 0 filtered out; finished in 0.18s
[INFO] [stdout] 
[INFO] [stderr] error: test failed, to rerun pass `--lib`
[INFO] running `Command { std: "docker" "inspect" "4f6b41f8753039659f9327382d13eaf337d21eba51f781ce15d2edf0fbf542af", kill_on_drop: false }`
[INFO] running `Command { std: "docker" "rm" "-f" "4f6b41f8753039659f9327382d13eaf337d21eba51f781ce15d2edf0fbf542af", kill_on_drop: false }`
[INFO] [stdout] 4f6b41f8753039659f9327382d13eaf337d21eba51f781ce15d2edf0fbf542af
