[INFO] fetching crate fast32 1.0.3...
[INFO] testing fast32-1.0.3 against nightly-2024-10-28 for randomize-layout
[INFO] extracting crate fast32 1.0.3 into /workspace/builds/worker-0-tc1/source
[INFO] validating manifest of crates.io crate fast32 1.0.3 on toolchain nightly-2024-10-28
[INFO] running `Command { std: CARGO_HOME="/workspace/cargo-home" RUSTUP_HOME="/workspace/rustup-home" "/workspace/cargo-home/bin/cargo" "+nightly-2024-10-28" "metadata" "--manifest-path" "Cargo.toml" "--no-deps", kill_on_drop: false }`
[INFO] started tweaking crates.io crate fast32 1.0.3
[INFO] finished tweaking crates.io crate fast32 1.0.3
[INFO] tweaked toml for crates.io crate fast32 1.0.3 written to /workspace/builds/worker-0-tc1/source/Cargo.toml
[INFO] running `Command { std: CARGO_HOME="/workspace/cargo-home" RUSTUP_HOME="/workspace/rustup-home" "/workspace/cargo-home/bin/cargo" "+nightly-2024-10-28" "generate-lockfile" "--manifest-path" "Cargo.toml", kill_on_drop: false }`
[INFO] [stderr]     Updating crates.io index
[INFO] [stderr]      Locking 1 package to latest compatible version
[INFO] running `Command { std: CARGO_HOME="/workspace/cargo-home" RUSTUP_HOME="/workspace/rustup-home" "/workspace/cargo-home/bin/cargo" "+nightly-2024-10-28" "fetch" "--manifest-path" "Cargo.toml", kill_on_drop: false }`
[INFO] running `Command { std: "docker" "create" "-v" "/var/lib/crater-agent-workspace/builds/worker-0-tc1/target:/opt/rustwide/target:rw,Z" "-v" "/var/lib/crater-agent-workspace/builds/worker-0-tc1/source:/opt/rustwide/workdir:ro,Z" "-v" "/var/lib/crater-agent-workspace/cargo-home:/opt/rustwide/cargo-home:ro,Z" "-v" "/var/lib/crater-agent-workspace/rustup-home:/opt/rustwide/rustup-home:ro,Z" "-e" "SOURCE_DIR=/opt/rustwide/workdir" "-e" "CARGO_TARGET_DIR=/opt/rustwide/target" "-e" "CARGO_HOME=/opt/rustwide/cargo-home" "-e" "RUSTUP_HOME=/opt/rustwide/rustup-home" "-w" "/opt/rustwide/workdir" "-m" "1610612736" "--user" "0:0" "--network" "none" "ghcr.io/rust-lang/crates-build-env/linux@sha256:4a844ea9eb2546a2d2c7022eacef16ef2e8229c7fbb2c7d4d55a9ceca922f72d" "/opt/rustwide/cargo-home/bin/cargo" "+nightly-2024-10-28" "metadata" "--no-deps" "--format-version=1", kill_on_drop: false }`
[INFO] [stdout] e68685f4efa2c23ecfc3140f955e6d6b51f95c05746a5c137433f3c0d5c3fef3
[INFO] running `Command { std: "docker" "start" "-a" "e68685f4efa2c23ecfc3140f955e6d6b51f95c05746a5c137433f3c0d5c3fef3", kill_on_drop: false }`
[INFO] running `Command { std: "docker" "inspect" "e68685f4efa2c23ecfc3140f955e6d6b51f95c05746a5c137433f3c0d5c3fef3", kill_on_drop: false }`
[INFO] running `Command { std: "docker" "rm" "-f" "e68685f4efa2c23ecfc3140f955e6d6b51f95c05746a5c137433f3c0d5c3fef3", kill_on_drop: false }`
[INFO] [stdout] e68685f4efa2c23ecfc3140f955e6d6b51f95c05746a5c137433f3c0d5c3fef3
[INFO] running `Command { std: "docker" "create" "-v" "/var/lib/crater-agent-workspace/builds/worker-0-tc1/target:/opt/rustwide/target:rw,Z" "-v" "/var/lib/crater-agent-workspace/builds/worker-0-tc1/source:/opt/rustwide/workdir:ro,Z" "-v" "/var/lib/crater-agent-workspace/cargo-home:/opt/rustwide/cargo-home:ro,Z" "-v" "/var/lib/crater-agent-workspace/rustup-home:/opt/rustwide/rustup-home:ro,Z" "-e" "SOURCE_DIR=/opt/rustwide/workdir" "-e" "CARGO_TARGET_DIR=/opt/rustwide/target" "-e" "CARGO_INCREMENTAL=0" "-e" "RUST_BACKTRACE=full" "-e" "RUSTFLAGS=--cap-lints=forbid" "-e" "RUSTDOCFLAGS=--cap-lints=forbid" "-e" "CARGO_HOME=/opt/rustwide/cargo-home" "-e" "RUSTUP_HOME=/opt/rustwide/rustup-home" "-w" "/opt/rustwide/workdir" "-m" "1610612736" "--user" "0:0" "--network" "none" "ghcr.io/rust-lang/crates-build-env/linux@sha256:4a844ea9eb2546a2d2c7022eacef16ef2e8229c7fbb2c7d4d55a9ceca922f72d" "/opt/rustwide/cargo-home/bin/cargo" "+nightly-2024-10-28" "build" "--frozen" "--message-format=json", kill_on_drop: false }`
[INFO] [stdout] 6e8b1923f66d24cfaab486d794cd1c23431397c396d29cf1f89e9c17cb415152
[INFO] running `Command { std: "docker" "start" "-a" "6e8b1923f66d24cfaab486d794cd1c23431397c396d29cf1f89e9c17cb415152", kill_on_drop: false }`
[INFO] [stderr]    Compiling fast32 v1.0.3 (/opt/rustwide/workdir)
[INFO] [stderr]     Finished `dev` profile [unoptimized + debuginfo] target(s) in 0.78s
[INFO] running `Command { std: "docker" "inspect" "6e8b1923f66d24cfaab486d794cd1c23431397c396d29cf1f89e9c17cb415152", kill_on_drop: false }`
[INFO] running `Command { std: "docker" "rm" "-f" "6e8b1923f66d24cfaab486d794cd1c23431397c396d29cf1f89e9c17cb415152", kill_on_drop: false }`
[INFO] [stdout] 6e8b1923f66d24cfaab486d794cd1c23431397c396d29cf1f89e9c17cb415152
[INFO] running `Command { std: "docker" "create" "-v" "/var/lib/crater-agent-workspace/builds/worker-0-tc1/target:/opt/rustwide/target:rw,Z" "-v" "/var/lib/crater-agent-workspace/builds/worker-0-tc1/source:/opt/rustwide/workdir:ro,Z" "-v" "/var/lib/crater-agent-workspace/cargo-home:/opt/rustwide/cargo-home:ro,Z" "-v" "/var/lib/crater-agent-workspace/rustup-home:/opt/rustwide/rustup-home:ro,Z" "-e" "SOURCE_DIR=/opt/rustwide/workdir" "-e" "CARGO_TARGET_DIR=/opt/rustwide/target" "-e" "CARGO_INCREMENTAL=0" "-e" "RUST_BACKTRACE=full" "-e" "RUSTFLAGS=--cap-lints=forbid" "-e" "RUSTDOCFLAGS=--cap-lints=forbid" "-e" "CARGO_HOME=/opt/rustwide/cargo-home" "-e" "RUSTUP_HOME=/opt/rustwide/rustup-home" "-w" "/opt/rustwide/workdir" "-m" "1610612736" "--user" "0:0" "--network" "none" "ghcr.io/rust-lang/crates-build-env/linux@sha256:4a844ea9eb2546a2d2c7022eacef16ef2e8229c7fbb2c7d4d55a9ceca922f72d" "/opt/rustwide/cargo-home/bin/cargo" "+nightly-2024-10-28" "test" "--frozen" "--no-run" "--message-format=json", kill_on_drop: false }`
[INFO] [stdout] 94ad703c5f956be66dc22570d0325b6dcb445b502327e8c7396285ee8bf7c306
[INFO] running `Command { std: "docker" "start" "-a" "94ad703c5f956be66dc22570d0325b6dcb445b502327e8c7396285ee8bf7c306", kill_on_drop: false }`
[INFO] [stderr]    Compiling fast32 v1.0.3 (/opt/rustwide/workdir)
[INFO] [stderr]     Finished `test` profile [unoptimized + debuginfo] target(s) in 0.67s
[INFO] running `Command { std: "docker" "inspect" "94ad703c5f956be66dc22570d0325b6dcb445b502327e8c7396285ee8bf7c306", kill_on_drop: false }`
[INFO] running `Command { std: "docker" "rm" "-f" "94ad703c5f956be66dc22570d0325b6dcb445b502327e8c7396285ee8bf7c306", kill_on_drop: false }`
[INFO] [stdout] 94ad703c5f956be66dc22570d0325b6dcb445b502327e8c7396285ee8bf7c306
[INFO] running `Command { std: "docker" "create" "-v" "/var/lib/crater-agent-workspace/builds/worker-0-tc1/target:/opt/rustwide/target:rw,Z" "-v" "/var/lib/crater-agent-workspace/builds/worker-0-tc1/source:/opt/rustwide/workdir:ro,Z" "-v" "/var/lib/crater-agent-workspace/cargo-home:/opt/rustwide/cargo-home:ro,Z" "-v" "/var/lib/crater-agent-workspace/rustup-home:/opt/rustwide/rustup-home:ro,Z" "-e" "SOURCE_DIR=/opt/rustwide/workdir" "-e" "CARGO_TARGET_DIR=/opt/rustwide/target" "-e" "CARGO_INCREMENTAL=0" "-e" "RUST_BACKTRACE=full" "-e" "RUSTFLAGS=--cap-lints=forbid" "-e" "RUSTDOCFLAGS=--cap-lints=forbid" "-e" "CARGO_HOME=/opt/rustwide/cargo-home" "-e" "RUSTUP_HOME=/opt/rustwide/rustup-home" "-w" "/opt/rustwide/workdir" "-m" "1610612736" "--user" "0:0" "--network" "none" "ghcr.io/rust-lang/crates-build-env/linux@sha256:4a844ea9eb2546a2d2c7022eacef16ef2e8229c7fbb2c7d4d55a9ceca922f72d" "/opt/rustwide/cargo-home/bin/cargo" "+nightly-2024-10-28" "test" "--frozen", kill_on_drop: false }`
[INFO] [stdout] 796599a760fa10bb877a81018e049d757e7a66cb31eef84ce39d6f2974851725
[INFO] running `Command { std: "docker" "start" "-a" "796599a760fa10bb877a81018e049d757e7a66cb31eef84ce39d6f2974851725", kill_on_drop: false }`
[INFO] [stderr]     Finished `test` profile [unoptimized + debuginfo] target(s) in 0.00s
[INFO] [stderr]      Running unittests src/lib.rs (/opt/rustwide/target/debug/deps/fast32-50cf8a97abe919f1)
[INFO] [stdout] 
[INFO] [stdout] running 1 test
[INFO] [stdout] test base32::alphabet::tests::confirm_crockford_decode ... ok
[INFO] [stdout] 
[INFO] [stdout] test result: ok. 1 passed; 0 failed; 0 ignored; 0 measured; 0 filtered out; finished in 0.00s
[INFO] [stdout] 
[INFO] [stderr]      Running tests/alphabets.rs (/opt/rustwide/target/debug/deps/alphabets-c78f224819bbefee)
[INFO] [stdout] 
[INFO] [stdout] running 7 tests
[INFO] [stdout] test base64_weird_64_10238 ... ok
[INFO] [stdout] test base64_weird_flex_confirm ... ok
[INFO] [stdout] test confirm_b64_weird_flex_decode ... ok
[INFO] [stdout] test confirm_crockford_lower_decode ... ok
[INFO] [stdout] test crockford_10238 ... ok
[INFO] [stdout] test crockford_1055_confirm ... ok
[INFO] [stdout] test rfc4648_32_10238 ... ok
[INFO] [stdout] 
[INFO] [stdout] test result: ok. 7 passed; 0 failed; 0 ignored; 0 measured; 0 filtered out; finished in 0.00s
[INFO] [stdout] 
[INFO] [stderr]      Running tests/base32.rs (/opt/rustwide/target/debug/deps/base32-7cf77676b2ff32d9)
[INFO] [stdout] 
[INFO] [stdout] running 48 tests
[INFO] [stdout] test both_bytes_0 ... ok
[INFO] [stdout] test both_bytes_10238 ... ok
[INFO] [stdout] test both_bytes_1066193093600 ... ok
[INFO] [stdout] test both_bytes_31 ... ok
[INFO] [stdout] test both_bytes_31_rfc4648 ... ok
[INFO] [stdout] test both_bytes_32 ... ok
[INFO] [stdout] test both_bytes_32_32 ... ok
[INFO] [stdout] test both_bytes_32_32_32_32 ... ok
[INFO] [stdout] test both_bytes_32_32_32_32_1 ... ok
[INFO] [stdout] test both_bytes_32_rfc4648 ... ok
[INFO] [stdout] test both_bytes_33 ... ok
[INFO] [stdout] test both_bytes_5111 ... ok
[INFO] [stdout] test both_bytes_fox ... ok
[INFO] [stdout] test both_bytes_into ... ok
[INFO] [stdout] test both_bytes_max ... ok
[INFO] [stdout] test both_bytes_u64_big ... ok
[INFO] [stdout] test both_u128_111 ... ok
[INFO] [stdout] test both_u128_big ... ok
[INFO] [stdout] test both_u128_med_into ... ok
[INFO] [stdout] test both_u128_max ... ok
[INFO] [stdout] test both_u64_0_rfc4648 ... ok
[INFO] [stdout] test both_u64_10238 ... ok
[INFO] [stdout] test both_u128_med ... ok
[INFO] [stdout] test both_u64_0 ... ok
[INFO] [stdout] test both_u64_1066193093600 ... ok
[INFO] [stdout] test both_u64_31 ... ok
[INFO] [stdout] test both_u64_111 ... ok
[INFO] [stdout] test both_u64_32_32 ... ok
[INFO] [stdout] test both_u64_big ... ok
[INFO] [stdout] test both_u64_31_into ... ok
[INFO] [stdout] test both_u64_max ... ok
[INFO] [stdout] test both_u64_low ... ok
[INFO] [stdout] test both_u128_ones ... ok
[INFO] [stdout] test check_capacity ... ok
[INFO] [stdout] test both_u64_32_32_32_32 ... ok
[INFO] [stdout] test compare_bytes_u128 ... ok
[INFO] [stdout] test decode_bad ... ok
[INFO] [stdout] test both_u64_ones ... ok
[INFO] [stdout] test both_u64_32 ... ok
[INFO] [stdout] test both_u64_33 ... ok
[INFO] [stdout] test both_u64_32_32_32_32_1 ... ok
[INFO] [stdout] test both_u64_5111 ... ok
[INFO] [stdout] test rfc4648 ... ok
[INFO] [stdout] test panic_bytes_into - should panic ... ok
[INFO] [stdout] test panic_encode_u128_into - should panic ... ok
[INFO] [stdout] test panic_pad - should panic ... ok
[INFO] [stdout] test panic_encode_u64_into - should panic ... ok
[INFO] [stdout] test both_edges_u128 ... ok
[INFO] [stdout] 
[INFO] [stdout] test result: ok. 48 passed; 0 failed; 0 ignored; 0 measured; 0 filtered out; finished in 0.17s
[INFO] [stdout] 
[INFO] [stderr]      Running tests/base64.rs (/opt/rustwide/target/debug/deps/base64-7135d660fdc762e4)
[INFO] [stdout] 
[INFO] [stdout] running 42 tests
[INFO] [stdout] test both_bytes_0 ... ok
[INFO] [stdout] test both_bytes_10238 ... ok
[INFO] [stdout] test both_bytes_31 ... ok
[INFO] [stdout] test both_bytes_1066193093600 ... ok
[INFO] [stdout] test both_bytes_5111 ... ok
[INFO] [stdout] test both_bytes_63 ... ok
[INFO] [stdout] test both_bytes_64 ... ok
[INFO] [stdout] test both_bytes_65 ... ok
[INFO] [stdout] test both_bytes_fox ... ok
[INFO] [stdout] test both_bytes_into ... ok
[INFO] [stdout] test both_bytes_max ... ok
[INFO] [stdout] test both_bytes_u64_big ... ok
[INFO] [stdout] test both_u128_111 ... ok
[INFO] [stdout] test both_u128_big ... ok
[INFO] [stdout] test both_u128_med ... ok
[INFO] [stdout] test both_u128_max ... ok
[INFO] [stdout] test both_u128_med_into ... ok
[INFO] [stdout] test both_u64_0 ... ok
[INFO] [stdout] test both_u64_10238 ... ok
[INFO] [stdout] test both_u64_1066193093600 ... ok
[INFO] [stdout] test both_u64_111 ... ok
[INFO] [stdout] test both_u64_31 ... ok
[INFO] [stdout] test both_u64_31_into ... ok
[INFO] [stdout] test both_u64_63 ... ok
[INFO] [stdout] test both_u64_64 ... ok
[INFO] [stdout] test both_u64_64_64 ... ok
[INFO] [stdout] test both_u64_big ... ok
[INFO] [stdout] test both_u64_65 ... ok
[INFO] [stdout] test both_u64_max ... ok
[INFO] [stdout] test both_u64_ones ... ok
[INFO] [stdout] test compare_bytes_u128 ... ok
[INFO] [stdout] test decode_bad ... ok
[INFO] [stdout] test rfc4648 ... ok
[INFO] [stdout] test both_u64_5111 ... ok
[INFO] [stdout] test both_u128_ones ... ok
[INFO] [stdout] test both_u64_low ... ok
[INFO] [stdout] test check_capacity ... ok
[INFO] [stdout] test panic_bytes_into - should panic ... ok
[INFO] [stdout] test panic_encode_u128_into - should panic ... ok
[INFO] [stdout] test panic_encode_u64_into - should panic ... ok
[INFO] [stdout] test panic_pad - should panic ... ok
[INFO] [stdout] test both_edges_u128 ... ok
[INFO] [stdout] 
[INFO] [stdout] test result: ok. 42 passed; 0 failed; 0 ignored; 0 measured; 0 filtered out; finished in 0.16s
[INFO] [stdout] 
[INFO] [stderr]      Running tests/capacity.rs (/opt/rustwide/target/debug/deps/capacity-f62313b3feb9972a)
[INFO] [stdout] 
[INFO] [stdout] running 8 tests
[INFO] [stdout] test base32::test_capacity_decode ... ok
[INFO] [stdout] test base32::test_capacity_encode ... ok
[INFO] [stdout] test base32::test_capacity_encode_u64 ... ok
[INFO] [stdout] test base32::test_capacity_encode_u128 ... ok
[INFO] [stdout] test base64::test_capacity_decode ... ok
[INFO] [stdout] test base64::test_capacity_encode ... ok
[INFO] [stdout] test base64::test_capacity_encode_u128 ... ok
[INFO] [stdout] test base64::test_capacity_encode_u64 ... ok
[INFO] [stdout] 
[INFO] [stdout] test result: ok. 8 passed; 0 failed; 0 ignored; 0 measured; 0 filtered out; finished in 0.00s
[INFO] [stdout] 
[INFO] [stderr]    Doc-tests fast32
[INFO] [stdout] 
[INFO] [stdout] running 27 tests
[INFO] [stdout] test src/base32/decode_u64.rs - base32::decode_u64::decode_u64 (line 11) ... ok
[INFO] [stdout] test src/base64/decode_u128.rs - base64::decode_u128::decode_u128 (line 12) ... ok
[INFO] [stdout] test src/base32/encode_bytes.rs - base32::encode_bytes::encode (line 34) ... ok
[INFO] [stdout] test src/base32/encode_u64.rs - base32::encode_u64::encode_u64 (line 24) ... ok
[INFO] [stdout] test src/base32/encode_u64.rs - base32::encode_u64::encode_u64_into (line 38) ... ok
[INFO] [stdout] test src/base32/decode_u128.rs - base32::decode_u128::decode_u128 (line 12) ... ok
[INFO] [stdout] test src/base32/decode_bytes.rs - base32::decode_bytes::decode_into (line 53) ... ok
[INFO] [stdout] test src/base64/encode_bytes.rs - base64::encode_bytes::encode (line 29) ... ok
[INFO] [stdout] test src/base32/encode_u128.rs - base32::encode_u128::encode_u128_into (line 39) ... ok
[INFO] [stdout] test src/base64/decode_u64.rs - base64::decode_u64::decode_u64 (line 10) ... ok
[INFO] [stdout] test src/base64/decode_bytes.rs - base64::decode_bytes::decode (line 27) ... ok
[INFO] [stdout] test src/base32/encode_bytes.rs - base32::encode_bytes::encode_into (line 56) ... ok
[INFO] [stdout] test src/base64/encode_bytes.rs - base64::encode_bytes::encode_into (line 51) ... ok
[INFO] [stdout] test src/base64/decode_bytes.rs - base64::decode_bytes::decode_into (line 51) ... ok
[INFO] [stdout] test src/base32/encode_u128.rs - base32::encode_u128::encode_u128 (line 25) ... ok
[INFO] [stdout] test src/base32/decode_bytes.rs - base32::decode_bytes::decode (line 29) ... ok
[INFO] [stdout] test src/lib.rs - (line 8) ... FAILED
[INFO] [stdout] test src/base64/encode_u64.rs - base64::encode_u64::encode_u64 (line 23) ... ok
[INFO] [stdout] test src/base64/encode_u128.rs - base64::encode_u128::encode_u128 (line 25) ... ok
[INFO] [stdout] test src/base64/encode_u64.rs - base64::encode_u64::encode_u64_into (line 37) ... ok
[INFO] [stdout] test src/lib.rs - (line 36) ... ok
[INFO] [stdout] test src/base64/encode_u128.rs - base64::encode_u128::encode_u128_into (line 39) ... ok
[INFO] [stdout] test src/shared.rs - shared::decoder_map_simple (line 106) ... ok
[INFO] [stdout] test src/lib.rs - (line 76) ... ok
[INFO] [stdout] test src/lib.rs - (line 29) ... ok
[INFO] [stdout] test src/lib.rs - (line 46) ... ok
[INFO] [stdout] test src/shared.rs - shared::decoder_map (line 147) ... ok
[INFO] [stdout] 
[INFO] [stdout] failures:
[INFO] [stdout] 
[INFO] [stdout] ---- src/lib.rs - (line 8) stdout ----
[INFO] [stdout] error[E0432]: unresolved import `uuid`
[INFO] [stdout]  --> src/lib.rs:10:5
[INFO] [stdout]   |
[INFO] [stdout] 5 | use uuid::Uuid;
[INFO] [stdout]   |     ^^^^ use of undeclared crate or module `uuid`
[INFO] [stdout] 
[INFO] [stdout] error[E0599]: no method named `encode_uuid` found for struct `Alphabet32Nopad` in the current scope
[INFO] [stdout]   --> src/lib.rs:22:22
[INFO] [stdout]    |
[INFO] [stdout] 17 | assert_eq!(CROCKFORD.encode_uuid(u), "0");
[INFO] [stdout]    |                      ^^^^^^^^^^^
[INFO] [stdout]    |
[INFO] [stdout] help: there is a method `encode` with a similar name
[INFO] [stdout]    |
[INFO] [stdout] 17 | assert_eq!(CROCKFORD.encode(u), "0");
[INFO] [stdout]    |                      ~~~~~~
[INFO] [stdout] 
[INFO] [stdout] error[E0599]: no method named `decode_uuid` found for struct `Alphabet32Nopad` in the current scope
[INFO] [stdout]   --> src/lib.rs:23:22
[INFO] [stdout]    |
[INFO] [stdout] 18 | assert_eq!(CROCKFORD.decode_uuid(b"0").unwrap(), u);
[INFO] [stdout]    |                      ^^^^^^^^^^^
[INFO] [stdout]    |
[INFO] [stdout] help: there is a method `decode` with a similar name
[INFO] [stdout]    |
[INFO] [stdout] 18 | assert_eq!(CROCKFORD.decode(b"0").unwrap(), u);
[INFO] [stdout]    |                      ~~~~~~
[INFO] [stdout] 
[INFO] [stdout] error[E0599]: no method named `encode_uuid` found for struct `Alphabet32Nopad` in the current scope
[INFO] [stdout]   --> src/lib.rs:25:22
[INFO] [stdout]    |
[INFO] [stdout] 20 | assert_eq!(CROCKFORD.encode_uuid(u), "7ZZZZZZZZZZZZZZZZZZZZZZZZZ");
[INFO] [stdout]    |                      ^^^^^^^^^^^
[INFO] [stdout]    |
[INFO] [stdout] help: there is a method `encode` with a similar name
[INFO] [stdout]    |
[INFO] [stdout] 20 | assert_eq!(CROCKFORD.encode(u), "7ZZZZZZZZZZZZZZZZZZZZZZZZZ");
[INFO] [stdout]    |                      ~~~~~~
[INFO] [stdout] 
[INFO] [stdout] error[E0599]: no method named `decode_uuid_str` found for struct `Alphabet32Nopad` in the current scope
[INFO] [stdout]   --> src/lib.rs:26:22
[INFO] [stdout]    |
[INFO] [stdout] 21 | assert_eq!(CROCKFORD.decode_uuid_str("7ZZZZZZZZZZZZZZZZZZZZZZZZZ").unwrap(), u);
[INFO] [stdout]    |                      ^^^^^^^^^^^^^^^
[INFO] [stdout]    |
[INFO] [stdout] help: there is a method `decode_str` with a similar name
[INFO] [stdout]    |
[INFO] [stdout] 21 | assert_eq!(CROCKFORD.decode_str("7ZZZZZZZZZZZZZZZZZZZZZZZZZ").unwrap(), u);
[INFO] [stdout]    |                      ~~~~~~~~~~
[INFO] [stdout] 
[INFO] [stdout] error: aborting due to 5 previous errors
[INFO] [stdout] 
[INFO] [stdout] Some errors have detailed explanations: E0432, E0599.
[INFO] [stdout] For more information about an error, try `rustc --explain E0432`.
[INFO] [stdout] Couldn't compile the test.
[INFO] [stdout] 
[INFO] [stdout] failures:
[INFO] [stdout]     src/lib.rs - (line 8)
[INFO] [stdout] 
[INFO] [stdout] test result: FAILED. 26 passed; 1 failed; 0 ignored; 0 measured; 0 filtered out; finished in 0.33s
[INFO] [stdout] 
[INFO] [stderr] error: doctest failed, to rerun pass `--doc`
[INFO] running `Command { std: "docker" "inspect" "796599a760fa10bb877a81018e049d757e7a66cb31eef84ce39d6f2974851725", kill_on_drop: false }`
[INFO] running `Command { std: "docker" "rm" "-f" "796599a760fa10bb877a81018e049d757e7a66cb31eef84ce39d6f2974851725", kill_on_drop: false }`
[INFO] [stdout] 796599a760fa10bb877a81018e049d757e7a66cb31eef84ce39d6f2974851725
