[INFO] fetching crate fart-cli 0.4.0...
[INFO] testing fart-cli-0.4.0 against nightly-2024-10-28 for randomize-layout
[INFO] extracting crate fart-cli 0.4.0 into /workspace/builds/worker-1-tc1/source
[INFO] validating manifest of crates.io crate fart-cli 0.4.0 on toolchain nightly-2024-10-28
[INFO] running `Command { std: CARGO_HOME="/workspace/cargo-home" RUSTUP_HOME="/workspace/rustup-home" "/workspace/cargo-home/bin/cargo" "+nightly-2024-10-28" "metadata" "--manifest-path" "Cargo.toml" "--no-deps", kill_on_drop: false }`
[INFO] started tweaking crates.io crate fart-cli 0.4.0
[INFO] finished tweaking crates.io crate fart-cli 0.4.0
[INFO] tweaked toml for crates.io crate fart-cli 0.4.0 written to /workspace/builds/worker-1-tc1/source/Cargo.toml
[INFO] crate crates.io crate fart-cli 0.4.0 already has a lockfile, it will not be regenerated
[INFO] running `Command { std: CARGO_HOME="/workspace/cargo-home" RUSTUP_HOME="/workspace/rustup-home" "/workspace/cargo-home/bin/cargo" "+nightly-2024-10-28" "fetch" "--manifest-path" "Cargo.toml", kill_on_drop: false }`
[INFO] [stderr]     Updating crates.io index
[INFO] [stderr]  Downloading crates ...
[INFO] [stderr]   Downloaded route-recognizer v0.1.13
[INFO] [stderr]   Downloaded data-encoding v2.1.2
[INFO] [stderr]   Downloaded tokio-executor v0.1.9
[INFO] [stderr]   Downloaded tokio-threadpool v0.1.17
[INFO] [stderr]   Downloaded hermit-abi v0.1.5
[INFO] [stderr]   Downloaded serde_qs v0.5.2
[INFO] [stderr]   Downloaded http-service-hyper v0.4.1
[INFO] [stderr]   Downloaded doc-comment v0.3.1
[INFO] [stderr]   Downloaded inotify-sys v0.1.3
[INFO] [stderr]   Downloaded structopt-derive v0.3.5
[INFO] [stderr]   Downloaded escargot v0.5.0
[INFO] [stderr]   Downloaded assert_cmd v0.12.0
[INFO] [stderr]   Downloaded predicates v1.0.2
[INFO] [stderr]   Downloaded notify v4.0.14
[INFO] [stderr]   Downloaded crossbeam-channel v0.4.0
[INFO] [stderr]   Downloaded tokio-sync v0.1.7
[INFO] [stderr]   Downloaded structopt v0.3.5
[INFO] [stderr]   Downloaded async-task v1.0.0
[INFO] [stderr]   Downloaded async-std v1.3.0
[INFO] [stderr]   Downloaded tokio-reactor v0.1.11
[INFO] [stderr]   Downloaded tide v0.4.0
[INFO] [stderr]   Downloaded quickcheck v0.9.0
[INFO] [stderr]   Downloaded proc-macro-error v0.2.6
[INFO] [stderr]   Downloaded futures-timer v2.0.2
[INFO] [stderr]   Downloaded filetime v0.2.8
[INFO] [stderr]   Downloaded inotify v0.6.1
[INFO] [stderr]   Downloaded float-cmp v0.5.3
[INFO] [stderr]   Downloaded once_cell v1.2.0
[INFO] [stderr]   Downloaded tokio-timer v0.2.12
[INFO] [stderr]   Downloaded lazycell v1.2.1
[INFO] [stderr]   Downloaded kv-log-macro v1.0.4
[INFO] [stderr]   Downloaded http-service v0.4.0
[INFO] [stderr]   Downloaded broadcaster v0.2.6
[INFO] running `Command { std: "docker" "create" "-v" "/var/lib/crater-agent-workspace/builds/worker-1-tc1/target:/opt/rustwide/target:rw,Z" "-v" "/var/lib/crater-agent-workspace/builds/worker-1-tc1/source:/opt/rustwide/workdir:ro,Z" "-v" "/var/lib/crater-agent-workspace/cargo-home:/opt/rustwide/cargo-home:ro,Z" "-v" "/var/lib/crater-agent-workspace/rustup-home:/opt/rustwide/rustup-home:ro,Z" "-e" "SOURCE_DIR=/opt/rustwide/workdir" "-e" "CARGO_TARGET_DIR=/opt/rustwide/target" "-e" "CARGO_HOME=/opt/rustwide/cargo-home" "-e" "RUSTUP_HOME=/opt/rustwide/rustup-home" "-w" "/opt/rustwide/workdir" "-m" "1610612736" "--user" "0:0" "--network" "none" "ghcr.io/rust-lang/crates-build-env/linux@sha256:4a844ea9eb2546a2d2c7022eacef16ef2e8229c7fbb2c7d4d55a9ceca922f72d" "/opt/rustwide/cargo-home/bin/cargo" "+nightly-2024-10-28" "metadata" "--no-deps" "--format-version=1", kill_on_drop: false }`
[INFO] [stdout] 386748262b70ce4a7fd7e425ca5beab6757de2bc47010742f2786e23d0a13a4c
[INFO] running `Command { std: "docker" "start" "-a" "386748262b70ce4a7fd7e425ca5beab6757de2bc47010742f2786e23d0a13a4c", kill_on_drop: false }`
[INFO] running `Command { std: "docker" "inspect" "386748262b70ce4a7fd7e425ca5beab6757de2bc47010742f2786e23d0a13a4c", kill_on_drop: false }`
[INFO] running `Command { std: "docker" "rm" "-f" "386748262b70ce4a7fd7e425ca5beab6757de2bc47010742f2786e23d0a13a4c", kill_on_drop: false }`
[INFO] [stdout] 386748262b70ce4a7fd7e425ca5beab6757de2bc47010742f2786e23d0a13a4c
[INFO] running `Command { std: "docker" "create" "-v" "/var/lib/crater-agent-workspace/builds/worker-1-tc1/target:/opt/rustwide/target:rw,Z" "-v" "/var/lib/crater-agent-workspace/builds/worker-1-tc1/source:/opt/rustwide/workdir:ro,Z" "-v" "/var/lib/crater-agent-workspace/cargo-home:/opt/rustwide/cargo-home:ro,Z" "-v" "/var/lib/crater-agent-workspace/rustup-home:/opt/rustwide/rustup-home:ro,Z" "-e" "SOURCE_DIR=/opt/rustwide/workdir" "-e" "CARGO_TARGET_DIR=/opt/rustwide/target" "-e" "CARGO_INCREMENTAL=0" "-e" "RUST_BACKTRACE=full" "-e" "RUSTFLAGS=--cap-lints=forbid" "-e" "RUSTDOCFLAGS=--cap-lints=forbid" "-e" "CARGO_HOME=/opt/rustwide/cargo-home" "-e" "RUSTUP_HOME=/opt/rustwide/rustup-home" "-w" "/opt/rustwide/workdir" "-m" "1610612736" "--user" "0:0" "--network" "none" "ghcr.io/rust-lang/crates-build-env/linux@sha256:4a844ea9eb2546a2d2c7022eacef16ef2e8229c7fbb2c7d4d55a9ceca922f72d" "/opt/rustwide/cargo-home/bin/cargo" "+nightly-2024-10-28" "build" "--frozen" "--message-format=json", kill_on_drop: false }`
[INFO] [stdout] 8b7bbf0f674503ff88a7f0b719a0f168f727f259e4e6eda1cffb199602a056b7
[INFO] running `Command { std: "docker" "start" "-a" "8b7bbf0f674503ff88a7f0b719a0f168f727f259e4e6eda1cffb199602a056b7", kill_on_drop: false }`
[INFO] [stderr]    Compiling libc v0.2.66
[INFO] [stderr]    Compiling cfg-if v0.1.10
[INFO] [stderr]    Compiling autocfg v0.1.7
[INFO] [stderr]    Compiling semver-parser v0.7.0
[INFO] [stderr]    Compiling proc-macro2 v1.0.6
[INFO] [stderr]    Compiling log v0.4.8
[INFO] [stderr]    Compiling unicode-xid v0.2.0
[INFO] [stderr]    Compiling futures v0.1.29
[INFO] [stderr]    Compiling syn v1.0.11
[INFO] [stderr]    Compiling slab v0.4.2
[INFO] [stderr]    Compiling byteorder v1.3.2
[INFO] [stderr]    Compiling either v1.5.3
[INFO] [stderr]    Compiling crossbeam-utils v0.6.6
[INFO] [stderr]    Compiling semver v0.9.0
[INFO] [stderr]    Compiling rustc_version v0.2.3
[INFO] [stderr]    Compiling scopeguard v1.0.0
[INFO] [stderr]    Compiling crossbeam-utils v0.7.0
[INFO] [stderr]    Compiling smallvec v0.6.13
[INFO] [stderr]    Compiling parking_lot_core v0.6.2
[INFO] [stderr]    Compiling iovec v0.1.4
[INFO] [stderr]    Compiling quote v1.0.2
[INFO] [stderr]    Compiling net2 v0.2.33
[INFO] [stderr]    Compiling bytes v0.4.12
[INFO] [stderr]    Compiling memoffset v0.5.3
[INFO] [stderr]    Compiling parking_lot v0.9.0
[INFO] [stderr]    Compiling fnv v1.0.6
[INFO] [stderr]    Compiling mio v0.6.21
[INFO] [stderr]    Compiling num_cpus v1.11.1
[INFO] [stderr]    Compiling lock_api v0.3.2
[INFO] [stderr]    Compiling crossbeam-epoch v0.8.0
[INFO] [stderr]    Compiling pin-utils v0.1.0-alpha.4
[INFO] [stderr]    Compiling memchr v2.2.1
[INFO] [stderr]    Compiling tokio-io v0.1.12
[INFO] [stderr]    Compiling tokio-executor v0.1.9
[INFO] [stderr]    Compiling futures-core v0.3.1
[INFO] [stderr]    Compiling proc-macro-nested v0.1.3
[INFO] [stderr]    Compiling cc v1.0.48
[INFO] [stderr]    Compiling itoa v0.4.4
[INFO] [stderr]    Compiling futures-io v0.3.1
[INFO] [stderr]    Compiling crossbeam-deque v0.7.2
[INFO] [stderr]    Compiling futures-core-preview v0.3.0-alpha.19
[INFO] [stderr]    Compiling futures-sink-preview v0.3.0-alpha.19
[INFO] [stderr]    Compiling futures-sink v0.3.1
[INFO] [stderr]    Compiling http v0.1.21
[INFO] [stderr]    Compiling futures-channel v0.3.1
[INFO] [stderr]    Compiling tokio-sync v0.1.7
[INFO] [stderr]    Compiling indexmap v1.3.0
[INFO] [stderr]    Compiling futures-task v0.3.1
[INFO] [stderr]    Compiling bitflags v1.2.1
[INFO] [stderr]    Compiling futures-util-preview v0.3.0-alpha.19
[INFO] [stderr]    Compiling futures-channel-preview v0.3.0-alpha.19
[INFO] [stderr]    Compiling crossbeam-queue v0.1.2
[INFO] [stderr]    Compiling httparse v1.3.4
[INFO] [stderr]    Compiling rustc-demangle v0.1.16
[INFO] [stderr]    Compiling backtrace-sys v0.1.32
[INFO] [stderr]    Compiling tokio-reactor v0.1.11
[INFO] [stderr]    Compiling serde v1.0.104
[INFO] [stderr]    Compiling version_check v0.1.5
[INFO] [stderr]    Compiling tokio-threadpool v0.1.17
[INFO] [stderr]    Compiling mio-uds v0.6.7
[INFO] [stderr]    Compiling error-chain v0.12.1
[INFO] [stderr]    Compiling tokio-timer v0.2.12
[INFO] [stderr]    Compiling tokio-current-thread v0.1.6
[INFO] [stderr]    Compiling tokio-buf v0.1.1
[INFO] [stderr]    Compiling backtrace v0.3.40
[INFO] [stderr]    Compiling crossbeam-channel v0.4.0
[INFO] [stderr]    Compiling string v0.2.1
[INFO] [stderr]    Compiling time v0.1.42
[INFO] [stderr]    Compiling hyper v0.12.35
[INFO] [stderr]    Compiling async-task v1.0.0
[INFO] [stderr]    Compiling kv-log-macro v1.0.4
[INFO] [stderr]    Compiling num-traits v0.2.10
[INFO] [stderr]    Compiling try-lock v0.2.2
[INFO] [stderr]    Compiling ryu v1.0.2
[INFO] [stderr]    Compiling pin-project-lite v0.1.1
[INFO] [stderr]    Compiling broadcaster v0.2.6
[INFO] [stderr]    Compiling futures-timer v2.0.2
[INFO] [stderr]    Compiling once_cell v1.2.0
[INFO] [stderr]    Compiling want v0.2.0
[INFO] [stderr]    Compiling h2 v0.1.26
[INFO] [stderr]    Compiling http-body v0.1.0
[INFO] [stderr]    Compiling tokio v0.1.22
[INFO] [stderr]    Compiling async-std v1.3.0
[INFO] [stderr]    Compiling tokio-tcp v0.1.3
[INFO] [stderr]    Compiling futures-cpupool v0.1.8
[INFO] [stderr]    Compiling num-integer v0.1.41
[INFO] [stderr]    Compiling unicode-segmentation v1.6.0
[INFO] [stderr]    Compiling failure_derive v0.1.6
[INFO] [stderr]    Compiling unicode-width v0.1.7
[INFO] [stderr]    Compiling textwrap v0.11.0
[INFO] [stderr]    Compiling synstructure v0.12.3
[INFO] [stderr]    Compiling proc-macro-error v0.2.6
[INFO] [stderr]    Compiling heck v0.3.1
[INFO] [stderr]    Compiling inotify-sys v0.1.3
[INFO] [stderr]    Compiling atty v0.2.13
[INFO] [stderr]    Compiling strsim v0.8.0
[INFO] [stderr]    Compiling vec_map v0.8.1
[INFO] [stderr]    Compiling same-file v1.0.5
[INFO] [stderr]    Compiling lazycell v1.2.1
[INFO] [stderr]    Compiling ansi_term v0.11.0
[INFO] [stderr]    Compiling percent-encoding v1.0.1
[INFO] [stderr]    Compiling data-encoding v2.1.2
[INFO] [stderr]    Compiling mio-extras v2.0.6
[INFO] [stderr]    Compiling clap v2.33.0
[INFO] [stderr]    Compiling walkdir v2.2.9
[INFO] [stderr]    Compiling inotify v0.6.1
[INFO] [stderr]    Compiling filetime v0.2.8
[INFO] [stderr]    Compiling proc-macro-hack v0.5.11
[INFO] [stderr]    Compiling serde_derive v1.0.104
[INFO] [stderr]    Compiling structopt-derive v0.3.5
[INFO] [stderr]    Compiling route-recognizer v0.1.13
[INFO] [stderr]    Compiling futures-macro v0.3.1
[INFO] [stderr]    Compiling mime v0.3.14
[INFO] [stderr]    Compiling failure v0.1.6
[INFO] [stderr]    Compiling notify v4.0.14
[INFO] [stderr]    Compiling chrono v0.4.10
[INFO] [stderr]    Compiling futures-util v0.3.1
[INFO] [stderr]    Compiling bytes v0.5.3
[INFO] [stderr]    Compiling structopt v0.3.5
[INFO] [stderr]    Compiling futures-executor v0.3.1
[INFO] [stderr]    Compiling futures v0.3.1
[INFO] [stderr]    Compiling http-service v0.4.0
[INFO] [stderr]    Compiling http-service-hyper v0.4.1
[INFO] [stderr]    Compiling serde_json v1.0.44
[INFO] [stderr]    Compiling serde_qs v0.5.2
[INFO] [stderr]    Compiling tide v0.4.0
[INFO] [stderr]    Compiling fart-cli v0.4.0 (/opt/rustwide/workdir)
[INFO] [stderr]     Finished `dev` profile [unoptimized + debuginfo] target(s) in 32.83s
[INFO] running `Command { std: "docker" "inspect" "8b7bbf0f674503ff88a7f0b719a0f168f727f259e4e6eda1cffb199602a056b7", kill_on_drop: false }`
[INFO] running `Command { std: "docker" "rm" "-f" "8b7bbf0f674503ff88a7f0b719a0f168f727f259e4e6eda1cffb199602a056b7", kill_on_drop: false }`
[INFO] [stdout] 8b7bbf0f674503ff88a7f0b719a0f168f727f259e4e6eda1cffb199602a056b7
[INFO] running `Command { std: "docker" "create" "-v" "/var/lib/crater-agent-workspace/builds/worker-1-tc1/target:/opt/rustwide/target:rw,Z" "-v" "/var/lib/crater-agent-workspace/builds/worker-1-tc1/source:/opt/rustwide/workdir:ro,Z" "-v" "/var/lib/crater-agent-workspace/cargo-home:/opt/rustwide/cargo-home:ro,Z" "-v" "/var/lib/crater-agent-workspace/rustup-home:/opt/rustwide/rustup-home:ro,Z" "-e" "SOURCE_DIR=/opt/rustwide/workdir" "-e" "CARGO_TARGET_DIR=/opt/rustwide/target" "-e" "CARGO_INCREMENTAL=0" "-e" "RUST_BACKTRACE=full" "-e" "RUSTFLAGS=--cap-lints=forbid" "-e" "RUSTDOCFLAGS=--cap-lints=forbid" "-e" "CARGO_HOME=/opt/rustwide/cargo-home" "-e" "RUSTUP_HOME=/opt/rustwide/rustup-home" "-w" "/opt/rustwide/workdir" "-m" "1610612736" "--user" "0:0" "--network" "none" "ghcr.io/rust-lang/crates-build-env/linux@sha256:4a844ea9eb2546a2d2c7022eacef16ef2e8229c7fbb2c7d4d55a9ceca922f72d" "/opt/rustwide/cargo-home/bin/cargo" "+nightly-2024-10-28" "test" "--frozen" "--no-run" "--message-format=json", kill_on_drop: false }`
[INFO] [stdout] f81292803a39a544f37cb8971c335b8784249c6ca960e83527f185b6811c8ef3
[INFO] running `Command { std: "docker" "start" "-a" "f81292803a39a544f37cb8971c335b8784249c6ca960e83527f185b6811c8ef3", kill_on_drop: false }`
[INFO] [stderr]    Compiling getrandom v0.1.13
[INFO] [stderr]    Compiling aho-corasick v0.7.6
[INFO] [stderr]    Compiling thread_local v0.3.6
[INFO] [stderr]    Compiling ppv-lite86 v0.2.6
[INFO] [stderr]    Compiling regex-syntax v0.6.12
[INFO] [stderr]    Compiling predicates-core v1.0.0
[INFO] [stderr]    Compiling escargot v0.5.0
[INFO] [stderr]    Compiling doc-comment v0.3.1
[INFO] [stderr]    Compiling float-cmp v0.5.3
[INFO] [stderr]    Compiling treeline v0.1.0
[INFO] [stderr]    Compiling difference v2.0.0
[INFO] [stderr]    Compiling normalize-line-endings v0.2.2
[INFO] [stderr]    Compiling predicates-tree v1.0.0
[INFO] [stderr]    Compiling rand_core v0.5.1
[INFO] [stderr]    Compiling remove_dir_all v0.5.2
[INFO] [stderr]    Compiling c2-chacha v0.2.3
[INFO] [stderr]    Compiling rand_chacha v0.2.1
[INFO] [stderr]    Compiling rand v0.7.2
[INFO] [stderr]    Compiling tempfile v3.1.0
[INFO] [stderr]    Compiling regex v1.3.1
[INFO] [stderr]    Compiling predicates v1.0.2
[INFO] [stderr]    Compiling env_logger v0.6.2
[INFO] [stderr]    Compiling quickcheck v0.9.0
[INFO] [stderr]    Compiling assert_cmd v0.12.0
[INFO] [stderr]    Compiling fart-cli v0.4.0 (/opt/rustwide/workdir)
[INFO] [stderr]     Finished `test` profile [unoptimized + debuginfo] target(s) in 5.11s
[INFO] running `Command { std: "docker" "inspect" "f81292803a39a544f37cb8971c335b8784249c6ca960e83527f185b6811c8ef3", kill_on_drop: false }`
[INFO] running `Command { std: "docker" "rm" "-f" "f81292803a39a544f37cb8971c335b8784249c6ca960e83527f185b6811c8ef3", kill_on_drop: false }`
[INFO] [stdout] f81292803a39a544f37cb8971c335b8784249c6ca960e83527f185b6811c8ef3
[INFO] running `Command { std: "docker" "create" "-v" "/var/lib/crater-agent-workspace/builds/worker-1-tc1/target:/opt/rustwide/target:rw,Z" "-v" "/var/lib/crater-agent-workspace/builds/worker-1-tc1/source:/opt/rustwide/workdir:ro,Z" "-v" "/var/lib/crater-agent-workspace/cargo-home:/opt/rustwide/cargo-home:ro,Z" "-v" "/var/lib/crater-agent-workspace/rustup-home:/opt/rustwide/rustup-home:ro,Z" "-e" "SOURCE_DIR=/opt/rustwide/workdir" "-e" "CARGO_TARGET_DIR=/opt/rustwide/target" "-e" "CARGO_INCREMENTAL=0" "-e" "RUST_BACKTRACE=full" "-e" "RUSTFLAGS=--cap-lints=forbid" "-e" "RUSTDOCFLAGS=--cap-lints=forbid" "-e" "CARGO_HOME=/opt/rustwide/cargo-home" "-e" "RUSTUP_HOME=/opt/rustwide/rustup-home" "-w" "/opt/rustwide/workdir" "-m" "1610612736" "--user" "0:0" "--network" "none" "ghcr.io/rust-lang/crates-build-env/linux@sha256:4a844ea9eb2546a2d2c7022eacef16ef2e8229c7fbb2c7d4d55a9ceca922f72d" "/opt/rustwide/cargo-home/bin/cargo" "+nightly-2024-10-28" "test" "--frozen", kill_on_drop: false }`
[INFO] [stdout] 4fba860a98026e90cf029679fc61716391f3f471b127c43fac4f62fa14beee2c
[INFO] running `Command { std: "docker" "start" "-a" "4fba860a98026e90cf029679fc61716391f3f471b127c43fac4f62fa14beee2c", kill_on_drop: false }`
[INFO] [stderr]     Finished `test` profile [unoptimized + debuginfo] target(s) in 0.13s
[INFO] [stderr]      Running unittests src/main.rs (/opt/rustwide/target/debug/deps/fart-3c8f257a2a755475)
[INFO] [stdout] 
[INFO] [stdout] running 0 tests
[INFO] [stdout] 
[INFO] [stdout] test result: ok. 0 passed; 0 failed; 0 ignored; 0 measured; 0 filtered out; finished in 0.00s
[INFO] [stdout] 
[INFO] [stderr]      Running tests/cli.rs (/opt/rustwide/target/debug/deps/cli-19a50cd31ef88acf)
[INFO] [stdout] 
[INFO] [stdout] running 2 tests
[INFO] [stdout] test help ... ok
[INFO] [stdout] test new ... FAILED
[INFO] [stdout] 
[INFO] [stdout] failures:
[INFO] [stdout] 
[INFO] [stdout] ---- new stdout ----
[INFO] [stdout] thread 'new' panicked at /opt/rustwide/cargo-home/registry/src/index.crates.io-6f17d22bba15001f/assert_cmd-0.12.0/src/assert.rs:154:13:
[INFO] [stdout] Unexpected failure.
[INFO] [stdout] code-1
[INFO] [stdout] stderr=```Cloning into 'my-project'...
[INFO] [stdout] fatal: unable to access 'https://github.com/fitzgen/fart-template.git/': Could not resolve host: github.com
[INFO] [stdout] Error: command "git" "clone" "https://github.com/fitzgen/fart-template.git" "my-project" exited with unsuccessful status ExitStatus(unix_wait_status(32768))
[INFO] [stdout] ```
[INFO] [stdout] command=`cd "/tmp/.tmpKKdswx" && "/opt/rustwide/target/debug/fart" "new" "my-project"`
[INFO] [stdout] code=1
[INFO] [stdout] stdout=``````
[INFO] [stdout] stderr=```Cloning into 'my-project'...
[INFO] [stdout] fatal: unable to access 'https://github.com/fitzgen/fart-template.git/': Could not resolve host: github.com
[INFO] [stdout] Error: command "git" "clone" "https://github.com/fitzgen/fart-template.git" "my-project" exited with unsuccessful status ExitStatus(unix_wait_status(32768))
[INFO] [stdout] ```
[INFO] [stdout] 
[INFO] [stdout] stack backtrace:
[INFO] [stdout]    0:     0x5fc7b1615bba - std::backtrace_rs::backtrace::libunwind::trace::h207520d6e9873551
[INFO] [stdout]                                at /rustc/df4ca44d3fbc9301ee17f30f4d474e6ae4b05252/library/std/src/../../backtrace/src/backtrace/libunwind.rs:116:5
[INFO] [stdout]    1:     0x5fc7b1615bba - std::backtrace_rs::backtrace::trace_unsynchronized::h2ed7433f370e3eca
[INFO] [stdout]                                at /rustc/df4ca44d3fbc9301ee17f30f4d474e6ae4b05252/library/std/src/../../backtrace/src/backtrace/mod.rs:66:5
[INFO] [stdout]    2:     0x5fc7b1615bba - std::sys::backtrace::_print_fmt::h916fac51166b18d7
[INFO] [stdout]                                at /rustc/df4ca44d3fbc9301ee17f30f4d474e6ae4b05252/library/std/src/sys/backtrace.rs:66:9
[INFO] [stdout]    3:     0x5fc7b1615bba - <std::sys::backtrace::BacktraceLock::print::DisplayBacktrace as core::fmt::Display>::fmt::ha0a4c9b8ce3802e6
[INFO] [stdout]                                at /rustc/df4ca44d3fbc9301ee17f30f4d474e6ae4b05252/library/std/src/sys/backtrace.rs:39:26
[INFO] [stdout]    4:     0x5fc7b163e0b3 - core::fmt::rt::Argument::fmt::h4cfc8587d52b3eb5
[INFO] [stdout]                                at /rustc/df4ca44d3fbc9301ee17f30f4d474e6ae4b05252/library/core/src/fmt/rt.rs:177:76
[INFO] [stdout]    5:     0x5fc7b163e0b3 - core::fmt::write::h522cc39e5b36ae9f
[INFO] [stdout]                                at /rustc/df4ca44d3fbc9301ee17f30f4d474e6ae4b05252/library/core/src/fmt/mod.rs:1190:21
[INFO] [stdout]    6:     0x5fc7b1612393 - std::io::Write::write_fmt::h7d3c26752da97734
[INFO] [stdout]                                at /rustc/df4ca44d3fbc9301ee17f30f4d474e6ae4b05252/library/std/src/io/mod.rs:1839:15
[INFO] [stdout]    7:     0x5fc7b1615a02 - std::sys::backtrace::BacktraceLock::print::h4b9e00b29e9c0942
[INFO] [stdout]                                at /rustc/df4ca44d3fbc9301ee17f30f4d474e6ae4b05252/library/std/src/sys/backtrace.rs:42:9
[INFO] [stdout]    8:     0x5fc7b16170ca - std::panicking::default_hook::{{closure}}::hb59b88280d0324d9
[INFO] [stdout]                                at /rustc/df4ca44d3fbc9301ee17f30f4d474e6ae4b05252/library/std/src/panicking.rs:268:22
[INFO] [stdout]    9:     0x5fc7b1616ed4 - std::panicking::default_hook::he1dd496665be4a29
[INFO] [stdout]                                at /rustc/df4ca44d3fbc9301ee17f30f4d474e6ae4b05252/library/std/src/panicking.rs:292:9
[INFO] [stdout]   10:     0x5fc7b158e659 - <alloc::boxed::Box<F,A> as core::ops::function::Fn<Args>>::call::h4ff71de18744e1dc
[INFO] [stdout]                                at /rustc/df4ca44d3fbc9301ee17f30f4d474e6ae4b05252/library/alloc/src/boxed.rs:2468:9
[INFO] [stdout]   11:     0x5fc7b158e659 - test::test_main::{{closure}}::hcf7c055ce117aa81
[INFO] [stdout]                                at /rustc/df4ca44d3fbc9301ee17f30f4d474e6ae4b05252/library/test/src/lib.rs:133:21
[INFO] [stdout]   12:     0x5fc7b16177c8 - <alloc::boxed::Box<F,A> as core::ops::function::Fn<Args>>::call::h1d66c6bbd60c9692
[INFO] [stdout]                                at /rustc/df4ca44d3fbc9301ee17f30f4d474e6ae4b05252/library/alloc/src/boxed.rs:2468:9
[INFO] [stdout]   13:     0x5fc7b16177c8 - std::panicking::rust_panic_with_hook::h2ff17fe8f26dfcf8
[INFO] [stdout]                                at /rustc/df4ca44d3fbc9301ee17f30f4d474e6ae4b05252/library/std/src/panicking.rs:809:13
[INFO] [stdout]   14:     0x5fc7b161758a - std::panicking::begin_panic_handler::{{closure}}::h4fad77951c07e101
[INFO] [stdout]                                at /rustc/df4ca44d3fbc9301ee17f30f4d474e6ae4b05252/library/std/src/panicking.rs:674:13
[INFO] [stdout]   15:     0x5fc7b1616099 - std::sys::backtrace::__rust_end_short_backtrace::hb1a25b3da5d0ea08
[INFO] [stdout]                                at /rustc/df4ca44d3fbc9301ee17f30f4d474e6ae4b05252/library/std/src/sys/backtrace.rs:170:18
[INFO] [stdout]   16:     0x5fc7b161721c - rust_begin_unwind
[INFO] [stdout]                                at /rustc/df4ca44d3fbc9301ee17f30f4d474e6ae4b05252/library/std/src/panicking.rs:665:5
[INFO] [stdout]   17:     0x5fc7b163c760 - core::panicking::panic_fmt::ha9db07b529f9b256
[INFO] [stdout]                                at /rustc/df4ca44d3fbc9301ee17f30f4d474e6ae4b05252/library/core/src/panicking.rs:75:14
[INFO] [stdout]   18:     0x5fc7b15d43d7 - assert_cmd::assert::Assert::success::h68bf16d95f4ca153
[INFO] [stdout]                                at /opt/rustwide/cargo-home/registry/src/index.crates.io-6f17d22bba15001f/assert_cmd-0.12.0/src/assert.rs:154:13
[INFO] [stdout]   19:     0x5fc7b1554274 - cli::new::h4125567424e2196b
[INFO] [stdout]                                at /opt/rustwide/workdir/tests/cli.rs:17:5
[INFO] [stdout]   20:     0x5fc7b1554047 - cli::new::{{closure}}::h26d7e7a4b3f8f53e
[INFO] [stdout]                                at /opt/rustwide/workdir/tests/cli.rs:15:9
[INFO] [stdout]   21:     0x5fc7b1552f66 - core::ops::function::FnOnce::call_once::h23fc3332701ebdd0
[INFO] [stdout]                                at /rustc/df4ca44d3fbc9301ee17f30f4d474e6ae4b05252/library/core/src/ops/function.rs:250:5
[INFO] [stdout]   22:     0x5fc7b1592f2b - core::ops::function::FnOnce::call_once::h22c3ba5715e93f05
[INFO] [stdout]                                at /rustc/df4ca44d3fbc9301ee17f30f4d474e6ae4b05252/library/core/src/ops/function.rs:250:5
[INFO] [stdout]   23:     0x5fc7b1592f2b - test::__rust_begin_short_backtrace::h8e82d8113d0da17f
[INFO] [stdout]                                at /rustc/df4ca44d3fbc9301ee17f30f4d474e6ae4b05252/library/test/src/lib.rs:621:18
[INFO] [stdout]   24:     0x5fc7b15928a7 - test::run_test_in_process::{{closure}}::h33235f4f20b7b7c7
[INFO] [stdout]                                at /rustc/df4ca44d3fbc9301ee17f30f4d474e6ae4b05252/library/test/src/lib.rs:644:60
[INFO] [stdout]   25:     0x5fc7b15928a7 - <core::panic::unwind_safe::AssertUnwindSafe<F> as core::ops::function::FnOnce<()>>::call_once::hb5043206310c586f
[INFO] [stdout]                                at /rustc/df4ca44d3fbc9301ee17f30f4d474e6ae4b05252/library/core/src/panic/unwind_safe.rs:272:9
[INFO] [stdout]   26:     0x5fc7b15928a7 - std::panicking::try::do_call::h9ad4731a60ab23e2
[INFO] [stdout]                                at /rustc/df4ca44d3fbc9301ee17f30f4d474e6ae4b05252/library/std/src/panicking.rs:557:40
[INFO] [stdout]   27:     0x5fc7b15928a7 - std::panicking::try::h3824d23db772a716
[INFO] [stdout]                                at /rustc/df4ca44d3fbc9301ee17f30f4d474e6ae4b05252/library/std/src/panicking.rs:520:19
[INFO] [stdout]   28:     0x5fc7b15928a7 - std::panic::catch_unwind::h5afd514605fde46b
[INFO] [stdout]                                at /rustc/df4ca44d3fbc9301ee17f30f4d474e6ae4b05252/library/std/src/panic.rs:358:14
[INFO] [stdout]   29:     0x5fc7b15928a7 - test::run_test_in_process::h0d5cbfa7067d1720
[INFO] [stdout]                                at /rustc/df4ca44d3fbc9301ee17f30f4d474e6ae4b05252/library/test/src/lib.rs:644:27
[INFO] [stdout]   30:     0x5fc7b15928a7 - test::run_test::{{closure}}::h708eb8872708115d
[INFO] [stdout]                                at /rustc/df4ca44d3fbc9301ee17f30f4d474e6ae4b05252/library/test/src/lib.rs:565:43
[INFO] [stdout]   31:     0x5fc7b1555fc4 - test::run_test::{{closure}}::h392c51cee94713ab
[INFO] [stdout]                                at /rustc/df4ca44d3fbc9301ee17f30f4d474e6ae4b05252/library/test/src/lib.rs:595:41
[INFO] [stdout]   32:     0x5fc7b1555fc4 - std::sys::backtrace::__rust_begin_short_backtrace::h2f40290710935a8b
[INFO] [stdout]                                at /rustc/df4ca44d3fbc9301ee17f30f4d474e6ae4b05252/library/std/src/sys/backtrace.rs:154:18
[INFO] [stdout]   33:     0x5fc7b155976e - std::thread::Builder::spawn_unchecked_::{{closure}}::{{closure}}::h3fd968d89053a903
[INFO] [stdout]                                at /rustc/df4ca44d3fbc9301ee17f30f4d474e6ae4b05252/library/std/src/thread/mod.rs:541:17
[INFO] [stdout]   34:     0x5fc7b155976e - <core::panic::unwind_safe::AssertUnwindSafe<F> as core::ops::function::FnOnce<()>>::call_once::h743f637ba4229880
[INFO] [stdout]                                at /rustc/df4ca44d3fbc9301ee17f30f4d474e6ae4b05252/library/core/src/panic/unwind_safe.rs:272:9
[INFO] [stdout]   35:     0x5fc7b155976e - std::panicking::try::do_call::h07440897322525a6
[INFO] [stdout]                                at /rustc/df4ca44d3fbc9301ee17f30f4d474e6ae4b05252/library/std/src/panicking.rs:557:40
[INFO] [stdout]   36:     0x5fc7b155976e - std::panicking::try::he5a2e00188156637
[INFO] [stdout]                                at /rustc/df4ca44d3fbc9301ee17f30f4d474e6ae4b05252/library/std/src/panicking.rs:520:19
[INFO] [stdout]   37:     0x5fc7b155976e - std::panic::catch_unwind::hbaf3cae49b3c6433
[INFO] [stdout]                                at /rustc/df4ca44d3fbc9301ee17f30f4d474e6ae4b05252/library/std/src/panic.rs:358:14
[INFO] [stdout]   38:     0x5fc7b155976e - std::thread::Builder::spawn_unchecked_::{{closure}}::h8e141ea224820bce
[INFO] [stdout]                                at /rustc/df4ca44d3fbc9301ee17f30f4d474e6ae4b05252/library/std/src/thread/mod.rs:540:30
[INFO] [stdout]   39:     0x5fc7b155976e - core::ops::function::FnOnce::call_once{{vtable.shim}}::h90d312fedd7b8ea8
[INFO] [stdout]                                at /rustc/df4ca44d3fbc9301ee17f30f4d474e6ae4b05252/library/core/src/ops/function.rs:250:5
[INFO] [stdout]   40:     0x5fc7b161ca1b - <alloc::boxed::Box<F,A> as core::ops::function::FnOnce<Args>>::call_once::h69aa08ddb6adb8b6
[INFO] [stdout]                                at /rustc/df4ca44d3fbc9301ee17f30f4d474e6ae4b05252/library/alloc/src/boxed.rs:2454:9
[INFO] [stdout]   41:     0x5fc7b161ca1b - <alloc::boxed::Box<F,A> as core::ops::function::FnOnce<Args>>::call_once::h5aa36efdb79c806f
[INFO] [stdout]                                at /rustc/df4ca44d3fbc9301ee17f30f4d474e6ae4b05252/library/alloc/src/boxed.rs:2454:9
[INFO] [stdout]   42:     0x5fc7b161ca1b - std::sys::pal::unix::thread::Thread::new::thread_start::h6cd80a1b4be5158d
[INFO] [stdout]                                at /rustc/df4ca44d3fbc9301ee17f30f4d474e6ae4b05252/library/std/src/sys/pal/unix/thread.rs:105:17
[INFO] [stdout]   43:     0x7f47620dbac3 - <unknown>
[INFO] [stdout]   44:     0x7f476216ca04 - clone
[INFO] [stdout]   45:                0x0 - <unknown>
[INFO] [stdout] 
[INFO] [stdout] 
[INFO] [stdout] failures:
[INFO] [stdout]     new
[INFO] [stdout] 
[INFO] [stdout] test result: FAILED. 1 passed; 1 failed; 0 ignored; 0 measured; 0 filtered out; finished in 0.13s
[INFO] [stdout] 
[INFO] [stderr] error: test failed, to rerun pass `--test cli`
[INFO] running `Command { std: "docker" "inspect" "4fba860a98026e90cf029679fc61716391f3f471b127c43fac4f62fa14beee2c", kill_on_drop: false }`
[INFO] running `Command { std: "docker" "rm" "-f" "4fba860a98026e90cf029679fc61716391f3f471b127c43fac4f62fa14beee2c", kill_on_drop: false }`
[INFO] [stdout] 4fba860a98026e90cf029679fc61716391f3f471b127c43fac4f62fa14beee2c
