[INFO] fetching crate extabs 1.0.3...
[INFO] testing extabs-1.0.3 against nightly-2024-10-28 for randomize-layout
[INFO] extracting crate extabs 1.0.3 into /workspace/builds/worker-3-tc1/source
[INFO] validating manifest of crates.io crate extabs 1.0.3 on toolchain nightly-2024-10-28
[INFO] running `Command { std: CARGO_HOME="/workspace/cargo-home" RUSTUP_HOME="/workspace/rustup-home" "/workspace/cargo-home/bin/cargo" "+nightly-2024-10-28" "metadata" "--manifest-path" "Cargo.toml" "--no-deps", kill_on_drop: false }`
[INFO] started tweaking crates.io crate extabs 1.0.3
[INFO] finished tweaking crates.io crate extabs 1.0.3
[INFO] tweaked toml for crates.io crate extabs 1.0.3 written to /workspace/builds/worker-3-tc1/source/Cargo.toml
[INFO] running `Command { std: CARGO_HOME="/workspace/cargo-home" RUSTUP_HOME="/workspace/rustup-home" "/workspace/cargo-home/bin/cargo" "+nightly-2024-10-28" "generate-lockfile" "--manifest-path" "Cargo.toml", kill_on_drop: false }`
[INFO] running `Command { std: CARGO_HOME="/workspace/cargo-home" RUSTUP_HOME="/workspace/rustup-home" "/workspace/cargo-home/bin/cargo" "+nightly-2024-10-28" "fetch" "--manifest-path" "Cargo.toml", kill_on_drop: false }`
[INFO] running `Command { std: "docker" "create" "-v" "/var/lib/crater-agent-workspace/builds/worker-3-tc1/target:/opt/rustwide/target:rw,Z" "-v" "/var/lib/crater-agent-workspace/builds/worker-3-tc1/source:/opt/rustwide/workdir:ro,Z" "-v" "/var/lib/crater-agent-workspace/cargo-home:/opt/rustwide/cargo-home:ro,Z" "-v" "/var/lib/crater-agent-workspace/rustup-home:/opt/rustwide/rustup-home:ro,Z" "-e" "SOURCE_DIR=/opt/rustwide/workdir" "-e" "CARGO_TARGET_DIR=/opt/rustwide/target" "-e" "CARGO_HOME=/opt/rustwide/cargo-home" "-e" "RUSTUP_HOME=/opt/rustwide/rustup-home" "-w" "/opt/rustwide/workdir" "-m" "1610612736" "--user" "0:0" "--network" "none" "ghcr.io/rust-lang/crates-build-env/linux@sha256:4a844ea9eb2546a2d2c7022eacef16ef2e8229c7fbb2c7d4d55a9ceca922f72d" "/opt/rustwide/cargo-home/bin/cargo" "+nightly-2024-10-28" "metadata" "--no-deps" "--format-version=1", kill_on_drop: false }`
[INFO] [stdout] cc824e79690632f4e4dba996aa728ceda66fe0dfd006aaffd2155d86adf26ce8
[INFO] running `Command { std: "docker" "start" "-a" "cc824e79690632f4e4dba996aa728ceda66fe0dfd006aaffd2155d86adf26ce8", kill_on_drop: false }`
[INFO] running `Command { std: "docker" "inspect" "cc824e79690632f4e4dba996aa728ceda66fe0dfd006aaffd2155d86adf26ce8", kill_on_drop: false }`
[INFO] running `Command { std: "docker" "rm" "-f" "cc824e79690632f4e4dba996aa728ceda66fe0dfd006aaffd2155d86adf26ce8", kill_on_drop: false }`
[INFO] [stdout] cc824e79690632f4e4dba996aa728ceda66fe0dfd006aaffd2155d86adf26ce8
[INFO] running `Command { std: "docker" "create" "-v" "/var/lib/crater-agent-workspace/builds/worker-3-tc1/target:/opt/rustwide/target:rw,Z" "-v" "/var/lib/crater-agent-workspace/builds/worker-3-tc1/source:/opt/rustwide/workdir:ro,Z" "-v" "/var/lib/crater-agent-workspace/cargo-home:/opt/rustwide/cargo-home:ro,Z" "-v" "/var/lib/crater-agent-workspace/rustup-home:/opt/rustwide/rustup-home:ro,Z" "-e" "SOURCE_DIR=/opt/rustwide/workdir" "-e" "CARGO_TARGET_DIR=/opt/rustwide/target" "-e" "CARGO_INCREMENTAL=0" "-e" "RUST_BACKTRACE=full" "-e" "RUSTFLAGS=--cap-lints=forbid" "-e" "RUSTDOCFLAGS=--cap-lints=forbid" "-e" "CARGO_HOME=/opt/rustwide/cargo-home" "-e" "RUSTUP_HOME=/opt/rustwide/rustup-home" "-w" "/opt/rustwide/workdir" "-m" "1610612736" "--user" "0:0" "--network" "none" "ghcr.io/rust-lang/crates-build-env/linux@sha256:4a844ea9eb2546a2d2c7022eacef16ef2e8229c7fbb2c7d4d55a9ceca922f72d" "/opt/rustwide/cargo-home/bin/cargo" "+nightly-2024-10-28" "build" "--frozen" "--message-format=json", kill_on_drop: false }`
[INFO] [stdout] d8251eb226acdc93bfe98ddd9727a84d6c3e26f629c8ec6a3a322d16f4bcbed3
[INFO] running `Command { std: "docker" "start" "-a" "d8251eb226acdc93bfe98ddd9727a84d6c3e26f629c8ec6a3a322d16f4bcbed3", kill_on_drop: false }`
[INFO] [stderr]    Compiling extabs v1.0.3 (/opt/rustwide/workdir)
[INFO] [stderr]     Finished `dev` profile [unoptimized + debuginfo] target(s) in 0.16s
[INFO] running `Command { std: "docker" "inspect" "d8251eb226acdc93bfe98ddd9727a84d6c3e26f629c8ec6a3a322d16f4bcbed3", kill_on_drop: false }`
[INFO] running `Command { std: "docker" "rm" "-f" "d8251eb226acdc93bfe98ddd9727a84d6c3e26f629c8ec6a3a322d16f4bcbed3", kill_on_drop: false }`
[INFO] [stdout] d8251eb226acdc93bfe98ddd9727a84d6c3e26f629c8ec6a3a322d16f4bcbed3
[INFO] running `Command { std: "docker" "create" "-v" "/var/lib/crater-agent-workspace/builds/worker-3-tc1/target:/opt/rustwide/target:rw,Z" "-v" "/var/lib/crater-agent-workspace/builds/worker-3-tc1/source:/opt/rustwide/workdir:ro,Z" "-v" "/var/lib/crater-agent-workspace/cargo-home:/opt/rustwide/cargo-home:ro,Z" "-v" "/var/lib/crater-agent-workspace/rustup-home:/opt/rustwide/rustup-home:ro,Z" "-e" "SOURCE_DIR=/opt/rustwide/workdir" "-e" "CARGO_TARGET_DIR=/opt/rustwide/target" "-e" "CARGO_INCREMENTAL=0" "-e" "RUST_BACKTRACE=full" "-e" "RUSTFLAGS=--cap-lints=forbid" "-e" "RUSTDOCFLAGS=--cap-lints=forbid" "-e" "CARGO_HOME=/opt/rustwide/cargo-home" "-e" "RUSTUP_HOME=/opt/rustwide/rustup-home" "-w" "/opt/rustwide/workdir" "-m" "1610612736" "--user" "0:0" "--network" "none" "ghcr.io/rust-lang/crates-build-env/linux@sha256:4a844ea9eb2546a2d2c7022eacef16ef2e8229c7fbb2c7d4d55a9ceca922f72d" "/opt/rustwide/cargo-home/bin/cargo" "+nightly-2024-10-28" "test" "--frozen" "--no-run" "--message-format=json", kill_on_drop: false }`
[INFO] [stdout] 24f5bfde279a5d6785029e97082d1e8e7cc57c830876e5e31bf0a397801c71f5
[INFO] running `Command { std: "docker" "start" "-a" "24f5bfde279a5d6785029e97082d1e8e7cc57c830876e5e31bf0a397801c71f5", kill_on_drop: false }`
[INFO] [stderr]    Compiling extabs v1.0.3 (/opt/rustwide/workdir)
[INFO] [stderr]     Finished `test` profile [unoptimized + debuginfo] target(s) in 0.24s
[INFO] running `Command { std: "docker" "inspect" "24f5bfde279a5d6785029e97082d1e8e7cc57c830876e5e31bf0a397801c71f5", kill_on_drop: false }`
[INFO] running `Command { std: "docker" "rm" "-f" "24f5bfde279a5d6785029e97082d1e8e7cc57c830876e5e31bf0a397801c71f5", kill_on_drop: false }`
[INFO] [stdout] 24f5bfde279a5d6785029e97082d1e8e7cc57c830876e5e31bf0a397801c71f5
[INFO] running `Command { std: "docker" "create" "-v" "/var/lib/crater-agent-workspace/builds/worker-3-tc1/target:/opt/rustwide/target:rw,Z" "-v" "/var/lib/crater-agent-workspace/builds/worker-3-tc1/source:/opt/rustwide/workdir:ro,Z" "-v" "/var/lib/crater-agent-workspace/cargo-home:/opt/rustwide/cargo-home:ro,Z" "-v" "/var/lib/crater-agent-workspace/rustup-home:/opt/rustwide/rustup-home:ro,Z" "-e" "SOURCE_DIR=/opt/rustwide/workdir" "-e" "CARGO_TARGET_DIR=/opt/rustwide/target" "-e" "CARGO_INCREMENTAL=0" "-e" "RUST_BACKTRACE=full" "-e" "RUSTFLAGS=--cap-lints=forbid" "-e" "RUSTDOCFLAGS=--cap-lints=forbid" "-e" "CARGO_HOME=/opt/rustwide/cargo-home" "-e" "RUSTUP_HOME=/opt/rustwide/rustup-home" "-w" "/opt/rustwide/workdir" "-m" "1610612736" "--user" "0:0" "--network" "none" "ghcr.io/rust-lang/crates-build-env/linux@sha256:4a844ea9eb2546a2d2c7022eacef16ef2e8229c7fbb2c7d4d55a9ceca922f72d" "/opt/rustwide/cargo-home/bin/cargo" "+nightly-2024-10-28" "test" "--frozen", kill_on_drop: false }`
[INFO] [stdout] 88536f9629cd51e609274c803f32e1ec23e6eb5364d4b5ad17c5cffe514d7e4f
[INFO] running `Command { std: "docker" "start" "-a" "88536f9629cd51e609274c803f32e1ec23e6eb5364d4b5ad17c5cffe514d7e4f", kill_on_drop: false }`
[INFO] [stderr]     Finished `test` profile [unoptimized + debuginfo] target(s) in 0.02s
[INFO] [stderr]      Running unittests src/lib.rs (/opt/rustwide/target/debug/deps/extabs-81a57fbd03e6fc62)
[INFO] [stdout] 
[INFO] [stdout] running 0 tests
[INFO] [stdout] 
[INFO] [stdout] test result: ok. 0 passed; 0 failed; 0 ignored; 0 measured; 0 filtered out; finished in 0.00s
[INFO] [stdout] 
[INFO] [stderr]    Doc-tests extabs
[INFO] [stdout] 
[INFO] [stdout] running 1 test
[INFO] [stdout] test src/lib.rs - String::expandtabs (line 21) ... FAILED
[INFO] [stdout] 
[INFO] [stdout] failures:
[INFO] [stdout] 
[INFO] [stdout] ---- src/lib.rs - String::expandtabs (line 21) stdout ----
[INFO] [stdout] error[E0599]: no method named `expandtabs` found for struct `String` in the current scope
[INFO] [stdout]  --> src/lib.rs:23:18
[INFO] [stdout]   |
[INFO] [stdout] 4 | let expanded = s.expandtabs(4);
[INFO] [stdout]   |                  ^^^^^^^^^^ method not found in `String`
[INFO] [stdout] 
[INFO] [stdout] error: aborting due to 1 previous error
[INFO] [stdout] 
[INFO] [stdout] For more information about this error, try `rustc --explain E0599`.
[INFO] [stdout] Couldn't compile the test.
[INFO] [stdout] 
[INFO] [stdout] failures:
[INFO] [stdout]     src/lib.rs - String::expandtabs (line 21)
[INFO] [stdout] 
[INFO] [stdout] test result: FAILED. 0 passed; 1 failed; 0 ignored; 0 measured; 0 filtered out; finished in 0.08s
[INFO] [stdout] 
[INFO] [stderr] error: doctest failed, to rerun pass `--doc`
[INFO] running `Command { std: "docker" "inspect" "88536f9629cd51e609274c803f32e1ec23e6eb5364d4b5ad17c5cffe514d7e4f", kill_on_drop: false }`
[INFO] running `Command { std: "docker" "rm" "-f" "88536f9629cd51e609274c803f32e1ec23e6eb5364d4b5ad17c5cffe514d7e4f", kill_on_drop: false }`
[INFO] [stdout] 88536f9629cd51e609274c803f32e1ec23e6eb5364d4b5ad17c5cffe514d7e4f
