[INFO] fetching crate express-rs 0.0.5...
[INFO] testing express-rs-0.0.5 against nightly-2024-10-28 for randomize-layout
[INFO] extracting crate express-rs 0.0.5 into /workspace/builds/worker-3-tc1/source
[INFO] validating manifest of crates.io crate express-rs 0.0.5 on toolchain nightly-2024-10-28
[INFO] running `Command { std: CARGO_HOME="/workspace/cargo-home" RUSTUP_HOME="/workspace/rustup-home" "/workspace/cargo-home/bin/cargo" "+nightly-2024-10-28" "metadata" "--manifest-path" "Cargo.toml" "--no-deps", kill_on_drop: false }`
[INFO] started tweaking crates.io crate express-rs 0.0.5
[INFO] removed 0 missing examples
[INFO] finished tweaking crates.io crate express-rs 0.0.5
[INFO] tweaked toml for crates.io crate express-rs 0.0.5 written to /workspace/builds/worker-3-tc1/source/Cargo.toml
[INFO] crate crates.io crate express-rs 0.0.5 already has a lockfile, it will not be regenerated
[INFO] running `Command { std: CARGO_HOME="/workspace/cargo-home" RUSTUP_HOME="/workspace/rustup-home" "/workspace/cargo-home/bin/cargo" "+nightly-2024-10-28" "fetch" "--manifest-path" "Cargo.toml", kill_on_drop: false }`
[INFO] running `Command { std: "docker" "create" "-v" "/var/lib/crater-agent-workspace/builds/worker-3-tc1/target:/opt/rustwide/target:rw,Z" "-v" "/var/lib/crater-agent-workspace/builds/worker-3-tc1/source:/opt/rustwide/workdir:ro,Z" "-v" "/var/lib/crater-agent-workspace/cargo-home:/opt/rustwide/cargo-home:ro,Z" "-v" "/var/lib/crater-agent-workspace/rustup-home:/opt/rustwide/rustup-home:ro,Z" "-e" "SOURCE_DIR=/opt/rustwide/workdir" "-e" "CARGO_TARGET_DIR=/opt/rustwide/target" "-e" "CARGO_HOME=/opt/rustwide/cargo-home" "-e" "RUSTUP_HOME=/opt/rustwide/rustup-home" "-w" "/opt/rustwide/workdir" "-m" "1610612736" "--user" "0:0" "--network" "none" "ghcr.io/rust-lang/crates-build-env/linux@sha256:4a844ea9eb2546a2d2c7022eacef16ef2e8229c7fbb2c7d4d55a9ceca922f72d" "/opt/rustwide/cargo-home/bin/cargo" "+nightly-2024-10-28" "metadata" "--no-deps" "--format-version=1", kill_on_drop: false }`
[INFO] [stdout] 6e0deb5e185e20c18b6de06c7f41094ab70675af652e31624bc91cc0968e07f1
[INFO] running `Command { std: "docker" "start" "-a" "6e0deb5e185e20c18b6de06c7f41094ab70675af652e31624bc91cc0968e07f1", kill_on_drop: false }`
[INFO] running `Command { std: "docker" "inspect" "6e0deb5e185e20c18b6de06c7f41094ab70675af652e31624bc91cc0968e07f1", kill_on_drop: false }`
[INFO] running `Command { std: "docker" "rm" "-f" "6e0deb5e185e20c18b6de06c7f41094ab70675af652e31624bc91cc0968e07f1", kill_on_drop: false }`
[INFO] [stdout] 6e0deb5e185e20c18b6de06c7f41094ab70675af652e31624bc91cc0968e07f1
[INFO] running `Command { std: "docker" "create" "-v" "/var/lib/crater-agent-workspace/builds/worker-3-tc1/target:/opt/rustwide/target:rw,Z" "-v" "/var/lib/crater-agent-workspace/builds/worker-3-tc1/source:/opt/rustwide/workdir:ro,Z" "-v" "/var/lib/crater-agent-workspace/cargo-home:/opt/rustwide/cargo-home:ro,Z" "-v" "/var/lib/crater-agent-workspace/rustup-home:/opt/rustwide/rustup-home:ro,Z" "-e" "SOURCE_DIR=/opt/rustwide/workdir" "-e" "CARGO_TARGET_DIR=/opt/rustwide/target" "-e" "CARGO_INCREMENTAL=0" "-e" "RUST_BACKTRACE=full" "-e" "RUSTFLAGS=--cap-lints=forbid" "-e" "RUSTDOCFLAGS=--cap-lints=forbid" "-e" "CARGO_HOME=/opt/rustwide/cargo-home" "-e" "RUSTUP_HOME=/opt/rustwide/rustup-home" "-w" "/opt/rustwide/workdir" "-m" "1610612736" "--user" "0:0" "--network" "none" "ghcr.io/rust-lang/crates-build-env/linux@sha256:4a844ea9eb2546a2d2c7022eacef16ef2e8229c7fbb2c7d4d55a9ceca922f72d" "/opt/rustwide/cargo-home/bin/cargo" "+nightly-2024-10-28" "build" "--frozen" "--message-format=json", kill_on_drop: false }`
[INFO] [stdout] b2325f325e97aac3eb5f1f6a5c3b363887331fe8c48f060e11633f138c631702
[INFO] running `Command { std: "docker" "start" "-a" "b2325f325e97aac3eb5f1f6a5c3b363887331fe8c48f060e11633f138c631702", kill_on_drop: false }`
[INFO] [stderr]    Compiling express-rs v0.0.5 (/opt/rustwide/workdir)
[INFO] [stderr]     Finished `dev` profile [unoptimized + debuginfo] target(s) in 0.17s
[INFO] running `Command { std: "docker" "inspect" "b2325f325e97aac3eb5f1f6a5c3b363887331fe8c48f060e11633f138c631702", kill_on_drop: false }`
[INFO] running `Command { std: "docker" "rm" "-f" "b2325f325e97aac3eb5f1f6a5c3b363887331fe8c48f060e11633f138c631702", kill_on_drop: false }`
[INFO] [stdout] b2325f325e97aac3eb5f1f6a5c3b363887331fe8c48f060e11633f138c631702
[INFO] running `Command { std: "docker" "create" "-v" "/var/lib/crater-agent-workspace/builds/worker-3-tc1/target:/opt/rustwide/target:rw,Z" "-v" "/var/lib/crater-agent-workspace/builds/worker-3-tc1/source:/opt/rustwide/workdir:ro,Z" "-v" "/var/lib/crater-agent-workspace/cargo-home:/opt/rustwide/cargo-home:ro,Z" "-v" "/var/lib/crater-agent-workspace/rustup-home:/opt/rustwide/rustup-home:ro,Z" "-e" "SOURCE_DIR=/opt/rustwide/workdir" "-e" "CARGO_TARGET_DIR=/opt/rustwide/target" "-e" "CARGO_INCREMENTAL=0" "-e" "RUST_BACKTRACE=full" "-e" "RUSTFLAGS=--cap-lints=forbid" "-e" "RUSTDOCFLAGS=--cap-lints=forbid" "-e" "CARGO_HOME=/opt/rustwide/cargo-home" "-e" "RUSTUP_HOME=/opt/rustwide/rustup-home" "-w" "/opt/rustwide/workdir" "-m" "1610612736" "--user" "0:0" "--network" "none" "ghcr.io/rust-lang/crates-build-env/linux@sha256:4a844ea9eb2546a2d2c7022eacef16ef2e8229c7fbb2c7d4d55a9ceca922f72d" "/opt/rustwide/cargo-home/bin/cargo" "+nightly-2024-10-28" "test" "--frozen" "--no-run" "--message-format=json", kill_on_drop: false }`
[INFO] [stdout] ec54d4588a7629c4dcf631ffa34c310d53090a84391951fdd59aa2def7cb7f88
[INFO] running `Command { std: "docker" "start" "-a" "ec54d4588a7629c4dcf631ffa34c310d53090a84391951fdd59aa2def7cb7f88", kill_on_drop: false }`
[INFO] [stderr]    Compiling express-rs v0.0.5 (/opt/rustwide/workdir)
[INFO] [stderr]     Finished `test` profile [unoptimized + debuginfo] target(s) in 0.27s
[INFO] running `Command { std: "docker" "inspect" "ec54d4588a7629c4dcf631ffa34c310d53090a84391951fdd59aa2def7cb7f88", kill_on_drop: false }`
[INFO] running `Command { std: "docker" "rm" "-f" "ec54d4588a7629c4dcf631ffa34c310d53090a84391951fdd59aa2def7cb7f88", kill_on_drop: false }`
[INFO] [stdout] ec54d4588a7629c4dcf631ffa34c310d53090a84391951fdd59aa2def7cb7f88
[INFO] running `Command { std: "docker" "create" "-v" "/var/lib/crater-agent-workspace/builds/worker-3-tc1/target:/opt/rustwide/target:rw,Z" "-v" "/var/lib/crater-agent-workspace/builds/worker-3-tc1/source:/opt/rustwide/workdir:ro,Z" "-v" "/var/lib/crater-agent-workspace/cargo-home:/opt/rustwide/cargo-home:ro,Z" "-v" "/var/lib/crater-agent-workspace/rustup-home:/opt/rustwide/rustup-home:ro,Z" "-e" "SOURCE_DIR=/opt/rustwide/workdir" "-e" "CARGO_TARGET_DIR=/opt/rustwide/target" "-e" "CARGO_INCREMENTAL=0" "-e" "RUST_BACKTRACE=full" "-e" "RUSTFLAGS=--cap-lints=forbid" "-e" "RUSTDOCFLAGS=--cap-lints=forbid" "-e" "CARGO_HOME=/opt/rustwide/cargo-home" "-e" "RUSTUP_HOME=/opt/rustwide/rustup-home" "-w" "/opt/rustwide/workdir" "-m" "1610612736" "--user" "0:0" "--network" "none" "ghcr.io/rust-lang/crates-build-env/linux@sha256:4a844ea9eb2546a2d2c7022eacef16ef2e8229c7fbb2c7d4d55a9ceca922f72d" "/opt/rustwide/cargo-home/bin/cargo" "+nightly-2024-10-28" "test" "--frozen", kill_on_drop: false }`
[INFO] [stdout] 4b049cd3381c6924b7da310aca36e426874bc96662980f74c14ae2f5c8b62ffc
[INFO] running `Command { std: "docker" "start" "-a" "4b049cd3381c6924b7da310aca36e426874bc96662980f74c14ae2f5c8b62ffc", kill_on_drop: false }`
[INFO] [stderr]     Finished `test` profile [unoptimized + debuginfo] target(s) in 0.01s
[INFO] [stderr]      Running unittests src/lib.rs (/opt/rustwide/target/debug/deps/express_rs-09803f5dae2a13f3)
[INFO] [stdout] 
[INFO] [stdout] running 0 tests
[INFO] [stdout] 
[INFO] [stdout] test result: ok. 0 passed; 0 failed; 0 ignored; 0 measured; 0 filtered out; finished in 0.00s
[INFO] [stdout] 
[INFO] [stderr]      Running tests/http.rs (/opt/rustwide/target/debug/deps/http-baf5ba58fbd81e35)
[INFO] [stdout] 
[INFO] [stdout] running 7 tests
[INFO] [stdout] test tests::request_from_string_headers_invalid ... ok
[INFO] [stdout] test tests::request_from_string_headers_space_after_fieldname ... ok
[INFO] [stdout] test tests::request_from_string_headers_valid ... ok
[INFO] [stdout] test tests::request_from_string_headers_weird_spacing ... ok
[INFO] [stdout] test tests::request_from_string_invalid ... ok
[INFO] [stdout] test tests::request_from_string_valid_no_body ... ok
[INFO] [stdout] test tests::request_from_string_valid_with_body ... ok
[INFO] [stdout] 
[INFO] [stdout] test result: ok. 7 passed; 0 failed; 0 ignored; 0 measured; 0 filtered out; finished in 0.00s
[INFO] [stdout] 
[INFO] [stderr]      Running tests/test_lib.rs (/opt/rustwide/target/debug/deps/test_lib-757d52db6deaaa4f)
[INFO] [stdout] 
[INFO] [stdout] running 2 tests
[INFO] [stdout] test tests::port_out_of_range_min - should panic ... ok
[INFO] [stdout] test tests::process_running ... ok
[INFO] [stdout] 
[INFO] [stdout] test result: ok. 2 passed; 0 failed; 0 ignored; 0 measured; 0 filtered out; finished in 1.00s
[INFO] [stdout] 
[INFO] [stderr]    Doc-tests express_rs
[INFO] [stdout] 
[INFO] [stdout] running 2 tests
[INFO] [stdout] test src/lib.rs - define_method (line 17) ... FAILED
[INFO] [stdout] test src/http.rs - http::Response::status (line 157) ... ok
[INFO] [stdout] 
[INFO] [stdout] failures:
[INFO] [stdout] 
[INFO] [stdout] ---- src/lib.rs - define_method (line 17) stdout ----
[INFO] [stdout] error: cannot find macro `define_method` in this scope
[INFO] [stdout]  --> src/lib.rs:18:1
[INFO] [stdout]   |
[INFO] [stdout] 3 | define_method!(get, Method::GET);
[INFO] [stdout]   | ^^^^^^^^^^^^^
[INFO] [stdout] 
[INFO] [stdout] error[E0425]: cannot find value `app` in this scope
[INFO] [stdout]  --> src/lib.rs:22:1
[INFO] [stdout]   |
[INFO] [stdout] 7 | app.get("/", |req, res| res.send("Hello"))
[INFO] [stdout]   | ^^^ not found in this scope
[INFO] [stdout] 
[INFO] [stdout] error: aborting due to 2 previous errors
[INFO] [stdout] 
[INFO] [stdout] For more information about this error, try `rustc --explain E0425`.
[INFO] [stdout] Couldn't compile the test.
[INFO] [stdout] 
[INFO] [stdout] failures:
[INFO] [stdout]     src/lib.rs - define_method (line 17)
[INFO] [stdout] 
[INFO] [stdout] test result: FAILED. 1 passed; 1 failed; 0 ignored; 0 measured; 0 filtered out; finished in 0.08s
[INFO] [stdout] 
[INFO] [stderr] error: doctest failed, to rerun pass `--doc`
[INFO] running `Command { std: "docker" "inspect" "4b049cd3381c6924b7da310aca36e426874bc96662980f74c14ae2f5c8b62ffc", kill_on_drop: false }`
[INFO] running `Command { std: "docker" "rm" "-f" "4b049cd3381c6924b7da310aca36e426874bc96662980f74c14ae2f5c8b62ffc", kill_on_drop: false }`
[INFO] [stdout] 4b049cd3381c6924b7da310aca36e426874bc96662980f74c14ae2f5c8b62ffc
