[INFO] fetching crate excel_xmlwriter 0.1.0...
[INFO] testing excel_xmlwriter-0.1.0 against nightly-2024-10-28 for randomize-layout
[INFO] extracting crate excel_xmlwriter 0.1.0 into /workspace/builds/worker-5-tc1/source
[INFO] validating manifest of crates.io crate excel_xmlwriter 0.1.0 on toolchain nightly-2024-10-28
[INFO] running `Command { std: CARGO_HOME="/workspace/cargo-home" RUSTUP_HOME="/workspace/rustup-home" "/workspace/cargo-home/bin/cargo" "+nightly-2024-10-28" "metadata" "--manifest-path" "Cargo.toml" "--no-deps", kill_on_drop: false }`
[INFO] started tweaking crates.io crate excel_xmlwriter 0.1.0
[INFO] finished tweaking crates.io crate excel_xmlwriter 0.1.0
[INFO] tweaked toml for crates.io crate excel_xmlwriter 0.1.0 written to /workspace/builds/worker-5-tc1/source/Cargo.toml
[INFO] running `Command { std: CARGO_HOME="/workspace/cargo-home" RUSTUP_HOME="/workspace/rustup-home" "/workspace/cargo-home/bin/cargo" "+nightly-2024-10-28" "generate-lockfile" "--manifest-path" "Cargo.toml", kill_on_drop: false }`
[INFO] [stderr]     Updating crates.io index
[INFO] [stderr]      Locking 23 packages to latest compatible versions
[INFO] running `Command { std: CARGO_HOME="/workspace/cargo-home" RUSTUP_HOME="/workspace/rustup-home" "/workspace/cargo-home/bin/cargo" "+nightly-2024-10-28" "fetch" "--manifest-path" "Cargo.toml", kill_on_drop: false }`
[INFO] running `Command { std: "docker" "create" "-v" "/var/lib/crater-agent-workspace/builds/worker-5-tc1/target:/opt/rustwide/target:rw,Z" "-v" "/var/lib/crater-agent-workspace/builds/worker-5-tc1/source:/opt/rustwide/workdir:ro,Z" "-v" "/var/lib/crater-agent-workspace/cargo-home:/opt/rustwide/cargo-home:ro,Z" "-v" "/var/lib/crater-agent-workspace/rustup-home:/opt/rustwide/rustup-home:ro,Z" "-e" "SOURCE_DIR=/opt/rustwide/workdir" "-e" "CARGO_TARGET_DIR=/opt/rustwide/target" "-e" "CARGO_HOME=/opt/rustwide/cargo-home" "-e" "RUSTUP_HOME=/opt/rustwide/rustup-home" "-w" "/opt/rustwide/workdir" "-m" "1610612736" "--user" "0:0" "--network" "none" "ghcr.io/rust-lang/crates-build-env/linux@sha256:4a844ea9eb2546a2d2c7022eacef16ef2e8229c7fbb2c7d4d55a9ceca922f72d" "/opt/rustwide/cargo-home/bin/cargo" "+nightly-2024-10-28" "metadata" "--no-deps" "--format-version=1", kill_on_drop: false }`
[INFO] [stdout] 2f9277354079967ca3f1d4c6d2039bf3c3735af20a2e648a57251bd5ab3ec3bc
[INFO] running `Command { std: "docker" "start" "-a" "2f9277354079967ca3f1d4c6d2039bf3c3735af20a2e648a57251bd5ab3ec3bc", kill_on_drop: false }`
[INFO] running `Command { std: "docker" "inspect" "2f9277354079967ca3f1d4c6d2039bf3c3735af20a2e648a57251bd5ab3ec3bc", kill_on_drop: false }`
[INFO] running `Command { std: "docker" "rm" "-f" "2f9277354079967ca3f1d4c6d2039bf3c3735af20a2e648a57251bd5ab3ec3bc", kill_on_drop: false }`
[INFO] [stdout] 2f9277354079967ca3f1d4c6d2039bf3c3735af20a2e648a57251bd5ab3ec3bc
[INFO] running `Command { std: "docker" "create" "-v" "/var/lib/crater-agent-workspace/builds/worker-5-tc1/target:/opt/rustwide/target:rw,Z" "-v" "/var/lib/crater-agent-workspace/builds/worker-5-tc1/source:/opt/rustwide/workdir:ro,Z" "-v" "/var/lib/crater-agent-workspace/cargo-home:/opt/rustwide/cargo-home:ro,Z" "-v" "/var/lib/crater-agent-workspace/rustup-home:/opt/rustwide/rustup-home:ro,Z" "-e" "SOURCE_DIR=/opt/rustwide/workdir" "-e" "CARGO_TARGET_DIR=/opt/rustwide/target" "-e" "CARGO_INCREMENTAL=0" "-e" "RUST_BACKTRACE=full" "-e" "RUSTFLAGS=--cap-lints=forbid" "-e" "RUSTDOCFLAGS=--cap-lints=forbid" "-e" "CARGO_HOME=/opt/rustwide/cargo-home" "-e" "RUSTUP_HOME=/opt/rustwide/rustup-home" "-w" "/opt/rustwide/workdir" "-m" "1610612736" "--user" "0:0" "--network" "none" "ghcr.io/rust-lang/crates-build-env/linux@sha256:4a844ea9eb2546a2d2c7022eacef16ef2e8229c7fbb2c7d4d55a9ceca922f72d" "/opt/rustwide/cargo-home/bin/cargo" "+nightly-2024-10-28" "build" "--frozen" "--message-format=json", kill_on_drop: false }`
[INFO] [stdout] 38800c23d134051d73d833b2c435d3ccad4f371b95bd8be3ab80cd345c27a297
[INFO] running `Command { std: "docker" "start" "-a" "38800c23d134051d73d833b2c435d3ccad4f371b95bd8be3ab80cd345c27a297", kill_on_drop: false }`
[INFO] [stderr]    Compiling excel_xmlwriter v0.1.0 (/opt/rustwide/workdir)
[INFO] [stderr]     Finished `dev` profile [unoptimized + debuginfo] target(s) in 0.14s
[INFO] running `Command { std: "docker" "inspect" "38800c23d134051d73d833b2c435d3ccad4f371b95bd8be3ab80cd345c27a297", kill_on_drop: false }`
[INFO] running `Command { std: "docker" "rm" "-f" "38800c23d134051d73d833b2c435d3ccad4f371b95bd8be3ab80cd345c27a297", kill_on_drop: false }`
[INFO] [stdout] 38800c23d134051d73d833b2c435d3ccad4f371b95bd8be3ab80cd345c27a297
[INFO] running `Command { std: "docker" "create" "-v" "/var/lib/crater-agent-workspace/builds/worker-5-tc1/target:/opt/rustwide/target:rw,Z" "-v" "/var/lib/crater-agent-workspace/builds/worker-5-tc1/source:/opt/rustwide/workdir:ro,Z" "-v" "/var/lib/crater-agent-workspace/cargo-home:/opt/rustwide/cargo-home:ro,Z" "-v" "/var/lib/crater-agent-workspace/rustup-home:/opt/rustwide/rustup-home:ro,Z" "-e" "SOURCE_DIR=/opt/rustwide/workdir" "-e" "CARGO_TARGET_DIR=/opt/rustwide/target" "-e" "CARGO_INCREMENTAL=0" "-e" "RUST_BACKTRACE=full" "-e" "RUSTFLAGS=--cap-lints=forbid" "-e" "RUSTDOCFLAGS=--cap-lints=forbid" "-e" "CARGO_HOME=/opt/rustwide/cargo-home" "-e" "RUSTUP_HOME=/opt/rustwide/rustup-home" "-w" "/opt/rustwide/workdir" "-m" "1610612736" "--user" "0:0" "--network" "none" "ghcr.io/rust-lang/crates-build-env/linux@sha256:4a844ea9eb2546a2d2c7022eacef16ef2e8229c7fbb2c7d4d55a9ceca922f72d" "/opt/rustwide/cargo-home/bin/cargo" "+nightly-2024-10-28" "test" "--frozen" "--no-run" "--message-format=json", kill_on_drop: false }`
[INFO] [stdout] 5f91d78489fdc2e22eef0bd7e2a3f2368a396b9916bb1d39f99a276d2ad540b4
[INFO] running `Command { std: "docker" "start" "-a" "5f91d78489fdc2e22eef0bd7e2a3f2368a396b9916bb1d39f99a276d2ad540b4", kill_on_drop: false }`
[INFO] [stderr]    Compiling yansi v1.0.1
[INFO] [stderr]    Compiling diff v0.1.13
[INFO] [stderr]    Compiling once_cell v1.20.2
[INFO] [stderr]    Compiling tempfile v3.13.0
[INFO] [stderr]    Compiling pretty_assertions v1.4.1
[INFO] [stderr]    Compiling excel_xmlwriter v0.1.0 (/opt/rustwide/workdir)
[INFO] [stderr]     Finished `test` profile [unoptimized + debuginfo] target(s) in 0.80s
[INFO] running `Command { std: "docker" "inspect" "5f91d78489fdc2e22eef0bd7e2a3f2368a396b9916bb1d39f99a276d2ad540b4", kill_on_drop: false }`
[INFO] running `Command { std: "docker" "rm" "-f" "5f91d78489fdc2e22eef0bd7e2a3f2368a396b9916bb1d39f99a276d2ad540b4", kill_on_drop: false }`
[INFO] [stdout] 5f91d78489fdc2e22eef0bd7e2a3f2368a396b9916bb1d39f99a276d2ad540b4
[INFO] running `Command { std: "docker" "create" "-v" "/var/lib/crater-agent-workspace/builds/worker-5-tc1/target:/opt/rustwide/target:rw,Z" "-v" "/var/lib/crater-agent-workspace/builds/worker-5-tc1/source:/opt/rustwide/workdir:ro,Z" "-v" "/var/lib/crater-agent-workspace/cargo-home:/opt/rustwide/cargo-home:ro,Z" "-v" "/var/lib/crater-agent-workspace/rustup-home:/opt/rustwide/rustup-home:ro,Z" "-e" "SOURCE_DIR=/opt/rustwide/workdir" "-e" "CARGO_TARGET_DIR=/opt/rustwide/target" "-e" "CARGO_INCREMENTAL=0" "-e" "RUST_BACKTRACE=full" "-e" "RUSTFLAGS=--cap-lints=forbid" "-e" "RUSTDOCFLAGS=--cap-lints=forbid" "-e" "CARGO_HOME=/opt/rustwide/cargo-home" "-e" "RUSTUP_HOME=/opt/rustwide/rustup-home" "-w" "/opt/rustwide/workdir" "-m" "1610612736" "--user" "0:0" "--network" "none" "ghcr.io/rust-lang/crates-build-env/linux@sha256:4a844ea9eb2546a2d2c7022eacef16ef2e8229c7fbb2c7d4d55a9ceca922f72d" "/opt/rustwide/cargo-home/bin/cargo" "+nightly-2024-10-28" "test" "--frozen", kill_on_drop: false }`
[INFO] [stdout] 30d4d866b6dbfd850240c9784b6d8f0a1f87e7402d1440ed501c40c06b07c48c
[INFO] running `Command { std: "docker" "start" "-a" "30d4d866b6dbfd850240c9784b6d8f0a1f87e7402d1440ed501c40c06b07c48c", kill_on_drop: false }`
[INFO] [stderr]     Finished `test` profile [unoptimized + debuginfo] target(s) in 0.02s
[INFO] [stderr]      Running unittests src/lib.rs (/opt/rustwide/target/debug/deps/excel_xmlwriter-4be7100caa0437e2)
[INFO] [stdout] 
[INFO] [stdout] running 14 tests
[INFO] [stdout] test tests::test_xml_data_element_with_attributes ... ok
[INFO] [stdout] test tests::test_xml_data_element ... ok
[INFO] [stdout] test tests::test_xml_data_element_with_escapes ... ok
[INFO] [stdout] test tests::test_xml_declaration ... ok
[INFO] [stdout] test tests::test_xml_empty_tag_with_attributes ... ok
[INFO] [stdout] test tests::test_xml_empty_tag ... ok
[INFO] [stdout] test tests::test_xml_end_tag ... ok
[INFO] [stdout] test tests::test_xml_formula_element ... ok
[INFO] [stdout] test tests::test_xml_number_element ... ok
[INFO] [stdout] test tests::test_xml_rich_si_element ... ok
[INFO] [stdout] test tests::test_xml_si_element ... ok
[INFO] [stdout] test tests::test_xml_start_tag ... ok
[INFO] [stdout] test tests::test_xml_start_tag_with_attributes ... ok
[INFO] [stdout] test tests::test_xml_string_element ... ok
[INFO] [stdout] 
[INFO] [stdout] test result: ok. 14 passed; 0 failed; 0 ignored; 0 measured; 0 filtered out; finished in 0.00s
[INFO] [stdout] 
[INFO] [stderr]    Doc-tests excel_xmlwriter
[INFO] [stdout] 
[INFO] [stdout] running 7 tests
[INFO] [stdout] test src/lib.rs - XMLWriter<'a>::xml_end_tag (line 110) ... FAILED
[INFO] [stdout] test src/lib.rs - XMLWriter<'a>::xml_declaration (line 60) ... FAILED
[INFO] [stdout] test src/lib.rs - XMLWriter<'a>::new (line 44) ... FAILED
[INFO] [stdout] test src/lib.rs - XMLWriter<'a>::xml_start_tag (line 83) ... FAILED
[INFO] [stdout] test src/lib.rs - XMLWriter<'a>::xml_data_element (line 157) ... FAILED
[INFO] [stdout] test src/lib.rs - XMLWriter<'a>::xml_empty_tag (line 130) ... FAILED
[INFO] [stdout] test src/lib.rs - (line 10) ... FAILED
[INFO] [stdout] 
[INFO] [stdout] failures:
[INFO] [stdout] 
[INFO] [stdout] ---- src/lib.rs - XMLWriter<'a>::xml_end_tag (line 110) stdout ----
[INFO] [stdout] Test executable failed (exit status: 1).
[INFO] [stdout] 
[INFO] [stdout] stderr:
[INFO] [stdout] Error: Os { code: 30, kind: ReadOnlyFilesystem, message: "Read-only file system" }
[INFO] [stdout] 
[INFO] [stdout] 
[INFO] [stdout] ---- src/lib.rs - XMLWriter<'a>::xml_declaration (line 60) stdout ----
[INFO] [stdout] Test executable failed (exit status: 1).
[INFO] [stdout] 
[INFO] [stdout] stderr:
[INFO] [stdout] Error: Os { code: 30, kind: ReadOnlyFilesystem, message: "Read-only file system" }
[INFO] [stdout] 
[INFO] [stdout] 
[INFO] [stdout] ---- src/lib.rs - XMLWriter<'a>::new (line 44) stdout ----
[INFO] [stdout] Test executable failed (exit status: 1).
[INFO] [stdout] 
[INFO] [stdout] stderr:
[INFO] [stdout] Error: Os { code: 30, kind: ReadOnlyFilesystem, message: "Read-only file system" }
[INFO] [stdout] 
[INFO] [stdout] 
[INFO] [stdout] ---- src/lib.rs - XMLWriter<'a>::xml_start_tag (line 83) stdout ----
[INFO] [stdout] Test executable failed (exit status: 1).
[INFO] [stdout] 
[INFO] [stdout] stderr:
[INFO] [stdout] Error: Os { code: 30, kind: ReadOnlyFilesystem, message: "Read-only file system" }
[INFO] [stdout] 
[INFO] [stdout] 
[INFO] [stdout] ---- src/lib.rs - XMLWriter<'a>::xml_data_element (line 157) stdout ----
[INFO] [stdout] Test executable failed (exit status: 1).
[INFO] [stdout] 
[INFO] [stdout] stderr:
[INFO] [stdout] Error: Os { code: 30, kind: ReadOnlyFilesystem, message: "Read-only file system" }
[INFO] [stdout] 
[INFO] [stdout] 
[INFO] [stdout] ---- src/lib.rs - XMLWriter<'a>::xml_empty_tag (line 130) stdout ----
[INFO] [stdout] Test executable failed (exit status: 1).
[INFO] [stdout] 
[INFO] [stdout] stderr:
[INFO] [stdout] Error: Os { code: 30, kind: ReadOnlyFilesystem, message: "Read-only file system" }
[INFO] [stdout] 
[INFO] [stdout] 
[INFO] [stdout] ---- src/lib.rs - (line 10) stdout ----
[INFO] [stdout] Test executable failed (exit status: 1).
[INFO] [stdout] 
[INFO] [stdout] stderr:
[INFO] [stdout] Error: Os { code: 30, kind: ReadOnlyFilesystem, message: "Read-only file system" }
[INFO] [stdout] 
[INFO] [stdout] 
[INFO] [stdout] 
[INFO] [stdout] failures:
[INFO] [stdout]     src/lib.rs - (line 10)
[INFO] [stdout]     src/lib.rs - XMLWriter<'a>::new (line 44)
[INFO] [stdout]     src/lib.rs - XMLWriter<'a>::xml_data_element (line 157)
[INFO] [stdout]     src/lib.rs - XMLWriter<'a>::xml_declaration (line 60)
[INFO] [stdout]     src/lib.rs - XMLWriter<'a>::xml_empty_tag (line 130)
[INFO] [stdout]     src/lib.rs - XMLWriter<'a>::xml_end_tag (line 110)
[INFO] [stdout]     src/lib.rs - XMLWriter<'a>::xml_start_tag (line 83)
[INFO] [stdout] 
[INFO] [stdout] test result: FAILED. 0 passed; 7 failed; 0 ignored; 0 measured; 0 filtered out; finished in 0.14s
[INFO] [stdout] 
[INFO] [stderr] error: doctest failed, to rerun pass `--doc`
[INFO] running `Command { std: "docker" "inspect" "30d4d866b6dbfd850240c9784b6d8f0a1f87e7402d1440ed501c40c06b07c48c", kill_on_drop: false }`
[INFO] running `Command { std: "docker" "rm" "-f" "30d4d866b6dbfd850240c9784b6d8f0a1f87e7402d1440ed501c40c06b07c48c", kill_on_drop: false }`
[INFO] [stdout] 30d4d866b6dbfd850240c9784b6d8f0a1f87e7402d1440ed501c40c06b07c48c
