[INFO] fetching crate eventsourced-postgres 0.14.1...
[INFO] testing eventsourced-postgres-0.14.1 against nightly-2024-10-28 for randomize-layout
[INFO] extracting crate eventsourced-postgres 0.14.1 into /workspace/builds/worker-6-tc1/source
[INFO] validating manifest of crates.io crate eventsourced-postgres 0.14.1 on toolchain nightly-2024-10-28
[INFO] running `Command { std: CARGO_HOME="/workspace/cargo-home" RUSTUP_HOME="/workspace/rustup-home" "/workspace/cargo-home/bin/cargo" "+nightly-2024-10-28" "metadata" "--manifest-path" "Cargo.toml" "--no-deps", kill_on_drop: false }`
[INFO] started tweaking crates.io crate eventsourced-postgres 0.14.1
[INFO] finished tweaking crates.io crate eventsourced-postgres 0.14.1
[INFO] tweaked toml for crates.io crate eventsourced-postgres 0.14.1 written to /workspace/builds/worker-6-tc1/source/Cargo.toml
[INFO] running `Command { std: CARGO_HOME="/workspace/cargo-home" RUSTUP_HOME="/workspace/rustup-home" "/workspace/cargo-home/bin/cargo" "+nightly-2024-10-28" "generate-lockfile" "--manifest-path" "Cargo.toml", kill_on_drop: false }`
[INFO] [stderr]     Updating crates.io index
[INFO] [stderr]      Locking 134 packages to latest compatible versions
[INFO] [stderr]       Adding bollard-stubs v1.42.0-rc.3 (available: v1.42.0-rc.8)
[INFO] [stderr]       Adding testcontainers v0.15.0 (available: v0.23.1)
[INFO] [stderr]       Adding testcontainers-modules v0.3.7 (available: v0.11.3)
[INFO] running `Command { std: CARGO_HOME="/workspace/cargo-home" RUSTUP_HOME="/workspace/rustup-home" "/workspace/cargo-home/bin/cargo" "+nightly-2024-10-28" "fetch" "--manifest-path" "Cargo.toml", kill_on_drop: false }`
[INFO] [stderr]  Downloading crates ...
[INFO] [stderr]   Downloaded testcontainers v0.15.0
[INFO] [stderr]   Downloaded testcontainers-modules v0.3.7
[INFO] [stderr]   Downloaded trait-variant v0.1.2
[INFO] [stderr]   Downloaded bb8 v0.8.6
[INFO] [stderr]   Downloaded bb8-postgres v0.8.1
[INFO] [stderr]   Downloaded bollard-stubs v1.42.0-rc.3
[INFO] [stderr]   Downloaded eventsourced v0.27.0
[INFO] [stderr]   Downloaded error-ext v0.2.2
[INFO] running `Command { std: "docker" "create" "-v" "/var/lib/crater-agent-workspace/builds/worker-6-tc1/target:/opt/rustwide/target:rw,Z" "-v" "/var/lib/crater-agent-workspace/builds/worker-6-tc1/source:/opt/rustwide/workdir:ro,Z" "-v" "/var/lib/crater-agent-workspace/cargo-home:/opt/rustwide/cargo-home:ro,Z" "-v" "/var/lib/crater-agent-workspace/rustup-home:/opt/rustwide/rustup-home:ro,Z" "-e" "SOURCE_DIR=/opt/rustwide/workdir" "-e" "CARGO_TARGET_DIR=/opt/rustwide/target" "-e" "CARGO_HOME=/opt/rustwide/cargo-home" "-e" "RUSTUP_HOME=/opt/rustwide/rustup-home" "-w" "/opt/rustwide/workdir" "-m" "1610612736" "--user" "0:0" "--network" "none" "ghcr.io/rust-lang/crates-build-env/linux@sha256:4a844ea9eb2546a2d2c7022eacef16ef2e8229c7fbb2c7d4d55a9ceca922f72d" "/opt/rustwide/cargo-home/bin/cargo" "+nightly-2024-10-28" "metadata" "--no-deps" "--format-version=1", kill_on_drop: false }`
[INFO] [stdout] 5b67546b568301c298115f986a0b028f52adb46f5f1e65602f517acce80c320e
[INFO] running `Command { std: "docker" "start" "-a" "5b67546b568301c298115f986a0b028f52adb46f5f1e65602f517acce80c320e", kill_on_drop: false }`
[INFO] running `Command { std: "docker" "inspect" "5b67546b568301c298115f986a0b028f52adb46f5f1e65602f517acce80c320e", kill_on_drop: false }`
[INFO] running `Command { std: "docker" "rm" "-f" "5b67546b568301c298115f986a0b028f52adb46f5f1e65602f517acce80c320e", kill_on_drop: false }`
[INFO] [stdout] 5b67546b568301c298115f986a0b028f52adb46f5f1e65602f517acce80c320e
[INFO] running `Command { std: "docker" "create" "-v" "/var/lib/crater-agent-workspace/builds/worker-6-tc1/target:/opt/rustwide/target:rw,Z" "-v" "/var/lib/crater-agent-workspace/builds/worker-6-tc1/source:/opt/rustwide/workdir:ro,Z" "-v" "/var/lib/crater-agent-workspace/cargo-home:/opt/rustwide/cargo-home:ro,Z" "-v" "/var/lib/crater-agent-workspace/rustup-home:/opt/rustwide/rustup-home:ro,Z" "-e" "SOURCE_DIR=/opt/rustwide/workdir" "-e" "CARGO_TARGET_DIR=/opt/rustwide/target" "-e" "CARGO_INCREMENTAL=0" "-e" "RUST_BACKTRACE=full" "-e" "RUSTFLAGS=--cap-lints=forbid" "-e" "RUSTDOCFLAGS=--cap-lints=forbid" "-e" "CARGO_HOME=/opt/rustwide/cargo-home" "-e" "RUSTUP_HOME=/opt/rustwide/rustup-home" "-w" "/opt/rustwide/workdir" "-m" "1610612736" "--user" "0:0" "--network" "none" "ghcr.io/rust-lang/crates-build-env/linux@sha256:4a844ea9eb2546a2d2c7022eacef16ef2e8229c7fbb2c7d4d55a9ceca922f72d" "/opt/rustwide/cargo-home/bin/cargo" "+nightly-2024-10-28" "build" "--frozen" "--message-format=json", kill_on_drop: false }`
[INFO] [stdout] 3453f527b620fdbd65e206bc28e73b652757c2ba0c1715c8ca10aae8eda7dc48
[INFO] running `Command { std: "docker" "start" "-a" "3453f527b620fdbd65e206bc28e73b652757c2ba0c1715c8ca10aae8eda7dc48", kill_on_drop: false }`
[INFO] [stderr]    Compiling subtle v2.6.1
[INFO] [stderr]    Compiling byteorder v1.5.0
[INFO] [stderr]    Compiling fallible-iterator v0.2.0
[INFO] [stderr]    Compiling base64 v0.22.1
[INFO] [stderr]    Compiling siphasher v0.3.11
[INFO] [stderr]    Compiling syn v2.0.86
[INFO] [stderr]    Compiling uuid v1.11.0
[INFO] [stderr]    Compiling whoami v1.5.2
[INFO] [stderr]    Compiling tokio v1.41.0
[INFO] [stderr]    Compiling error-ext v0.2.2
[INFO] [stderr]    Compiling digest v0.10.7
[INFO] [stderr]    Compiling phf_shared v0.11.2
[INFO] [stderr]    Compiling phf v0.11.2
[INFO] [stderr]    Compiling hmac v0.12.1
[INFO] [stderr]    Compiling md-5 v0.10.6
[INFO] [stderr]    Compiling sha2 v0.10.8
[INFO] [stderr]    Compiling zerocopy-derive v0.7.35
[INFO] [stderr]    Compiling futures-macro v0.3.31
[INFO] [stderr]    Compiling async-trait v0.1.83
[INFO] [stderr]    Compiling serde_derive v1.0.214
[INFO] [stderr]    Compiling pin-project-internal v1.1.7
[INFO] [stderr]    Compiling tracing-attributes v0.1.27
[INFO] [stderr]    Compiling thiserror-impl v1.0.66
[INFO] [stderr]    Compiling async-stream-impl v0.3.6
[INFO] [stderr]    Compiling trait-variant v0.1.2
[INFO] [stderr]    Compiling tokio-util v0.7.12
[INFO] [stderr]    Compiling async-stream v0.3.6
[INFO] [stderr]    Compiling zerocopy v0.7.35
[INFO] [stderr]    Compiling futures-util v0.3.31
[INFO] [stderr]    Compiling thiserror v1.0.66
[INFO] [stderr]    Compiling pin-project v1.1.7
[INFO] [stderr]    Compiling tracing v0.1.40
[INFO] [stderr]    Compiling ppv-lite86 v0.2.20
[INFO] [stderr]    Compiling rand_chacha v0.3.1
[INFO] [stderr]    Compiling rand v0.8.5
[INFO] [stderr]    Compiling postgres-protocol v0.6.7
[INFO] [stderr]    Compiling serde v1.0.214
[INFO] [stderr]    Compiling postgres-types v0.2.8
[INFO] [stderr]    Compiling futures-executor v0.3.31
[INFO] [stderr]    Compiling tokio-postgres v0.7.12
[INFO] [stderr]    Compiling bb8 v0.8.6
[INFO] [stderr]    Compiling futures v0.3.31
[INFO] [stderr]    Compiling eventsourced v0.27.0
[INFO] [stderr]    Compiling humantime-serde v1.1.1
[INFO] [stderr]    Compiling bb8-postgres v0.8.1
[INFO] [stderr]    Compiling eventsourced-postgres v0.14.1 (/opt/rustwide/workdir)
[INFO] [stderr]     Finished `dev` profile [unoptimized + debuginfo] target(s) in 9.61s
[INFO] running `Command { std: "docker" "inspect" "3453f527b620fdbd65e206bc28e73b652757c2ba0c1715c8ca10aae8eda7dc48", kill_on_drop: false }`
[INFO] running `Command { std: "docker" "rm" "-f" "3453f527b620fdbd65e206bc28e73b652757c2ba0c1715c8ca10aae8eda7dc48", kill_on_drop: false }`
[INFO] [stdout] 3453f527b620fdbd65e206bc28e73b652757c2ba0c1715c8ca10aae8eda7dc48
[INFO] running `Command { std: "docker" "create" "-v" "/var/lib/crater-agent-workspace/builds/worker-6-tc1/target:/opt/rustwide/target:rw,Z" "-v" "/var/lib/crater-agent-workspace/builds/worker-6-tc1/source:/opt/rustwide/workdir:ro,Z" "-v" "/var/lib/crater-agent-workspace/cargo-home:/opt/rustwide/cargo-home:ro,Z" "-v" "/var/lib/crater-agent-workspace/rustup-home:/opt/rustwide/rustup-home:ro,Z" "-e" "SOURCE_DIR=/opt/rustwide/workdir" "-e" "CARGO_TARGET_DIR=/opt/rustwide/target" "-e" "CARGO_INCREMENTAL=0" "-e" "RUST_BACKTRACE=full" "-e" "RUSTFLAGS=--cap-lints=forbid" "-e" "RUSTDOCFLAGS=--cap-lints=forbid" "-e" "CARGO_HOME=/opt/rustwide/cargo-home" "-e" "RUSTUP_HOME=/opt/rustwide/rustup-home" "-w" "/opt/rustwide/workdir" "-m" "1610612736" "--user" "0:0" "--network" "none" "ghcr.io/rust-lang/crates-build-env/linux@sha256:4a844ea9eb2546a2d2c7022eacef16ef2e8229c7fbb2c7d4d55a9ceca922f72d" "/opt/rustwide/cargo-home/bin/cargo" "+nightly-2024-10-28" "test" "--frozen" "--no-run" "--message-format=json", kill_on_drop: false }`
[INFO] [stdout] 146778e70c1fd2fa417870b471734e94a693e8755ef696e7bc362696a985775a
[INFO] running `Command { std: "docker" "start" "-a" "146778e70c1fd2fa417870b471734e94a693e8755ef696e7bc362696a985775a", kill_on_drop: false }`
[INFO] [stderr]    Compiling strsim v0.10.0
[INFO] [stderr]    Compiling fnv v1.0.7
[INFO] [stderr]    Compiling ident_case v1.0.1
[INFO] [stderr]    Compiling syn v1.0.109
[INFO] [stderr]    Compiling tokio-macros v2.4.0
[INFO] [stderr]    Compiling serde_json v1.0.132
[INFO] [stderr]    Compiling uuid v1.11.0
[INFO] [stderr]    Compiling postgres-types v0.2.8
[INFO] [stderr]    Compiling tokio v1.41.0
[INFO] [stderr]    Compiling darling_core v0.13.4
[INFO] [stderr]    Compiling tokio-util v0.7.12
[INFO] [stderr]    Compiling bb8 v0.8.6
[INFO] [stderr]    Compiling eventsourced v0.27.0
[INFO] [stderr]    Compiling tokio-postgres v0.7.12
[INFO] [stderr]    Compiling darling_macro v0.13.4
[INFO] [stderr]    Compiling darling v0.13.4
[INFO] [stderr]    Compiling serde_with_macros v1.5.2
[INFO] [stderr]    Compiling serde_with v1.14.0
[INFO] [stderr]    Compiling bb8-postgres v0.8.1
[INFO] [stderr]    Compiling eventsourced-postgres v0.14.1 (/opt/rustwide/workdir)
[INFO] [stderr]    Compiling bollard-stubs v1.42.0-rc.3
[INFO] [stderr]    Compiling testcontainers v0.15.0
[INFO] [stderr]    Compiling testcontainers-modules v0.3.7
[INFO] [stderr]     Finished `test` profile [unoptimized + debuginfo] target(s) in 18.13s
[INFO] running `Command { std: "docker" "inspect" "146778e70c1fd2fa417870b471734e94a693e8755ef696e7bc362696a985775a", kill_on_drop: false }`
[INFO] running `Command { std: "docker" "rm" "-f" "146778e70c1fd2fa417870b471734e94a693e8755ef696e7bc362696a985775a", kill_on_drop: false }`
[INFO] [stdout] 146778e70c1fd2fa417870b471734e94a693e8755ef696e7bc362696a985775a
[INFO] running `Command { std: "docker" "create" "-v" "/var/lib/crater-agent-workspace/builds/worker-6-tc1/target:/opt/rustwide/target:rw,Z" "-v" "/var/lib/crater-agent-workspace/builds/worker-6-tc1/source:/opt/rustwide/workdir:ro,Z" "-v" "/var/lib/crater-agent-workspace/cargo-home:/opt/rustwide/cargo-home:ro,Z" "-v" "/var/lib/crater-agent-workspace/rustup-home:/opt/rustwide/rustup-home:ro,Z" "-e" "SOURCE_DIR=/opt/rustwide/workdir" "-e" "CARGO_TARGET_DIR=/opt/rustwide/target" "-e" "CARGO_INCREMENTAL=0" "-e" "RUST_BACKTRACE=full" "-e" "RUSTFLAGS=--cap-lints=forbid" "-e" "RUSTDOCFLAGS=--cap-lints=forbid" "-e" "CARGO_HOME=/opt/rustwide/cargo-home" "-e" "RUSTUP_HOME=/opt/rustwide/rustup-home" "-w" "/opt/rustwide/workdir" "-m" "1610612736" "--user" "0:0" "--network" "none" "ghcr.io/rust-lang/crates-build-env/linux@sha256:4a844ea9eb2546a2d2c7022eacef16ef2e8229c7fbb2c7d4d55a9ceca922f72d" "/opt/rustwide/cargo-home/bin/cargo" "+nightly-2024-10-28" "test" "--frozen", kill_on_drop: false }`
[INFO] [stdout] a3f5f4595d41d7685ce9ead4fb624eae2c41b7935759980e438e94117e16e63f
[INFO] running `Command { std: "docker" "start" "-a" "a3f5f4595d41d7685ce9ead4fb624eae2c41b7935759980e438e94117e16e63f", kill_on_drop: false }`
[INFO] [stderr]     Finished `test` profile [unoptimized + debuginfo] target(s) in 0.16s
[INFO] [stderr]      Running unittests src/lib.rs (/opt/rustwide/target/debug/deps/eventsourced_postgres-6e4dc7564897469c)
[INFO] [stdout] 
[INFO] [stdout] running 2 tests
[INFO] [stdout] test snapshot_store::tests::test_snapshot_store ... FAILED
[INFO] [stdout] test event_log::tests::test_event_log ... FAILED
[INFO] [stdout] 
[INFO] [stdout] failures:
[INFO] [stdout] 
[INFO] [stdout] ---- snapshot_store::tests::test_snapshot_store stdout ----
[INFO] [stdout] thread 'snapshot_store::tests::test_snapshot_store' panicked at /opt/rustwide/cargo-home/registry/src/index.crates.io-6f17d22bba15001f/testcontainers-0.15.0/src/clients/cli.rs:51:13:
[INFO] [stdout] Failed to start container, check log for details
[INFO] [stdout] stack backtrace:
[INFO] [stdout]    0:     0x5741d722f42a - std::backtrace_rs::backtrace::libunwind::trace::h207520d6e9873551
[INFO] [stdout]                                at /rustc/df4ca44d3fbc9301ee17f30f4d474e6ae4b05252/library/std/src/../../backtrace/src/backtrace/libunwind.rs:116:5
[INFO] [stdout]    1:     0x5741d722f42a - std::backtrace_rs::backtrace::trace_unsynchronized::h2ed7433f370e3eca
[INFO] [stdout]                                at /rustc/df4ca44d3fbc9301ee17f30f4d474e6ae4b05252/library/std/src/../../backtrace/src/backtrace/mod.rs:66:5
[INFO] [stdout]    2:     0x5741d722f42a - std::sys::backtrace::_print_fmt::h916fac51166b18d7
[INFO] [stdout]                                at /rustc/df4ca44d3fbc9301ee17f30f4d474e6ae4b05252/library/std/src/sys/backtrace.rs:66:9
[INFO] [stdout]    3:     0x5741d722f42a - <std::sys::backtrace::BacktraceLock::print::DisplayBacktrace as core::fmt::Display>::fmt::ha0a4c9b8ce3802e6
[INFO] [stdout]                                at /rustc/df4ca44d3fbc9301ee17f30f4d474e6ae4b05252/library/std/src/sys/backtrace.rs:39:26
[INFO] [stdout]    4:     0x5741d7259b23 - core::fmt::rt::Argument::fmt::h4cfc8587d52b3eb5
[INFO] [stdout]                                at /rustc/df4ca44d3fbc9301ee17f30f4d474e6ae4b05252/library/core/src/fmt/rt.rs:177:76
[INFO] [stdout]    5:     0x5741d7259b23 - core::fmt::write::h522cc39e5b36ae9f
[INFO] [stdout]                                at /rustc/df4ca44d3fbc9301ee17f30f4d474e6ae4b05252/library/core/src/fmt/mod.rs:1190:21
[INFO] [stdout]    6:     0x5741d722adf3 - std::io::Write::write_fmt::h7d3c26752da97734
[INFO] [stdout]                                at /rustc/df4ca44d3fbc9301ee17f30f4d474e6ae4b05252/library/std/src/io/mod.rs:1839:15
[INFO] [stdout]    7:     0x5741d722f272 - std::sys::backtrace::BacktraceLock::print::h4b9e00b29e9c0942
[INFO] [stdout]                                at /rustc/df4ca44d3fbc9301ee17f30f4d474e6ae4b05252/library/std/src/sys/backtrace.rs:42:9
[INFO] [stdout]    8:     0x5741d723093a - std::panicking::default_hook::{{closure}}::hb59b88280d0324d9
[INFO] [stdout]                                at /rustc/df4ca44d3fbc9301ee17f30f4d474e6ae4b05252/library/std/src/panicking.rs:268:22
[INFO] [stdout]    9:     0x5741d7230744 - std::panicking::default_hook::he1dd496665be4a29
[INFO] [stdout]                                at /rustc/df4ca44d3fbc9301ee17f30f4d474e6ae4b05252/library/std/src/panicking.rs:292:9
[INFO] [stdout]   10:     0x5741d6f4c9d9 - <alloc::boxed::Box<F,A> as core::ops::function::Fn<Args>>::call::h4ff71de18744e1dc
[INFO] [stdout]                                at /rustc/df4ca44d3fbc9301ee17f30f4d474e6ae4b05252/library/alloc/src/boxed.rs:2468:9
[INFO] [stdout]   11:     0x5741d6f4c9d9 - test::test_main::{{closure}}::hcf7c055ce117aa81
[INFO] [stdout]                                at /rustc/df4ca44d3fbc9301ee17f30f4d474e6ae4b05252/library/test/src/lib.rs:133:21
[INFO] [stdout]   12:     0x5741d7231038 - <alloc::boxed::Box<F,A> as core::ops::function::Fn<Args>>::call::h1d66c6bbd60c9692
[INFO] [stdout]                                at /rustc/df4ca44d3fbc9301ee17f30f4d474e6ae4b05252/library/alloc/src/boxed.rs:2468:9
[INFO] [stdout]   13:     0x5741d7231038 - std::panicking::rust_panic_with_hook::h2ff17fe8f26dfcf8
[INFO] [stdout]                                at /rustc/df4ca44d3fbc9301ee17f30f4d474e6ae4b05252/library/std/src/panicking.rs:809:13
[INFO] [stdout]   14:     0x5741d7230dc6 - std::panicking::begin_panic_handler::{{closure}}::h4fad77951c07e101
[INFO] [stdout]                                at /rustc/df4ca44d3fbc9301ee17f30f4d474e6ae4b05252/library/std/src/panicking.rs:667:13
[INFO] [stdout]   15:     0x5741d722f909 - std::sys::backtrace::__rust_end_short_backtrace::hb1a25b3da5d0ea08
[INFO] [stdout]                                at /rustc/df4ca44d3fbc9301ee17f30f4d474e6ae4b05252/library/std/src/sys/backtrace.rs:170:18
[INFO] [stdout]   16:     0x5741d7230a8c - rust_begin_unwind
[INFO] [stdout]                                at /rustc/df4ca44d3fbc9301ee17f30f4d474e6ae4b05252/library/std/src/panicking.rs:665:5
[INFO] [stdout]   17:     0x5741d7257ef0 - core::panicking::panic_fmt::ha9db07b529f9b256
[INFO] [stdout]                                at /rustc/df4ca44d3fbc9301ee17f30f4d474e6ae4b05252/library/core/src/panicking.rs:75:14
[INFO] [stdout]   18:     0x5741d6ea14df - testcontainers::clients::cli::Cli::run::h71574c4a5c2c6bed
[INFO] [stdout]                                at /opt/rustwide/cargo-home/registry/src/index.crates.io-6f17d22bba15001f/testcontainers-0.15.0/src/clients/cli.rs:51:13
[INFO] [stdout]   19:     0x5741d6e9ec41 - eventsourced_postgres::snapshot_store::tests::test_snapshot_store::{{closure}}::h1060b2a03b7cf626
[INFO] [stdout]                                at /opt/rustwide/workdir/src/snapshot_store.rs:205:25
[INFO] [stdout]   20:     0x5741d6ee8bbf - <core::pin::Pin<P> as core::future::future::Future>::poll::h38d8bce9405cbf85
[INFO] [stdout]                                at /rustc/df4ca44d3fbc9301ee17f30f4d474e6ae4b05252/library/core/src/future/future.rs:123:9
[INFO] [stdout]   21:     0x5741d6ee8cfb - <core::pin::Pin<P> as core::future::future::Future>::poll::h8c62a0a54e49c811
[INFO] [stdout]                                at /rustc/df4ca44d3fbc9301ee17f30f4d474e6ae4b05252/library/core/src/future/future.rs:123:9
[INFO] [stdout]   22:     0x5741d6f1255e - tokio::runtime::scheduler::current_thread::CoreGuard::block_on::{{closure}}::{{closure}}::{{closure}}::h4afe05e476eb0608
[INFO] [stdout]                                at /opt/rustwide/cargo-home/registry/src/index.crates.io-6f17d22bba15001f/tokio-1.41.0/src/runtime/scheduler/current_thread/mod.rs:729:57
[INFO] [stdout]   23:     0x5741d6f122c5 - tokio::runtime::coop::with_budget::h8c9000040673024a
[INFO] [stdout]                                at /opt/rustwide/cargo-home/registry/src/index.crates.io-6f17d22bba15001f/tokio-1.41.0/src/runtime/coop.rs:107:5
[INFO] [stdout]   24:     0x5741d6f122c5 - tokio::runtime::coop::budget::hd4454c5ba1e61a18
[INFO] [stdout]                                at /opt/rustwide/cargo-home/registry/src/index.crates.io-6f17d22bba15001f/tokio-1.41.0/src/runtime/coop.rs:73:5
[INFO] [stdout]   25:     0x5741d6f122c5 - tokio::runtime::scheduler::current_thread::CoreGuard::block_on::{{closure}}::{{closure}}::h1ff8ba238f46bc97
[INFO] [stdout]                                at /opt/rustwide/cargo-home/registry/src/index.crates.io-6f17d22bba15001f/tokio-1.41.0/src/runtime/scheduler/current_thread/mod.rs:729:25
[INFO] [stdout]   26:     0x5741d6f0f47d - tokio::runtime::scheduler::current_thread::Context::enter::h14cb5025e9412080
[INFO] [stdout]                                at /opt/rustwide/cargo-home/registry/src/index.crates.io-6f17d22bba15001f/tokio-1.41.0/src/runtime/scheduler/current_thread/mod.rs:428:19
[INFO] [stdout]   27:     0x5741d6f110eb - tokio::runtime::scheduler::current_thread::CoreGuard::block_on::{{closure}}::h6035305977a1054d
[INFO] [stdout]                                at /opt/rustwide/cargo-home/registry/src/index.crates.io-6f17d22bba15001f/tokio-1.41.0/src/runtime/scheduler/current_thread/mod.rs:728:36
[INFO] [stdout]   28:     0x5741d6f10d9b - tokio::runtime::scheduler::current_thread::CoreGuard::enter::{{closure}}::h624772c57bffaed9
[INFO] [stdout]                                at /opt/rustwide/cargo-home/registry/src/index.crates.io-6f17d22bba15001f/tokio-1.41.0/src/runtime/scheduler/current_thread/mod.rs:807:68
[INFO] [stdout]   29:     0x5741d6e9d04a - tokio::runtime::context::scoped::Scoped<T>::set::hf95e505e6fbe00b7
[INFO] [stdout]                                at /opt/rustwide/cargo-home/registry/src/index.crates.io-6f17d22bba15001f/tokio-1.41.0/src/runtime/context/scoped.rs:40:9
[INFO] [stdout]   30:     0x5741d6eac25a - tokio::runtime::context::set_scheduler::{{closure}}::hf75284518e6ffc9e
[INFO] [stdout]                                at /opt/rustwide/cargo-home/registry/src/index.crates.io-6f17d22bba15001f/tokio-1.41.0/src/runtime/context.rs:180:26
[INFO] [stdout]   31:     0x5741d6e9b60d - std::thread::local::LocalKey<T>::try_with::h6a89b14173e01573
[INFO] [stdout]                                at /rustc/df4ca44d3fbc9301ee17f30f4d474e6ae4b05252/library/std/src/thread/local.rs:283:12
[INFO] [stdout]   32:     0x5741d6e9a81c - std::thread::local::LocalKey<T>::with::h7162d1f9b2e6c9bc
[INFO] [stdout]                                at /rustc/df4ca44d3fbc9301ee17f30f4d474e6ae4b05252/library/std/src/thread/local.rs:260:9
[INFO] [stdout]   33:     0x5741d6eac1a1 - tokio::runtime::context::set_scheduler::hab69eb87def3d009
[INFO] [stdout]                                at /opt/rustwide/cargo-home/registry/src/index.crates.io-6f17d22bba15001f/tokio-1.41.0/src/runtime/context.rs:180:9
[INFO] [stdout]   34:     0x5741d6f10afe - tokio::runtime::scheduler::current_thread::CoreGuard::enter::hb4513c0a72e8f72f
[INFO] [stdout]                                at /opt/rustwide/cargo-home/registry/src/index.crates.io-6f17d22bba15001f/tokio-1.41.0/src/runtime/scheduler/current_thread/mod.rs:807:27
[INFO] [stdout]   35:     0x5741d6f10e01 - tokio::runtime::scheduler::current_thread::CoreGuard::block_on::h139cc6806178c4be
[INFO] [stdout]                                at /opt/rustwide/cargo-home/registry/src/index.crates.io-6f17d22bba15001f/tokio-1.41.0/src/runtime/scheduler/current_thread/mod.rs:716:19
[INFO] [stdout]   36:     0x5741d6f0d6a5 - tokio::runtime::scheduler::current_thread::CurrentThread::block_on::{{closure}}::h15c0a97a12abba21
[INFO] [stdout]                                at /opt/rustwide/cargo-home/registry/src/index.crates.io-6f17d22bba15001f/tokio-1.41.0/src/runtime/scheduler/current_thread/mod.rs:196:28
[INFO] [stdout]   37:     0x5741d6ed45b2 - tokio::runtime::context::runtime::enter_runtime::h88e6d73af7c758a4
[INFO] [stdout]                                at /opt/rustwide/cargo-home/registry/src/index.crates.io-6f17d22bba15001f/tokio-1.41.0/src/runtime/context/runtime.rs:65:16
[INFO] [stdout]   38:     0x5741d6f0d427 - tokio::runtime::scheduler::current_thread::CurrentThread::block_on::hc0f898c15e07a8d7
[INFO] [stdout]                                at /opt/rustwide/cargo-home/registry/src/index.crates.io-6f17d22bba15001f/tokio-1.41.0/src/runtime/scheduler/current_thread/mod.rs:184:9
[INFO] [stdout]   39:     0x5741d6f015c2 - tokio::runtime::runtime::Runtime::block_on_inner::h8cf0bbe158ac4209
[INFO] [stdout]                                at /opt/rustwide/cargo-home/registry/src/index.crates.io-6f17d22bba15001f/tokio-1.41.0/src/runtime/runtime.rs:368:47
[INFO] [stdout]   40:     0x5741d6f0198f - tokio::runtime::runtime::Runtime::block_on::hc4d221e4520eb3b1
[INFO] [stdout]                                at /opt/rustwide/cargo-home/registry/src/index.crates.io-6f17d22bba15001f/tokio-1.41.0/src/runtime/runtime.rs:342:13
[INFO] [stdout]   41:     0x5741d6e9e982 - eventsourced_postgres::snapshot_store::tests::test_snapshot_store::hc5420672bf3d4a4a
[INFO] [stdout]                                at /opt/rustwide/workdir/src/snapshot_store.rs:238:9
[INFO] [stdout]   42:     0x5741d6e9e817 - eventsourced_postgres::snapshot_store::tests::test_snapshot_store::{{closure}}::h8302ea63d786485a
[INFO] [stdout]                                at /opt/rustwide/workdir/src/snapshot_store.rs:203:39
[INFO] [stdout]   43:     0x5741d6e6f4e6 - core::ops::function::FnOnce::call_once::h3f1807d943917944
[INFO] [stdout]                                at /rustc/df4ca44d3fbc9301ee17f30f4d474e6ae4b05252/library/core/src/ops/function.rs:250:5
[INFO] [stdout]   44:     0x5741d6f512ab - core::ops::function::FnOnce::call_once::h22c3ba5715e93f05
[INFO] [stdout]                                at /rustc/df4ca44d3fbc9301ee17f30f4d474e6ae4b05252/library/core/src/ops/function.rs:250:5
[INFO] [stdout]   45:     0x5741d6f512ab - test::__rust_begin_short_backtrace::h8e82d8113d0da17f
[INFO] [stdout]                                at /rustc/df4ca44d3fbc9301ee17f30f4d474e6ae4b05252/library/test/src/lib.rs:621:18
[INFO] [stdout]   46:     0x5741d6f50c27 - test::run_test_in_process::{{closure}}::h33235f4f20b7b7c7
[INFO] [stdout]                                at /rustc/df4ca44d3fbc9301ee17f30f4d474e6ae4b05252/library/test/src/lib.rs:644:60
[INFO] [stdout]   47:     0x5741d6f50c27 - <core::panic::unwind_safe::AssertUnwindSafe<F> as core::ops::function::FnOnce<()>>::call_once::hb5043206310c586f
[INFO] [stdout]                                at /rustc/df4ca44d3fbc9301ee17f30f4d474e6ae4b05252/library/core/src/panic/unwind_safe.rs:272:9
[INFO] [stdout]   48:     0x5741d6f50c27 - std::panicking::try::do_call::h9ad4731a60ab23e2
[INFO] [stdout]                                at /rustc/df4ca44d3fbc9301ee17f30f4d474e6ae4b05252/library/std/src/panicking.rs:557:40
[INFO] [stdout]   49:     0x5741d6f50c27 - std::panicking::try::h3824d23db772a716
[INFO] [stdout]                                at /rustc/df4ca44d3fbc9301ee17f30f4d474e6ae4b05252/library/std/src/panicking.rs:520:19
[INFO] [stdout]   50:     0x5741d6f50c27 - std::panic::catch_unwind::h5afd514605fde46b
[INFO] [stdout]                                at /rustc/df4ca44d3fbc9301ee17f30f4d474e6ae4b05252/library/std/src/panic.rs:358:14
[INFO] [stdout]   51:     0x5741d6f50c27 - test::run_test_in_process::h0d5cbfa7067d1720
[INFO] [stdout]                                at /rustc/df4ca44d3fbc9301ee17f30f4d474e6ae4b05252/library/test/src/lib.rs:644:27
[INFO] [stdout]   52:     0x5741d6f50c27 - test::run_test::{{closure}}::h708eb8872708115d
[INFO] [stdout]                                at /rustc/df4ca44d3fbc9301ee17f30f4d474e6ae4b05252/library/test/src/lib.rs:565:43
[INFO] [stdout]   53:     0x5741d6f14344 - test::run_test::{{closure}}::h392c51cee94713ab
[INFO] [stdout]                                at /rustc/df4ca44d3fbc9301ee17f30f4d474e6ae4b05252/library/test/src/lib.rs:595:41
[INFO] [stdout]   54:     0x5741d6f14344 - std::sys::backtrace::__rust_begin_short_backtrace::h2f40290710935a8b
[INFO] [stdout]                                at /rustc/df4ca44d3fbc9301ee17f30f4d474e6ae4b05252/library/std/src/sys/backtrace.rs:154:18
[INFO] [stdout]   55:     0x5741d6f17aee - std::thread::Builder::spawn_unchecked_::{{closure}}::{{closure}}::h3fd968d89053a903
[INFO] [stdout]                                at /rustc/df4ca44d3fbc9301ee17f30f4d474e6ae4b05252/library/std/src/thread/mod.rs:541:17
[INFO] [stdout]   56:     0x5741d6f17aee - <core::panic::unwind_safe::AssertUnwindSafe<F> as core::ops::function::FnOnce<()>>::call_once::h743f637ba4229880
[INFO] [stdout]                                at /rustc/df4ca44d3fbc9301ee17f30f4d474e6ae4b05252/library/core/src/panic/unwind_safe.rs:272:9
[INFO] [stdout]   57:     0x5741d6f17aee - std::panicking::try::do_call::h07440897322525a6
[INFO] [stdout]                                at /rustc/df4ca44d3fbc9301ee17f30f4d474e6ae4b05252/library/std/src/panicking.rs:557:40
[INFO] [stdout]   58:     0x5741d6f17aee - std::panicking::try::he5a2e00188156637
[INFO] [stdout]                                at /rustc/df4ca44d3fbc9301ee17f30f4d474e6ae4b05252/library/std/src/panicking.rs:520:19
[INFO] [stdout]   59:     0x5741d6f17aee - std::panic::catch_unwind::hbaf3cae49b3c6433
[INFO] [stdout]                                at /rustc/df4ca44d3fbc9301ee17f30f4d474e6ae4b05252/library/std/src/panic.rs:358:14
[INFO] [stdout]   60:     0x5741d6f17aee - std::thread::Builder::spawn_unchecked_::{{closure}}::h8e141ea224820bce
[INFO] [stdout]                                at /rustc/df4ca44d3fbc9301ee17f30f4d474e6ae4b05252/library/std/src/thread/mod.rs:540:30
[INFO] [stdout]   61:     0x5741d6f17aee - core::ops::function::FnOnce::call_once{{vtable.shim}}::h90d312fedd7b8ea8
[INFO] [stdout]                                at /rustc/df4ca44d3fbc9301ee17f30f4d474e6ae4b05252/library/core/src/ops/function.rs:250:5
[INFO] [stdout]   62:     0x5741d72359fb - <alloc::boxed::Box<F,A> as core::ops::function::FnOnce<Args>>::call_once::h69aa08ddb6adb8b6
[INFO] [stdout]                                at /rustc/df4ca44d3fbc9301ee17f30f4d474e6ae4b05252/library/alloc/src/boxed.rs:2454:9
[INFO] [stdout]   63:     0x5741d72359fb - <alloc::boxed::Box<F,A> as core::ops::function::FnOnce<Args>>::call_once::h5aa36efdb79c806f
[INFO] [stdout]                                at /rustc/df4ca44d3fbc9301ee17f30f4d474e6ae4b05252/library/alloc/src/boxed.rs:2454:9
[INFO] [stdout]   64:     0x5741d72359fb - std::sys::pal::unix::thread::Thread::new::thread_start::h6cd80a1b4be5158d
[INFO] [stdout]                                at /rustc/df4ca44d3fbc9301ee17f30f4d474e6ae4b05252/library/std/src/sys/pal/unix/thread.rs:105:17
[INFO] [stdout]   65:     0x7b6b87587ac3 - <unknown>
[INFO] [stdout]   66:     0x7b6b87618a04 - clone
[INFO] [stdout]   67:                0x0 - <unknown>
[INFO] [stdout] 
[INFO] [stdout] ---- event_log::tests::test_event_log stdout ----
[INFO] [stdout] thread 'event_log::tests::test_event_log' panicked at /opt/rustwide/cargo-home/registry/src/index.crates.io-6f17d22bba15001f/testcontainers-0.15.0/src/clients/cli.rs:51:13:
[INFO] [stdout] Failed to start container, check log for details
[INFO] [stdout] stack backtrace:
[INFO] [stdout]    0:     0x5741d722f42a - std::backtrace_rs::backtrace::libunwind::trace::h207520d6e9873551
[INFO] [stdout]                                at /rustc/df4ca44d3fbc9301ee17f30f4d474e6ae4b05252/library/std/src/../../backtrace/src/backtrace/libunwind.rs:116:5
[INFO] [stdout]    1:     0x5741d722f42a - std::backtrace_rs::backtrace::trace_unsynchronized::h2ed7433f370e3eca
[INFO] [stdout]                                at /rustc/df4ca44d3fbc9301ee17f30f4d474e6ae4b05252/library/std/src/../../backtrace/src/backtrace/mod.rs:66:5
[INFO] [stdout]    2:     0x5741d722f42a - std::sys::backtrace::_print_fmt::h916fac51166b18d7
[INFO] [stdout]                                at /rustc/df4ca44d3fbc9301ee17f30f4d474e6ae4b05252/library/std/src/sys/backtrace.rs:66:9
[INFO] [stdout]    3:     0x5741d722f42a - <std::sys::backtrace::BacktraceLock::print::DisplayBacktrace as core::fmt::Display>::fmt::ha0a4c9b8ce3802e6
[INFO] [stdout]                                at /rustc/df4ca44d3fbc9301ee17f30f4d474e6ae4b05252/library/std/src/sys/backtrace.rs:39:26
[INFO] [stdout]    4:     0x5741d7259b23 - core::fmt::rt::Argument::fmt::h4cfc8587d52b3eb5
[INFO] [stdout]                                at /rustc/df4ca44d3fbc9301ee17f30f4d474e6ae4b05252/library/core/src/fmt/rt.rs:177:76
[INFO] [stdout]    5:     0x5741d7259b23 - core::fmt::write::h522cc39e5b36ae9f
[INFO] [stdout]                                at /rustc/df4ca44d3fbc9301ee17f30f4d474e6ae4b05252/library/core/src/fmt/mod.rs:1190:21
[INFO] [stdout]    6:     0x5741d722adf3 - std::io::Write::write_fmt::h7d3c26752da97734
[INFO] [stdout]                                at /rustc/df4ca44d3fbc9301ee17f30f4d474e6ae4b05252/library/std/src/io/mod.rs:1839:15
[INFO] [stdout]    7:     0x5741d722f272 - std::sys::backtrace::BacktraceLock::print::h4b9e00b29e9c0942
[INFO] [stdout]                                at /rustc/df4ca44d3fbc9301ee17f30f4d474e6ae4b05252/library/std/src/sys/backtrace.rs:42:9
[INFO] [stdout]    8:     0x5741d723093a - std::panicking::default_hook::{{closure}}::hb59b88280d0324d9
[INFO] [stdout]                                at /rustc/df4ca44d3fbc9301ee17f30f4d474e6ae4b05252/library/std/src/panicking.rs:268:22
[INFO] [stdout]    9:     0x5741d7230744 - std::panicking::default_hook::he1dd496665be4a29
[INFO] [stdout]                                at /rustc/df4ca44d3fbc9301ee17f30f4d474e6ae4b05252/library/std/src/panicking.rs:292:9
[INFO] [stdout]   10:     0x5741d6f4c9d9 - <alloc::boxed::Box<F,A> as core::ops::function::Fn<Args>>::call::h4ff71de18744e1dc
[INFO] [stdout]                                at /rustc/df4ca44d3fbc9301ee17f30f4d474e6ae4b05252/library/alloc/src/boxed.rs:2468:9
[INFO] [stdout]   11:     0x5741d6f4c9d9 - test::test_main::{{closure}}::hcf7c055ce117aa81
[INFO] [stdout]                                at /rustc/df4ca44d3fbc9301ee17f30f4d474e6ae4b05252/library/test/src/lib.rs:133:21
[INFO] [stdout]   12:     0x5741d7231038 - <alloc::boxed::Box<F,A> as core::ops::function::Fn<Args>>::call::h1d66c6bbd60c9692
[INFO] [stdout]                                at /rustc/df4ca44d3fbc9301ee17f30f4d474e6ae4b05252/library/alloc/src/boxed.rs:2468:9
[INFO] [stdout]   13:     0x5741d7231038 - std::panicking::rust_panic_with_hook::h2ff17fe8f26dfcf8
[INFO] [stdout]                                at /rustc/df4ca44d3fbc9301ee17f30f4d474e6ae4b05252/library/std/src/panicking.rs:809:13
[INFO] [stdout]   14:     0x5741d7230dc6 - std::panicking::begin_panic_handler::{{closure}}::h4fad77951c07e101
[INFO] [stdout]                                at /rustc/df4ca44d3fbc9301ee17f30f4d474e6ae4b05252/library/std/src/panicking.rs:667:13
[INFO] [stdout]   15:     0x5741d722f909 - std::sys::backtrace::__rust_end_short_backtrace::hb1a25b3da5d0ea08
[INFO] [stdout]                                at /rustc/df4ca44d3fbc9301ee17f30f4d474e6ae4b05252/library/std/src/sys/backtrace.rs:170:18
[INFO] [stdout]   16:     0x5741d7230a8c - rust_begin_unwind
[INFO] [stdout]                                at /rustc/df4ca44d3fbc9301ee17f30f4d474e6ae4b05252/library/std/src/panicking.rs:665:5
[INFO] [stdout]   17:     0x5741d7257ef0 - core::panicking::panic_fmt::ha9db07b529f9b256
[INFO] [stdout]                                at /rustc/df4ca44d3fbc9301ee17f30f4d474e6ae4b05252/library/core/src/panicking.rs:75:14
[INFO] [stdout]   18:     0x5741d6ea14df - testcontainers::clients::cli::Cli::run::h71574c4a5c2c6bed
[INFO] [stdout]                                at /opt/rustwide/cargo-home/registry/src/index.crates.io-6f17d22bba15001f/testcontainers-0.15.0/src/clients/cli.rs:51:13
[INFO] [stdout]   19:     0x5741d6ee99ef - eventsourced_postgres::event_log::tests::test_event_log::{{closure}}::h77c66f2fc1390ad3
[INFO] [stdout]                                at /opt/rustwide/workdir/src/event_log.rs:432:25
[INFO] [stdout]   20:     0x5741d6ee8bbf - <core::pin::Pin<P> as core::future::future::Future>::poll::h38d8bce9405cbf85
[INFO] [stdout]                                at /rustc/df4ca44d3fbc9301ee17f30f4d474e6ae4b05252/library/core/src/future/future.rs:123:9
[INFO] [stdout]   21:     0x5741d6ee8cfb - <core::pin::Pin<P> as core::future::future::Future>::poll::h8c62a0a54e49c811
[INFO] [stdout]                                at /rustc/df4ca44d3fbc9301ee17f30f4d474e6ae4b05252/library/core/src/future/future.rs:123:9
[INFO] [stdout]   22:     0x5741d6f1255e - tokio::runtime::scheduler::current_thread::CoreGuard::block_on::{{closure}}::{{closure}}::{{closure}}::h4afe05e476eb0608
[INFO] [stdout]                                at /opt/rustwide/cargo-home/registry/src/index.crates.io-6f17d22bba15001f/tokio-1.41.0/src/runtime/scheduler/current_thread/mod.rs:729:57
[INFO] [stdout]   23:     0x5741d6f122c5 - tokio::runtime::coop::with_budget::h8c9000040673024a
[INFO] [stdout]                                at /opt/rustwide/cargo-home/registry/src/index.crates.io-6f17d22bba15001f/tokio-1.41.0/src/runtime/coop.rs:107:5
[INFO] [stdout]   24:     0x5741d6f122c5 - tokio::runtime::coop::budget::hd4454c5ba1e61a18
[INFO] [stdout]                                at /opt/rustwide/cargo-home/registry/src/index.crates.io-6f17d22bba15001f/tokio-1.41.0/src/runtime/coop.rs:73:5
[INFO] [stdout]   25:     0x5741d6f122c5 - tokio::runtime::scheduler::current_thread::CoreGuard::block_on::{{closure}}::{{closure}}::h1ff8ba238f46bc97
[INFO] [stdout]                                at /opt/rustwide/cargo-home/registry/src/index.crates.io-6f17d22bba15001f/tokio-1.41.0/src/runtime/scheduler/current_thread/mod.rs:729:25
[INFO] [stdout]   26:     0x5741d6f0f47d - tokio::runtime::scheduler::current_thread::Context::enter::h14cb5025e9412080
[INFO] [stdout]                                at /opt/rustwide/cargo-home/registry/src/index.crates.io-6f17d22bba15001f/tokio-1.41.0/src/runtime/scheduler/current_thread/mod.rs:428:19
[INFO] [stdout]   27:     0x5741d6f110eb - tokio::runtime::scheduler::current_thread::CoreGuard::block_on::{{closure}}::h6035305977a1054d
[INFO] [stdout]                                at /opt/rustwide/cargo-home/registry/src/index.crates.io-6f17d22bba15001f/tokio-1.41.0/src/runtime/scheduler/current_thread/mod.rs:728:36
[INFO] [stdout]   28:     0x5741d6f10d9b - tokio::runtime::scheduler::current_thread::CoreGuard::enter::{{closure}}::h624772c57bffaed9
[INFO] [stdout]                                at /opt/rustwide/cargo-home/registry/src/index.crates.io-6f17d22bba15001f/tokio-1.41.0/src/runtime/scheduler/current_thread/mod.rs:807:68
[INFO] [stdout]   29:     0x5741d6e9d04a - tokio::runtime::context::scoped::Scoped<T>::set::hf95e505e6fbe00b7
[INFO] [stdout]                                at /opt/rustwide/cargo-home/registry/src/index.crates.io-6f17d22bba15001f/tokio-1.41.0/src/runtime/context/scoped.rs:40:9
[INFO] [stdout]   30:     0x5741d6eac25a - tokio::runtime::context::set_scheduler::{{closure}}::hf75284518e6ffc9e
[INFO] [stdout]                                at /opt/rustwide/cargo-home/registry/src/index.crates.io-6f17d22bba15001f/tokio-1.41.0/src/runtime/context.rs:180:26
[INFO] [stdout]   31:     0x5741d6e9b60d - std::thread::local::LocalKey<T>::try_with::h6a89b14173e01573
[INFO] [stdout]                                at /rustc/df4ca44d3fbc9301ee17f30f4d474e6ae4b05252/library/std/src/thread/local.rs:283:12
[INFO] [stdout]   32:     0x5741d6e9a81c - std::thread::local::LocalKey<T>::with::h7162d1f9b2e6c9bc
[INFO] [stdout]                                at /rustc/df4ca44d3fbc9301ee17f30f4d474e6ae4b05252/library/std/src/thread/local.rs:260:9
[INFO] [stdout]   33:     0x5741d6eac1a1 - tokio::runtime::context::set_scheduler::hab69eb87def3d009
[INFO] [stdout]                                at /opt/rustwide/cargo-home/registry/src/index.crates.io-6f17d22bba15001f/tokio-1.41.0/src/runtime/context.rs:180:9
[INFO] [stdout]   34:     0x5741d6f10afe - tokio::runtime::scheduler::current_thread::CoreGuard::enter::hb4513c0a72e8f72f
[INFO] [stdout]                                at /opt/rustwide/cargo-home/registry/src/index.crates.io-6f17d22bba15001f/tokio-1.41.0/src/runtime/scheduler/current_thread/mod.rs:807:27
[INFO] [stdout]   35:     0x5741d6f10e01 - tokio::runtime::scheduler::current_thread::CoreGuard::block_on::h139cc6806178c4be
[INFO] [stdout]                                at /opt/rustwide/cargo-home/registry/src/index.crates.io-6f17d22bba15001f/tokio-1.41.0/src/runtime/scheduler/current_thread/mod.rs:716:19
[INFO] [stdout]   36:     0x5741d6f0d6a5 - tokio::runtime::scheduler::current_thread::CurrentThread::block_on::{{closure}}::h15c0a97a12abba21
[INFO] [stdout]                                at /opt/rustwide/cargo-home/registry/src/index.crates.io-6f17d22bba15001f/tokio-1.41.0/src/runtime/scheduler/current_thread/mod.rs:196:28
[INFO] [stdout]   37:     0x5741d6ed45b2 - tokio::runtime::context::runtime::enter_runtime::h88e6d73af7c758a4
[INFO] [stdout]                                at /opt/rustwide/cargo-home/registry/src/index.crates.io-6f17d22bba15001f/tokio-1.41.0/src/runtime/context/runtime.rs:65:16
[INFO] [stdout]   38:     0x5741d6f0d427 - tokio::runtime::scheduler::current_thread::CurrentThread::block_on::hc0f898c15e07a8d7
[INFO] [stdout]                                at /opt/rustwide/cargo-home/registry/src/index.crates.io-6f17d22bba15001f/tokio-1.41.0/src/runtime/scheduler/current_thread/mod.rs:184:9
[INFO] [stdout]   39:     0x5741d6f015c2 - tokio::runtime::runtime::Runtime::block_on_inner::h8cf0bbe158ac4209
[INFO] [stdout]                                at /opt/rustwide/cargo-home/registry/src/index.crates.io-6f17d22bba15001f/tokio-1.41.0/src/runtime/runtime.rs:368:47
[INFO] [stdout]   40:     0x5741d6f0198f - tokio::runtime::runtime::Runtime::block_on::hc4d221e4520eb3b1
[INFO] [stdout]                                at /opt/rustwide/cargo-home/registry/src/index.crates.io-6f17d22bba15001f/tokio-1.41.0/src/runtime/runtime.rs:342:13
[INFO] [stdout]   41:     0x5741d6ee9641 - eventsourced_postgres::event_log::tests::test_event_log::h59419c183133f20d
[INFO] [stdout]                                at /opt/rustwide/workdir/src/event_log.rs:539:9
[INFO] [stdout]   42:     0x5741d6ee94c7 - eventsourced_postgres::event_log::tests::test_event_log::{{closure}}::h1f5134f41f672fc6
[INFO] [stdout]                                at /opt/rustwide/workdir/src/event_log.rs:430:34
[INFO] [stdout]   43:     0x5741d6e6f076 - core::ops::function::FnOnce::call_once::h00f3c9e817658265
[INFO] [stdout]                                at /rustc/df4ca44d3fbc9301ee17f30f4d474e6ae4b05252/library/core/src/ops/function.rs:250:5
[INFO] [stdout]   44:     0x5741d6f512ab - core::ops::function::FnOnce::call_once::h22c3ba5715e93f05
[INFO] [stdout]                                at /rustc/df4ca44d3fbc9301ee17f30f4d474e6ae4b05252/library/core/src/ops/function.rs:250:5
[INFO] [stdout]   45:     0x5741d6f512ab - test::__rust_begin_short_backtrace::h8e82d8113d0da17f
[INFO] [stdout]                                at /rustc/df4ca44d3fbc9301ee17f30f4d474e6ae4b05252/library/test/src/lib.rs:621:18
[INFO] [stdout]   46:     0x5741d6f50c27 - test::run_test_in_process::{{closure}}::h33235f4f20b7b7c7
[INFO] [stdout]                                at /rustc/df4ca44d3fbc9301ee17f30f4d474e6ae4b05252/library/test/src/lib.rs:644:60
[INFO] [stdout]   47:     0x5741d6f50c27 - <core::panic::unwind_safe::AssertUnwindSafe<F> as core::ops::function::FnOnce<()>>::call_once::hb5043206310c586f
[INFO] [stdout]                                at /rustc/df4ca44d3fbc9301ee17f30f4d474e6ae4b05252/library/core/src/panic/unwind_safe.rs:272:9
[INFO] [stdout]   48:     0x5741d6f50c27 - std::panicking::try::do_call::h9ad4731a60ab23e2
[INFO] [stdout]                                at /rustc/df4ca44d3fbc9301ee17f30f4d474e6ae4b05252/library/std/src/panicking.rs:557:40
[INFO] [stdout]   49:     0x5741d6f50c27 - std::panicking::try::h3824d23db772a716
[INFO] [stdout]                                at /rustc/df4ca44d3fbc9301ee17f30f4d474e6ae4b05252/library/std/src/panicking.rs:520:19
[INFO] [stdout]   50:     0x5741d6f50c27 - std::panic::catch_unwind::h5afd514605fde46b
[INFO] [stdout]                                at /rustc/df4ca44d3fbc9301ee17f30f4d474e6ae4b05252/library/std/src/panic.rs:358:14
[INFO] [stdout]   51:     0x5741d6f50c27 - test::run_test_in_process::h0d5cbfa7067d1720
[INFO] [stdout]                                at /rustc/df4ca44d3fbc9301ee17f30f4d474e6ae4b05252/library/test/src/lib.rs:644:27
[INFO] [stdout]   52:     0x5741d6f50c27 - test::run_test::{{closure}}::h708eb8872708115d
[INFO] [stdout]                                at /rustc/df4ca44d3fbc9301ee17f30f4d474e6ae4b05252/library/test/src/lib.rs:565:43
[INFO] [stdout]   53:     0x5741d6f14344 - test::run_test::{{closure}}::h392c51cee94713ab
[INFO] [stdout]                                at /rustc/df4ca44d3fbc9301ee17f30f4d474e6ae4b05252/library/test/src/lib.rs:595:41
[INFO] [stdout]   54:     0x5741d6f14344 - std::sys::backtrace::__rust_begin_short_backtrace::h2f40290710935a8b
[INFO] [stdout]                                at /rustc/df4ca44d3fbc9301ee17f30f4d474e6ae4b05252/library/std/src/sys/backtrace.rs:154:18
[INFO] [stdout]   55:     0x5741d6f17aee - std::thread::Builder::spawn_unchecked_::{{closure}}::{{closure}}::h3fd968d89053a903
[INFO] [stdout]                                at /rustc/df4ca44d3fbc9301ee17f30f4d474e6ae4b05252/library/std/src/thread/mod.rs:541:17
[INFO] [stdout]   56:     0x5741d6f17aee - <core::panic::unwind_safe::AssertUnwindSafe<F> as core::ops::function::FnOnce<()>>::call_once::h743f637ba4229880
[INFO] [stdout]                                at /rustc/df4ca44d3fbc9301ee17f30f4d474e6ae4b05252/library/core/src/panic/unwind_safe.rs:272:9
[INFO] [stdout]   57:     0x5741d6f17aee - std::panicking::try::do_call::h07440897322525a6
[INFO] [stdout]                                at /rustc/df4ca44d3fbc9301ee17f30f4d474e6ae4b05252/library/std/src/panicking.rs:557:40
[INFO] [stdout]   58:     0x5741d6f17aee - std::panicking::try::he5a2e00188156637
[INFO] [stdout]                                at /rustc/df4ca44d3fbc9301ee17f30f4d474e6ae4b05252/library/std/src/panicking.rs:520:19
[INFO] [stdout]   59:     0x5741d6f17aee - std::panic::catch_unwind::hbaf3cae49b3c6433
[INFO] [stdout]                                at /rustc/df4ca44d3fbc9301ee17f30f4d474e6ae4b05252/library/std/src/panic.rs:358:14
[INFO] [stdout]   60:     0x5741d6f17aee - std::thread::Builder::spawn_unchecked_::{{closure}}::h8e141ea224820bce
[INFO] [stdout]                                at /rustc/df4ca44d3fbc9301ee17f30f4d474e6ae4b05252/library/std/src/thread/mod.rs:540:30
[INFO] [stdout]   61:     0x5741d6f17aee - core::ops::function::FnOnce::call_once{{vtable.shim}}::h90d312fedd7b8ea8
[INFO] [stdout]                                at /rustc/df4ca44d3fbc9301ee17f30f4d474e6ae4b05252/library/core/src/ops/function.rs:250:5
[INFO] [stdout]   62:     0x5741d72359fb - <alloc::boxed::Box<F,A> as core::ops::function::FnOnce<Args>>::call_once::h69aa08ddb6adb8b6
[INFO] [stdout]                                at /rustc/df4ca44d3fbc9301ee17f30f4d474e6ae4b05252/library/alloc/src/boxed.rs:2454:9
[INFO] [stdout]   63:     0x5741d72359fb - <alloc::boxed::Box<F,A> as core::ops::function::FnOnce<Args>>::call_once::h5aa36efdb79c806f
[INFO] [stdout]                                at /rustc/df4ca44d3fbc9301ee17f30f4d474e6ae4b05252/library/alloc/src/boxed.rs:2454:9
[INFO] [stdout]   64:     0x5741d72359fb - std::sys::pal::unix::thread::Thread::new::thread_start::h6cd80a1b4be5158d
[INFO] [stdout]                                at /rustc/df4ca44d3fbc9301ee17f30f4d474e6ae4b05252/library/std/src/sys/pal/unix/thread.rs:105:17
[INFO] [stdout]   65:     0x7b6b87587ac3 - <unknown>
[INFO] [stdout]   66:     0x7b6b87618a04 - clone
[INFO] [stdout]   67:                0x0 - <unknown>
[INFO] [stdout] 
[INFO] [stdout] 
[INFO] [stdout] failures:
[INFO] [stdout]     event_log::tests::test_event_log
[INFO] [stdout]     snapshot_store::tests::test_snapshot_store
[INFO] [stdout] 
[INFO] [stdout] test result: FAILED. 0 passed; 2 failed; 0 ignored; 0 measured; 0 filtered out; finished in 0.17s
[INFO] [stdout] 
[INFO] [stderr] error: test failed, to rerun pass `--lib`
[INFO] running `Command { std: "docker" "inspect" "a3f5f4595d41d7685ce9ead4fb624eae2c41b7935759980e438e94117e16e63f", kill_on_drop: false }`
[INFO] running `Command { std: "docker" "rm" "-f" "a3f5f4595d41d7685ce9ead4fb624eae2c41b7935759980e438e94117e16e63f", kill_on_drop: false }`
[INFO] [stdout] a3f5f4595d41d7685ce9ead4fb624eae2c41b7935759980e438e94117e16e63f
