[INFO] fetching crate evebox 0.13.0...
[INFO] testing evebox-0.13.0 against nightly-2024-10-28 for randomize-layout
[INFO] extracting crate evebox 0.13.0 into /workspace/builds/worker-4-tc1/source
[INFO] validating manifest of crates.io crate evebox 0.13.0 on toolchain nightly-2024-10-28
[INFO] running `Command { std: CARGO_HOME="/workspace/cargo-home" RUSTUP_HOME="/workspace/rustup-home" "/workspace/cargo-home/bin/cargo" "+nightly-2024-10-28" "metadata" "--manifest-path" "Cargo.toml" "--no-deps", kill_on_drop: false }`
[INFO] removed /workspace/builds/worker-4-tc1/source/.cargo/config
[INFO] started tweaking crates.io crate evebox 0.13.0
[INFO] finished tweaking crates.io crate evebox 0.13.0
[INFO] tweaked toml for crates.io crate evebox 0.13.0 written to /workspace/builds/worker-4-tc1/source/Cargo.toml
[INFO] crate crates.io crate evebox 0.13.0 already has a lockfile, it will not be regenerated
[INFO] running `Command { std: CARGO_HOME="/workspace/cargo-home" RUSTUP_HOME="/workspace/rustup-home" "/workspace/cargo-home/bin/cargo" "+nightly-2024-10-28" "fetch" "--manifest-path" "Cargo.toml", kill_on_drop: false }`
[INFO] [stderr]     Updating crates.io index
[INFO] [stderr]  Downloading crates ...
[INFO] [stderr]   Downloaded urlencoding v1.1.1
[INFO] [stderr]   Downloaded warp v0.2.5
[INFO] [stderr]   Downloaded tokio-tungstenite v0.11.0
[INFO] [stderr]   Downloaded utf-8 v0.7.5
[INFO] [stderr]   Downloaded pin-project-internal v1.0.5
[INFO] [stderr]   Downloaded pin-project v1.0.5
[INFO] [stderr]   Downloaded tracing v0.1.25
[INFO] [stderr]   Downloaded futures-core v0.3.13
[INFO] [stderr]   Downloaded httparse v1.3.5
[INFO] [stderr]   Downloaded libc v0.2.89
[INFO] [stderr]   Downloaded sha-1 v0.9.4
[INFO] [stderr]   Downloaded futures-sink v0.3.13
[INFO] [stderr]   Downloaded futures-task v0.3.13
[INFO] [stderr]   Downloaded futures-util v0.3.13
[INFO] [stderr]   Downloaded tinyvec v1.1.1
[INFO] [stderr]   Downloaded notify v4.0.15
[INFO] [stderr]   Downloaded rle-decode-fast v1.0.1
[INFO] [stderr]   Downloaded blowfish v0.7.0
[INFO] [stderr]   Downloaded config v0.10.1
[INFO] [stderr]   Downloaded lexical-core v0.7.5
[INFO] [stderr]   Downloaded libflate v0.1.27
[INFO] [stderr]   Downloaded rust-embed v5.9.0
[INFO] [stderr]   Downloaded futures-executor v0.3.13
[INFO] [stderr]   Downloaded dtoa v0.4.7
[INFO] [stderr]   Downloaded bcrypt v0.9.0
[INFO] [stderr]   Downloaded rust-ini v0.13.0
[INFO] [stderr]   Downloaded serde_test v0.8.23
[INFO] [stderr]   Downloaded linked-hash-map v0.3.0
[INFO] [stderr]   Downloaded serde-hjson v0.9.1
[INFO] [stderr]   Downloaded wasm-bindgen-futures v0.4.22
[INFO] [stderr]   Downloaded rpassword v4.0.5
[INFO] [stderr]   Downloaded rusqlite v0.23.1
[INFO] [stderr]   Downloaded rust-embed-impl v5.9.0
[INFO] [stderr]   Downloaded rust-embed-utils v5.1.0
[INFO] [stderr]   Downloaded serde_yaml v0.8.17
[INFO] [stderr]   Downloaded thiserror-impl v1.0.24
[INFO] [stderr]   Downloaded libsqlite3-sys v0.18.0
[INFO] [stderr]   Downloaded include-flate-codegen v0.1.3
[INFO] [stderr]   Downloaded include-flate-codegen-exports v0.1.3
[INFO] [stderr]   Downloaded thiserror v1.0.24
[INFO] [stderr]   Downloaded evebox-suricata-rule-parser v0.1.0
[INFO] [stderr]   Downloaded ulid v0.3.3
[INFO] [stderr]   Downloaded sharded-slab v0.1.1
[INFO] [stderr]   Downloaded tracing-subscriber v0.2.17
[INFO] [stderr]   Downloaded futures v0.3.13
[INFO] [stderr]   Downloaded headers v0.3.4
[INFO] [stderr]   Downloaded mime_guess v2.0.3
[INFO] [stderr]   Downloaded redox_syscall v0.2.5
[INFO] [stderr]   Downloaded multipart v0.17.1
[INFO] [stderr]   Downloaded futures-channel v0.3.13
[INFO] [stderr]   Downloaded futures-io v0.3.13
[INFO] [stderr]   Downloaded futures-macro v0.3.13
[INFO] [stderr]   Downloaded idna v0.2.2
[INFO] [stderr]   Downloaded rand_core v0.6.2
[INFO] [stderr]   Downloaded rand v0.8.3
[INFO] [stderr]   Downloaded tungstenite v0.11.1
[INFO] [stderr]   Downloaded maxminddb v0.13.0
[INFO] [stderr]   Downloaded include-flate v0.1.3
[INFO] running `Command { std: "docker" "create" "-v" "/var/lib/crater-agent-workspace/builds/worker-4-tc1/target:/opt/rustwide/target:rw,Z" "-v" "/var/lib/crater-agent-workspace/builds/worker-4-tc1/source:/opt/rustwide/workdir:ro,Z" "-v" "/var/lib/crater-agent-workspace/cargo-home:/opt/rustwide/cargo-home:ro,Z" "-v" "/var/lib/crater-agent-workspace/rustup-home:/opt/rustwide/rustup-home:ro,Z" "-e" "SOURCE_DIR=/opt/rustwide/workdir" "-e" "CARGO_TARGET_DIR=/opt/rustwide/target" "-e" "CARGO_HOME=/opt/rustwide/cargo-home" "-e" "RUSTUP_HOME=/opt/rustwide/rustup-home" "-w" "/opt/rustwide/workdir" "-m" "1610612736" "--user" "0:0" "--network" "none" "ghcr.io/rust-lang/crates-build-env/linux@sha256:4a844ea9eb2546a2d2c7022eacef16ef2e8229c7fbb2c7d4d55a9ceca922f72d" "/opt/rustwide/cargo-home/bin/cargo" "+nightly-2024-10-28" "metadata" "--no-deps" "--format-version=1", kill_on_drop: false }`
[INFO] [stdout] 650b96584d842155a40a171fb2b56fcd3589ccb0d75fa0baf2fb8bea75277e5f
[INFO] running `Command { std: "docker" "start" "-a" "650b96584d842155a40a171fb2b56fcd3589ccb0d75fa0baf2fb8bea75277e5f", kill_on_drop: false }`
[INFO] running `Command { std: "docker" "inspect" "650b96584d842155a40a171fb2b56fcd3589ccb0d75fa0baf2fb8bea75277e5f", kill_on_drop: false }`
[INFO] running `Command { std: "docker" "rm" "-f" "650b96584d842155a40a171fb2b56fcd3589ccb0d75fa0baf2fb8bea75277e5f", kill_on_drop: false }`
[INFO] [stdout] 650b96584d842155a40a171fb2b56fcd3589ccb0d75fa0baf2fb8bea75277e5f
[INFO] running `Command { std: "docker" "create" "-v" "/var/lib/crater-agent-workspace/builds/worker-4-tc1/target:/opt/rustwide/target:rw,Z" "-v" "/var/lib/crater-agent-workspace/builds/worker-4-tc1/source:/opt/rustwide/workdir:ro,Z" "-v" "/var/lib/crater-agent-workspace/cargo-home:/opt/rustwide/cargo-home:ro,Z" "-v" "/var/lib/crater-agent-workspace/rustup-home:/opt/rustwide/rustup-home:ro,Z" "-e" "SOURCE_DIR=/opt/rustwide/workdir" "-e" "CARGO_TARGET_DIR=/opt/rustwide/target" "-e" "CARGO_INCREMENTAL=0" "-e" "RUST_BACKTRACE=full" "-e" "RUSTFLAGS=--cap-lints=forbid" "-e" "RUSTDOCFLAGS=--cap-lints=forbid" "-e" "CARGO_HOME=/opt/rustwide/cargo-home" "-e" "RUSTUP_HOME=/opt/rustwide/rustup-home" "-w" "/opt/rustwide/workdir" "-m" "1610612736" "--user" "0:0" "--network" "none" "ghcr.io/rust-lang/crates-build-env/linux@sha256:4a844ea9eb2546a2d2c7022eacef16ef2e8229c7fbb2c7d4d55a9ceca922f72d" "/opt/rustwide/cargo-home/bin/cargo" "+nightly-2024-10-28" "build" "--frozen" "--message-format=json", kill_on_drop: false }`
[INFO] [stdout] 2b708ae17c4edf170faa0fcf6ae02b42f0a0d3d15b5731600b709130b51ccd2c
[INFO] running `Command { std: "docker" "start" "-a" "2b708ae17c4edf170faa0fcf6ae02b42f0a0d3d15b5731600b709130b51ccd2c", kill_on_drop: false }`
[INFO] [stderr]    Compiling libc v0.2.89
[INFO] [stderr]    Compiling proc-macro2 v1.0.24
[INFO] [stderr]    Compiling unicode-xid v0.2.1
[INFO] [stderr]    Compiling syn v1.0.64
[INFO] [stderr]    Compiling version_check v0.9.3
[INFO] [stderr]    Compiling memchr v2.3.4
[INFO] [stderr]    Compiling log v0.4.14
[INFO] [stderr]    Compiling lazy_static v1.4.0
[INFO] [stderr]    Compiling autocfg v1.0.1
[INFO] [stderr]    Compiling itoa v0.4.7
[INFO] [stderr]    Compiling slab v0.4.2
[INFO] [stderr]    Compiling proc-macro-hack v0.5.19
[INFO] [stderr]    Compiling cc v1.0.67
[INFO] [stderr]    Compiling serde_derive v1.0.124
[INFO] [stderr]    Compiling serde v1.0.124
[INFO] [stderr]    Compiling typenum v1.13.0
[INFO] [stderr]    Compiling futures-core v0.3.13
[INFO] [stderr]    Compiling bytes v0.5.6
[INFO] [stderr]    Compiling pin-project-lite v0.2.6
[INFO] [stderr]    Compiling bitflags v1.2.1
[INFO] [stderr]    Compiling ryu v1.0.5
[INFO] [stderr]    Compiling bytes v1.0.1
[INFO] [stderr]    Compiling proc-macro-nested v0.1.7
[INFO] [stderr]    Compiling futures-sink v0.3.13
[INFO] [stderr]    Compiling once_cell v1.7.2
[INFO] [stderr]    Compiling generic-array v0.14.4
[INFO] [stderr]    Compiling tracing-core v0.1.17
[INFO] [stderr]    Compiling autocfg v0.1.7
[INFO] [stderr]    Compiling getrandom v0.2.2
[INFO] [stderr]    Compiling matches v0.1.8
[INFO] [stderr]    Compiling num-traits v0.2.14
[INFO] [stderr]    Compiling futures-channel v0.3.13
[INFO] [stderr]    Compiling untrusted v0.7.1
[INFO] [stderr]    Compiling tinyvec_macros v0.1.0
[INFO] [stderr]    Compiling pin-project-lite v0.1.12
[INFO] [stderr]    Compiling httparse v1.3.5
[INFO] [stderr]    Compiling http v0.2.3
[INFO] [stderr]    Compiling spin v0.5.2
[INFO] [stderr]    Compiling futures-task v0.3.13
[INFO] [stderr]    Compiling futures-io v0.3.13
[INFO] [stderr]    Compiling ppv-lite86 v0.2.10
[INFO] [stderr]    Compiling quote v1.0.9
[INFO] [stderr]    Compiling getrandom v0.1.16
[INFO] [stderr]    Compiling tinyvec v1.1.1
[INFO] [stderr]    Compiling iovec v0.1.4
[INFO] [stderr]    Compiling net2 v0.2.37
[INFO] [stderr]    Compiling num_cpus v1.13.0
[INFO] [stderr]    Compiling signal-hook-registry v1.3.0
[INFO] [stderr]    Compiling unicase v2.6.0
[INFO] [stderr]    Compiling percent-encoding v2.1.0
[INFO] [stderr]    Compiling proc-macro2 v0.4.30
[INFO] [stderr]    Compiling byteorder v1.4.3
[INFO] [stderr]    Compiling mio v0.6.23
[INFO] [stderr]    Compiling form_urlencoded v1.0.1
[INFO] [stderr]    Compiling ring v0.16.20
[INFO] [stderr]    Compiling unicode-bidi v0.3.4
[INFO] [stderr]    Compiling indexmap v1.6.2
[INFO] [stderr]    Compiling serde_json v1.0.64
[INFO] [stderr]    Compiling base64 v0.12.3
[INFO] [stderr]    Compiling crc32fast v1.2.1
[INFO] [stderr]    Compiling opaque-debug v0.3.0
[INFO] [stderr]    Compiling rand_core v0.5.1
[INFO] [stderr]    Compiling time v0.1.43
[INFO] [stderr]    Compiling rand_core v0.3.1
[INFO] [stderr]    Compiling syn v0.15.44
[INFO] [stderr]    Compiling regex-syntax v0.6.23
[INFO] [stderr]    Compiling hashbrown v0.9.1
[INFO] [stderr]    Compiling mime_guess v2.0.3
[INFO] [stderr]    Compiling rand_chacha v0.2.2
[INFO] [stderr]    Compiling digest v0.9.0
[INFO] [stderr]    Compiling mio-uds v0.6.8
[INFO] [stderr]    Compiling unicode-normalization v0.1.17
[INFO] [stderr]    Compiling quote v0.6.13
[INFO] [stderr]    Compiling block-buffer v0.9.0
[INFO] [stderr]    Compiling rand_core v0.6.2
[INFO] [stderr]    Compiling num-integer v0.1.44
[INFO] [stderr]    Compiling take_mut v0.2.2
[INFO] [stderr]    Compiling pin-project-internal v0.4.27
[INFO] [stderr]    Compiling same-file v1.0.6
[INFO] [stderr]    Compiling cpuid-bool v0.1.2
[INFO] [stderr]    Compiling try-lock v0.2.3
[INFO] [stderr]    Compiling linked-hash-map v0.5.4
[INFO] [stderr]    Compiling adler32 v1.2.0
[INFO] [stderr]    Compiling rle-decode-fast v1.0.1
[INFO] [stderr]    Compiling mime v0.3.16
[INFO] [stderr]    Compiling lexical-core v0.7.5
[INFO] [stderr]    Compiling want v0.3.0
[INFO] [stderr]    Compiling walkdir v2.3.1
[INFO] [stderr]    Compiling libflate v0.1.27
[INFO] [stderr]    Compiling sha-1 v0.9.4
[INFO] [stderr]    Compiling rand_chacha v0.3.0
[INFO] [stderr]    Compiling rand v0.7.3
[INFO] [stderr]    Compiling socket2 v0.3.19
[INFO] [stderr]    Compiling rand_chacha v0.1.1
[INFO] [stderr]    Compiling rand_pcg v0.1.2
[INFO] [stderr]    Compiling aho-corasick v0.7.15
[INFO] [stderr]    Compiling nom v5.1.2
[INFO] [stderr]    Compiling pkg-config v0.3.19
[INFO] [stderr]    Compiling http-body v0.3.1
[INFO] [stderr]    Compiling idna v0.2.2
[INFO] [stderr]    Compiling serde v0.8.23
[INFO] [stderr]    Compiling arrayvec v0.5.2
[INFO] [stderr]    Compiling httpdate v0.3.2
[INFO] [stderr]    Compiling base64 v0.13.0
[INFO] [stderr]    Compiling tower-service v0.3.1
[INFO] [stderr]    Compiling url v2.2.1
[INFO] [stderr]    Compiling rand v0.8.3
[INFO] [stderr]    Compiling libsqlite3-sys v0.18.0
[INFO] [stderr]    Compiling rand v0.6.5
[INFO] [stderr]    Compiling input_buffer v0.3.1
[INFO] [stderr]    Compiling anyhow v1.0.38
[INFO] [stderr]    Compiling dtoa v0.4.7
[INFO] [stderr]    Compiling encoding_rs v0.8.28
[INFO] [stderr]    Compiling regex v1.4.5
[INFO] [stderr]    Compiling utf-8 v0.7.5
[INFO] [stderr]    Compiling remove_dir_all v0.5.3
[INFO] [stderr]    Compiling regex-automata v0.1.9
[INFO] [stderr]    Compiling buf_redux v0.8.4
[INFO] [stderr]    Compiling chrono v0.4.19
[INFO] [stderr]    Compiling tungstenite v0.11.1
[INFO] [stderr]    Compiling tempfile v3.2.0
[INFO] [stderr]    Compiling headers-core v0.2.0
[INFO] [stderr]    Compiling rust-embed-utils v5.1.0
[INFO] [stderr]    Compiling yaml-rust v0.4.5
[INFO] [stderr]    Compiling num-traits v0.1.43
[INFO] [stderr]    Compiling cipher v0.2.5
[INFO] [stderr]    Compiling rand_isaac v0.1.1
[INFO] [stderr]    Compiling rand_xorshift v0.1.1
[INFO] [stderr]    Compiling rand_hc v0.1.0
[INFO] [stderr]    Compiling inotify-sys v0.1.5
[INFO] [stderr]    Compiling rand_os v0.1.3
[INFO] [stderr]    Compiling twoway v0.1.8
[INFO] [stderr]    Compiling error-chain v0.12.4
[INFO] [stderr]    Compiling serde_test v0.8.23
[INFO] [stderr]    Compiling unicode-width v0.1.8
[INFO] [stderr]    Compiling smallvec v1.6.1
[INFO] [stderr]    Compiling lazycell v1.3.0
[INFO] [stderr]    Compiling multipart v0.17.1
[INFO] [stderr]    Compiling textwrap v0.11.0
[INFO] [stderr]    Compiling mio-extras v2.0.6
[INFO] [stderr]    Compiling linked-hash-map v0.3.0
[INFO] [stderr]    Compiling inotify v0.7.1
[INFO] [stderr]    Compiling matchers v0.0.1
[INFO] [stderr]    Compiling blowfish v0.7.0
[INFO] [stderr]    Compiling serde-hjson v0.9.1
[INFO] [stderr]    Compiling headers v0.3.4
[INFO] [stderr]    Compiling webpki v0.21.4
[INFO] [stderr]    Compiling sct v0.6.0
[INFO] [stderr]    Compiling lru-cache v0.1.2
[INFO] [stderr]    Compiling filetime v0.2.14
[INFO] [stderr]    Compiling rustls v0.18.1
[INFO] [stderr]    Compiling webpki-roots v0.20.0
[INFO] [stderr]    Compiling tracing-log v0.1.2
[INFO] [stderr]    Compiling thread_local v1.1.3
[INFO] [stderr]    Compiling sharded-slab v0.1.1
[INFO] [stderr]    Compiling urlencoding v1.1.1
[INFO] [stderr]    Compiling ipnet v2.3.0
[INFO] [stderr]    Compiling fallible-iterator v0.2.0
[INFO] [stderr]    Compiling rust-ini v0.13.0
[INFO] [stderr]    Compiling fallible-streaming-iterator v0.1.9
[INFO] [stderr]    Compiling scoped-tls v1.0.0
[INFO] [stderr]    Compiling evebox v0.13.0 (/opt/rustwide/workdir)
[INFO] [stderr]    Compiling evebox-suricata-rule-parser v0.1.0
[INFO] [stderr]    Compiling ulid v0.3.3
[INFO] [stderr]    Compiling notify v4.0.15
[INFO] [stderr]    Compiling bcrypt v0.9.0
[INFO] [stderr]    Compiling clap v2.33.3
[INFO] [stderr]    Compiling uuid v0.8.2
[INFO] [stderr]    Compiling rpassword v4.0.5
[INFO] [stderr]    Compiling humantime v2.1.0
[INFO] [stderr]    Compiling md5 v0.7.0
[INFO] [stderr]    Compiling glob v0.3.0
[INFO] [stderr]    Compiling webbrowser v0.5.5
[INFO] [stderr]    Compiling include-flate-codegen v0.1.3
[INFO] [stderr]    Compiling include-flate-codegen-exports v0.1.3
[INFO] [stderr]    Compiling include-flate v0.1.3
[INFO] [stderr]    Compiling tokio-macros v0.2.6
[INFO] [stderr]    Compiling futures-macro v0.3.13
[INFO] [stderr]    Compiling tracing-attributes v0.1.15
[INFO] [stderr]    Compiling pin-project-internal v1.0.5
[INFO] [stderr]    Compiling rust-embed-impl v5.9.0
[INFO] [stderr]    Compiling thiserror-impl v1.0.24
[INFO] [stderr]    Compiling tokio v0.2.25
[INFO] [stderr]    Compiling rust-embed v5.9.0
[INFO] [stderr]    Compiling futures-util v0.3.13
[INFO] [stderr]    Compiling thiserror v1.0.24
[INFO] [stderr]    Compiling tracing v0.1.25
[INFO] [stderr]    Compiling pin-project v1.0.5
[INFO] [stderr]    Compiling tracing-futures v0.2.5
[INFO] [stderr]    Compiling pin-project v0.4.27
[INFO] [stderr]    Compiling futures-executor v0.3.13
[INFO] [stderr]    Compiling futures v0.3.13
[INFO] [stderr]    Compiling tokio-util v0.3.1
[INFO] [stderr]    Compiling tokio-rustls v0.14.1
[INFO] [stderr]    Compiling tokio-tungstenite v0.11.0
[INFO] [stderr]    Compiling h2 v0.2.7
[INFO] [stderr]    Compiling serde_urlencoded v0.6.1
[INFO] [stderr]    Compiling toml v0.5.8
[INFO] [stderr]    Compiling serde_urlencoded v0.7.0
[INFO] [stderr]    Compiling tracing-serde v0.1.2
[INFO] [stderr]    Compiling serde_yaml v0.8.17
[INFO] [stderr]    Compiling maxminddb v0.13.0
[INFO] [stderr]    Compiling tracing-subscriber v0.2.17
[INFO] [stderr]    Compiling rusqlite v0.23.1
[INFO] [stderr]    Compiling config v0.10.1
[INFO] [stderr]    Compiling hyper v0.13.10
[INFO] [stderr]    Compiling hyper-rustls v0.21.0
[INFO] [stderr]    Compiling warp v0.2.5
[INFO] [stderr]    Compiling reqwest v0.10.10
[INFO] [stdout] warning: unused import: `importer::Importer`
[INFO] [stdout]   --> src/elastic/mod.rs:25:9
[INFO] [stdout]    |
[INFO] [stdout] 25 | pub use importer::Importer;
[INFO] [stdout]    |         ^^^^^^^^^^^^^^^^^^
[INFO] [stdout]    |
[INFO] [stdout]    = note: `#[warn(unused_imports)]` on by default
[INFO] [stdout] 
[INFO] [stdout] 
[INFO] [stderr]     Finished `dev` profile [unoptimized + debuginfo] target(s) in 34.60s
[INFO] [stderr] warning: the following packages contain code that will be rejected by a future version of Rust: buf_redux v0.8.4, multipart v0.17.1, nom v5.1.2
[INFO] [stderr] note: to see what the problems were, use the option `--future-incompat-report`, or run `cargo report future-incompatibilities --id 1`
[INFO] running `Command { std: "docker" "inspect" "2b708ae17c4edf170faa0fcf6ae02b42f0a0d3d15b5731600b709130b51ccd2c", kill_on_drop: false }`
[INFO] running `Command { std: "docker" "rm" "-f" "2b708ae17c4edf170faa0fcf6ae02b42f0a0d3d15b5731600b709130b51ccd2c", kill_on_drop: false }`
[INFO] [stdout] 2b708ae17c4edf170faa0fcf6ae02b42f0a0d3d15b5731600b709130b51ccd2c
[INFO] running `Command { std: "docker" "create" "-v" "/var/lib/crater-agent-workspace/builds/worker-4-tc1/target:/opt/rustwide/target:rw,Z" "-v" "/var/lib/crater-agent-workspace/builds/worker-4-tc1/source:/opt/rustwide/workdir:ro,Z" "-v" "/var/lib/crater-agent-workspace/cargo-home:/opt/rustwide/cargo-home:ro,Z" "-v" "/var/lib/crater-agent-workspace/rustup-home:/opt/rustwide/rustup-home:ro,Z" "-e" "SOURCE_DIR=/opt/rustwide/workdir" "-e" "CARGO_TARGET_DIR=/opt/rustwide/target" "-e" "CARGO_INCREMENTAL=0" "-e" "RUST_BACKTRACE=full" "-e" "RUSTFLAGS=--cap-lints=forbid" "-e" "RUSTDOCFLAGS=--cap-lints=forbid" "-e" "CARGO_HOME=/opt/rustwide/cargo-home" "-e" "RUSTUP_HOME=/opt/rustwide/rustup-home" "-w" "/opt/rustwide/workdir" "-m" "1610612736" "--user" "0:0" "--network" "none" "ghcr.io/rust-lang/crates-build-env/linux@sha256:4a844ea9eb2546a2d2c7022eacef16ef2e8229c7fbb2c7d4d55a9ceca922f72d" "/opt/rustwide/cargo-home/bin/cargo" "+nightly-2024-10-28" "test" "--frozen" "--no-run" "--message-format=json", kill_on_drop: false }`
[INFO] [stdout] 5eace29932984db322b36b7ce3fd3737c03548fbfa96f68dcf002344b36c5392
[INFO] running `Command { std: "docker" "start" "-a" "5eace29932984db322b36b7ce3fd3737c03548fbfa96f68dcf002344b36c5392", kill_on_drop: false }`
[INFO] [stderr]    Compiling evebox v0.13.0 (/opt/rustwide/workdir)
[INFO] [stdout] warning: unused import: `importer::Importer`
[INFO] [stdout]   --> src/elastic/mod.rs:25:9
[INFO] [stdout]    |
[INFO] [stdout] 25 | pub use importer::Importer;
[INFO] [stdout]    |         ^^^^^^^^^^^^^^^^^^
[INFO] [stdout]    |
[INFO] [stdout]    = note: `#[warn(unused_imports)]` on by default
[INFO] [stdout] 
[INFO] [stdout] 
[INFO] [stdout] warning: unused import: `importer::Importer`
[INFO] [stdout]   --> src/elastic/mod.rs:25:9
[INFO] [stdout]    |
[INFO] [stdout] 25 | pub use importer::Importer;
[INFO] [stdout]    |         ^^^^^^^^^^^^^^^^^^
[INFO] [stdout]    |
[INFO] [stdout]    = note: `#[warn(unused_imports)]` on by default
[INFO] [stdout] 
[INFO] [stdout] 
[INFO] [stderr]     Finished `test` profile [unoptimized + debuginfo] target(s) in 7.90s
[INFO] [stderr] warning: the following packages contain code that will be rejected by a future version of Rust: buf_redux v0.8.4, multipart v0.17.1, nom v5.1.2
[INFO] [stderr] note: to see what the problems were, use the option `--future-incompat-report`, or run `cargo report future-incompatibilities --id 1`
[INFO] running `Command { std: "docker" "inspect" "5eace29932984db322b36b7ce3fd3737c03548fbfa96f68dcf002344b36c5392", kill_on_drop: false }`
[INFO] running `Command { std: "docker" "rm" "-f" "5eace29932984db322b36b7ce3fd3737c03548fbfa96f68dcf002344b36c5392", kill_on_drop: false }`
[INFO] [stdout] 5eace29932984db322b36b7ce3fd3737c03548fbfa96f68dcf002344b36c5392
[INFO] running `Command { std: "docker" "create" "-v" "/var/lib/crater-agent-workspace/builds/worker-4-tc1/target:/opt/rustwide/target:rw,Z" "-v" "/var/lib/crater-agent-workspace/builds/worker-4-tc1/source:/opt/rustwide/workdir:ro,Z" "-v" "/var/lib/crater-agent-workspace/cargo-home:/opt/rustwide/cargo-home:ro,Z" "-v" "/var/lib/crater-agent-workspace/rustup-home:/opt/rustwide/rustup-home:ro,Z" "-e" "SOURCE_DIR=/opt/rustwide/workdir" "-e" "CARGO_TARGET_DIR=/opt/rustwide/target" "-e" "CARGO_INCREMENTAL=0" "-e" "RUST_BACKTRACE=full" "-e" "RUSTFLAGS=--cap-lints=forbid" "-e" "RUSTDOCFLAGS=--cap-lints=forbid" "-e" "CARGO_HOME=/opt/rustwide/cargo-home" "-e" "RUSTUP_HOME=/opt/rustwide/rustup-home" "-w" "/opt/rustwide/workdir" "-m" "1610612736" "--user" "0:0" "--network" "none" "ghcr.io/rust-lang/crates-build-env/linux@sha256:4a844ea9eb2546a2d2c7022eacef16ef2e8229c7fbb2c7d4d55a9ceca922f72d" "/opt/rustwide/cargo-home/bin/cargo" "+nightly-2024-10-28" "test" "--frozen", kill_on_drop: false }`
[INFO] [stdout] de306aa628d3151986e8776913e5d4911bb7198760f71c47e3ff806802d7780a
[INFO] running `Command { std: "docker" "start" "-a" "de306aa628d3151986e8776913e5d4911bb7198760f71c47e3ff806802d7780a", kill_on_drop: false }`
[INFO] [stderr] warning: unused import: `importer::Importer`
[INFO] [stderr]   --> src/elastic/mod.rs:25:9
[INFO] [stderr]    |
[INFO] [stderr] 25 | pub use importer::Importer;
[INFO] [stderr]    |         ^^^^^^^^^^^^^^^^^^
[INFO] [stderr]    |
[INFO] [stderr]    = note: `#[warn(unused_imports)]` on by default
[INFO] [stderr] 
[INFO] [stderr] warning: `evebox` (lib) generated 1 warning (run `cargo fix --lib -p evebox` to apply 1 suggestion)
[INFO] [stderr] warning: `evebox` (lib test) generated 1 warning (1 duplicate)
[INFO] [stderr]     Finished `test` profile [unoptimized + debuginfo] target(s) in 0.24s
[INFO] [stderr] warning: the following packages contain code that will be rejected by a future version of Rust: buf_redux v0.8.4, multipart v0.17.1, nom v5.1.2
[INFO] [stderr] note: to see what the problems were, use the option `--future-incompat-report`, or run `cargo report future-incompatibilities --id 1`
[INFO] [stderr]      Running unittests src/lib.rs (/opt/rustwide/target/debug/deps/evebox-608dbd6a0b5fff54)
[INFO] [stdout] 
[INFO] [stdout] running 14 tests
[INFO] [stdout] test commands::sqlite_import::test::test_timestamps ... ok
[INFO] [stdout] test commands::sqlite_import::test::test_from_nanos ... ok
[INFO] [stdout] test datastore::test::test_histogram_interval_from_str ... ok
[INFO] [stdout] test elastic::client::test::test_version_compare ... ok
[INFO] [stdout] test eve::eve::test::test_parse_eve_timestamp ... ok
[INFO] [stdout] test packet::test::parse_ip_addr ... ok
[INFO] [stdout] test path::test::test_expand ... ok
[INFO] [stdout] test pcap::test::test_pcap_file ... ok
[INFO] [stdout] test server::api::api::test::test_query_params_mints_from_time_range ... ok
[INFO] [stdout] test sqlite::queryparser::test::test_next_token ... ok
[INFO] [stdout] test sqlite::queryparser::test::test_parse_query_string ... ok
[INFO] [stdout] test pcap::test::test_packet_from_payload ... ok
[INFO] [stdout] test settings::test::test_bool ... ok
[INFO] [stdout] test geoip::test::lookup_example ... FAILED
[INFO] [stdout] 
[INFO] [stdout] failures:
[INFO] [stdout] 
[INFO] [stdout] ---- geoip::test::lookup_example stdout ----
[INFO] [stdout] thread 'geoip::test::lookup_example' panicked at src/geoip.rs:235:43:
[INFO] [stdout] called `Result::unwrap()` on an `Err` value: "No database file found"
[INFO] [stdout] stack backtrace:
[INFO] [stdout]    0:     0x62b6cbed6d7a - std::backtrace_rs::backtrace::libunwind::trace::h207520d6e9873551
[INFO] [stdout]                                at /rustc/df4ca44d3fbc9301ee17f30f4d474e6ae4b05252/library/std/src/../../backtrace/src/backtrace/libunwind.rs:116:5
[INFO] [stdout]    1:     0x62b6cbed6d7a - std::backtrace_rs::backtrace::trace_unsynchronized::h2ed7433f370e3eca
[INFO] [stdout]                                at /rustc/df4ca44d3fbc9301ee17f30f4d474e6ae4b05252/library/std/src/../../backtrace/src/backtrace/mod.rs:66:5
[INFO] [stdout]    2:     0x62b6cbed6d7a - std::sys::backtrace::_print_fmt::h916fac51166b18d7
[INFO] [stdout]                                at /rustc/df4ca44d3fbc9301ee17f30f4d474e6ae4b05252/library/std/src/sys/backtrace.rs:66:9
[INFO] [stdout]    3:     0x62b6cbed6d7a - <std::sys::backtrace::BacktraceLock::print::DisplayBacktrace as core::fmt::Display>::fmt::ha0a4c9b8ce3802e6
[INFO] [stdout]                                at /rustc/df4ca44d3fbc9301ee17f30f4d474e6ae4b05252/library/std/src/sys/backtrace.rs:39:26
[INFO] [stdout]    4:     0x62b6cbf02753 - core::fmt::rt::Argument::fmt::h4cfc8587d52b3eb5
[INFO] [stdout]                                at /rustc/df4ca44d3fbc9301ee17f30f4d474e6ae4b05252/library/core/src/fmt/rt.rs:177:76
[INFO] [stdout]    5:     0x62b6cbf02753 - core::fmt::write::h522cc39e5b36ae9f
[INFO] [stdout]                                at /rustc/df4ca44d3fbc9301ee17f30f4d474e6ae4b05252/library/core/src/fmt/mod.rs:1190:21
[INFO] [stdout]    6:     0x62b6cbed2df3 - std::io::Write::write_fmt::h7d3c26752da97734
[INFO] [stdout]                                at /rustc/df4ca44d3fbc9301ee17f30f4d474e6ae4b05252/library/std/src/io/mod.rs:1839:15
[INFO] [stdout]    7:     0x62b6cbed6bc2 - std::sys::backtrace::BacktraceLock::print::h4b9e00b29e9c0942
[INFO] [stdout]                                at /rustc/df4ca44d3fbc9301ee17f30f4d474e6ae4b05252/library/std/src/sys/backtrace.rs:42:9
[INFO] [stdout]    8:     0x62b6cbed820a - std::panicking::default_hook::{{closure}}::hb59b88280d0324d9
[INFO] [stdout]                                at /rustc/df4ca44d3fbc9301ee17f30f4d474e6ae4b05252/library/std/src/panicking.rs:268:22
[INFO] [stdout]    9:     0x62b6cbed8014 - std::panicking::default_hook::he1dd496665be4a29
[INFO] [stdout]                                at /rustc/df4ca44d3fbc9301ee17f30f4d474e6ae4b05252/library/std/src/panicking.rs:292:9
[INFO] [stdout]   10:     0x62b6cbd43599 - <alloc::boxed::Box<F,A> as core::ops::function::Fn<Args>>::call::h4ff71de18744e1dc
[INFO] [stdout]                                at /rustc/df4ca44d3fbc9301ee17f30f4d474e6ae4b05252/library/alloc/src/boxed.rs:2468:9
[INFO] [stdout]   11:     0x62b6cbd43599 - test::test_main::{{closure}}::hcf7c055ce117aa81
[INFO] [stdout]                                at /rustc/df4ca44d3fbc9301ee17f30f4d474e6ae4b05252/library/test/src/lib.rs:133:21
[INFO] [stdout]   12:     0x62b6cbed8908 - <alloc::boxed::Box<F,A> as core::ops::function::Fn<Args>>::call::h1d66c6bbd60c9692
[INFO] [stdout]                                at /rustc/df4ca44d3fbc9301ee17f30f4d474e6ae4b05252/library/alloc/src/boxed.rs:2468:9
[INFO] [stdout]   13:     0x62b6cbed8908 - std::panicking::rust_panic_with_hook::h2ff17fe8f26dfcf8
[INFO] [stdout]                                at /rustc/df4ca44d3fbc9301ee17f30f4d474e6ae4b05252/library/std/src/panicking.rs:809:13
[INFO] [stdout]   14:     0x62b6cbed86ca - std::panicking::begin_panic_handler::{{closure}}::h4fad77951c07e101
[INFO] [stdout]                                at /rustc/df4ca44d3fbc9301ee17f30f4d474e6ae4b05252/library/std/src/panicking.rs:674:13
[INFO] [stdout]   15:     0x62b6cbed7259 - std::sys::backtrace::__rust_end_short_backtrace::hb1a25b3da5d0ea08
[INFO] [stdout]                                at /rustc/df4ca44d3fbc9301ee17f30f4d474e6ae4b05252/library/std/src/sys/backtrace.rs:170:18
[INFO] [stdout]   16:     0x62b6cbed835c - rust_begin_unwind
[INFO] [stdout]                                at /rustc/df4ca44d3fbc9301ee17f30f4d474e6ae4b05252/library/std/src/panicking.rs:665:5
[INFO] [stdout]   17:     0x62b6cbefff50 - core::panicking::panic_fmt::ha9db07b529f9b256
[INFO] [stdout]                                at /rustc/df4ca44d3fbc9301ee17f30f4d474e6ae4b05252/library/core/src/panicking.rs:75:14
[INFO] [stdout]   18:     0x62b6cbf003d6 - core::result::unwrap_failed::h5e8218e4d4338b8a
[INFO] [stdout]                                at /rustc/df4ca44d3fbc9301ee17f30f4d474e6ae4b05252/library/core/src/result.rs:1698:5
[INFO] [stdout]   19:     0x62b6cbba2a70 - core::result::Result<T,E>::unwrap::h94743081689dd29f
[INFO] [stdout]                                at /rustc/df4ca44d3fbc9301ee17f30f4d474e6ae4b05252/library/core/src/result.rs:1103:23
[INFO] [stdout]   20:     0x62b6cbba2a70 - evebox::geoip::test::lookup_example::h7a67ea5617fc8212
[INFO] [stdout]                                at /opt/rustwide/workdir/src/geoip.rs:235:18
[INFO] [stdout]   21:     0x62b6cbba29b7 - evebox::geoip::test::lookup_example::{{closure}}::h6ec7cff0b5b93094
[INFO] [stdout]                                at /opt/rustwide/workdir/src/geoip.rs:234:24
[INFO] [stdout]   22:     0x62b6cbbf43f6 - core::ops::function::FnOnce::call_once::hacd0120a97c83039
[INFO] [stdout]                                at /rustc/df4ca44d3fbc9301ee17f30f4d474e6ae4b05252/library/core/src/ops/function.rs:250:5
[INFO] [stdout]   23:     0x62b6cbd47e6b - core::ops::function::FnOnce::call_once::h22c3ba5715e93f05
[INFO] [stdout]                                at /rustc/df4ca44d3fbc9301ee17f30f4d474e6ae4b05252/library/core/src/ops/function.rs:250:5
[INFO] [stdout]   24:     0x62b6cbd47e6b - test::__rust_begin_short_backtrace::h8e82d8113d0da17f
[INFO] [stdout]                                at /rustc/df4ca44d3fbc9301ee17f30f4d474e6ae4b05252/library/test/src/lib.rs:621:18
[INFO] [stdout]   25:     0x62b6cbd477e7 - test::run_test_in_process::{{closure}}::h33235f4f20b7b7c7
[INFO] [stdout]                                at /rustc/df4ca44d3fbc9301ee17f30f4d474e6ae4b05252/library/test/src/lib.rs:644:60
[INFO] [stdout]   26:     0x62b6cbd477e7 - <core::panic::unwind_safe::AssertUnwindSafe<F> as core::ops::function::FnOnce<()>>::call_once::hb5043206310c586f
[INFO] [stdout]                                at /rustc/df4ca44d3fbc9301ee17f30f4d474e6ae4b05252/library/core/src/panic/unwind_safe.rs:272:9
[INFO] [stdout]   27:     0x62b6cbd477e7 - std::panicking::try::do_call::h9ad4731a60ab23e2
[INFO] [stdout]                                at /rustc/df4ca44d3fbc9301ee17f30f4d474e6ae4b05252/library/std/src/panicking.rs:557:40
[INFO] [stdout]   28:     0x62b6cbd477e7 - std::panicking::try::h3824d23db772a716
[INFO] [stdout]                                at /rustc/df4ca44d3fbc9301ee17f30f4d474e6ae4b05252/library/std/src/panicking.rs:520:19
[INFO] [stdout]   29:     0x62b6cbd477e7 - std::panic::catch_unwind::h5afd514605fde46b
[INFO] [stdout]                                at /rustc/df4ca44d3fbc9301ee17f30f4d474e6ae4b05252/library/std/src/panic.rs:358:14
[INFO] [stdout]   30:     0x62b6cbd477e7 - test::run_test_in_process::h0d5cbfa7067d1720
[INFO] [stdout]                                at /rustc/df4ca44d3fbc9301ee17f30f4d474e6ae4b05252/library/test/src/lib.rs:644:27
[INFO] [stdout]   31:     0x62b6cbd477e7 - test::run_test::{{closure}}::h708eb8872708115d
[INFO] [stdout]                                at /rustc/df4ca44d3fbc9301ee17f30f4d474e6ae4b05252/library/test/src/lib.rs:565:43
[INFO] [stdout]   32:     0x62b6cbd0af04 - test::run_test::{{closure}}::h392c51cee94713ab
[INFO] [stdout]                                at /rustc/df4ca44d3fbc9301ee17f30f4d474e6ae4b05252/library/test/src/lib.rs:595:41
[INFO] [stdout]   33:     0x62b6cbd0af04 - std::sys::backtrace::__rust_begin_short_backtrace::h2f40290710935a8b
[INFO] [stdout]                                at /rustc/df4ca44d3fbc9301ee17f30f4d474e6ae4b05252/library/std/src/sys/backtrace.rs:154:18
[INFO] [stdout]   34:     0x62b6cbd0e6ae - std::thread::Builder::spawn_unchecked_::{{closure}}::{{closure}}::h3fd968d89053a903
[INFO] [stdout]                                at /rustc/df4ca44d3fbc9301ee17f30f4d474e6ae4b05252/library/std/src/thread/mod.rs:541:17
[INFO] [stdout]   35:     0x62b6cbd0e6ae - <core::panic::unwind_safe::AssertUnwindSafe<F> as core::ops::function::FnOnce<()>>::call_once::h743f637ba4229880
[INFO] [stdout]                                at /rustc/df4ca44d3fbc9301ee17f30f4d474e6ae4b05252/library/core/src/panic/unwind_safe.rs:272:9
[INFO] [stdout]   36:     0x62b6cbd0e6ae - std::panicking::try::do_call::h07440897322525a6
[INFO] [stdout]                                at /rustc/df4ca44d3fbc9301ee17f30f4d474e6ae4b05252/library/std/src/panicking.rs:557:40
[INFO] [stdout]   37:     0x62b6cbd0e6ae - std::panicking::try::he5a2e00188156637
[INFO] [stdout]                                at /rustc/df4ca44d3fbc9301ee17f30f4d474e6ae4b05252/library/std/src/panicking.rs:520:19
[INFO] [stdout]   38:     0x62b6cbd0e6ae - std::panic::catch_unwind::hbaf3cae49b3c6433
[INFO] [stdout]                                at /rustc/df4ca44d3fbc9301ee17f30f4d474e6ae4b05252/library/std/src/panic.rs:358:14
[INFO] [stdout]   39:     0x62b6cbd0e6ae - std::thread::Builder::spawn_unchecked_::{{closure}}::h8e141ea224820bce
[INFO] [stdout]                                at /rustc/df4ca44d3fbc9301ee17f30f4d474e6ae4b05252/library/std/src/thread/mod.rs:540:30
[INFO] [stdout]   40:     0x62b6cbd0e6ae - core::ops::function::FnOnce::call_once{{vtable.shim}}::h90d312fedd7b8ea8
[INFO] [stdout]                                at /rustc/df4ca44d3fbc9301ee17f30f4d474e6ae4b05252/library/core/src/ops/function.rs:250:5
[INFO] [stdout]   41:     0x62b6cbedcecb - <alloc::boxed::Box<F,A> as core::ops::function::FnOnce<Args>>::call_once::h69aa08ddb6adb8b6
[INFO] [stdout]                                at /rustc/df4ca44d3fbc9301ee17f30f4d474e6ae4b05252/library/alloc/src/boxed.rs:2454:9
[INFO] [stdout]   42:     0x62b6cbedcecb - <alloc::boxed::Box<F,A> as core::ops::function::FnOnce<Args>>::call_once::h5aa36efdb79c806f
[INFO] [stdout]                                at /rustc/df4ca44d3fbc9301ee17f30f4d474e6ae4b05252/library/alloc/src/boxed.rs:2454:9
[INFO] [stdout]   43:     0x62b6cbedcecb - std::sys::pal::unix::thread::Thread::new::thread_start::h6cd80a1b4be5158d
[INFO] [stdout]                                at /rustc/df4ca44d3fbc9301ee17f30f4d474e6ae4b05252/library/std/src/sys/pal/unix/thread.rs:105:17
[INFO] [stdout]   44:     0x754dee486ac3 - <unknown>
[INFO] [stdout]   45:     0x754dee517a04 - clone
[INFO] [stdout]   46:                0x0 - <unknown>
[INFO] [stdout] 
[INFO] [stdout] 
[INFO] [stdout] failures:
[INFO] [stdout]     geoip::test::lookup_example
[INFO] [stdout] 
[INFO] [stdout] test result: FAILED. 13 passed; 1 failed; 0 ignored; 0 measured; 0 filtered out; finished in 0.06s
[INFO] [stdout] 
[INFO] [stderr] error: test failed, to rerun pass `--lib`
[INFO] running `Command { std: "docker" "inspect" "de306aa628d3151986e8776913e5d4911bb7198760f71c47e3ff806802d7780a", kill_on_drop: false }`
[INFO] running `Command { std: "docker" "rm" "-f" "de306aa628d3151986e8776913e5d4911bb7198760f71c47e3ff806802d7780a", kill_on_drop: false }`
[INFO] [stdout] de306aa628d3151986e8776913e5d4911bb7198760f71c47e3ff806802d7780a
