[INFO] fetching crate etcd-client 0.14.0...
[INFO] testing etcd-client-0.14.0 against nightly-2024-10-28+rustflags=-Zrandomize-layout for randomize-layout
[INFO] extracting crate etcd-client 0.14.0 into /workspace/builds/worker-5-tc2/source
[INFO] validating manifest of crates.io crate etcd-client 0.14.0 on toolchain nightly-2024-10-28
[INFO] running `Command { std: CARGO_HOME="/workspace/cargo-home" RUSTUP_HOME="/workspace/rustup-home" "/workspace/cargo-home/bin/cargo" "+nightly-2024-10-28" "metadata" "--manifest-path" "Cargo.toml" "--no-deps", kill_on_drop: false }`
[INFO] started tweaking crates.io crate etcd-client 0.14.0
[INFO] finished tweaking crates.io crate etcd-client 0.14.0
[INFO] tweaked toml for crates.io crate etcd-client 0.14.0 written to /workspace/builds/worker-5-tc2/source/Cargo.toml
[INFO] crate crates.io crate etcd-client 0.14.0 already has a lockfile, it will not be regenerated
[INFO] running `Command { std: CARGO_HOME="/workspace/cargo-home" RUSTUP_HOME="/workspace/rustup-home" "/workspace/cargo-home/bin/cargo" "+nightly-2024-10-28" "fetch" "--manifest-path" "Cargo.toml", kill_on_drop: false }`
[INFO] [stderr]     Blocking waiting for file lock on package cache
[INFO] running `Command { std: "docker" "create" "-v" "/var/lib/crater-agent-workspace/builds/worker-5-tc2/target:/opt/rustwide/target:rw,Z" "-v" "/var/lib/crater-agent-workspace/builds/worker-5-tc2/source:/opt/rustwide/workdir:ro,Z" "-v" "/var/lib/crater-agent-workspace/cargo-home:/opt/rustwide/cargo-home:ro,Z" "-v" "/var/lib/crater-agent-workspace/rustup-home:/opt/rustwide/rustup-home:ro,Z" "-e" "SOURCE_DIR=/opt/rustwide/workdir" "-e" "CARGO_TARGET_DIR=/opt/rustwide/target" "-e" "CARGO_HOME=/opt/rustwide/cargo-home" "-e" "RUSTUP_HOME=/opt/rustwide/rustup-home" "-w" "/opt/rustwide/workdir" "-m" "1610612736" "--user" "0:0" "--network" "none" "ghcr.io/rust-lang/crates-build-env/linux@sha256:4a844ea9eb2546a2d2c7022eacef16ef2e8229c7fbb2c7d4d55a9ceca922f72d" "/opt/rustwide/cargo-home/bin/cargo" "+nightly-2024-10-28" "metadata" "--no-deps" "--format-version=1", kill_on_drop: false }`
[INFO] [stdout] 1984074a4acdd11b24f6058fff75cae7323995187573425d3a71b6b24d5ebdf4
[INFO] running `Command { std: "docker" "start" "-a" "1984074a4acdd11b24f6058fff75cae7323995187573425d3a71b6b24d5ebdf4", kill_on_drop: false }`
[INFO] running `Command { std: "docker" "inspect" "1984074a4acdd11b24f6058fff75cae7323995187573425d3a71b6b24d5ebdf4", kill_on_drop: false }`
[INFO] running `Command { std: "docker" "rm" "-f" "1984074a4acdd11b24f6058fff75cae7323995187573425d3a71b6b24d5ebdf4", kill_on_drop: false }`
[INFO] [stdout] 1984074a4acdd11b24f6058fff75cae7323995187573425d3a71b6b24d5ebdf4
[INFO] running `Command { std: "docker" "create" "-v" "/var/lib/crater-agent-workspace/builds/worker-5-tc2/target:/opt/rustwide/target:rw,Z" "-v" "/var/lib/crater-agent-workspace/builds/worker-5-tc2/source:/opt/rustwide/workdir:ro,Z" "-v" "/var/lib/crater-agent-workspace/cargo-home:/opt/rustwide/cargo-home:ro,Z" "-v" "/var/lib/crater-agent-workspace/rustup-home:/opt/rustwide/rustup-home:ro,Z" "-e" "SOURCE_DIR=/opt/rustwide/workdir" "-e" "CARGO_TARGET_DIR=/opt/rustwide/target" "-e" "CARGO_INCREMENTAL=0" "-e" "RUST_BACKTRACE=full" "-e" "RUSTFLAGS=--cap-lints=forbid -Zrandomize-layout" "-e" "RUSTDOCFLAGS=--cap-lints=forbid" "-e" "CARGO_HOME=/opt/rustwide/cargo-home" "-e" "RUSTUP_HOME=/opt/rustwide/rustup-home" "-w" "/opt/rustwide/workdir" "-m" "1610612736" "--user" "0:0" "--network" "none" "ghcr.io/rust-lang/crates-build-env/linux@sha256:4a844ea9eb2546a2d2c7022eacef16ef2e8229c7fbb2c7d4d55a9ceca922f72d" "/opt/rustwide/cargo-home/bin/cargo" "+nightly-2024-10-28" "build" "--frozen" "--message-format=json", kill_on_drop: false }`
[INFO] [stdout] 18da33ffc61361b450b18b193e7a13fb9751b4c130517c68201e5c7f953b87e1
[INFO] running `Command { std: "docker" "start" "-a" "18da33ffc61361b450b18b193e7a13fb9751b4c130517c68201e5c7f953b87e1", kill_on_drop: false }`
[INFO] [stderr]    Compiling proc-macro2 v1.0.67
[INFO] [stderr]    Compiling libc v0.2.155
[INFO] [stderr]    Compiling futures-core v0.3.28
[INFO] [stderr]    Compiling bytes v1.5.0
[INFO] [stderr]    Compiling pin-project-lite v0.2.13
[INFO] [stderr]    Compiling once_cell v1.18.0
[INFO] [stderr]    Compiling autocfg v1.1.0
[INFO] [stderr]    Compiling hashbrown v0.14.0
[INFO] [stderr]    Compiling futures-task v0.3.28
[INFO] [stderr]    Compiling anyhow v1.0.75
[INFO] [stderr]    Compiling futures-util v0.3.28
[INFO] [stderr]    Compiling itoa v1.0.9
[INFO] [stderr]    Compiling either v1.9.0
[INFO] [stderr]    Compiling futures-sink v0.3.28
[INFO] [stderr]    Compiling rustix v0.38.13
[INFO] [stderr]    Compiling regex-syntax v0.7.5
[INFO] [stderr]    Compiling bitflags v2.4.0
[INFO] [stderr]    Compiling itertools v0.11.0
[INFO] [stderr]    Compiling linux-raw-sys v0.4.7
[INFO] [stderr]    Compiling prettyplease v0.2.15
[INFO] [stderr]    Compiling tracing-core v0.1.31
[INFO] [stderr]    Compiling futures-channel v0.3.28
[INFO] [stderr]    Compiling slab v0.4.9
[INFO] [stderr]    Compiling indexmap v1.9.3
[INFO] [stderr]    Compiling tower-layer v0.3.2
[INFO] [stderr]    Compiling http v1.1.0
[INFO] [stderr]    Compiling fixedbitset v0.4.2
[INFO] [stderr]    Compiling fastrand v2.0.0
[INFO] [stderr]    Compiling async-trait v0.1.73
[INFO] [stderr]    Compiling try-lock v0.2.4
[INFO] [stderr]    Compiling quote v1.0.33
[INFO] [stderr]    Compiling indexmap v2.0.0
[INFO] [stderr]    Compiling want v0.3.1
[INFO] [stderr]    Compiling axum-core v0.4.3
[INFO] [stderr]    Compiling serde v1.0.188
[INFO] [stderr]    Compiling multimap v0.8.3
[INFO] [stderr]    Compiling axum v0.7.5
[INFO] [stderr]    Compiling matchit v0.7.2
[INFO] [stderr]    Compiling syn v2.0.33
[INFO] [stderr]    Compiling petgraph v0.6.4
[INFO] [stderr]    Compiling mio v0.8.11
[INFO] [stderr]    Compiling socket2 v0.5.7
[INFO] [stderr]    Compiling getrandom v0.2.10
[INFO] [stderr]    Compiling http-body v1.0.0
[INFO] [stderr]    Compiling sync_wrapper v1.0.1
[INFO] [stderr]    Compiling memchr v2.6.3
[INFO] [stderr]    Compiling rand_core v0.6.4
[INFO] [stderr]    Compiling percent-encoding v2.3.0
[INFO] [stderr]    Compiling rand_chacha v0.3.1
[INFO] [stderr]    Compiling regex-automata v0.3.8
[INFO] [stderr]    Compiling rand v0.8.5
[INFO] [stderr]    Compiling http-body-util v0.1.2
[INFO] [stderr]    Compiling tempfile v3.8.0
[INFO] [stderr]    Compiling regex v1.9.5
[INFO] [stderr]    Compiling tokio-macros v2.3.0
[INFO] [stderr]    Compiling tracing-attributes v0.1.26
[INFO] [stderr]    Compiling prost-derive v0.13.1
[INFO] [stderr]    Compiling pin-project-internal v1.1.3
[INFO] [stderr]    Compiling async-stream-impl v0.3.5
[INFO] [stderr]    Compiling async-stream v0.3.5
[INFO] [stderr]    Compiling tokio v1.38.0
[INFO] [stderr]    Compiling pin-project v1.1.3
[INFO] [stderr]    Compiling tracing v0.1.37
[INFO] [stderr]    Compiling prost v0.13.1
[INFO] [stderr]    Compiling prost-types v0.13.1
[INFO] [stderr]    Compiling prost-build v0.13.1
[INFO] [stderr]    Compiling tonic-build v0.12.0
[INFO] [stderr]    Compiling etcd-client v0.14.0 (/opt/rustwide/workdir)
[INFO] [stderr]    Compiling tokio-util v0.7.8
[INFO] [stderr]    Compiling tokio-stream v0.1.15
[INFO] [stderr]    Compiling tower v0.4.13
[INFO] [stderr]    Compiling h2 v0.4.5
[INFO] [stderr]    Compiling hyper v1.4.1
[INFO] [stderr]    Compiling hyper-util v0.1.6
[INFO] [stderr]    Compiling hyper-timeout v0.5.1
[INFO] [stderr]    Compiling tonic v0.12.0
[INFO] [stderr]     Finished `dev` profile [unoptimized + debuginfo] target(s) in 32.30s
[INFO] running `Command { std: "docker" "inspect" "18da33ffc61361b450b18b193e7a13fb9751b4c130517c68201e5c7f953b87e1", kill_on_drop: false }`
[INFO] running `Command { std: "docker" "rm" "-f" "18da33ffc61361b450b18b193e7a13fb9751b4c130517c68201e5c7f953b87e1", kill_on_drop: false }`
[INFO] [stdout] 18da33ffc61361b450b18b193e7a13fb9751b4c130517c68201e5c7f953b87e1
[INFO] running `Command { std: "docker" "create" "-v" "/var/lib/crater-agent-workspace/builds/worker-5-tc2/target:/opt/rustwide/target:rw,Z" "-v" "/var/lib/crater-agent-workspace/builds/worker-5-tc2/source:/opt/rustwide/workdir:ro,Z" "-v" "/var/lib/crater-agent-workspace/cargo-home:/opt/rustwide/cargo-home:ro,Z" "-v" "/var/lib/crater-agent-workspace/rustup-home:/opt/rustwide/rustup-home:ro,Z" "-e" "SOURCE_DIR=/opt/rustwide/workdir" "-e" "CARGO_TARGET_DIR=/opt/rustwide/target" "-e" "CARGO_INCREMENTAL=0" "-e" "RUST_BACKTRACE=full" "-e" "RUSTFLAGS=--cap-lints=forbid -Zrandomize-layout" "-e" "RUSTDOCFLAGS=--cap-lints=forbid" "-e" "CARGO_HOME=/opt/rustwide/cargo-home" "-e" "RUSTUP_HOME=/opt/rustwide/rustup-home" "-w" "/opt/rustwide/workdir" "-m" "1610612736" "--user" "0:0" "--network" "none" "ghcr.io/rust-lang/crates-build-env/linux@sha256:4a844ea9eb2546a2d2c7022eacef16ef2e8229c7fbb2c7d4d55a9ceca922f72d" "/opt/rustwide/cargo-home/bin/cargo" "+nightly-2024-10-28" "test" "--frozen" "--no-run" "--message-format=json", kill_on_drop: false }`
[INFO] [stdout] f6c094fde17a3273c2697bcca51f4442b096dbaed342803414de9b3ce007906d
[INFO] running `Command { std: "docker" "start" "-a" "f6c094fde17a3273c2697bcca51f4442b096dbaed342803414de9b3ce007906d", kill_on_drop: false }`
[INFO] [stderr]    Compiling parking_lot_core v0.9.8
[INFO] [stderr]    Compiling lock_api v0.4.10
[INFO] [stderr]    Compiling num_cpus v1.16.0
[INFO] [stderr]    Compiling signal-hook-registry v1.4.1
[INFO] [stderr]    Compiling parking_lot v0.12.1
[INFO] [stderr]    Compiling tokio v1.38.0
[INFO] [stderr]    Compiling tokio-util v0.7.8
[INFO] [stderr]    Compiling tokio-stream v0.1.15
[INFO] [stderr]    Compiling tower v0.4.13
[INFO] [stderr]    Compiling h2 v0.4.5
[INFO] [stderr]    Compiling axum v0.7.5
[INFO] [stderr]    Compiling hyper v1.4.1
[INFO] [stderr]    Compiling hyper-util v0.1.6
[INFO] [stderr]    Compiling hyper-timeout v0.5.1
[INFO] [stderr]    Compiling tonic v0.12.0
[INFO] [stderr]    Compiling etcd-client v0.14.0 (/opt/rustwide/workdir)
[INFO] [stderr]     Finished `test` profile [unoptimized + debuginfo] target(s) in 34.49s
[INFO] running `Command { std: "docker" "inspect" "f6c094fde17a3273c2697bcca51f4442b096dbaed342803414de9b3ce007906d", kill_on_drop: false }`
[INFO] running `Command { std: "docker" "rm" "-f" "f6c094fde17a3273c2697bcca51f4442b096dbaed342803414de9b3ce007906d", kill_on_drop: false }`
[INFO] [stdout] f6c094fde17a3273c2697bcca51f4442b096dbaed342803414de9b3ce007906d
[INFO] running `Command { std: "docker" "create" "-v" "/var/lib/crater-agent-workspace/builds/worker-5-tc2/target:/opt/rustwide/target:rw,Z" "-v" "/var/lib/crater-agent-workspace/builds/worker-5-tc2/source:/opt/rustwide/workdir:ro,Z" "-v" "/var/lib/crater-agent-workspace/cargo-home:/opt/rustwide/cargo-home:ro,Z" "-v" "/var/lib/crater-agent-workspace/rustup-home:/opt/rustwide/rustup-home:ro,Z" "-e" "SOURCE_DIR=/opt/rustwide/workdir" "-e" "CARGO_TARGET_DIR=/opt/rustwide/target" "-e" "CARGO_INCREMENTAL=0" "-e" "RUST_BACKTRACE=full" "-e" "RUSTFLAGS=--cap-lints=forbid -Zrandomize-layout" "-e" "RUSTDOCFLAGS=--cap-lints=forbid" "-e" "CARGO_HOME=/opt/rustwide/cargo-home" "-e" "RUSTUP_HOME=/opt/rustwide/rustup-home" "-w" "/opt/rustwide/workdir" "-m" "1610612736" "--user" "0:0" "--network" "none" "ghcr.io/rust-lang/crates-build-env/linux@sha256:4a844ea9eb2546a2d2c7022eacef16ef2e8229c7fbb2c7d4d55a9ceca922f72d" "/opt/rustwide/cargo-home/bin/cargo" "+nightly-2024-10-28" "test" "--frozen", kill_on_drop: false }`
[INFO] [stdout] 7eabdb325fd24b22f90becec4ae13f70ca662bfc7d11021291c15df71df4ed9c
[INFO] running `Command { std: "docker" "start" "-a" "7eabdb325fd24b22f90becec4ae13f70ca662bfc7d11021291c15df71df4ed9c", kill_on_drop: false }`
[INFO] [stderr]     Finished `test` profile [unoptimized + debuginfo] target(s) in 0.30s
[INFO] [stderr]      Running unittests src/lib.rs (/opt/rustwide/target/debug/deps/etcd_client-e7405c782bb28f56)
[INFO] [stdout] 
[INFO] [stdout] running 2 tests
[INFO] [stdout] test vec::tests::test_prefix_with ... ok
[INFO] [stdout] test rpc::tests::test_get_prefix ... ok
[INFO] [stderr]      Running tests/client.rs (/opt/rustwide/target/debug/deps/client-82870f7829870f08)
[INFO] [stdout] 
[INFO] [stdout] test result: ok. 2 passed; 0 failed; 0 ignored; 0 measured; 0 filtered out; finished in 0.00s
[INFO] [stdout] 
[INFO] [stdout] 
[INFO] [stdout] running 24 tests
[INFO] [stdout] test test_auth ... ignored
[INFO] [stdout] test test_cluster ... ignored
[INFO] [stdout] test test_get ... FAILED
[INFO] [stdout] test test_hash ... FAILED
[INFO] [stdout] test test_alarm ... FAILED
[INFO] [stdout] test test_grant_revoke ... FAILED
[INFO] [stdout] test test_hash_kv ... FAILED
[INFO] [stdout] test test_keep_alive ... FAILED
[INFO] [stdout] test test_lock ... FAILED
[INFO] [stdout] test test_delete ... FAILED
[INFO] [stdout] test test_election ... FAILED
[INFO] [stdout] test test_defragment ... FAILED
[INFO] [stdout] test test_put ... FAILED
[INFO] [stdout] test test_snapshot ... FAILED
[INFO] [stdout] test test_move_leader ... FAILED
[INFO] [stdout] test test_compact ... FAILED
[INFO] [stdout] test test_leases ... FAILED
[INFO] [stdout] test test_role ... FAILED
[INFO] [stdout] test test_remove_and_add_endpoint ... FAILED
[INFO] [stdout] test test_status ... FAILED
[INFO] [stdout] test test_txn ... FAILED
[INFO] [stdout] test test_watch ... FAILED
[INFO] [stdout] test test_user ... FAILED
[INFO] [stdout] test test_time_to_live ... FAILED
[INFO] [stdout] 
[INFO] [stdout] failures:
[INFO] [stdout] 
[INFO] [stdout] ---- test_get stdout ----
[INFO] [stdout] Error: GRpcStatus(Status { code: Unavailable, message: "tcp connect error: Cannot assign requested address (os error 99)", source: Some(tonic::transport::Error(Transport, ConnectError(ConnectError("tcp connect error", Os { code: 99, kind: AddrNotAvailable, message: "Cannot assign requested address" })))) })
[INFO] [stdout] 
[INFO] [stdout] ---- test_hash stdout ----
[INFO] [stdout] Error: GRpcStatus(Status { code: Unavailable, message: "tcp connect error: Cannot assign requested address (os error 99)", source: Some(tonic::transport::Error(Transport, ConnectError(ConnectError("tcp connect error", Os { code: 99, kind: AddrNotAvailable, message: "Cannot assign requested address" })))) })
[INFO] [stdout] 
[INFO] [stdout] ---- test_alarm stdout ----
[INFO] [stdout] Error: GRpcStatus(Status { code: Unavailable, message: "tcp connect error: Cannot assign requested address (os error 99)", source: Some(tonic::transport::Error(Transport, ConnectError(ConnectError("tcp connect error", Os { code: 99, kind: AddrNotAvailable, message: "Cannot assign requested address" })))) })
[INFO] [stdout] 
[INFO] [stdout] ---- test_grant_revoke stdout ----
[INFO] [stdout] Error: GRpcStatus(Status { code: Unavailable, message: "tcp connect error: Cannot assign requested address (os error 99)", source: Some(tonic::transport::Error(Transport, ConnectError(ConnectError("tcp connect error", Os { code: 99, kind: AddrNotAvailable, message: "Cannot assign requested address" })))) })
[INFO] [stdout] 
[INFO] [stdout] ---- test_hash_kv stdout ----
[INFO] [stdout] Error: GRpcStatus(Status { code: Unavailable, message: "tcp connect error: Cannot assign requested address (os error 99)", source: Some(tonic::transport::Error(Transport, ConnectError(ConnectError("tcp connect error", Os { code: 99, kind: AddrNotAvailable, message: "Cannot assign requested address" })))) })
[INFO] [stdout] 
[INFO] [stdout] ---- test_keep_alive stdout ----
[INFO] [stdout] Error: GRpcStatus(Status { code: Unavailable, message: "tcp connect error: Cannot assign requested address (os error 99)", source: Some(tonic::transport::Error(Transport, ConnectError(ConnectError("tcp connect error", Os { code: 99, kind: AddrNotAvailable, message: "Cannot assign requested address" })))) })
[INFO] [stdout] 
[INFO] [stdout] ---- test_lock stdout ----
[INFO] [stdout] Error: GRpcStatus(Status { code: Unavailable, message: "tcp connect error: Cannot assign requested address (os error 99)", source: Some(tonic::transport::Error(Transport, ConnectError(ConnectError("tcp connect error", Os { code: 99, kind: AddrNotAvailable, message: "Cannot assign requested address" })))) })
[INFO] [stdout] 
[INFO] [stdout] ---- test_delete stdout ----
[INFO] [stdout] Error: GRpcStatus(Status { code: Unavailable, message: "tcp connect error: Cannot assign requested address (os error 99)", source: Some(tonic::transport::Error(Transport, ConnectError(ConnectError("tcp connect error", Os { code: 99, kind: AddrNotAvailable, message: "Cannot assign requested address" })))) })
[INFO] [stdout] 
[INFO] [stdout] ---- test_election stdout ----
[INFO] [stdout] Error: GRpcStatus(Status { code: Unavailable, message: "tcp connect error: Cannot assign requested address (os error 99)", source: Some(tonic::transport::Error(Transport, ConnectError(ConnectError("tcp connect error", Os { code: 99, kind: AddrNotAvailable, message: "Cannot assign requested address" })))) })
[INFO] [stdout] 
[INFO] [stdout] ---- test_defragment stdout ----
[INFO] [stdout] Error: GRpcStatus(Status { code: Unavailable, message: "tcp connect error: Cannot assign requested address (os error 99)", source: Some(tonic::transport::Error(Transport, ConnectError(ConnectError("tcp connect error", Os { code: 99, kind: AddrNotAvailable, message: "Cannot assign requested address" })))) })
[INFO] [stdout] 
[INFO] [stdout] ---- test_put stdout ----
[INFO] [stdout] Error: GRpcStatus(Status { code: Unavailable, message: "tcp connect error: Cannot assign requested address (os error 99)", source: Some(tonic::transport::Error(Transport, ConnectError(ConnectError("tcp connect error", Os { code: 99, kind: AddrNotAvailable, message: "Cannot assign requested address" })))) })
[INFO] [stdout] 
[INFO] [stdout] ---- test_snapshot stdout ----
[INFO] [stdout] Error: GRpcStatus(Status { code: Unavailable, message: "tcp connect error: Cannot assign requested address (os error 99)", source: Some(tonic::transport::Error(Transport, ConnectError(ConnectError("tcp connect error", Os { code: 99, kind: AddrNotAvailable, message: "Cannot assign requested address" })))) })
[INFO] [stdout] 
[INFO] [stdout] ---- test_move_leader stdout ----
[INFO] [stdout] Error: GRpcStatus(Status { code: Unavailable, message: "tcp connect error: Cannot assign requested address (os error 99)", source: Some(tonic::transport::Error(Transport, ConnectError(ConnectError("tcp connect error", Os { code: 99, kind: AddrNotAvailable, message: "Cannot assign requested address" })))) })
[INFO] [stdout] 
[INFO] [stdout] ---- test_compact stdout ----
[INFO] [stdout] Error: GRpcStatus(Status { code: Unavailable, message: "tcp connect error: Cannot assign requested address (os error 99)", source: Some(tonic::transport::Error(Transport, ConnectError(ConnectError("tcp connect error", Os { code: 99, kind: AddrNotAvailable, message: "Cannot assign requested address" })))) })
[INFO] [stdout] 
[INFO] [stdout] ---- test_leases stdout ----
[INFO] [stdout] Error: GRpcStatus(Status { code: Unavailable, message: "tcp connect error: Cannot assign requested address (os error 99)", source: Some(tonic::transport::Error(Transport, ConnectError(ConnectError("tcp connect error", Os { code: 99, kind: AddrNotAvailable, message: "Cannot assign requested address" })))) })
[INFO] [stdout] 
[INFO] [stdout] ---- test_role stdout ----
[INFO] [stdout] Error: GRpcStatus(Status { code: Unavailable, message: "tcp connect error: Cannot assign requested address (os error 99)", source: Some(tonic::transport::Error(Transport, ConnectError(ConnectError("tcp connect error", Os { code: 99, kind: AddrNotAvailable, message: "Cannot assign requested address" })))) })
[INFO] [stdout] 
[INFO] [stdout] ---- test_remove_and_add_endpoint stdout ----
[INFO] [stdout] Error: GRpcStatus(Status { code: Unavailable, message: "tcp connect error: Cannot assign requested address (os error 99)", source: Some(tonic::transport::Error(Transport, ConnectError(ConnectError("tcp connect error", Os { code: 99, kind: AddrNotAvailable, message: "Cannot assign requested address" })))) })
[INFO] [stdout] 
[INFO] [stdout] ---- test_status stdout ----
[INFO] [stdout] Error: GRpcStatus(Status { code: Unavailable, message: "tcp connect error: Cannot assign requested address (os error 99)", source: Some(tonic::transport::Error(Transport, ConnectError(ConnectError("tcp connect error", Os { code: 99, kind: AddrNotAvailable, message: "Cannot assign requested address" })))) })
[INFO] [stdout] 
[INFO] [stdout] ---- test_txn stdout ----
[INFO] [stdout] Error: GRpcStatus(Status { code: Unavailable, message: "tcp connect error: Cannot assign requested address (os error 99)", source: Some(tonic::transport::Error(Transport, ConnectError(ConnectError("tcp connect error", Os { code: 99, kind: AddrNotAvailable, message: "Cannot assign requested address" })))) })
[INFO] [stdout] 
[INFO] [stdout] ---- test_watch stdout ----
[INFO] [stdout] Error: GRpcStatus(Status { code: Unavailable, message: "tcp connect error: Cannot assign requested address (os error 99)", source: Some(tonic::transport::Error(Transport, ConnectError(ConnectError("tcp connect error", Os { code: 99, kind: AddrNotAvailable, message: "Cannot assign requested address" })))) })
[INFO] [stdout] 
[INFO] [stdout] ---- test_user stdout ----
[INFO] [stdout] Error: GRpcStatus(Status { code: Unavailable, message: "tcp connect error: Cannot assign requested address (os error 99)", source: Some(tonic::transport::Error(Transport, ConnectError(ConnectError("tcp connect error", Os { code: 99, kind: AddrNotAvailable, message: "Cannot assign requested address" })))) })
[INFO] [stdout] 
[INFO] [stdout] ---- test_time_to_live stdout ----
[INFO] [stdout] Error: GRpcStatus(Status { code: Unavailable, message: "tcp connect error: Cannot assign requested address (os error 99)", source: Some(tonic::transport::Error(Transport, ConnectError(ConnectError("tcp connect error", Os { code: 99, kind: AddrNotAvailable, message: "Cannot assign requested address" })))) })
[INFO] [stdout] 
[INFO] [stdout] 
[INFO] [stdout] failures:
[INFO] [stdout]     test_alarm
[INFO] [stdout]     test_compact
[INFO] [stdout]     test_defragment
[INFO] [stdout]     test_delete
[INFO] [stdout]     test_election
[INFO] [stdout]     test_get
[INFO] [stdout]     test_grant_revoke
[INFO] [stdout]     test_hash
[INFO] [stdout]     test_hash_kv
[INFO] [stdout]     test_keep_alive
[INFO] [stdout]     test_leases
[INFO] [stdout]     test_lock
[INFO] [stdout]     test_move_leader
[INFO] [stdout]     test_put
[INFO] [stdout]     test_remove_and_add_endpoint
[INFO] [stdout]     test_role
[INFO] [stdout]     test_snapshot
[INFO] [stdout]     test_status
[INFO] [stdout]     test_time_to_live
[INFO] [stdout]     test_txn
[INFO] [stdout]     test_user
[INFO] [stdout]     test_watch
[INFO] [stdout] 
[INFO] [stdout] test result: FAILED. 0 passed; 22 failed; 2 ignored; 0 measured; 0 filtered out; finished in 0.03s
[INFO] [stdout] 
[INFO] [stderr] error: test failed, to rerun pass `--test client`
[INFO] running `Command { std: "docker" "inspect" "7eabdb325fd24b22f90becec4ae13f70ca662bfc7d11021291c15df71df4ed9c", kill_on_drop: false }`
[INFO] running `Command { std: "docker" "rm" "-f" "7eabdb325fd24b22f90becec4ae13f70ca662bfc7d11021291c15df71df4ed9c", kill_on_drop: false }`
[INFO] [stdout] 7eabdb325fd24b22f90becec4ae13f70ca662bfc7d11021291c15df71df4ed9c
