[INFO] fetching crate essentials 0.3.0...
[INFO] testing essentials-0.3.0 against nightly-2024-10-28+rustflags=-Zrandomize-layout for randomize-layout
[INFO] extracting crate essentials 0.3.0 into /workspace/builds/worker-5-tc2/source
[INFO] validating manifest of crates.io crate essentials 0.3.0 on toolchain nightly-2024-10-28
[INFO] running `Command { std: CARGO_HOME="/workspace/cargo-home" RUSTUP_HOME="/workspace/rustup-home" "/workspace/cargo-home/bin/cargo" "+nightly-2024-10-28" "metadata" "--manifest-path" "Cargo.toml" "--no-deps", kill_on_drop: false }`
[INFO] started tweaking crates.io crate essentials 0.3.0
[INFO] finished tweaking crates.io crate essentials 0.3.0
[INFO] tweaked toml for crates.io crate essentials 0.3.0 written to /workspace/builds/worker-5-tc2/source/Cargo.toml
[INFO] running `Command { std: CARGO_HOME="/workspace/cargo-home" RUSTUP_HOME="/workspace/rustup-home" "/workspace/cargo-home/bin/cargo" "+nightly-2024-10-28" "generate-lockfile" "--manifest-path" "Cargo.toml", kill_on_drop: false }`
[INFO] running `Command { std: CARGO_HOME="/workspace/cargo-home" RUSTUP_HOME="/workspace/rustup-home" "/workspace/cargo-home/bin/cargo" "+nightly-2024-10-28" "fetch" "--manifest-path" "Cargo.toml", kill_on_drop: false }`
[INFO] running `Command { std: "docker" "create" "-v" "/var/lib/crater-agent-workspace/builds/worker-5-tc2/target:/opt/rustwide/target:rw,Z" "-v" "/var/lib/crater-agent-workspace/builds/worker-5-tc2/source:/opt/rustwide/workdir:ro,Z" "-v" "/var/lib/crater-agent-workspace/cargo-home:/opt/rustwide/cargo-home:ro,Z" "-v" "/var/lib/crater-agent-workspace/rustup-home:/opt/rustwide/rustup-home:ro,Z" "-e" "SOURCE_DIR=/opt/rustwide/workdir" "-e" "CARGO_TARGET_DIR=/opt/rustwide/target" "-e" "CARGO_HOME=/opt/rustwide/cargo-home" "-e" "RUSTUP_HOME=/opt/rustwide/rustup-home" "-w" "/opt/rustwide/workdir" "-m" "1610612736" "--user" "0:0" "--network" "none" "ghcr.io/rust-lang/crates-build-env/linux@sha256:4a844ea9eb2546a2d2c7022eacef16ef2e8229c7fbb2c7d4d55a9ceca922f72d" "/opt/rustwide/cargo-home/bin/cargo" "+nightly-2024-10-28" "metadata" "--no-deps" "--format-version=1", kill_on_drop: false }`
[INFO] [stdout] 0c2e4a06478510084e46ad83101a895e1b40c4b66d625feb627c4eee2cd1ecc2
[INFO] running `Command { std: "docker" "start" "-a" "0c2e4a06478510084e46ad83101a895e1b40c4b66d625feb627c4eee2cd1ecc2", kill_on_drop: false }`
[INFO] running `Command { std: "docker" "inspect" "0c2e4a06478510084e46ad83101a895e1b40c4b66d625feb627c4eee2cd1ecc2", kill_on_drop: false }`
[INFO] running `Command { std: "docker" "rm" "-f" "0c2e4a06478510084e46ad83101a895e1b40c4b66d625feb627c4eee2cd1ecc2", kill_on_drop: false }`
[INFO] [stdout] 0c2e4a06478510084e46ad83101a895e1b40c4b66d625feb627c4eee2cd1ecc2
[INFO] running `Command { std: "docker" "create" "-v" "/var/lib/crater-agent-workspace/builds/worker-5-tc2/target:/opt/rustwide/target:rw,Z" "-v" "/var/lib/crater-agent-workspace/builds/worker-5-tc2/source:/opt/rustwide/workdir:ro,Z" "-v" "/var/lib/crater-agent-workspace/cargo-home:/opt/rustwide/cargo-home:ro,Z" "-v" "/var/lib/crater-agent-workspace/rustup-home:/opt/rustwide/rustup-home:ro,Z" "-e" "SOURCE_DIR=/opt/rustwide/workdir" "-e" "CARGO_TARGET_DIR=/opt/rustwide/target" "-e" "CARGO_INCREMENTAL=0" "-e" "RUST_BACKTRACE=full" "-e" "RUSTFLAGS=--cap-lints=forbid -Zrandomize-layout" "-e" "RUSTDOCFLAGS=--cap-lints=forbid" "-e" "CARGO_HOME=/opt/rustwide/cargo-home" "-e" "RUSTUP_HOME=/opt/rustwide/rustup-home" "-w" "/opt/rustwide/workdir" "-m" "1610612736" "--user" "0:0" "--network" "none" "ghcr.io/rust-lang/crates-build-env/linux@sha256:4a844ea9eb2546a2d2c7022eacef16ef2e8229c7fbb2c7d4d55a9ceca922f72d" "/opt/rustwide/cargo-home/bin/cargo" "+nightly-2024-10-28" "build" "--frozen" "--message-format=json", kill_on_drop: false }`
[INFO] [stdout] 33f2a88c35e615e6d24a891fa14a95606d7f338c0a05e3f44fe6051e5e3388cb
[INFO] running `Command { std: "docker" "start" "-a" "33f2a88c35e615e6d24a891fa14a95606d7f338c0a05e3f44fe6051e5e3388cb", kill_on_drop: false }`
[INFO] [stderr]    Compiling essentials v0.3.0 (/opt/rustwide/workdir)
[INFO] [stderr]     Finished `dev` profile [unoptimized + debuginfo] target(s) in 0.08s
[INFO] running `Command { std: "docker" "inspect" "33f2a88c35e615e6d24a891fa14a95606d7f338c0a05e3f44fe6051e5e3388cb", kill_on_drop: false }`
[INFO] running `Command { std: "docker" "rm" "-f" "33f2a88c35e615e6d24a891fa14a95606d7f338c0a05e3f44fe6051e5e3388cb", kill_on_drop: false }`
[INFO] [stdout] 33f2a88c35e615e6d24a891fa14a95606d7f338c0a05e3f44fe6051e5e3388cb
[INFO] running `Command { std: "docker" "create" "-v" "/var/lib/crater-agent-workspace/builds/worker-5-tc2/target:/opt/rustwide/target:rw,Z" "-v" "/var/lib/crater-agent-workspace/builds/worker-5-tc2/source:/opt/rustwide/workdir:ro,Z" "-v" "/var/lib/crater-agent-workspace/cargo-home:/opt/rustwide/cargo-home:ro,Z" "-v" "/var/lib/crater-agent-workspace/rustup-home:/opt/rustwide/rustup-home:ro,Z" "-e" "SOURCE_DIR=/opt/rustwide/workdir" "-e" "CARGO_TARGET_DIR=/opt/rustwide/target" "-e" "CARGO_INCREMENTAL=0" "-e" "RUST_BACKTRACE=full" "-e" "RUSTFLAGS=--cap-lints=forbid -Zrandomize-layout" "-e" "RUSTDOCFLAGS=--cap-lints=forbid" "-e" "CARGO_HOME=/opt/rustwide/cargo-home" "-e" "RUSTUP_HOME=/opt/rustwide/rustup-home" "-w" "/opt/rustwide/workdir" "-m" "1610612736" "--user" "0:0" "--network" "none" "ghcr.io/rust-lang/crates-build-env/linux@sha256:4a844ea9eb2546a2d2c7022eacef16ef2e8229c7fbb2c7d4d55a9ceca922f72d" "/opt/rustwide/cargo-home/bin/cargo" "+nightly-2024-10-28" "test" "--frozen" "--no-run" "--message-format=json", kill_on_drop: false }`
[INFO] [stdout] 05679c55fde36f67955e536af1550df01be234b33d4b93af7c672798a1c10e59
[INFO] running `Command { std: "docker" "start" "-a" "05679c55fde36f67955e536af1550df01be234b33d4b93af7c672798a1c10e59", kill_on_drop: false }`
[INFO] [stderr]    Compiling essentials v0.3.0 (/opt/rustwide/workdir)
[INFO] [stderr]     Finished `test` profile [unoptimized + debuginfo] target(s) in 0.14s
[INFO] running `Command { std: "docker" "inspect" "05679c55fde36f67955e536af1550df01be234b33d4b93af7c672798a1c10e59", kill_on_drop: false }`
[INFO] running `Command { std: "docker" "rm" "-f" "05679c55fde36f67955e536af1550df01be234b33d4b93af7c672798a1c10e59", kill_on_drop: false }`
[INFO] [stdout] 05679c55fde36f67955e536af1550df01be234b33d4b93af7c672798a1c10e59
[INFO] running `Command { std: "docker" "create" "-v" "/var/lib/crater-agent-workspace/builds/worker-5-tc2/target:/opt/rustwide/target:rw,Z" "-v" "/var/lib/crater-agent-workspace/builds/worker-5-tc2/source:/opt/rustwide/workdir:ro,Z" "-v" "/var/lib/crater-agent-workspace/cargo-home:/opt/rustwide/cargo-home:ro,Z" "-v" "/var/lib/crater-agent-workspace/rustup-home:/opt/rustwide/rustup-home:ro,Z" "-e" "SOURCE_DIR=/opt/rustwide/workdir" "-e" "CARGO_TARGET_DIR=/opt/rustwide/target" "-e" "CARGO_INCREMENTAL=0" "-e" "RUST_BACKTRACE=full" "-e" "RUSTFLAGS=--cap-lints=forbid -Zrandomize-layout" "-e" "RUSTDOCFLAGS=--cap-lints=forbid" "-e" "CARGO_HOME=/opt/rustwide/cargo-home" "-e" "RUSTUP_HOME=/opt/rustwide/rustup-home" "-w" "/opt/rustwide/workdir" "-m" "1610612736" "--user" "0:0" "--network" "none" "ghcr.io/rust-lang/crates-build-env/linux@sha256:4a844ea9eb2546a2d2c7022eacef16ef2e8229c7fbb2c7d4d55a9ceca922f72d" "/opt/rustwide/cargo-home/bin/cargo" "+nightly-2024-10-28" "test" "--frozen", kill_on_drop: false }`
[INFO] [stdout] a63faf270d6b1305985c4231489a128d2ee580c4726adba36950d65f1f171a41
[INFO] running `Command { std: "docker" "start" "-a" "a63faf270d6b1305985c4231489a128d2ee580c4726adba36950d65f1f171a41", kill_on_drop: false }`
[INFO] [stderr]     Finished `test` profile [unoptimized + debuginfo] target(s) in 0.00s
[INFO] [stderr]      Running unittests src/lib.rs (/opt/rustwide/target/debug/deps/essentials-ef08587a2e3a2182)
[INFO] [stdout] 
[INFO] [stdout] running 0 tests
[INFO] [stdout] 
[INFO] [stdout] test result: ok. 0 passed; 0 failed; 0 ignored; 0 measured; 0 filtered out; finished in 0.00s
[INFO] [stdout] 
[INFO] [stderr]    Doc-tests essentials
[INFO] [stdout] 
[INFO] [stdout] running 1 test
[INFO] [stdout] test src/wrap/reason.rs - wrap::reason::Reason (line 8) ... FAILED
[INFO] [stdout] 
[INFO] [stdout] failures:
[INFO] [stdout] 
[INFO] [stdout] ---- src/wrap/reason.rs - wrap::reason::Reason (line 8) stdout ----
[INFO] [stdout] error[E0433]: failed to resolve: could not find `wrapper` in `essentials`
[INFO] [stdout]  --> src/wrap/reason.rs:11:17
[INFO] [stdout]   |
[INFO] [stdout] 5 | use essentials::wrapper::Reason::Failure;
[INFO] [stdout]   |                 ^^^^^^^ could not find `wrapper` in `essentials`
[INFO] [stdout] 
[INFO] [stdout] error[E0432]: unresolved import `essentials::wrapper`
[INFO] [stdout]  --> src/wrap/reason.rs:10:17
[INFO] [stdout]   |
[INFO] [stdout] 4 | use essentials::wrapper::Reason;
[INFO] [stdout]   |                 ^^^^^^^ could not find `wrapper` in `essentials`
[INFO] [stdout] 
[INFO] [stdout] error: aborting due to 2 previous errors
[INFO] [stdout] 
[INFO] [stdout] Some errors have detailed explanations: E0432, E0433.
[INFO] [stdout] For more information about an error, try `rustc --explain E0432`.
[INFO] [stdout] Couldn't compile the test.
[INFO] [stdout] 
[INFO] [stdout] failures:
[INFO] [stdout]     src/wrap/reason.rs - wrap::reason::Reason (line 8)
[INFO] [stdout] 
[INFO] [stdout] test result: FAILED. 0 passed; 1 failed; 0 ignored; 0 measured; 0 filtered out; finished in 0.03s
[INFO] [stdout] 
[INFO] [stderr] error: doctest failed, to rerun pass `--doc`
[INFO] running `Command { std: "docker" "inspect" "a63faf270d6b1305985c4231489a128d2ee580c4726adba36950d65f1f171a41", kill_on_drop: false }`
[INFO] running `Command { std: "docker" "rm" "-f" "a63faf270d6b1305985c4231489a128d2ee580c4726adba36950d65f1f171a41", kill_on_drop: false }`
[INFO] [stdout] a63faf270d6b1305985c4231489a128d2ee580c4726adba36950d65f1f171a41
