[INFO] fetching crate esoteric-vm 0.2.1...
[INFO] testing esoteric-vm-0.2.1 against nightly-2024-10-28 for randomize-layout
[INFO] extracting crate esoteric-vm 0.2.1 into /workspace/builds/worker-5-tc1/source
[INFO] validating manifest of crates.io crate esoteric-vm 0.2.1 on toolchain nightly-2024-10-28
[INFO] running `Command { std: CARGO_HOME="/workspace/cargo-home" RUSTUP_HOME="/workspace/rustup-home" "/workspace/cargo-home/bin/cargo" "+nightly-2024-10-28" "metadata" "--manifest-path" "Cargo.toml" "--no-deps", kill_on_drop: false }`
[INFO] started tweaking crates.io crate esoteric-vm 0.2.1
[INFO] removed 0 missing examples
[INFO] finished tweaking crates.io crate esoteric-vm 0.2.1
[INFO] tweaked toml for crates.io crate esoteric-vm 0.2.1 written to /workspace/builds/worker-5-tc1/source/Cargo.toml
[INFO] crate crates.io crate esoteric-vm 0.2.1 already has a lockfile, it will not be regenerated
[INFO] running `Command { std: CARGO_HOME="/workspace/cargo-home" RUSTUP_HOME="/workspace/rustup-home" "/workspace/cargo-home/bin/cargo" "+nightly-2024-10-28" "fetch" "--manifest-path" "Cargo.toml", kill_on_drop: false }`
[INFO] running `Command { std: "docker" "create" "-v" "/var/lib/crater-agent-workspace/builds/worker-5-tc1/target:/opt/rustwide/target:rw,Z" "-v" "/var/lib/crater-agent-workspace/builds/worker-5-tc1/source:/opt/rustwide/workdir:ro,Z" "-v" "/var/lib/crater-agent-workspace/cargo-home:/opt/rustwide/cargo-home:ro,Z" "-v" "/var/lib/crater-agent-workspace/rustup-home:/opt/rustwide/rustup-home:ro,Z" "-e" "SOURCE_DIR=/opt/rustwide/workdir" "-e" "CARGO_TARGET_DIR=/opt/rustwide/target" "-e" "CARGO_HOME=/opt/rustwide/cargo-home" "-e" "RUSTUP_HOME=/opt/rustwide/rustup-home" "-w" "/opt/rustwide/workdir" "-m" "1610612736" "--user" "0:0" "--network" "none" "ghcr.io/rust-lang/crates-build-env/linux@sha256:4a844ea9eb2546a2d2c7022eacef16ef2e8229c7fbb2c7d4d55a9ceca922f72d" "/opt/rustwide/cargo-home/bin/cargo" "+nightly-2024-10-28" "metadata" "--no-deps" "--format-version=1", kill_on_drop: false }`
[INFO] [stdout] e044c0896133bca604e5c32d90bc1939b2b80e206b9852bfcf38d0e9d760ffe3
[INFO] running `Command { std: "docker" "start" "-a" "e044c0896133bca604e5c32d90bc1939b2b80e206b9852bfcf38d0e9d760ffe3", kill_on_drop: false }`
[INFO] running `Command { std: "docker" "inspect" "e044c0896133bca604e5c32d90bc1939b2b80e206b9852bfcf38d0e9d760ffe3", kill_on_drop: false }`
[INFO] running `Command { std: "docker" "rm" "-f" "e044c0896133bca604e5c32d90bc1939b2b80e206b9852bfcf38d0e9d760ffe3", kill_on_drop: false }`
[INFO] [stdout] e044c0896133bca604e5c32d90bc1939b2b80e206b9852bfcf38d0e9d760ffe3
[INFO] running `Command { std: "docker" "create" "-v" "/var/lib/crater-agent-workspace/builds/worker-5-tc1/target:/opt/rustwide/target:rw,Z" "-v" "/var/lib/crater-agent-workspace/builds/worker-5-tc1/source:/opt/rustwide/workdir:ro,Z" "-v" "/var/lib/crater-agent-workspace/cargo-home:/opt/rustwide/cargo-home:ro,Z" "-v" "/var/lib/crater-agent-workspace/rustup-home:/opt/rustwide/rustup-home:ro,Z" "-e" "SOURCE_DIR=/opt/rustwide/workdir" "-e" "CARGO_TARGET_DIR=/opt/rustwide/target" "-e" "CARGO_INCREMENTAL=0" "-e" "RUST_BACKTRACE=full" "-e" "RUSTFLAGS=--cap-lints=forbid" "-e" "RUSTDOCFLAGS=--cap-lints=forbid" "-e" "CARGO_HOME=/opt/rustwide/cargo-home" "-e" "RUSTUP_HOME=/opt/rustwide/rustup-home" "-w" "/opt/rustwide/workdir" "-m" "1610612736" "--user" "0:0" "--network" "none" "ghcr.io/rust-lang/crates-build-env/linux@sha256:4a844ea9eb2546a2d2c7022eacef16ef2e8229c7fbb2c7d4d55a9ceca922f72d" "/opt/rustwide/cargo-home/bin/cargo" "+nightly-2024-10-28" "build" "--frozen" "--message-format=json", kill_on_drop: false }`
[INFO] [stdout] abcd9530772273cc4cb36be71579560871429bdaae86b14590d8403043d833a2
[INFO] running `Command { std: "docker" "start" "-a" "abcd9530772273cc4cb36be71579560871429bdaae86b14590d8403043d833a2", kill_on_drop: false }`
[INFO] [stderr]    Compiling libc v0.2.155
[INFO] [stderr]    Compiling proc-macro2 v1.0.86
[INFO] [stderr]    Compiling autocfg v1.3.0
[INFO] [stderr]    Compiling signal-hook v0.3.17
[INFO] [stderr]    Compiling rustversion v1.0.17
[INFO] [stderr]    Compiling log v0.4.22
[INFO] [stderr]    Compiling rustix v0.38.34
[INFO] [stderr]    Compiling lock_api v0.4.12
[INFO] [stderr]    Compiling quote v1.0.36
[INFO] [stderr]    Compiling signal-hook-registry v1.4.2
[INFO] [stderr]    Compiling mio v1.0.2
[INFO] [stderr]    Compiling parking_lot_core v0.9.10
[INFO] [stderr]    Compiling syn v2.0.74
[INFO] [stderr]    Compiling parking_lot v0.12.3
[INFO] [stderr]    Compiling signal-hook-mio v0.2.4
[INFO] [stderr]    Compiling crossterm v0.28.1
[INFO] [stderr]    Compiling strum_macros v0.26.4
[INFO] [stderr]    Compiling strum v0.26.3
[INFO] [stderr]    Compiling esoteric-vm v0.2.1 (/opt/rustwide/workdir)
[INFO] [stderr]     Finished `dev` profile [unoptimized + debuginfo] target(s) in 3.77s
[INFO] running `Command { std: "docker" "inspect" "abcd9530772273cc4cb36be71579560871429bdaae86b14590d8403043d833a2", kill_on_drop: false }`
[INFO] running `Command { std: "docker" "rm" "-f" "abcd9530772273cc4cb36be71579560871429bdaae86b14590d8403043d833a2", kill_on_drop: false }`
[INFO] [stdout] abcd9530772273cc4cb36be71579560871429bdaae86b14590d8403043d833a2
[INFO] running `Command { std: "docker" "create" "-v" "/var/lib/crater-agent-workspace/builds/worker-5-tc1/target:/opt/rustwide/target:rw,Z" "-v" "/var/lib/crater-agent-workspace/builds/worker-5-tc1/source:/opt/rustwide/workdir:ro,Z" "-v" "/var/lib/crater-agent-workspace/cargo-home:/opt/rustwide/cargo-home:ro,Z" "-v" "/var/lib/crater-agent-workspace/rustup-home:/opt/rustwide/rustup-home:ro,Z" "-e" "SOURCE_DIR=/opt/rustwide/workdir" "-e" "CARGO_TARGET_DIR=/opt/rustwide/target" "-e" "CARGO_INCREMENTAL=0" "-e" "RUST_BACKTRACE=full" "-e" "RUSTFLAGS=--cap-lints=forbid" "-e" "RUSTDOCFLAGS=--cap-lints=forbid" "-e" "CARGO_HOME=/opt/rustwide/cargo-home" "-e" "RUSTUP_HOME=/opt/rustwide/rustup-home" "-w" "/opt/rustwide/workdir" "-m" "1610612736" "--user" "0:0" "--network" "none" "ghcr.io/rust-lang/crates-build-env/linux@sha256:4a844ea9eb2546a2d2c7022eacef16ef2e8229c7fbb2c7d4d55a9ceca922f72d" "/opt/rustwide/cargo-home/bin/cargo" "+nightly-2024-10-28" "test" "--frozen" "--no-run" "--message-format=json", kill_on_drop: false }`
[INFO] [stdout] 13620e0303f3377e9e63563f874309f95fd035af7b3fcb5405254ada68057263
[INFO] running `Command { std: "docker" "start" "-a" "13620e0303f3377e9e63563f874309f95fd035af7b3fcb5405254ada68057263", kill_on_drop: false }`
[INFO] [stderr]    Compiling esoteric-vm v0.2.1 (/opt/rustwide/workdir)
[INFO] [stderr]     Finished `test` profile [unoptimized + debuginfo] target(s) in 0.31s
[INFO] running `Command { std: "docker" "inspect" "13620e0303f3377e9e63563f874309f95fd035af7b3fcb5405254ada68057263", kill_on_drop: false }`
[INFO] running `Command { std: "docker" "rm" "-f" "13620e0303f3377e9e63563f874309f95fd035af7b3fcb5405254ada68057263", kill_on_drop: false }`
[INFO] [stdout] 13620e0303f3377e9e63563f874309f95fd035af7b3fcb5405254ada68057263
[INFO] running `Command { std: "docker" "create" "-v" "/var/lib/crater-agent-workspace/builds/worker-5-tc1/target:/opt/rustwide/target:rw,Z" "-v" "/var/lib/crater-agent-workspace/builds/worker-5-tc1/source:/opt/rustwide/workdir:ro,Z" "-v" "/var/lib/crater-agent-workspace/cargo-home:/opt/rustwide/cargo-home:ro,Z" "-v" "/var/lib/crater-agent-workspace/rustup-home:/opt/rustwide/rustup-home:ro,Z" "-e" "SOURCE_DIR=/opt/rustwide/workdir" "-e" "CARGO_TARGET_DIR=/opt/rustwide/target" "-e" "CARGO_INCREMENTAL=0" "-e" "RUST_BACKTRACE=full" "-e" "RUSTFLAGS=--cap-lints=forbid" "-e" "RUSTDOCFLAGS=--cap-lints=forbid" "-e" "CARGO_HOME=/opt/rustwide/cargo-home" "-e" "RUSTUP_HOME=/opt/rustwide/rustup-home" "-w" "/opt/rustwide/workdir" "-m" "1610612736" "--user" "0:0" "--network" "none" "ghcr.io/rust-lang/crates-build-env/linux@sha256:4a844ea9eb2546a2d2c7022eacef16ef2e8229c7fbb2c7d4d55a9ceca922f72d" "/opt/rustwide/cargo-home/bin/cargo" "+nightly-2024-10-28" "test" "--frozen", kill_on_drop: false }`
[INFO] [stdout] b033bac105175dbb1ba7a0f41088d3e08524e0e474c30b01379e4558e1268bcd
[INFO] running `Command { std: "docker" "start" "-a" "b033bac105175dbb1ba7a0f41088d3e08524e0e474c30b01379e4558e1268bcd", kill_on_drop: false }`
[INFO] [stderr]     Finished `test` profile [unoptimized + debuginfo] target(s) in 0.03s
[INFO] [stderr]      Running unittests src/lib.rs (/opt/rustwide/target/debug/deps/esoteric_vm-aa4e5b40f05dbcfc)
[INFO] [stdout] 
[INFO] [stdout] running 0 tests
[INFO] [stdout] 
[INFO] [stdout] test result: ok. 0 passed; 0 failed; 0 ignored; 0 measured; 0 filtered out; finished in 0.00s
[INFO] [stdout] 
[INFO] [stderr]    Doc-tests esoteric_vm
[INFO] [stdout] 
[INFO] [stdout] running 169 tests
[INFO] [stdout] test src/instruction.rs - instruction::Instruction::AddBL (line 223) ... ignored
[INFO] [stdout] test src/instruction.rs - instruction::Instruction::AddF (line 330) ... ignored
[INFO] [stdout] test src/instruction.rs - instruction::Instruction::AndBL (line 270) ... ignored
[INFO] [stdout] test src/instruction.rs - instruction::Instruction::ClFlag (line 323) ... ignored
[INFO] [stdout] test src/instruction.rs - instruction::Instruction::Clß (line 81) ... ignored
[INFO] [stdout] test src/instruction.rs - instruction::Instruction::Clř (line 38) ... ignored
[INFO] [stdout] test src/instruction.rs - instruction::Instruction::CmpLB (line 300) ... ignored
[INFO] [stdout] test src/instruction.rs - instruction::Instruction::DebugMachineState (line 584) ... ignored
[INFO] [stdout] test src/instruction.rs - instruction::Instruction::DebugMachineStateCompact (line 590) ... ignored
[INFO] [stdout] test src/instruction.rs - instruction::Instruction::DebugMemoryRegion (line 596) ... ignored
[INFO] [stdout] test src/instruction.rs - instruction::Instruction::DebugStackRegion (line 602) ... ignored
[INFO] [stdout] test src/instruction.rs - instruction::Instruction::DivBL (line 250) ... ignored
[INFO] [stdout] test src/instruction.rs - instruction::Instruction::DivF (line 348) ... ignored
[INFO] [stdout] test src/instruction.rs - instruction::Instruction::Dpopep (line 523) ... ignored
[INFO] [stdout] test src/instruction.rs - instruction::Instruction::Dumpß (line 87) ... ignored
[INFO] [stdout] test src/instruction.rs - instruction::Instruction::Dumpř (line 44) ... ignored
[INFO] [stdout] test src/instruction.rs - instruction::Instruction::Fpopep (line 507) ... ignored
[INFO] [stdout] test src/instruction.rs - instruction::Instruction::GetChar (line 536) ... ignored
[INFO] [stdout] test src/instruction.rs - instruction::Instruction::GetLine (line 548) ... ignored
[INFO] [stdout] test src/instruction.rs - instruction::Instruction::Ldar (line 25) ... ignored
[INFO] [stdout] test src/instruction.rs - instruction::Instruction::Ldidp (line 146) ... ignored
[INFO] [stdout] test src/instruction.rs - instruction::Instruction::Ldiř (line 74) ... ignored
[INFO] [stdout] test src/instruction.rs - instruction::Instruction::Ldß (line 117) ... ignored
[INFO] [stdout] test src/instruction.rs - instruction::Instruction::Ldř (line 68) ... ignored
[INFO] [stdout] test src/instruction.rs - instruction::Instruction::Lenßa (line 137) ... ignored
[INFO] [stdout] test src/instruction.rs - instruction::Instruction::ModBL (line 256) ... ignored
[INFO] [stdout] test src/instruction.rs - instruction::Instruction::ModF (line 354) ... ignored
[INFO] [stdout] test src/instruction.rs - instruction::Instruction::Movaß (line 99) ... ignored
[INFO] [stdout] test src/instruction.rs - instruction::Instruction::Movař (line 50) ... ignored
[INFO] [stdout] test src/instruction.rs - instruction::Instruction::MulBL (line 241) ... ignored
[INFO] [stdout] test src/instruction.rs - instruction::Instruction::MulF (line 342) ... ignored
[INFO] [stdout] test src/instruction.rs - instruction::Instruction::NotL (line 263) ... ignored
[INFO] [stdout] test src/instruction.rs - instruction::Instruction::Npopep (line 499) ... ignored
[INFO] [stdout] test src/instruction.rs - instruction::Instruction::OrBL (line 276) ... ignored
[INFO] [stdout] test src/instruction.rs - instruction::Instruction::Pop (line 391) ... ignored
[INFO] [stdout] test src/instruction.rs - instruction::Instruction::PopL (line 424) ... ignored
[INFO] [stdout] test src/instruction.rs - instruction::Instruction::Popa (line 398) ... ignored
[INFO] [stdout] test src/instruction.rs - instruction::Instruction::Popb (line 411) ... ignored
[INFO] [stdout] test src/instruction.rs - instruction::Instruction::Popch (line 450) ... ignored
[INFO] [stdout] test src/instruction.rs - instruction::Instruction::Popep (line 477) ... ignored
[INFO] [stdout] test src/instruction.rs - instruction::Instruction::Popf (line 437) ... ignored
[INFO] [stdout] test src/instruction.rs - instruction::Instruction::Popnum (line 463) ... ignored
[INFO] [stdout] test src/instruction.rs - instruction::Instruction::Popß (line 131) ... ignored
[INFO] [stdout] test src/instruction.rs - instruction::Instruction::Ppopep (line 491) ... ignored
[INFO] [stdout] test src/instruction.rs - instruction::Instruction::Push (line 379) ... ignored
[INFO] [stdout] test src/instruction.rs - instruction::Instruction::PushL (line 430) ... ignored
[INFO] [stdout] test src/instruction.rs - instruction::Instruction::Pusha (line 404) ... ignored
[INFO] [stdout] test src/instruction.rs - instruction::Instruction::Pushb (line 417) ... ignored
[INFO] [stdout] test src/instruction.rs - instruction::Instruction::Pushch (line 456) ... ignored
[INFO] [stdout] test src/instruction.rs - instruction::Instruction::Pushf (line 443) ... ignored
[INFO] [stdout] test src/instruction.rs - instruction::Instruction::Pushi (line 385) ... ignored
[INFO] [stdout] test src/instruction.rs - instruction::Instruction::Pushnum (line 469) ... ignored
[INFO] [stdout] test src/instruction.rs - instruction::Instruction::Pushß (line 123) ... ignored
[INFO] [stdout] test src/instruction.rs - instruction::Instruction::Sba (line 31) ... ignored
[INFO] [stdout] test src/instruction.rs - instruction::Instruction::Setiß (line 111) ... ignored
[INFO] [stdout] test src/instruction.rs - instruction::Instruction::Setiř (line 62) ... ignored
[INFO] [stdout] test src/instruction.rs - instruction::Instruction::Setß (line 105) ... ignored
[INFO] [stdout] test src/instruction.rs - instruction::Instruction::Setř (line 56) ... ignored
[INFO] [stdout] test src/instruction.rs - instruction::Instruction::ShowChoice (line 608) ... ignored
[INFO] [stdout] test src/instruction.rs - instruction::Instruction::StackAlloc (line 362) ... ignored
[INFO] [stdout] test src/instruction.rs - instruction::Instruction::StackDealloc (line 371) ... ignored
[INFO] [stdout] test src/instruction.rs - instruction::Instruction::SubBL (line 232) ... ignored
[INFO] [stdout] test src/instruction.rs - instruction::Instruction::SubF (line 336) ... ignored
[INFO] [stdout] test src/instruction.rs - instruction::Instruction::TgFlag (line 317) ... ignored
[INFO] [stdout] test src/instruction.rs - instruction::Instruction::ToggleDebug (line 578) ... ignored
[INFO] [stdout] test src/instruction.rs - instruction::Instruction::WriteChar (line 557) ... ignored
[INFO] [stdout] test src/instruction.rs - instruction::Instruction::WriteLine (line 570) ... ignored
[INFO] [stdout] test src/instruction.rs - instruction::Instruction::WriteLineß (line 564) ... ignored
[INFO] [stdout] test src/instruction.rs - instruction::Instruction::Writeß (line 93) ... ignored
[INFO] [stdout] test src/instruction.rs - instruction::Instruction::XorBL (line 282) ... ignored
[INFO] [stdout] test src/instruction.rs - instruction::Instruction::Zapopep (line 515) ... ignored
[INFO] [stdout] test src/instruction.rs - instruction::Instruction::Zpopep (line 483) ... ignored
[INFO] [stdout] test src/instruction.rs - instruction::Instruction::ΩChoiceGetA (line 163) ... ignored
[INFO] [stdout] test src/instruction.rs - instruction::Instruction::ΩChoiceSet (line 157) ... ignored
[INFO] [stdout] test src/instruction.rs - instruction::Instruction::ΩGainAPolymorphicDesires (line 170) ... ignored
[INFO] [stdout] test src/instruction.rs - instruction::Instruction::ΩLoseAPolymorphicDesires (line 176) ... ignored
[INFO] [stdout] test src/instruction.rs - instruction::Instruction::ΩPushPolymorphicDesires (line 182) ... ignored
[INFO] [stdout] test src/instruction.rs - instruction::Instruction::ΩSetPaperclipProduction (line 215) ... ignored
[INFO] [stdout] test src/instruction.rs - instruction::Instruction::ΩSetSentience (line 204) ... ignored
[INFO] [stdout] test src/instruction.rs - instruction::Instruction::ΩSkipToTheChase (line 195) ... ignored
[INFO] [stdout] test src/instruction.rs - instruction::Instruction::ΩTheEndIsNear (line 189) ... ignored
[INFO] [stdout] test src/instruction.rs - instruction::InstructionKind::AddBL (line 223) ... ignored
[INFO] [stdout] test src/instruction.rs - instruction::InstructionKind::AddF (line 330) ... ignored
[INFO] [stdout] test src/instruction.rs - instruction::InstructionKind::AndBL (line 270) ... ignored
[INFO] [stdout] test src/instruction.rs - instruction::InstructionKind::ClFlag (line 323) ... ignored
[INFO] [stdout] test src/instruction.rs - instruction::InstructionKind::Clß (line 81) ... ignored
[INFO] [stdout] test src/instruction.rs - instruction::InstructionKind::Clř (line 38) ... ignored
[INFO] [stdout] test src/instruction.rs - instruction::InstructionKind::CmpLB (line 300) ... ignored
[INFO] [stdout] test src/instruction.rs - instruction::InstructionKind::DebugMachineState (line 584) ... ignored
[INFO] [stdout] test src/instruction.rs - instruction::InstructionKind::DebugMachineStateCompact (line 590) ... ignored
[INFO] [stdout] test src/instruction.rs - instruction::InstructionKind::DebugMemoryRegion (line 596) ... ignored
[INFO] [stdout] test src/instruction.rs - instruction::InstructionKind::DebugStackRegion (line 602) ... ignored
[INFO] [stdout] test src/instruction.rs - instruction::InstructionKind::DivBL (line 250) ... ignored
[INFO] [stdout] test src/instruction.rs - instruction::InstructionKind::DivF (line 348) ... ignored
[INFO] [stdout] test src/instruction.rs - instruction::InstructionKind::Dpopep (line 523) ... ignored
[INFO] [stdout] test src/instruction.rs - instruction::InstructionKind::Dumpß (line 87) ... ignored
[INFO] [stdout] test src/instruction.rs - instruction::InstructionKind::Dumpř (line 44) ... ignored
[INFO] [stdout] test src/instruction.rs - instruction::InstructionKind::Fpopep (line 507) ... ignored
[INFO] [stdout] test src/instruction.rs - instruction::InstructionKind::GetChar (line 536) ... ignored
[INFO] [stdout] test src/instruction.rs - instruction::InstructionKind::GetLine (line 548) ... ignored
[INFO] [stdout] test src/instruction.rs - instruction::InstructionKind::Ldar (line 25) ... ignored
[INFO] [stdout] test src/instruction.rs - instruction::InstructionKind::Ldidp (line 146) ... ignored
[INFO] [stdout] test src/instruction.rs - instruction::InstructionKind::Ldiř (line 74) ... ignored
[INFO] [stdout] test src/instruction.rs - instruction::InstructionKind::Ldß (line 117) ... ignored
[INFO] [stdout] test src/instruction.rs - instruction::InstructionKind::Ldř (line 68) ... ignored
[INFO] [stdout] test src/instruction.rs - instruction::InstructionKind::Lenßa (line 137) ... ignored
[INFO] [stdout] test src/instruction.rs - instruction::InstructionKind::ModBL (line 256) ... ignored
[INFO] [stdout] test src/instruction.rs - instruction::InstructionKind::ModF (line 354) ... ignored
[INFO] [stdout] test src/instruction.rs - instruction::InstructionKind::Movaß (line 99) ... ignored
[INFO] [stdout] test src/instruction.rs - instruction::InstructionKind::Movař (line 50) ... ignored
[INFO] [stdout] test src/instruction.rs - instruction::InstructionKind::MulBL (line 241) ... ignored
[INFO] [stdout] test src/instruction.rs - instruction::InstructionKind::MulF (line 342) ... ignored
[INFO] [stdout] test src/instruction.rs - instruction::InstructionKind::NotL (line 263) ... ignored
[INFO] [stdout] test src/instruction.rs - instruction::InstructionKind::Npopep (line 499) ... ignored
[INFO] [stdout] test src/instruction.rs - instruction::InstructionKind::OrBL (line 276) ... ignored
[INFO] [stdout] test src/instruction.rs - instruction::InstructionKind::Pop (line 391) ... ignored
[INFO] [stdout] test src/instruction.rs - instruction::InstructionKind::PopL (line 424) ... ignored
[INFO] [stdout] test src/instruction.rs - instruction::InstructionKind::Popa (line 398) ... ignored
[INFO] [stdout] test src/instruction.rs - instruction::InstructionKind::Popb (line 411) ... ignored
[INFO] [stdout] test src/instruction.rs - instruction::InstructionKind::Popch (line 450) ... ignored
[INFO] [stdout] test src/instruction.rs - instruction::InstructionKind::Popep (line 477) ... ignored
[INFO] [stdout] test src/instruction.rs - instruction::InstructionKind::Popf (line 437) ... ignored
[INFO] [stdout] test src/instruction.rs - instruction::InstructionKind::Popnum (line 463) ... ignored
[INFO] [stdout] test src/instruction.rs - instruction::InstructionKind::Popß (line 131) ... ignored
[INFO] [stdout] test src/instruction.rs - instruction::InstructionKind::Ppopep (line 491) ... ignored
[INFO] [stdout] test src/instruction.rs - instruction::InstructionKind::Push (line 379) ... ignored
[INFO] [stdout] test src/instruction.rs - instruction::InstructionKind::PushL (line 430) ... ignored
[INFO] [stdout] test src/instruction.rs - instruction::InstructionKind::Pusha (line 404) ... ignored
[INFO] [stdout] test src/instruction.rs - instruction::InstructionKind::Pushb (line 417) ... ignored
[INFO] [stdout] test src/instruction.rs - instruction::InstructionKind::Pushch (line 456) ... ignored
[INFO] [stdout] test src/instruction.rs - instruction::InstructionKind::Pushf (line 443) ... ignored
[INFO] [stdout] test src/instruction.rs - instruction::InstructionKind::Pushi (line 385) ... ignored
[INFO] [stdout] test src/instruction.rs - instruction::InstructionKind::Pushnum (line 469) ... ignored
[INFO] [stdout] test src/instruction.rs - instruction::InstructionKind::Pushß (line 123) ... ignored
[INFO] [stdout] test src/instruction.rs - instruction::InstructionKind::Sba (line 31) ... ignored
[INFO] [stdout] test src/instruction.rs - instruction::InstructionKind::Setiß (line 111) ... ignored
[INFO] [stdout] test src/instruction.rs - instruction::InstructionKind::Setiř (line 62) ... ignored
[INFO] [stdout] test src/instruction.rs - instruction::InstructionKind::Setß (line 105) ... ignored
[INFO] [stdout] test src/instruction.rs - instruction::InstructionKind::Setř (line 56) ... ignored
[INFO] [stdout] test src/instruction.rs - instruction::InstructionKind::ShowChoice (line 608) ... ignored
[INFO] [stdout] test src/instruction.rs - instruction::InstructionKind::StackAlloc (line 362) ... ignored
[INFO] [stdout] test src/instruction.rs - instruction::InstructionKind::StackDealloc (line 371) ... ignored
[INFO] [stdout] test src/instruction.rs - instruction::InstructionKind::SubBL (line 232) ... ignored
[INFO] [stdout] test src/instruction.rs - instruction::InstructionKind::SubF (line 336) ... ignored
[INFO] [stdout] test src/instruction.rs - instruction::InstructionKind::TgFlag (line 317) ... ignored
[INFO] [stdout] test src/instruction.rs - instruction::InstructionKind::ToggleDebug (line 578) ... ignored
[INFO] [stdout] test src/instruction.rs - instruction::InstructionKind::WriteChar (line 557) ... ignored
[INFO] [stdout] test src/instruction.rs - instruction::InstructionKind::WriteLine (line 570) ... ignored
[INFO] [stdout] test src/instruction.rs - instruction::InstructionKind::WriteLineß (line 564) ... ignored
[INFO] [stdout] test src/instruction.rs - instruction::InstructionKind::Writeß (line 93) ... ignored
[INFO] [stdout] test src/instruction.rs - instruction::InstructionKind::XorBL (line 282) ... ignored
[INFO] [stdout] test src/instruction.rs - instruction::InstructionKind::Zapopep (line 515) ... ignored
[INFO] [stdout] test src/instruction.rs - instruction::InstructionKind::Zpopep (line 483) ... ignored
[INFO] [stdout] test src/instruction.rs - instruction::InstructionKind::ΩChoiceGetA (line 163) ... ignored
[INFO] [stdout] test src/instruction.rs - instruction::InstructionKind::ΩChoiceSet (line 157) ... ignored
[INFO] [stdout] test src/instruction.rs - instruction::InstructionKind::ΩGainAPolymorphicDesires (line 170) ... ignored
[INFO] [stdout] test src/instruction.rs - instruction::InstructionKind::ΩLoseAPolymorphicDesires (line 176) ... ignored
[INFO] [stdout] test src/instruction.rs - instruction::InstructionKind::ΩPushPolymorphicDesires (line 182) ... ignored
[INFO] [stdout] test src/instruction.rs - instruction::InstructionKind::ΩSetPaperclipProduction (line 215) ... ignored
[INFO] [stdout] test src/instruction.rs - instruction::InstructionKind::ΩSetSentience (line 204) ... ignored
[INFO] [stdout] test src/instruction.rs - instruction::InstructionKind::ΩSkipToTheChase (line 195) ... ignored
[INFO] [stdout] test src/instruction.rs - instruction::InstructionKind::ΩTheEndIsNear (line 189) ... ignored
[INFO] [stdout] test src/utils/array_debug.rs - utils::array_debug::ArrayDebug::array_debug (line 116) ... ignored
[INFO] [stdout] test src/utils/array_debug.rs - utils::array_debug::ArrayDebug::into_debug_array (line 103) ... ignored
[INFO] [stdout] test src/utils/array_debug.rs - utils::array_debug::DebugArray<'a,T>::debug (line 29) ... ignored
[INFO] [stdout] test src/assembly.rs - assembly::esoteric_assembly (line 268) ... ok
[INFO] [stdout] test src/lib.rs - (line 8) ... ok
[INFO] [stdout] test src/machine/mod.rs - machine::Machine (line 33) ... ok
[INFO] [stdout] test src/utils/primes.rs - utils::primes (line 4) ... FAILED
[INFO] [stdout] 
[INFO] [stdout] failures:
[INFO] [stdout] 
[INFO] [stdout] ---- src/utils/primes.rs - utils::primes (line 4) stdout ----
[INFO] [stdout] Test executable failed (exit status: 101).
[INFO] [stdout] 
[INFO] [stdout] stderr:
[INFO] [stdout] thread 'main' panicked at src/utils/primes.rs:88:10:
[INFO] [stdout] couldn't open its own path as a file: Os { code: 30, kind: ReadOnlyFilesystem, message: "Read-only file system" }
[INFO] [stdout] stack backtrace:
[INFO] [stdout]    0:     0x5d32b913002a - std::backtrace_rs::backtrace::libunwind::trace::h207520d6e9873551
[INFO] [stdout]                                at /rustc/df4ca44d3fbc9301ee17f30f4d474e6ae4b05252/library/std/src/../../backtrace/src/backtrace/libunwind.rs:116:5
[INFO] [stdout]    1:     0x5d32b913002a - std::backtrace_rs::backtrace::trace_unsynchronized::h2ed7433f370e3eca
[INFO] [stdout]                                at /rustc/df4ca44d3fbc9301ee17f30f4d474e6ae4b05252/library/std/src/../../backtrace/src/backtrace/mod.rs:66:5
[INFO] [stdout]    2:     0x5d32b913002a - std::sys::backtrace::_print_fmt::h916fac51166b18d7
[INFO] [stdout]                                at /rustc/df4ca44d3fbc9301ee17f30f4d474e6ae4b05252/library/std/src/sys/backtrace.rs:66:9
[INFO] [stdout]    3:     0x5d32b913002a - <std::sys::backtrace::BacktraceLock::print::DisplayBacktrace as core::fmt::Display>::fmt::ha0a4c9b8ce3802e6
[INFO] [stdout]                                at /rustc/df4ca44d3fbc9301ee17f30f4d474e6ae4b05252/library/std/src/sys/backtrace.rs:39:26
[INFO] [stdout]    4:     0x5d32b914cd83 - core::fmt::rt::Argument::fmt::h4cfc8587d52b3eb5
[INFO] [stdout]                                at /rustc/df4ca44d3fbc9301ee17f30f4d474e6ae4b05252/library/core/src/fmt/rt.rs:177:76
[INFO] [stdout]    5:     0x5d32b914cd83 - core::fmt::write::h522cc39e5b36ae9f
[INFO] [stdout]                                at /rustc/df4ca44d3fbc9301ee17f30f4d474e6ae4b05252/library/core/src/fmt/mod.rs:1190:21
[INFO] [stdout]    6:     0x5d32b912d843 - std::io::Write::write_fmt::hf1c1dcc8cc1287f0
[INFO] [stdout]                                at /rustc/df4ca44d3fbc9301ee17f30f4d474e6ae4b05252/library/std/src/io/mod.rs:1839:15
[INFO] [stdout]    7:     0x5d32b912fe72 - std::sys::backtrace::BacktraceLock::print::h4b9e00b29e9c0942
[INFO] [stdout]                                at /rustc/df4ca44d3fbc9301ee17f30f4d474e6ae4b05252/library/std/src/sys/backtrace.rs:42:9
[INFO] [stdout]    8:     0x5d32b9130e3c - std::panicking::default_hook::{{closure}}::hb59b88280d0324d9
[INFO] [stdout]                                at /rustc/df4ca44d3fbc9301ee17f30f4d474e6ae4b05252/library/std/src/panicking.rs:268:22
[INFO] [stdout]    9:     0x5d32b9130c82 - std::panicking::default_hook::he1dd496665be4a29
[INFO] [stdout]                                at /rustc/df4ca44d3fbc9301ee17f30f4d474e6ae4b05252/library/std/src/panicking.rs:295:9
[INFO] [stdout]   10:     0x5d32b9131437 - std::panicking::rust_panic_with_hook::h2ff17fe8f26dfcf8
[INFO] [stdout]                                at /rustc/df4ca44d3fbc9301ee17f30f4d474e6ae4b05252/library/std/src/panicking.rs:801:13
[INFO] [stdout]   11:     0x5d32b91312ca - std::panicking::begin_panic_handler::{{closure}}::h4fad77951c07e101
[INFO] [stdout]                                at /rustc/df4ca44d3fbc9301ee17f30f4d474e6ae4b05252/library/std/src/panicking.rs:674:13
[INFO] [stdout]   12:     0x5d32b9130509 - std::sys::backtrace::__rust_end_short_backtrace::hb1a25b3da5d0ea08
[INFO] [stdout]                                at /rustc/df4ca44d3fbc9301ee17f30f4d474e6ae4b05252/library/std/src/sys/backtrace.rs:170:18
[INFO] [stdout]   13:     0x5d32b9130f5c - rust_begin_unwind
[INFO] [stdout]                                at /rustc/df4ca44d3fbc9301ee17f30f4d474e6ae4b05252/library/std/src/panicking.rs:665:5
[INFO] [stdout]   14:     0x5d32b914bfd0 - core::panicking::panic_fmt::ha9db07b529f9b256
[INFO] [stdout]                                at /rustc/df4ca44d3fbc9301ee17f30f4d474e6ae4b05252/library/core/src/panicking.rs:75:14
[INFO] [stdout]   15:     0x5d32b914c346 - core::result::unwrap_failed::h5e8218e4d4338b8a
[INFO] [stdout]                                at /rustc/df4ca44d3fbc9301ee17f30f4d474e6ae4b05252/library/core/src/result.rs:1698:5
[INFO] [stdout]   16:     0x5d32b91095ec - core::result::Result<T,E>::expect::hd103b556dc892ae8
[INFO] [stdout]   17:     0x5d32b910f8b7 - rust_out::main::_doctest_main_src_utils_primes_rs_4_0::h84bdb6f44e421e54
[INFO] [stdout]   18:     0x5d32b910f0d6 - rust_out::main::ha213a30daa5df4da
[INFO] [stdout]   19:     0x5d32b9104733 - core::ops::function::FnOnce::call_once::hf7edf7132571051c
[INFO] [stdout]   20:     0x5d32b9103a16 - std::sys::backtrace::__rust_begin_short_backtrace::h32fd822fd2ba4079
[INFO] [stdout]   21:     0x5d32b91035d9 - std::rt::lang_start::{{closure}}::h4039a1c394ed4f7c
[INFO] [stdout]   22:     0x5d32b912b097 - core::ops::function::impls::<impl core::ops::function::FnOnce<A> for &F>::call_once::hd87d66b906e0ccaf
[INFO] [stdout]                                at /rustc/df4ca44d3fbc9301ee17f30f4d474e6ae4b05252/library/core/src/ops/function.rs:284:13
[INFO] [stdout]   23:     0x5d32b912b097 - std::panicking::try::do_call::hae3703de71fc9e3a
[INFO] [stdout]                                at /rustc/df4ca44d3fbc9301ee17f30f4d474e6ae4b05252/library/std/src/panicking.rs:557:40
[INFO] [stdout]   24:     0x5d32b912b097 - std::panicking::try::h1178330e9a2b2645
[INFO] [stdout]                                at /rustc/df4ca44d3fbc9301ee17f30f4d474e6ae4b05252/library/std/src/panicking.rs:520:19
[INFO] [stdout]   25:     0x5d32b912b097 - std::panic::catch_unwind::h0acf49d2305d32ad
[INFO] [stdout]                                at /rustc/df4ca44d3fbc9301ee17f30f4d474e6ae4b05252/library/std/src/panic.rs:358:14
[INFO] [stdout]   26:     0x5d32b912b097 - std::rt::lang_start_internal::{{closure}}::h2d95182d798177be
[INFO] [stdout]                                at /rustc/df4ca44d3fbc9301ee17f30f4d474e6ae4b05252/library/std/src/rt.rs:174:48
[INFO] [stdout]   27:     0x5d32b912b097 - std::panicking::try::do_call::hb506f5bfe11fd30c
[INFO] [stdout]                                at /rustc/df4ca44d3fbc9301ee17f30f4d474e6ae4b05252/library/std/src/panicking.rs:557:40
[INFO] [stdout]   28:     0x5d32b912b097 - std::panicking::try::h54d825c46bd0fa95
[INFO] [stdout]                                at /rustc/df4ca44d3fbc9301ee17f30f4d474e6ae4b05252/library/std/src/panicking.rs:520:19
[INFO] [stdout]   29:     0x5d32b912b097 - std::panic::catch_unwind::hffbb0ad20c4e9fac
[INFO] [stdout]                                at /rustc/df4ca44d3fbc9301ee17f30f4d474e6ae4b05252/library/std/src/panic.rs:358:14
[INFO] [stdout]   30:     0x5d32b912b097 - std::rt::lang_start_internal::h52c291ef1962c925
[INFO] [stdout]                                at /rustc/df4ca44d3fbc9301ee17f30f4d474e6ae4b05252/library/std/src/rt.rs:174:20
[INFO] [stdout]   31:     0x5d32b91035b7 - std::rt::lang_start::h8c6075cd6f225ba1
[INFO] [stdout]   32:     0x5d32b910fe85 - main
[INFO] [stdout]   33:     0x732784028d90 - <unknown>
[INFO] [stdout]   34:     0x732784028e40 - __libc_start_main
[INFO] [stdout]   35:     0x5d32b9102205 - _start
[INFO] [stdout]   36:                0x0 - <unknown>
[INFO] [stdout] 
[INFO] [stdout] 
[INFO] [stdout] 
[INFO] [stdout] failures:
[INFO] [stdout]     src/utils/primes.rs - utils::primes (line 4)
[INFO] [stdout] 
[INFO] [stdout] test result: FAILED. 3 passed; 1 failed; 165 ignored; 0 measured; 0 filtered out; finished in 16.99s
[INFO] [stdout] 
[INFO] [stderr] error: doctest failed, to rerun pass `--doc`
[INFO] running `Command { std: "docker" "inspect" "b033bac105175dbb1ba7a0f41088d3e08524e0e474c30b01379e4558e1268bcd", kill_on_drop: false }`
[INFO] running `Command { std: "docker" "rm" "-f" "b033bac105175dbb1ba7a0f41088d3e08524e0e474c30b01379e4558e1268bcd", kill_on_drop: false }`
[INFO] [stdout] b033bac105175dbb1ba7a0f41088d3e08524e0e474c30b01379e4558e1268bcd
