[INFO] fetching crate err-handler 1.0.0...
[INFO] testing err-handler-1.0.0 against nightly-2024-10-28 for randomize-layout
[INFO] extracting crate err-handler 1.0.0 into /workspace/builds/worker-2-tc1/source
[INFO] validating manifest of crates.io crate err-handler 1.0.0 on toolchain nightly-2024-10-28
[INFO] running `Command { std: CARGO_HOME="/workspace/cargo-home" RUSTUP_HOME="/workspace/rustup-home" "/workspace/cargo-home/bin/cargo" "+nightly-2024-10-28" "metadata" "--manifest-path" "Cargo.toml" "--no-deps", kill_on_drop: false }`
[INFO] started tweaking crates.io crate err-handler 1.0.0
[INFO] removed 0 missing examples
[INFO] finished tweaking crates.io crate err-handler 1.0.0
[INFO] tweaked toml for crates.io crate err-handler 1.0.0 written to /workspace/builds/worker-2-tc1/source/Cargo.toml
[INFO] crate crates.io crate err-handler 1.0.0 already has a lockfile, it will not be regenerated
[INFO] running `Command { std: CARGO_HOME="/workspace/cargo-home" RUSTUP_HOME="/workspace/rustup-home" "/workspace/cargo-home/bin/cargo" "+nightly-2024-10-28" "fetch" "--manifest-path" "Cargo.toml", kill_on_drop: false }`
[INFO] running `Command { std: "docker" "create" "-v" "/var/lib/crater-agent-workspace/builds/worker-2-tc1/target:/opt/rustwide/target:rw,Z" "-v" "/var/lib/crater-agent-workspace/builds/worker-2-tc1/source:/opt/rustwide/workdir:ro,Z" "-v" "/var/lib/crater-agent-workspace/cargo-home:/opt/rustwide/cargo-home:ro,Z" "-v" "/var/lib/crater-agent-workspace/rustup-home:/opt/rustwide/rustup-home:ro,Z" "-e" "SOURCE_DIR=/opt/rustwide/workdir" "-e" "CARGO_TARGET_DIR=/opt/rustwide/target" "-e" "CARGO_HOME=/opt/rustwide/cargo-home" "-e" "RUSTUP_HOME=/opt/rustwide/rustup-home" "-w" "/opt/rustwide/workdir" "-m" "1610612736" "--user" "0:0" "--network" "none" "ghcr.io/rust-lang/crates-build-env/linux@sha256:4a844ea9eb2546a2d2c7022eacef16ef2e8229c7fbb2c7d4d55a9ceca922f72d" "/opt/rustwide/cargo-home/bin/cargo" "+nightly-2024-10-28" "metadata" "--no-deps" "--format-version=1", kill_on_drop: false }`
[INFO] [stdout] 0f5fb8bdca7cb4653db279acc90b6babdf00c7eae6855720c6b8572258004033
[INFO] running `Command { std: "docker" "start" "-a" "0f5fb8bdca7cb4653db279acc90b6babdf00c7eae6855720c6b8572258004033", kill_on_drop: false }`
[INFO] running `Command { std: "docker" "inspect" "0f5fb8bdca7cb4653db279acc90b6babdf00c7eae6855720c6b8572258004033", kill_on_drop: false }`
[INFO] running `Command { std: "docker" "rm" "-f" "0f5fb8bdca7cb4653db279acc90b6babdf00c7eae6855720c6b8572258004033", kill_on_drop: false }`
[INFO] [stdout] 0f5fb8bdca7cb4653db279acc90b6babdf00c7eae6855720c6b8572258004033
[INFO] running `Command { std: "docker" "create" "-v" "/var/lib/crater-agent-workspace/builds/worker-2-tc1/target:/opt/rustwide/target:rw,Z" "-v" "/var/lib/crater-agent-workspace/builds/worker-2-tc1/source:/opt/rustwide/workdir:ro,Z" "-v" "/var/lib/crater-agent-workspace/cargo-home:/opt/rustwide/cargo-home:ro,Z" "-v" "/var/lib/crater-agent-workspace/rustup-home:/opt/rustwide/rustup-home:ro,Z" "-e" "SOURCE_DIR=/opt/rustwide/workdir" "-e" "CARGO_TARGET_DIR=/opt/rustwide/target" "-e" "CARGO_INCREMENTAL=0" "-e" "RUST_BACKTRACE=full" "-e" "RUSTFLAGS=--cap-lints=forbid" "-e" "RUSTDOCFLAGS=--cap-lints=forbid" "-e" "CARGO_HOME=/opt/rustwide/cargo-home" "-e" "RUSTUP_HOME=/opt/rustwide/rustup-home" "-w" "/opt/rustwide/workdir" "-m" "1610612736" "--user" "0:0" "--network" "none" "ghcr.io/rust-lang/crates-build-env/linux@sha256:4a844ea9eb2546a2d2c7022eacef16ef2e8229c7fbb2c7d4d55a9ceca922f72d" "/opt/rustwide/cargo-home/bin/cargo" "+nightly-2024-10-28" "build" "--frozen" "--message-format=json", kill_on_drop: false }`
[INFO] [stdout] 4a8b2b20e7de76c53c86496d7760d4569d50bdf7391bcbdb89f06905e001eb85
[INFO] running `Command { std: "docker" "start" "-a" "4a8b2b20e7de76c53c86496d7760d4569d50bdf7391bcbdb89f06905e001eb85", kill_on_drop: false }`
[INFO] [stderr]    Compiling proc-macro2 v1.0.79
[INFO] [stderr]    Compiling unicode-ident v1.0.12
[INFO] [stderr]    Compiling quote v1.0.35
[INFO] [stderr]    Compiling syn v2.0.58
[INFO] [stderr]    Compiling err-handler v1.0.0 (/opt/rustwide/workdir)
[INFO] [stderr]     Finished `dev` profile [unoptimized + debuginfo] target(s) in 5.09s
[INFO] running `Command { std: "docker" "inspect" "4a8b2b20e7de76c53c86496d7760d4569d50bdf7391bcbdb89f06905e001eb85", kill_on_drop: false }`
[INFO] running `Command { std: "docker" "rm" "-f" "4a8b2b20e7de76c53c86496d7760d4569d50bdf7391bcbdb89f06905e001eb85", kill_on_drop: false }`
[INFO] [stdout] 4a8b2b20e7de76c53c86496d7760d4569d50bdf7391bcbdb89f06905e001eb85
[INFO] running `Command { std: "docker" "create" "-v" "/var/lib/crater-agent-workspace/builds/worker-2-tc1/target:/opt/rustwide/target:rw,Z" "-v" "/var/lib/crater-agent-workspace/builds/worker-2-tc1/source:/opt/rustwide/workdir:ro,Z" "-v" "/var/lib/crater-agent-workspace/cargo-home:/opt/rustwide/cargo-home:ro,Z" "-v" "/var/lib/crater-agent-workspace/rustup-home:/opt/rustwide/rustup-home:ro,Z" "-e" "SOURCE_DIR=/opt/rustwide/workdir" "-e" "CARGO_TARGET_DIR=/opt/rustwide/target" "-e" "CARGO_INCREMENTAL=0" "-e" "RUST_BACKTRACE=full" "-e" "RUSTFLAGS=--cap-lints=forbid" "-e" "RUSTDOCFLAGS=--cap-lints=forbid" "-e" "CARGO_HOME=/opt/rustwide/cargo-home" "-e" "RUSTUP_HOME=/opt/rustwide/rustup-home" "-w" "/opt/rustwide/workdir" "-m" "1610612736" "--user" "0:0" "--network" "none" "ghcr.io/rust-lang/crates-build-env/linux@sha256:4a844ea9eb2546a2d2c7022eacef16ef2e8229c7fbb2c7d4d55a9ceca922f72d" "/opt/rustwide/cargo-home/bin/cargo" "+nightly-2024-10-28" "test" "--frozen" "--no-run" "--message-format=json", kill_on_drop: false }`
[INFO] [stdout] 2e2f04bc32711d9d1896a249f9d5cc84c3bfea9638ff60599b7a4ac87f691258
[INFO] running `Command { std: "docker" "start" "-a" "2e2f04bc32711d9d1896a249f9d5cc84c3bfea9638ff60599b7a4ac87f691258", kill_on_drop: false }`
[INFO] [stderr]    Compiling proc-macro2 v1.0.79
[INFO] [stderr]    Compiling unicode-ident v1.0.12
[INFO] [stderr]    Compiling thiserror v1.0.58
[INFO] [stderr]    Compiling quote v1.0.35
[INFO] [stderr]    Compiling syn v2.0.58
[INFO] [stderr]    Compiling thiserror-impl v1.0.58
[INFO] [stderr]    Compiling err-handler v1.0.0 (/opt/rustwide/workdir)
[INFO] [stdout] warning: variant `Err2` is never constructed
[INFO] [stdout]  --> examples/exp.rs:9:5
[INFO] [stdout]   |
[INFO] [stdout] 5 | enum Err {
[INFO] [stdout]   |      --- variant in this enum
[INFO] [stdout] ...
[INFO] [stdout] 9 |     Err2,
[INFO] [stdout]   |     ^^^^
[INFO] [stdout]   |
[INFO] [stdout]   = note: `Err` has a derived impl for the trait `Debug`, but this is intentionally ignored during dead code analysis
[INFO] [stdout]   = note: `#[warn(dead_code)]` on by default
[INFO] [stdout] 
[INFO] [stdout] 
[INFO] [stderr]     Finished `test` profile [unoptimized + debuginfo] target(s) in 5.44s
[INFO] running `Command { std: "docker" "inspect" "2e2f04bc32711d9d1896a249f9d5cc84c3bfea9638ff60599b7a4ac87f691258", kill_on_drop: false }`
[INFO] running `Command { std: "docker" "rm" "-f" "2e2f04bc32711d9d1896a249f9d5cc84c3bfea9638ff60599b7a4ac87f691258", kill_on_drop: false }`
[INFO] [stdout] 2e2f04bc32711d9d1896a249f9d5cc84c3bfea9638ff60599b7a4ac87f691258
[INFO] running `Command { std: "docker" "create" "-v" "/var/lib/crater-agent-workspace/builds/worker-2-tc1/target:/opt/rustwide/target:rw,Z" "-v" "/var/lib/crater-agent-workspace/builds/worker-2-tc1/source:/opt/rustwide/workdir:ro,Z" "-v" "/var/lib/crater-agent-workspace/cargo-home:/opt/rustwide/cargo-home:ro,Z" "-v" "/var/lib/crater-agent-workspace/rustup-home:/opt/rustwide/rustup-home:ro,Z" "-e" "SOURCE_DIR=/opt/rustwide/workdir" "-e" "CARGO_TARGET_DIR=/opt/rustwide/target" "-e" "CARGO_INCREMENTAL=0" "-e" "RUST_BACKTRACE=full" "-e" "RUSTFLAGS=--cap-lints=forbid" "-e" "RUSTDOCFLAGS=--cap-lints=forbid" "-e" "CARGO_HOME=/opt/rustwide/cargo-home" "-e" "RUSTUP_HOME=/opt/rustwide/rustup-home" "-w" "/opt/rustwide/workdir" "-m" "1610612736" "--user" "0:0" "--network" "none" "ghcr.io/rust-lang/crates-build-env/linux@sha256:4a844ea9eb2546a2d2c7022eacef16ef2e8229c7fbb2c7d4d55a9ceca922f72d" "/opt/rustwide/cargo-home/bin/cargo" "+nightly-2024-10-28" "test" "--frozen", kill_on_drop: false }`
[INFO] [stdout] c97ad01fe563c326c1d95747b372532cdfb4aa317206b49d68194736c3409891
[INFO] running `Command { std: "docker" "start" "-a" "c97ad01fe563c326c1d95747b372532cdfb4aa317206b49d68194736c3409891", kill_on_drop: false }`
[INFO] [stderr] warning: variant `Err2` is never constructed
[INFO] [stderr]  --> examples/exp.rs:9:5
[INFO] [stderr]   |
[INFO] [stderr] 5 | enum Err {
[INFO] [stderr]   |      --- variant in this enum
[INFO] [stderr] ...
[INFO] [stderr] 9 |     Err2,
[INFO] [stderr]   |     ^^^^
[INFO] [stderr]   |
[INFO] [stderr]   = note: `Err` has a derived impl for the trait `Debug`, but this is intentionally ignored during dead code analysis
[INFO] [stderr]   = note: `#[warn(dead_code)]` on by default
[INFO] [stderr] 
[INFO] [stderr] warning: `err-handler` (example "exp") generated 1 warning
[INFO] [stderr]     Finished `test` profile [unoptimized + debuginfo] target(s) in 0.02s
[INFO] [stderr]      Running unittests src/lib.rs (/opt/rustwide/target/debug/deps/err_handler-fac0bded7a33ef97)
[INFO] [stdout] 
[INFO] [stdout] running 0 tests
[INFO] [stdout] 
[INFO] [stdout] test result: ok. 0 passed; 0 failed; 0 ignored; 0 measured; 0 filtered out; finished in 0.00s
[INFO] [stdout] 
[INFO] [stderr]    Doc-tests err_handler
[INFO] [stdout] 
[INFO] [stdout] running 1 test
[INFO] [stdout] test src/lib.rs - (line 8) ... FAILED
[INFO] [stdout] 
[INFO] [stdout] failures:
[INFO] [stdout] 
[INFO] [stdout] ---- src/lib.rs - (line 8) stdout ----
[INFO] [stdout] error[E0433]: failed to resolve: use of undeclared crate or module `tokio`
[INFO] [stdout]   --> src/lib.rs:41:3
[INFO] [stdout]    |
[INFO] [stdout] 35 | #[tokio::main]
[INFO] [stdout]    |   ^^^^^ use of undeclared crate or module `tokio`
[INFO] [stdout] 
[INFO] [stdout] error[E0752]: `main` function is not allowed to be `async`
[INFO] [stdout]   --> src/lib.rs:42:1
[INFO] [stdout]    |
[INFO] [stdout] 36 | async fn main() -> Result<(), Err> {
[INFO] [stdout]    | ^^^^^^^^^^^^^^^^^^^^^^^^^^^^^^^^^^ `main` function is not allowed to be `async`
[INFO] [stdout] 
[INFO] [stdout] error: aborting due to 2 previous errors
[INFO] [stdout] 
[INFO] [stdout] Some errors have detailed explanations: E0433, E0752.
[INFO] [stdout] For more information about an error, try `rustc --explain E0433`.
[INFO] [stdout] Couldn't compile the test.
[INFO] [stdout] 
[INFO] [stdout] failures:
[INFO] [stdout]     src/lib.rs - (line 8)
[INFO] [stdout] 
[INFO] [stdout] test result: FAILED. 0 passed; 1 failed; 0 ignored; 0 measured; 0 filtered out; finished in 0.08s
[INFO] [stdout] 
[INFO] [stderr] error: doctest failed, to rerun pass `--doc`
[INFO] running `Command { std: "docker" "inspect" "c97ad01fe563c326c1d95747b372532cdfb4aa317206b49d68194736c3409891", kill_on_drop: false }`
[INFO] running `Command { std: "docker" "rm" "-f" "c97ad01fe563c326c1d95747b372532cdfb4aa317206b49d68194736c3409891", kill_on_drop: false }`
[INFO] [stdout] c97ad01fe563c326c1d95747b372532cdfb4aa317206b49d68194736c3409891
