[INFO] fetching crate ergokv-macro 0.1.5...
[INFO] testing ergokv-macro-0.1.5 against nightly-2024-10-28+rustflags=-Zrandomize-layout for randomize-layout
[INFO] extracting crate ergokv-macro 0.1.5 into /workspace/builds/worker-0-tc2/source
[INFO] validating manifest of crates.io crate ergokv-macro 0.1.5 on toolchain nightly-2024-10-28
[INFO] running `Command { std: CARGO_HOME="/workspace/cargo-home" RUSTUP_HOME="/workspace/rustup-home" "/workspace/cargo-home/bin/cargo" "+nightly-2024-10-28" "metadata" "--manifest-path" "Cargo.toml" "--no-deps", kill_on_drop: false }`
[INFO] started tweaking crates.io crate ergokv-macro 0.1.5
[INFO] finished tweaking crates.io crate ergokv-macro 0.1.5
[INFO] tweaked toml for crates.io crate ergokv-macro 0.1.5 written to /workspace/builds/worker-0-tc2/source/Cargo.toml
[INFO] running `Command { std: CARGO_HOME="/workspace/cargo-home" RUSTUP_HOME="/workspace/rustup-home" "/workspace/cargo-home/bin/cargo" "+nightly-2024-10-28" "generate-lockfile" "--manifest-path" "Cargo.toml", kill_on_drop: false }`
[INFO] [stderr]     Updating crates.io index
[INFO] [stderr]      Locking 4 packages to latest compatible versions
[INFO] running `Command { std: CARGO_HOME="/workspace/cargo-home" RUSTUP_HOME="/workspace/rustup-home" "/workspace/cargo-home/bin/cargo" "+nightly-2024-10-28" "fetch" "--manifest-path" "Cargo.toml", kill_on_drop: false }`
[INFO] running `Command { std: "docker" "create" "-v" "/var/lib/crater-agent-workspace/builds/worker-0-tc2/target:/opt/rustwide/target:rw,Z" "-v" "/var/lib/crater-agent-workspace/builds/worker-0-tc2/source:/opt/rustwide/workdir:ro,Z" "-v" "/var/lib/crater-agent-workspace/cargo-home:/opt/rustwide/cargo-home:ro,Z" "-v" "/var/lib/crater-agent-workspace/rustup-home:/opt/rustwide/rustup-home:ro,Z" "-e" "SOURCE_DIR=/opt/rustwide/workdir" "-e" "CARGO_TARGET_DIR=/opt/rustwide/target" "-e" "CARGO_HOME=/opt/rustwide/cargo-home" "-e" "RUSTUP_HOME=/opt/rustwide/rustup-home" "-w" "/opt/rustwide/workdir" "-m" "1610612736" "--user" "0:0" "--network" "none" "ghcr.io/rust-lang/crates-build-env/linux@sha256:4a844ea9eb2546a2d2c7022eacef16ef2e8229c7fbb2c7d4d55a9ceca922f72d" "/opt/rustwide/cargo-home/bin/cargo" "+nightly-2024-10-28" "metadata" "--no-deps" "--format-version=1", kill_on_drop: false }`
[INFO] [stdout] 3a04351ac0406d7c48b12e9c93019d26806af3d9f1727bfe3cfde4a0bc3bacc0
[INFO] running `Command { std: "docker" "start" "-a" "3a04351ac0406d7c48b12e9c93019d26806af3d9f1727bfe3cfde4a0bc3bacc0", kill_on_drop: false }`
[INFO] running `Command { std: "docker" "inspect" "3a04351ac0406d7c48b12e9c93019d26806af3d9f1727bfe3cfde4a0bc3bacc0", kill_on_drop: false }`
[INFO] running `Command { std: "docker" "rm" "-f" "3a04351ac0406d7c48b12e9c93019d26806af3d9f1727bfe3cfde4a0bc3bacc0", kill_on_drop: false }`
[INFO] [stdout] 3a04351ac0406d7c48b12e9c93019d26806af3d9f1727bfe3cfde4a0bc3bacc0
[INFO] running `Command { std: "docker" "create" "-v" "/var/lib/crater-agent-workspace/builds/worker-0-tc2/target:/opt/rustwide/target:rw,Z" "-v" "/var/lib/crater-agent-workspace/builds/worker-0-tc2/source:/opt/rustwide/workdir:ro,Z" "-v" "/var/lib/crater-agent-workspace/cargo-home:/opt/rustwide/cargo-home:ro,Z" "-v" "/var/lib/crater-agent-workspace/rustup-home:/opt/rustwide/rustup-home:ro,Z" "-e" "SOURCE_DIR=/opt/rustwide/workdir" "-e" "CARGO_TARGET_DIR=/opt/rustwide/target" "-e" "CARGO_INCREMENTAL=0" "-e" "RUST_BACKTRACE=full" "-e" "RUSTFLAGS=--cap-lints=forbid -Zrandomize-layout" "-e" "RUSTDOCFLAGS=--cap-lints=forbid" "-e" "CARGO_HOME=/opt/rustwide/cargo-home" "-e" "RUSTUP_HOME=/opt/rustwide/rustup-home" "-w" "/opt/rustwide/workdir" "-m" "1610612736" "--user" "0:0" "--network" "none" "ghcr.io/rust-lang/crates-build-env/linux@sha256:4a844ea9eb2546a2d2c7022eacef16ef2e8229c7fbb2c7d4d55a9ceca922f72d" "/opt/rustwide/cargo-home/bin/cargo" "+nightly-2024-10-28" "build" "--frozen" "--message-format=json", kill_on_drop: false }`
[INFO] [stdout] 541a02239cb31d42f4c52b4bf09ed5ad4030b049bcba8cd042dd9c4ae0deab3b
[INFO] running `Command { std: "docker" "start" "-a" "541a02239cb31d42f4c52b4bf09ed5ad4030b049bcba8cd042dd9c4ae0deab3b", kill_on_drop: false }`
[INFO] [stderr]    Compiling syn v2.0.86
[INFO] [stderr]    Compiling ergokv-macro v0.1.5 (/opt/rustwide/workdir)
[INFO] [stderr]     Finished `dev` profile [unoptimized + debuginfo] target(s) in 2.52s
[INFO] running `Command { std: "docker" "inspect" "541a02239cb31d42f4c52b4bf09ed5ad4030b049bcba8cd042dd9c4ae0deab3b", kill_on_drop: false }`
[INFO] running `Command { std: "docker" "rm" "-f" "541a02239cb31d42f4c52b4bf09ed5ad4030b049bcba8cd042dd9c4ae0deab3b", kill_on_drop: false }`
[INFO] [stdout] 541a02239cb31d42f4c52b4bf09ed5ad4030b049bcba8cd042dd9c4ae0deab3b
[INFO] running `Command { std: "docker" "create" "-v" "/var/lib/crater-agent-workspace/builds/worker-0-tc2/target:/opt/rustwide/target:rw,Z" "-v" "/var/lib/crater-agent-workspace/builds/worker-0-tc2/source:/opt/rustwide/workdir:ro,Z" "-v" "/var/lib/crater-agent-workspace/cargo-home:/opt/rustwide/cargo-home:ro,Z" "-v" "/var/lib/crater-agent-workspace/rustup-home:/opt/rustwide/rustup-home:ro,Z" "-e" "SOURCE_DIR=/opt/rustwide/workdir" "-e" "CARGO_TARGET_DIR=/opt/rustwide/target" "-e" "CARGO_INCREMENTAL=0" "-e" "RUST_BACKTRACE=full" "-e" "RUSTFLAGS=--cap-lints=forbid -Zrandomize-layout" "-e" "RUSTDOCFLAGS=--cap-lints=forbid" "-e" "CARGO_HOME=/opt/rustwide/cargo-home" "-e" "RUSTUP_HOME=/opt/rustwide/rustup-home" "-w" "/opt/rustwide/workdir" "-m" "1610612736" "--user" "0:0" "--network" "none" "ghcr.io/rust-lang/crates-build-env/linux@sha256:4a844ea9eb2546a2d2c7022eacef16ef2e8229c7fbb2c7d4d55a9ceca922f72d" "/opt/rustwide/cargo-home/bin/cargo" "+nightly-2024-10-28" "test" "--frozen" "--no-run" "--message-format=json", kill_on_drop: false }`
[INFO] [stdout] 5c36c9b0b00b172d075d3c9addf740c64e6ca63b59b3ac5f35894e433013cb0f
[INFO] running `Command { std: "docker" "start" "-a" "5c36c9b0b00b172d075d3c9addf740c64e6ca63b59b3ac5f35894e433013cb0f", kill_on_drop: false }`
[INFO] [stderr]    Compiling ergokv-macro v0.1.5 (/opt/rustwide/workdir)
[INFO] [stderr]     Finished `test` profile [unoptimized + debuginfo] target(s) in 0.56s
[INFO] running `Command { std: "docker" "inspect" "5c36c9b0b00b172d075d3c9addf740c64e6ca63b59b3ac5f35894e433013cb0f", kill_on_drop: false }`
[INFO] running `Command { std: "docker" "rm" "-f" "5c36c9b0b00b172d075d3c9addf740c64e6ca63b59b3ac5f35894e433013cb0f", kill_on_drop: false }`
[INFO] [stdout] 5c36c9b0b00b172d075d3c9addf740c64e6ca63b59b3ac5f35894e433013cb0f
[INFO] running `Command { std: "docker" "create" "-v" "/var/lib/crater-agent-workspace/builds/worker-0-tc2/target:/opt/rustwide/target:rw,Z" "-v" "/var/lib/crater-agent-workspace/builds/worker-0-tc2/source:/opt/rustwide/workdir:ro,Z" "-v" "/var/lib/crater-agent-workspace/cargo-home:/opt/rustwide/cargo-home:ro,Z" "-v" "/var/lib/crater-agent-workspace/rustup-home:/opt/rustwide/rustup-home:ro,Z" "-e" "SOURCE_DIR=/opt/rustwide/workdir" "-e" "CARGO_TARGET_DIR=/opt/rustwide/target" "-e" "CARGO_INCREMENTAL=0" "-e" "RUST_BACKTRACE=full" "-e" "RUSTFLAGS=--cap-lints=forbid -Zrandomize-layout" "-e" "RUSTDOCFLAGS=--cap-lints=forbid" "-e" "CARGO_HOME=/opt/rustwide/cargo-home" "-e" "RUSTUP_HOME=/opt/rustwide/rustup-home" "-w" "/opt/rustwide/workdir" "-m" "1610612736" "--user" "0:0" "--network" "none" "ghcr.io/rust-lang/crates-build-env/linux@sha256:4a844ea9eb2546a2d2c7022eacef16ef2e8229c7fbb2c7d4d55a9ceca922f72d" "/opt/rustwide/cargo-home/bin/cargo" "+nightly-2024-10-28" "test" "--frozen", kill_on_drop: false }`
[INFO] [stdout] c32682d87d03409dca82f572aeb4f5a4910539c7716a82af2f1376e85daedab3
[INFO] running `Command { std: "docker" "start" "-a" "c32682d87d03409dca82f572aeb4f5a4910539c7716a82af2f1376e85daedab3", kill_on_drop: false }`
[INFO] [stderr]     Finished `test` profile [unoptimized + debuginfo] target(s) in 0.02s
[INFO] [stderr]      Running unittests src/lib.rs (/opt/rustwide/target/debug/deps/ergokv_macro-071423e7d2bb33ed)
[INFO] [stdout] 
[INFO] [stdout] running 0 tests
[INFO] [stdout] 
[INFO] [stdout] test result: ok. 0 passed; 0 failed; 0 ignored; 0 measured; 0 filtered out; finished in 0.00s
[INFO] [stdout] 
[INFO] [stderr]    Doc-tests ergokv_macro
[INFO] [stdout] 
[INFO] [stdout] running 1 test
[INFO] [stdout] test src/lib.rs - derive_store (line 28) ... FAILED
[INFO] [stdout] 
[INFO] [stdout] failures:
[INFO] [stdout] 
[INFO] [stdout] ---- src/lib.rs - derive_store (line 28) stdout ----
[INFO] [stdout] error[E0432]: unresolved import `ergokv`
[INFO] [stdout]  --> src/lib.rs:29:5
[INFO] [stdout]   |
[INFO] [stdout] 3 | use ergokv::Store;
[INFO] [stdout]   |     ^^^^^^ use of undeclared crate or module `ergokv`
[INFO] [stdout] 
[INFO] [stdout] error[E0432]: unresolved import `serde`
[INFO] [stdout]  --> src/lib.rs:30:5
[INFO] [stdout]   |
[INFO] [stdout] 4 | use serde::{Serialize, Deserialize};
[INFO] [stdout]   |     ^^^^^ use of undeclared crate or module `serde`
[INFO] [stdout] 
[INFO] [stdout] error[E0432]: unresolved import `uuid`
[INFO] [stdout]  --> src/lib.rs:31:5
[INFO] [stdout]   |
[INFO] [stdout] 5 | use uuid::Uuid;
[INFO] [stdout]   |     ^^^^ use of undeclared crate or module `uuid`
[INFO] [stdout] 
[INFO] [stdout] error: cannot find attribute `key` in this scope
[INFO] [stdout]  --> src/lib.rs:35:7
[INFO] [stdout]   |
[INFO] [stdout] 9 |     #[key]
[INFO] [stdout]   |       ^^^
[INFO] [stdout] 
[INFO] [stdout] error: cannot find attribute `index` in this scope
[INFO] [stdout]   --> src/lib.rs:37:7
[INFO] [stdout]    |
[INFO] [stdout] 11 |     #[index]
[INFO] [stdout]    |       ^^^^^
[INFO] [stdout] 
[INFO] [stdout] error: aborting due to 5 previous errors
[INFO] [stdout] 
[INFO] [stdout] For more information about this error, try `rustc --explain E0432`.
[INFO] [stdout] Couldn't compile the test.
[INFO] [stdout] 
[INFO] [stdout] failures:
[INFO] [stdout]     src/lib.rs - derive_store (line 28)
[INFO] [stdout] 
[INFO] [stdout] test result: FAILED. 0 passed; 1 failed; 0 ignored; 0 measured; 0 filtered out; finished in 0.08s
[INFO] [stdout] 
[INFO] [stderr] error: doctest failed, to rerun pass `--doc`
[INFO] running `Command { std: "docker" "inspect" "c32682d87d03409dca82f572aeb4f5a4910539c7716a82af2f1376e85daedab3", kill_on_drop: false }`
[INFO] running `Command { std: "docker" "rm" "-f" "c32682d87d03409dca82f572aeb4f5a4910539c7716a82af2f1376e85daedab3", kill_on_drop: false }`
[INFO] [stdout] c32682d87d03409dca82f572aeb4f5a4910539c7716a82af2f1376e85daedab3
