[INFO] fetching crate era-jp 0.1.3...
[INFO] testing era-jp-0.1.3 against nightly-2024-10-28 for randomize-layout
[INFO] extracting crate era-jp 0.1.3 into /workspace/builds/worker-7-tc1/source
[INFO] validating manifest of crates.io crate era-jp 0.1.3 on toolchain nightly-2024-10-28
[INFO] running `Command { std: CARGO_HOME="/workspace/cargo-home" RUSTUP_HOME="/workspace/rustup-home" "/workspace/cargo-home/bin/cargo" "+nightly-2024-10-28" "metadata" "--manifest-path" "Cargo.toml" "--no-deps", kill_on_drop: false }`
[INFO] started tweaking crates.io crate era-jp 0.1.3
[INFO] finished tweaking crates.io crate era-jp 0.1.3
[INFO] tweaked toml for crates.io crate era-jp 0.1.3 written to /workspace/builds/worker-7-tc1/source/Cargo.toml
[INFO] running `Command { std: CARGO_HOME="/workspace/cargo-home" RUSTUP_HOME="/workspace/rustup-home" "/workspace/cargo-home/bin/cargo" "+nightly-2024-10-28" "generate-lockfile" "--manifest-path" "Cargo.toml", kill_on_drop: false }`
[INFO] [stderr]     Updating crates.io index
[INFO] [stderr]      Locking 35 packages to latest compatible versions
[INFO] running `Command { std: CARGO_HOME="/workspace/cargo-home" RUSTUP_HOME="/workspace/rustup-home" "/workspace/cargo-home/bin/cargo" "+nightly-2024-10-28" "fetch" "--manifest-path" "Cargo.toml", kill_on_drop: false }`
[INFO] running `Command { std: "docker" "create" "-v" "/var/lib/crater-agent-workspace/builds/worker-7-tc1/target:/opt/rustwide/target:rw,Z" "-v" "/var/lib/crater-agent-workspace/builds/worker-7-tc1/source:/opt/rustwide/workdir:ro,Z" "-v" "/var/lib/crater-agent-workspace/cargo-home:/opt/rustwide/cargo-home:ro,Z" "-v" "/var/lib/crater-agent-workspace/rustup-home:/opt/rustwide/rustup-home:ro,Z" "-e" "SOURCE_DIR=/opt/rustwide/workdir" "-e" "CARGO_TARGET_DIR=/opt/rustwide/target" "-e" "CARGO_HOME=/opt/rustwide/cargo-home" "-e" "RUSTUP_HOME=/opt/rustwide/rustup-home" "-w" "/opt/rustwide/workdir" "-m" "1610612736" "--user" "0:0" "--network" "none" "ghcr.io/rust-lang/crates-build-env/linux@sha256:4a844ea9eb2546a2d2c7022eacef16ef2e8229c7fbb2c7d4d55a9ceca922f72d" "/opt/rustwide/cargo-home/bin/cargo" "+nightly-2024-10-28" "metadata" "--no-deps" "--format-version=1", kill_on_drop: false }`
[INFO] [stdout] 31cd168281a17f2249f0289b467d90abdae2d8614ea55da982a95bf35b528afb
[INFO] running `Command { std: "docker" "start" "-a" "31cd168281a17f2249f0289b467d90abdae2d8614ea55da982a95bf35b528afb", kill_on_drop: false }`
[INFO] running `Command { std: "docker" "inspect" "31cd168281a17f2249f0289b467d90abdae2d8614ea55da982a95bf35b528afb", kill_on_drop: false }`
[INFO] running `Command { std: "docker" "rm" "-f" "31cd168281a17f2249f0289b467d90abdae2d8614ea55da982a95bf35b528afb", kill_on_drop: false }`
[INFO] [stdout] 31cd168281a17f2249f0289b467d90abdae2d8614ea55da982a95bf35b528afb
[INFO] running `Command { std: "docker" "create" "-v" "/var/lib/crater-agent-workspace/builds/worker-7-tc1/target:/opt/rustwide/target:rw,Z" "-v" "/var/lib/crater-agent-workspace/builds/worker-7-tc1/source:/opt/rustwide/workdir:ro,Z" "-v" "/var/lib/crater-agent-workspace/cargo-home:/opt/rustwide/cargo-home:ro,Z" "-v" "/var/lib/crater-agent-workspace/rustup-home:/opt/rustwide/rustup-home:ro,Z" "-e" "SOURCE_DIR=/opt/rustwide/workdir" "-e" "CARGO_TARGET_DIR=/opt/rustwide/target" "-e" "CARGO_INCREMENTAL=0" "-e" "RUST_BACKTRACE=full" "-e" "RUSTFLAGS=--cap-lints=forbid" "-e" "RUSTDOCFLAGS=--cap-lints=forbid" "-e" "CARGO_HOME=/opt/rustwide/cargo-home" "-e" "RUSTUP_HOME=/opt/rustwide/rustup-home" "-w" "/opt/rustwide/workdir" "-m" "1610612736" "--user" "0:0" "--network" "none" "ghcr.io/rust-lang/crates-build-env/linux@sha256:4a844ea9eb2546a2d2c7022eacef16ef2e8229c7fbb2c7d4d55a9ceca922f72d" "/opt/rustwide/cargo-home/bin/cargo" "+nightly-2024-10-28" "build" "--frozen" "--message-format=json", kill_on_drop: false }`
[INFO] [stdout] ef826208c16a6ddbe407fc812be795c62ce167bf6f38935e45bd5a9c2b7967c1
[INFO] running `Command { std: "docker" "start" "-a" "ef826208c16a6ddbe407fc812be795c62ce167bf6f38935e45bd5a9c2b7967c1", kill_on_drop: false }`
[INFO] [stderr]    Compiling chrono v0.4.38
[INFO] [stderr]    Compiling era-jp v0.1.3 (/opt/rustwide/workdir)
[INFO] [stdout] warning: use of deprecated method `chrono::TimeZone::ymd`: use `with_ymd_and_hms()` instead
[INFO] [stdout]  --> src/lib.rs:7:9
[INFO] [stdout]   |
[INFO] [stdout] 7 |     Utc.ymd(1868, 9, 7).and_hms(15, 0, 0)
[INFO] [stdout]   |         ^^^
[INFO] [stdout]   |
[INFO] [stdout]   = note: `#[warn(deprecated)]` on by default
[INFO] [stdout] 
[INFO] [stdout] 
[INFO] [stdout] warning: use of deprecated method `chrono::Date::<Tz>::and_hms`: Use and_hms_opt() instead
[INFO] [stdout]  --> src/lib.rs:7:25
[INFO] [stdout]   |
[INFO] [stdout] 7 |     Utc.ymd(1868, 9, 7).and_hms(15, 0, 0)
[INFO] [stdout]   |                         ^^^^^^^
[INFO] [stdout] 
[INFO] [stdout] 
[INFO] [stdout] warning: use of deprecated method `chrono::TimeZone::ymd`: use `with_ymd_and_hms()` instead
[INFO] [stdout]   --> src/lib.rs:12:9
[INFO] [stdout]    |
[INFO] [stdout] 12 |     Utc.ymd(1912, 7, 29).and_hms(15, 0, 0)
[INFO] [stdout]    |         ^^^
[INFO] [stdout] 
[INFO] [stdout] 
[INFO] [stdout] warning: use of deprecated method `chrono::Date::<Tz>::and_hms`: Use and_hms_opt() instead
[INFO] [stdout]   --> src/lib.rs:12:26
[INFO] [stdout]    |
[INFO] [stdout] 12 |     Utc.ymd(1912, 7, 29).and_hms(15, 0, 0)
[INFO] [stdout]    |                          ^^^^^^^
[INFO] [stdout] 
[INFO] [stdout] 
[INFO] [stdout] warning: use of deprecated method `chrono::TimeZone::ymd`: use `with_ymd_and_hms()` instead
[INFO] [stdout]   --> src/lib.rs:17:9
[INFO] [stdout]    |
[INFO] [stdout] 17 |     Utc.ymd(1926, 12, 24).and_hms(15, 0, 0)
[INFO] [stdout]    |         ^^^
[INFO] [stdout] 
[INFO] [stdout] 
[INFO] [stdout] warning: use of deprecated method `chrono::Date::<Tz>::and_hms`: Use and_hms_opt() instead
[INFO] [stdout]   --> src/lib.rs:17:27
[INFO] [stdout]    |
[INFO] [stdout] 17 |     Utc.ymd(1926, 12, 24).and_hms(15, 0, 0)
[INFO] [stdout]    |                           ^^^^^^^
[INFO] [stdout] 
[INFO] [stdout] 
[INFO] [stdout] warning: use of deprecated method `chrono::TimeZone::ymd`: use `with_ymd_and_hms()` instead
[INFO] [stdout]   --> src/lib.rs:22:9
[INFO] [stdout]    |
[INFO] [stdout] 22 |     Utc.ymd(1989, 1, 6).and_hms(15, 0, 0)
[INFO] [stdout]    |         ^^^
[INFO] [stdout] 
[INFO] [stdout] 
[INFO] [stdout] warning: use of deprecated method `chrono::Date::<Tz>::and_hms`: Use and_hms_opt() instead
[INFO] [stdout]   --> src/lib.rs:22:25
[INFO] [stdout]    |
[INFO] [stdout] 22 |     Utc.ymd(1989, 1, 6).and_hms(15, 0, 0)
[INFO] [stdout]    |                         ^^^^^^^
[INFO] [stdout] 
[INFO] [stdout] 
[INFO] [stdout] warning: use of deprecated method `chrono::TimeZone::ymd`: use `with_ymd_and_hms()` instead
[INFO] [stdout]   --> src/lib.rs:27:9
[INFO] [stdout]    |
[INFO] [stdout] 27 |     Utc.ymd(2019, 4, 30).and_hms(15, 0, 0)
[INFO] [stdout]    |         ^^^
[INFO] [stdout] 
[INFO] [stdout] 
[INFO] [stdout] warning: use of deprecated method `chrono::Date::<Tz>::and_hms`: Use and_hms_opt() instead
[INFO] [stdout]   --> src/lib.rs:27:26
[INFO] [stdout]    |
[INFO] [stdout] 27 |     Utc.ymd(2019, 4, 30).and_hms(15, 0, 0)
[INFO] [stdout]    |                          ^^^^^^^
[INFO] [stdout] 
[INFO] [stdout] 
[INFO] [stderr]     Finished `dev` profile [unoptimized + debuginfo] target(s) in 1.31s
[INFO] running `Command { std: "docker" "inspect" "ef826208c16a6ddbe407fc812be795c62ce167bf6f38935e45bd5a9c2b7967c1", kill_on_drop: false }`
[INFO] running `Command { std: "docker" "rm" "-f" "ef826208c16a6ddbe407fc812be795c62ce167bf6f38935e45bd5a9c2b7967c1", kill_on_drop: false }`
[INFO] [stdout] ef826208c16a6ddbe407fc812be795c62ce167bf6f38935e45bd5a9c2b7967c1
[INFO] running `Command { std: "docker" "create" "-v" "/var/lib/crater-agent-workspace/builds/worker-7-tc1/target:/opt/rustwide/target:rw,Z" "-v" "/var/lib/crater-agent-workspace/builds/worker-7-tc1/source:/opt/rustwide/workdir:ro,Z" "-v" "/var/lib/crater-agent-workspace/cargo-home:/opt/rustwide/cargo-home:ro,Z" "-v" "/var/lib/crater-agent-workspace/rustup-home:/opt/rustwide/rustup-home:ro,Z" "-e" "SOURCE_DIR=/opt/rustwide/workdir" "-e" "CARGO_TARGET_DIR=/opt/rustwide/target" "-e" "CARGO_INCREMENTAL=0" "-e" "RUST_BACKTRACE=full" "-e" "RUSTFLAGS=--cap-lints=forbid" "-e" "RUSTDOCFLAGS=--cap-lints=forbid" "-e" "CARGO_HOME=/opt/rustwide/cargo-home" "-e" "RUSTUP_HOME=/opt/rustwide/rustup-home" "-w" "/opt/rustwide/workdir" "-m" "1610612736" "--user" "0:0" "--network" "none" "ghcr.io/rust-lang/crates-build-env/linux@sha256:4a844ea9eb2546a2d2c7022eacef16ef2e8229c7fbb2c7d4d55a9ceca922f72d" "/opt/rustwide/cargo-home/bin/cargo" "+nightly-2024-10-28" "test" "--frozen" "--no-run" "--message-format=json", kill_on_drop: false }`
[INFO] [stdout] ae6f25d9bca981ab1934643f7b01f48e4a952f9e66dd5ca022de22626e4e5a17
[INFO] running `Command { std: "docker" "start" "-a" "ae6f25d9bca981ab1934643f7b01f48e4a952f9e66dd5ca022de22626e4e5a17", kill_on_drop: false }`
[INFO] [stdout] warning: use of deprecated method `chrono::TimeZone::ymd`: use `with_ymd_and_hms()` instead
[INFO] [stdout]  --> src/lib.rs:7:9
[INFO] [stdout]   |
[INFO] [stdout] 7 |     Utc.ymd(1868, 9, 7).and_hms(15, 0, 0)
[INFO] [stdout]   |         ^^^
[INFO] [stdout]   |
[INFO] [stdout]   = note: `#[warn(deprecated)]` on by default
[INFO] [stdout] 
[INFO] [stdout] 
[INFO] [stdout] warning: use of deprecated method `chrono::Date::<Tz>::and_hms`: Use and_hms_opt() instead
[INFO] [stdout]  --> src/lib.rs:7:25
[INFO] [stdout]   |
[INFO] [stdout] 7 |     Utc.ymd(1868, 9, 7).and_hms(15, 0, 0)
[INFO] [stdout]   |                         ^^^^^^^
[INFO] [stdout] 
[INFO] [stdout] 
[INFO] [stdout] warning: use of deprecated method `chrono::TimeZone::ymd`: use `with_ymd_and_hms()` instead
[INFO] [stdout]   --> src/lib.rs:12:9
[INFO] [stdout]    |
[INFO] [stdout] 12 |     Utc.ymd(1912, 7, 29).and_hms(15, 0, 0)
[INFO] [stdout]    |         ^^^
[INFO] [stdout] 
[INFO] [stdout] 
[INFO] [stdout] warning: use of deprecated method `chrono::Date::<Tz>::and_hms`: Use and_hms_opt() instead
[INFO] [stdout]   --> src/lib.rs:12:26
[INFO] [stdout]    |
[INFO] [stdout] 12 |     Utc.ymd(1912, 7, 29).and_hms(15, 0, 0)
[INFO] [stdout]    |                          ^^^^^^^
[INFO] [stdout] 
[INFO] [stdout] 
[INFO] [stdout] warning: use of deprecated method `chrono::TimeZone::ymd`: use `with_ymd_and_hms()` instead
[INFO] [stdout]   --> src/lib.rs:17:9
[INFO] [stdout]    |
[INFO] [stdout] 17 |     Utc.ymd(1926, 12, 24).and_hms(15, 0, 0)
[INFO] [stdout]    |         ^^^
[INFO] [stdout] 
[INFO] [stdout] 
[INFO] [stdout] warning: use of deprecated method `chrono::Date::<Tz>::and_hms`: Use and_hms_opt() instead
[INFO] [stdout]   --> src/lib.rs:17:27
[INFO] [stdout]    |
[INFO] [stdout] 17 |     Utc.ymd(1926, 12, 24).and_hms(15, 0, 0)
[INFO] [stdout]    |                           ^^^^^^^
[INFO] [stdout] 
[INFO] [stdout] 
[INFO] [stdout] warning: use of deprecated method `chrono::TimeZone::ymd`: use `with_ymd_and_hms()` instead
[INFO] [stdout]   --> src/lib.rs:22:9
[INFO] [stdout]    |
[INFO] [stdout] 22 |     Utc.ymd(1989, 1, 6).and_hms(15, 0, 0)
[INFO] [stdout]    |         ^^^
[INFO] [stdout] 
[INFO] [stdout] 
[INFO] [stderr]    Compiling era-jp v0.1.3 (/opt/rustwide/workdir)
[INFO] [stdout] warning: use of deprecated method `chrono::Date::<Tz>::and_hms`: Use and_hms_opt() instead
[INFO] [stdout]   --> src/lib.rs:22:25
[INFO] [stdout]    |
[INFO] [stdout] 22 |     Utc.ymd(1989, 1, 6).and_hms(15, 0, 0)
[INFO] [stdout]    |                         ^^^^^^^
[INFO] [stdout] 
[INFO] [stdout] 
[INFO] [stdout] warning: use of deprecated method `chrono::TimeZone::ymd`: use `with_ymd_and_hms()` instead
[INFO] [stdout]   --> src/lib.rs:27:9
[INFO] [stdout]    |
[INFO] [stdout] 27 |     Utc.ymd(2019, 4, 30).and_hms(15, 0, 0)
[INFO] [stdout]    |         ^^^
[INFO] [stdout] 
[INFO] [stdout] 
[INFO] [stdout] warning: use of deprecated method `chrono::Date::<Tz>::and_hms`: Use and_hms_opt() instead
[INFO] [stdout]   --> src/lib.rs:27:26
[INFO] [stdout]    |
[INFO] [stdout] 27 |     Utc.ymd(2019, 4, 30).and_hms(15, 0, 0)
[INFO] [stdout]    |                          ^^^^^^^
[INFO] [stdout] 
[INFO] [stdout] 
[INFO] [stdout] warning: use of deprecated method `chrono::TimeZone::ymd`: use `with_ymd_and_hms()` instead
[INFO] [stdout]  --> tests/lib.rs:8:18
[INFO] [stdout]   |
[INFO] [stdout] 8 |     let dt = Utc.ymd(1868, 9, 6).and_hms(15, 0, 0);
[INFO] [stdout]   |                  ^^^
[INFO] [stdout]   |
[INFO] [stdout]   = note: `#[warn(deprecated)]` on by default
[INFO] [stdout] 
[INFO] [stdout] 
[INFO] [stdout] warning: use of deprecated method `chrono::Date::<Tz>::and_hms`: Use and_hms_opt() instead
[INFO] [stdout]  --> tests/lib.rs:8:34
[INFO] [stdout]   |
[INFO] [stdout] 8 |     let dt = Utc.ymd(1868, 9, 6).and_hms(15, 0, 0);
[INFO] [stdout]   |                                  ^^^^^^^
[INFO] [stdout] 
[INFO] [stdout] 
[INFO] [stdout] warning: use of deprecated method `chrono::TimeZone::ymd`: use `with_ymd_and_hms()` instead
[INFO] [stdout]   --> tests/lib.rs:15:18
[INFO] [stdout]    |
[INFO] [stdout] 15 |     let dt = Utc.ymd(1868, 9, 7).and_hms(15, 0, 0);
[INFO] [stdout]    |                  ^^^
[INFO] [stdout] 
[INFO] [stdout] 
[INFO] [stdout] warning: use of deprecated method `chrono::Date::<Tz>::and_hms`: Use and_hms_opt() instead
[INFO] [stdout]   --> tests/lib.rs:15:34
[INFO] [stdout]    |
[INFO] [stdout] 15 |     let dt = Utc.ymd(1868, 9, 7).and_hms(15, 0, 0);
[INFO] [stdout]    |                                  ^^^^^^^
[INFO] [stdout] 
[INFO] [stdout] 
[INFO] [stdout] warning: use of deprecated method `chrono::TimeZone::ymd`: use `with_ymd_and_hms()` instead
[INFO] [stdout]  --> src/lib.rs:7:9
[INFO] [stdout]   |
[INFO] [stdout] 7 |     Utc.ymd(1868, 9, 7).and_hms(15, 0, 0)
[INFO] [stdout]   |         ^^^
[INFO] [stdout]   |
[INFO] [stdout]   = note: `#[warn(deprecated)]` on by default
[INFO] [stdout] 
[INFO] [stdout] 
[INFO] [stdout] warning: use of deprecated method `chrono::TimeZone::ymd`: use `with_ymd_and_hms()` instead
[INFO] [stdout]   --> tests/lib.rs:22:18
[INFO] [stdout]    |
[INFO] [stdout] 22 |     let dt = Utc.ymd(1912, 7, 28).and_hms(15, 0, 0);
[INFO] [stdout]    |                  ^^^
[INFO] [stdout] 
[INFO] [stdout] 
[INFO] [stdout] warning: use of deprecated method `chrono::Date::<Tz>::and_hms`: Use and_hms_opt() instead
[INFO] [stdout]   --> tests/lib.rs:22:35
[INFO] [stdout]    |
[INFO] [stdout] 22 |     let dt = Utc.ymd(1912, 7, 28).and_hms(15, 0, 0);
[INFO] [stdout]    |                                   ^^^^^^^
[INFO] [stdout] 
[INFO] [stdout] 
[INFO] [stdout] warning: use of deprecated method `chrono::Date::<Tz>::and_hms`: Use and_hms_opt() instead
[INFO] [stdout]  --> src/lib.rs:7:25
[INFO] [stdout]   |
[INFO] [stdout] 7 |     Utc.ymd(1868, 9, 7).and_hms(15, 0, 0)
[INFO] [stdout]   |                         ^^^^^^^
[INFO] [stdout] 
[INFO] [stdout] 
[INFO] [stdout] warning: use of deprecated method `chrono::TimeZone::ymd`: use `with_ymd_and_hms()` instead
[INFO] [stdout]   --> src/lib.rs:12:9
[INFO] [stdout]    |
[INFO] [stdout] 12 |     Utc.ymd(1912, 7, 29).and_hms(15, 0, 0)
[INFO] [stdout]    |         ^^^
[INFO] [stdout] 
[INFO] [stdout] 
[INFO] [stdout] warning: use of deprecated method `chrono::Date::<Tz>::and_hms`: Use and_hms_opt() instead
[INFO] [stdout]   --> src/lib.rs:12:26
[INFO] [stdout]    |
[INFO] [stdout] 12 |     Utc.ymd(1912, 7, 29).and_hms(15, 0, 0)
[INFO] [stdout]    |                          ^^^^^^^
[INFO] [stdout] 
[INFO] [stdout] 
[INFO] [stdout] warning: use of deprecated method `chrono::TimeZone::ymd`: use `with_ymd_and_hms()` instead
[INFO] [stdout]   --> src/lib.rs:17:9
[INFO] [stdout]    |
[INFO] [stdout] 17 |     Utc.ymd(1926, 12, 24).and_hms(15, 0, 0)
[INFO] [stdout]    |         ^^^
[INFO] [stdout] 
[INFO] [stdout] 
[INFO] [stdout] warning: use of deprecated method `chrono::Date::<Tz>::and_hms`: Use and_hms_opt() instead
[INFO] [stdout]   --> src/lib.rs:17:27
[INFO] [stdout]    |
[INFO] [stdout] 17 |     Utc.ymd(1926, 12, 24).and_hms(15, 0, 0)
[INFO] [stdout]    |                           ^^^^^^^
[INFO] [stdout] 
[INFO] [stdout] 
[INFO] [stdout] warning: use of deprecated method `chrono::TimeZone::ymd`: use `with_ymd_and_hms()` instead
[INFO] [stdout]   --> src/lib.rs:22:9
[INFO] [stdout]    |
[INFO] [stdout] 22 |     Utc.ymd(1989, 1, 6).and_hms(15, 0, 0)
[INFO] [stdout]    |         ^^^
[INFO] [stdout] 
[INFO] [stdout] 
[INFO] [stdout] warning: use of deprecated method `chrono::Date::<Tz>::and_hms`: Use and_hms_opt() instead
[INFO] [stdout]   --> src/lib.rs:22:25
[INFO] [stdout]    |
[INFO] [stdout] 22 |     Utc.ymd(1989, 1, 6).and_hms(15, 0, 0)
[INFO] [stdout]    |                         ^^^^^^^
[INFO] [stdout] 
[INFO] [stdout] 
[INFO] [stdout] warning: use of deprecated method `chrono::TimeZone::ymd`: use `with_ymd_and_hms()` instead
[INFO] [stdout]   --> src/lib.rs:27:9
[INFO] [stdout]    |
[INFO] [stdout] 27 |     Utc.ymd(2019, 4, 30).and_hms(15, 0, 0)
[INFO] [stdout]    |         ^^^
[INFO] [stdout] 
[INFO] [stdout] 
[INFO] [stdout] warning: use of deprecated method `chrono::Date::<Tz>::and_hms`: Use and_hms_opt() instead
[INFO] [stdout]   --> src/lib.rs:27:26
[INFO] [stdout]    |
[INFO] [stdout] 27 |     Utc.ymd(2019, 4, 30).and_hms(15, 0, 0)
[INFO] [stdout]    |                          ^^^^^^^
[INFO] [stdout] 
[INFO] [stdout] 
[INFO] [stdout] warning: use of deprecated method `chrono::TimeZone::ymd`: use `with_ymd_and_hms()` instead
[INFO] [stdout]   --> tests/lib.rs:29:18
[INFO] [stdout]    |
[INFO] [stdout] 29 |     let dt = Utc.ymd(1912, 7, 29).and_hms(15, 0, 0);
[INFO] [stdout]    |                  ^^^
[INFO] [stdout] 
[INFO] [stdout] 
[INFO] [stdout] warning: use of deprecated method `chrono::Date::<Tz>::and_hms`: Use and_hms_opt() instead
[INFO] [stdout]   --> tests/lib.rs:29:35
[INFO] [stdout]    |
[INFO] [stdout] 29 |     let dt = Utc.ymd(1912, 7, 29).and_hms(15, 0, 0);
[INFO] [stdout]    |                                   ^^^^^^^
[INFO] [stdout] 
[INFO] [stdout] 
[INFO] [stdout] warning: use of deprecated method `chrono::TimeZone::ymd`: use `with_ymd_and_hms()` instead
[INFO] [stdout]   --> tests/lib.rs:36:18
[INFO] [stdout]    |
[INFO] [stdout] 36 |     let dt = Utc.ymd(1926, 12, 23).and_hms(15, 0, 0);
[INFO] [stdout]    |                  ^^^
[INFO] [stdout] 
[INFO] [stdout] 
[INFO] [stdout] warning: use of deprecated method `chrono::Date::<Tz>::and_hms`: Use and_hms_opt() instead
[INFO] [stdout]   --> tests/lib.rs:36:36
[INFO] [stdout]    |
[INFO] [stdout] 36 |     let dt = Utc.ymd(1926, 12, 23).and_hms(15, 0, 0);
[INFO] [stdout]    |                                    ^^^^^^^
[INFO] [stdout] 
[INFO] [stdout] 
[INFO] [stdout] warning: use of deprecated method `chrono::TimeZone::ymd`: use `with_ymd_and_hms()` instead
[INFO] [stdout]   --> tests/lib.rs:44:18
[INFO] [stdout]    |
[INFO] [stdout] 44 |     let dt = Utc.ymd(1926, 12, 24).and_hms(15, 0, 0);
[INFO] [stdout]    |                  ^^^
[INFO] [stdout] 
[INFO] [stdout] 
[INFO] [stdout] warning: use of deprecated method `chrono::Date::<Tz>::and_hms`: Use and_hms_opt() instead
[INFO] [stdout]   --> tests/lib.rs:44:36
[INFO] [stdout]    |
[INFO] [stdout] 44 |     let dt = Utc.ymd(1926, 12, 24).and_hms(15, 0, 0);
[INFO] [stdout]    |                                    ^^^^^^^
[INFO] [stdout] 
[INFO] [stdout] 
[INFO] [stdout] warning: use of deprecated method `chrono::TimeZone::ymd`: use `with_ymd_and_hms()` instead
[INFO] [stdout]   --> tests/lib.rs:51:18
[INFO] [stdout]    |
[INFO] [stdout] 51 |     let dt = Utc.ymd(1989, 1, 5).and_hms(15, 0, 0);
[INFO] [stdout]    |                  ^^^
[INFO] [stdout] 
[INFO] [stdout] 
[INFO] [stdout] warning: use of deprecated method `chrono::Date::<Tz>::and_hms`: Use and_hms_opt() instead
[INFO] [stdout]   --> tests/lib.rs:51:34
[INFO] [stdout]    |
[INFO] [stdout] 51 |     let dt = Utc.ymd(1989, 1, 5).and_hms(15, 0, 0);
[INFO] [stdout]    |                                  ^^^^^^^
[INFO] [stdout] 
[INFO] [stdout] 
[INFO] [stdout] warning: use of deprecated method `chrono::TimeZone::ymd`: use `with_ymd_and_hms()` instead
[INFO] [stdout]   --> tests/lib.rs:58:18
[INFO] [stdout]    |
[INFO] [stdout] 58 |     let dt = Utc.ymd(1989, 1, 6).and_hms(15, 0, 0);
[INFO] [stdout]    |                  ^^^
[INFO] [stdout] 
[INFO] [stdout] 
[INFO] [stdout] warning: use of deprecated method `chrono::Date::<Tz>::and_hms`: Use and_hms_opt() instead
[INFO] [stdout]   --> tests/lib.rs:58:34
[INFO] [stdout]    |
[INFO] [stdout] 58 |     let dt = Utc.ymd(1989, 1, 6).and_hms(15, 0, 0);
[INFO] [stdout]    |                                  ^^^^^^^
[INFO] [stdout] 
[INFO] [stdout] 
[INFO] [stdout] warning: use of deprecated method `chrono::TimeZone::ymd`: use `with_ymd_and_hms()` instead
[INFO] [stdout]   --> tests/lib.rs:65:18
[INFO] [stdout]    |
[INFO] [stdout] 65 |     let dt = Utc.ymd(2019, 4, 29).and_hms(15, 0, 0);
[INFO] [stdout]    |                  ^^^
[INFO] [stdout] 
[INFO] [stdout] 
[INFO] [stdout] warning: use of deprecated method `chrono::Date::<Tz>::and_hms`: Use and_hms_opt() instead
[INFO] [stdout]   --> tests/lib.rs:65:35
[INFO] [stdout]    |
[INFO] [stdout] 65 |     let dt = Utc.ymd(2019, 4, 29).and_hms(15, 0, 0);
[INFO] [stdout]    |                                   ^^^^^^^
[INFO] [stdout] 
[INFO] [stdout] 
[INFO] [stdout] warning: use of deprecated method `chrono::TimeZone::ymd`: use `with_ymd_and_hms()` instead
[INFO] [stdout]   --> tests/lib.rs:72:18
[INFO] [stdout]    |
[INFO] [stdout] 72 |     let dt = Utc.ymd(2019, 4, 30).and_hms(15, 0, 0);
[INFO] [stdout]    |                  ^^^
[INFO] [stdout] 
[INFO] [stdout] 
[INFO] [stdout] warning: use of deprecated method `chrono::Date::<Tz>::and_hms`: Use and_hms_opt() instead
[INFO] [stdout]   --> tests/lib.rs:72:35
[INFO] [stdout]    |
[INFO] [stdout] 72 |     let dt = Utc.ymd(2019, 4, 30).and_hms(15, 0, 0);
[INFO] [stdout]    |                                   ^^^^^^^
[INFO] [stdout] 
[INFO] [stdout] 
[INFO] [stdout] warning: use of deprecated method `chrono::TimeZone::ymd`: use `with_ymd_and_hms()` instead
[INFO] [stdout]   --> tests/lib.rs:80:20
[INFO] [stdout]    |
[INFO] [stdout] 80 |     let dt = Local.ymd(1989, 1, 6).and_hms(15, 0, 0);
[INFO] [stdout]    |                    ^^^
[INFO] [stdout] 
[INFO] [stdout] 
[INFO] [stdout] warning: use of deprecated method `chrono::Date::<Tz>::and_hms`: Use and_hms_opt() instead
[INFO] [stdout]   --> tests/lib.rs:80:36
[INFO] [stdout]    |
[INFO] [stdout] 80 |     let dt = Local.ymd(1989, 1, 6).and_hms(15, 0, 0);
[INFO] [stdout]    |                                    ^^^^^^^
[INFO] [stdout] 
[INFO] [stdout] 
[INFO] [stderr]     Finished `test` profile [unoptimized + debuginfo] target(s) in 0.25s
[INFO] running `Command { std: "docker" "inspect" "ae6f25d9bca981ab1934643f7b01f48e4a952f9e66dd5ca022de22626e4e5a17", kill_on_drop: false }`
[INFO] running `Command { std: "docker" "rm" "-f" "ae6f25d9bca981ab1934643f7b01f48e4a952f9e66dd5ca022de22626e4e5a17", kill_on_drop: false }`
[INFO] [stdout] ae6f25d9bca981ab1934643f7b01f48e4a952f9e66dd5ca022de22626e4e5a17
[INFO] running `Command { std: "docker" "create" "-v" "/var/lib/crater-agent-workspace/builds/worker-7-tc1/target:/opt/rustwide/target:rw,Z" "-v" "/var/lib/crater-agent-workspace/builds/worker-7-tc1/source:/opt/rustwide/workdir:ro,Z" "-v" "/var/lib/crater-agent-workspace/cargo-home:/opt/rustwide/cargo-home:ro,Z" "-v" "/var/lib/crater-agent-workspace/rustup-home:/opt/rustwide/rustup-home:ro,Z" "-e" "SOURCE_DIR=/opt/rustwide/workdir" "-e" "CARGO_TARGET_DIR=/opt/rustwide/target" "-e" "CARGO_INCREMENTAL=0" "-e" "RUST_BACKTRACE=full" "-e" "RUSTFLAGS=--cap-lints=forbid" "-e" "RUSTDOCFLAGS=--cap-lints=forbid" "-e" "CARGO_HOME=/opt/rustwide/cargo-home" "-e" "RUSTUP_HOME=/opt/rustwide/rustup-home" "-w" "/opt/rustwide/workdir" "-m" "1610612736" "--user" "0:0" "--network" "none" "ghcr.io/rust-lang/crates-build-env/linux@sha256:4a844ea9eb2546a2d2c7022eacef16ef2e8229c7fbb2c7d4d55a9ceca922f72d" "/opt/rustwide/cargo-home/bin/cargo" "+nightly-2024-10-28" "test" "--frozen", kill_on_drop: false }`
[INFO] [stdout] 6d0eebcc00992c57c6bd37cd42a11c85fc3dfa92ba7a06fca568940f7cfc1178
[INFO] running `Command { std: "docker" "start" "-a" "6d0eebcc00992c57c6bd37cd42a11c85fc3dfa92ba7a06fca568940f7cfc1178", kill_on_drop: false }`
[INFO] [stderr] warning: use of deprecated method `chrono::TimeZone::ymd`: use `with_ymd_and_hms()` instead
[INFO] [stderr]  --> src/lib.rs:7:9
[INFO] [stderr]   |
[INFO] [stderr] 7 |     Utc.ymd(1868, 9, 7).and_hms(15, 0, 0)
[INFO] [stderr]   |         ^^^
[INFO] [stderr]   |
[INFO] [stderr]   = note: `#[warn(deprecated)]` on by default
[INFO] [stderr] 
[INFO] [stderr] warning: use of deprecated method `chrono::Date::<Tz>::and_hms`: Use and_hms_opt() instead
[INFO] [stderr]  --> src/lib.rs:7:25
[INFO] [stderr]   |
[INFO] [stderr] 7 |     Utc.ymd(1868, 9, 7).and_hms(15, 0, 0)
[INFO] [stderr]   |                         ^^^^^^^
[INFO] [stderr] 
[INFO] [stderr] warning: use of deprecated method `chrono::TimeZone::ymd`: use `with_ymd_and_hms()` instead
[INFO] [stderr]   --> src/lib.rs:12:9
[INFO] [stderr]    |
[INFO] [stderr] 12 |     Utc.ymd(1912, 7, 29).and_hms(15, 0, 0)
[INFO] [stderr]    |         ^^^
[INFO] [stderr] 
[INFO] [stderr] warning: use of deprecated method `chrono::Date::<Tz>::and_hms`: Use and_hms_opt() instead
[INFO] [stderr]   --> src/lib.rs:12:26
[INFO] [stderr]    |
[INFO] [stderr] 12 |     Utc.ymd(1912, 7, 29).and_hms(15, 0, 0)
[INFO] [stderr]    |                          ^^^^^^^
[INFO] [stderr] 
[INFO] [stderr] warning: use of deprecated method `chrono::TimeZone::ymd`: use `with_ymd_and_hms()` instead
[INFO] [stderr]   --> src/lib.rs:17:9
[INFO] [stderr]    |
[INFO] [stderr] 17 |     Utc.ymd(1926, 12, 24).and_hms(15, 0, 0)
[INFO] [stderr]    |         ^^^
[INFO] [stderr] 
[INFO] [stderr] warning: use of deprecated method `chrono::Date::<Tz>::and_hms`: Use and_hms_opt() instead
[INFO] [stderr]   --> src/lib.rs:17:27
[INFO] [stderr]    |
[INFO] [stderr] 17 |     Utc.ymd(1926, 12, 24).and_hms(15, 0, 0)
[INFO] [stderr]    |                           ^^^^^^^
[INFO] [stderr] 
[INFO] [stderr] warning: use of deprecated method `chrono::TimeZone::ymd`: use `with_ymd_and_hms()` instead
[INFO] [stderr]   --> src/lib.rs:22:9
[INFO] [stderr]    |
[INFO] [stderr] 22 |     Utc.ymd(1989, 1, 6).and_hms(15, 0, 0)
[INFO] [stderr]    |         ^^^
[INFO] [stderr] 
[INFO] [stderr] warning: use of deprecated method `chrono::Date::<Tz>::and_hms`: Use and_hms_opt() instead
[INFO] [stderr]   --> src/lib.rs:22:25
[INFO] [stderr]    |
[INFO] [stderr] 22 |     Utc.ymd(1989, 1, 6).and_hms(15, 0, 0)
[INFO] [stderr]    |                         ^^^^^^^
[INFO] [stderr] 
[INFO] [stderr] warning: use of deprecated method `chrono::TimeZone::ymd`: use `with_ymd_and_hms()` instead
[INFO] [stderr]   --> src/lib.rs:27:9
[INFO] [stderr]    |
[INFO] [stderr] 27 |     Utc.ymd(2019, 4, 30).and_hms(15, 0, 0)
[INFO] [stderr]    |         ^^^
[INFO] [stderr] 
[INFO] [stderr] warning: use of deprecated method `chrono::Date::<Tz>::and_hms`: Use and_hms_opt() instead
[INFO] [stderr]   --> src/lib.rs:27:26
[INFO] [stderr]    |
[INFO] [stderr] 27 |     Utc.ymd(2019, 4, 30).and_hms(15, 0, 0)
[INFO] [stderr]    |                          ^^^^^^^
[INFO] [stderr] 
[INFO] [stderr] warning: `era-jp` (lib) generated 10 warnings
[INFO] [stderr] warning: `era-jp` (lib test) generated 10 warnings (10 duplicates)
[INFO] [stderr] warning: use of deprecated method `chrono::TimeZone::ymd`: use `with_ymd_and_hms()` instead
[INFO] [stderr]  --> tests/lib.rs:8:18
[INFO] [stderr]   |
[INFO] [stderr] 8 |     let dt = Utc.ymd(1868, 9, 6).and_hms(15, 0, 0);
[INFO] [stderr]   |                  ^^^
[INFO] [stderr]   |
[INFO] [stderr]   = note: `#[warn(deprecated)]` on by default
[INFO] [stderr] 
[INFO] [stderr] warning: use of deprecated method `chrono::Date::<Tz>::and_hms`: Use and_hms_opt() instead
[INFO] [stderr]  --> tests/lib.rs:8:34
[INFO] [stderr]   |
[INFO] [stderr] 8 |     let dt = Utc.ymd(1868, 9, 6).and_hms(15, 0, 0);
[INFO] [stderr]   |                                  ^^^^^^^
[INFO] [stderr] 
[INFO] [stderr] warning: use of deprecated method `chrono::TimeZone::ymd`: use `with_ymd_and_hms()` instead
[INFO] [stderr]   --> tests/lib.rs:15:18
[INFO] [stderr]    |
[INFO] [stderr] 15 |     let dt = Utc.ymd(1868, 9, 7).and_hms(15, 0, 0);
[INFO] [stderr]    |                  ^^^
[INFO] [stderr] 
[INFO] [stderr] warning: use of deprecated method `chrono::Date::<Tz>::and_hms`: Use and_hms_opt() instead
[INFO] [stderr]   --> tests/lib.rs:15:34
[INFO] [stderr]    |
[INFO] [stderr] 15 |     let dt = Utc.ymd(1868, 9, 7).and_hms(15, 0, 0);
[INFO] [stderr]    |                                  ^^^^^^^
[INFO] [stderr] 
[INFO] [stderr] warning: use of deprecated method `chrono::TimeZone::ymd`: use `with_ymd_and_hms()` instead
[INFO] [stderr]   --> tests/lib.rs:22:18
[INFO] [stderr]    |
[INFO] [stderr] 22 |     let dt = Utc.ymd(1912, 7, 28).and_hms(15, 0, 0);
[INFO] [stderr]    |                  ^^^
[INFO] [stderr] 
[INFO] [stderr] warning: use of deprecated method `chrono::Date::<Tz>::and_hms`: Use and_hms_opt() instead
[INFO] [stderr]   --> tests/lib.rs:22:35
[INFO] [stderr]    |
[INFO] [stderr] 22 |     let dt = Utc.ymd(1912, 7, 28).and_hms(15, 0, 0);
[INFO] [stderr]    |                                   ^^^^^^^
[INFO] [stderr] 
[INFO] [stderr] warning: use of deprecated method `chrono::TimeZone::ymd`: use `with_ymd_and_hms()` instead
[INFO] [stderr]   --> tests/lib.rs:29:18
[INFO] [stderr]    |
[INFO] [stderr] 29 |     let dt = Utc.ymd(1912, 7, 29).and_hms(15, 0, 0);
[INFO] [stderr]    |                  ^^^
[INFO] [stderr] 
[INFO] [stderr] warning: use of deprecated method `chrono::Date::<Tz>::and_hms`: Use and_hms_opt() instead
[INFO] [stderr]   --> tests/lib.rs:29:35
[INFO] [stderr]    |
[INFO] [stderr] 29 |     let dt = Utc.ymd(1912, 7, 29).and_hms(15, 0, 0);
[INFO] [stderr]    |                                   ^^^^^^^
[INFO] [stderr] 
[INFO] [stderr] warning: use of deprecated method `chrono::TimeZone::ymd`: use `with_ymd_and_hms()` instead
[INFO] [stderr]   --> tests/lib.rs:36:18
[INFO] [stderr]    |
[INFO] [stderr] 36 |     let dt = Utc.ymd(1926, 12, 23).and_hms(15, 0, 0);
[INFO] [stderr]    |                  ^^^
[INFO] [stderr] 
[INFO] [stderr] warning: use of deprecated method `chrono::Date::<Tz>::and_hms`: Use and_hms_opt() instead
[INFO] [stderr]   --> tests/lib.rs:36:36
[INFO] [stderr]    |
[INFO] [stderr] 36 |     let dt = Utc.ymd(1926, 12, 23).and_hms(15, 0, 0);
[INFO] [stderr]    |                                    ^^^^^^^
[INFO] [stderr] 
[INFO] [stderr] warning: use of deprecated method `chrono::TimeZone::ymd`: use `with_ymd_and_hms()` instead
[INFO] [stderr]   --> tests/lib.rs:44:18
[INFO] [stderr]    |
[INFO] [stderr] 44 |     let dt = Utc.ymd(1926, 12, 24).and_hms(15, 0, 0);
[INFO] [stderr]    |                  ^^^
[INFO] [stderr] 
[INFO] [stderr] warning: use of deprecated method `chrono::Date::<Tz>::and_hms`: Use and_hms_opt() instead
[INFO] [stderr]   --> tests/lib.rs:44:36
[INFO] [stderr]    |
[INFO] [stderr] 44 |     let dt = Utc.ymd(1926, 12, 24).and_hms(15, 0, 0);
[INFO] [stderr]    |                                    ^^^^^^^
[INFO] [stderr] 
[INFO] [stderr] warning: use of deprecated method `chrono::TimeZone::ymd`: use `with_ymd_and_hms()` instead
[INFO] [stderr]   --> tests/lib.rs:51:18
[INFO] [stderr]    |
[INFO] [stderr] 51 |     let dt = Utc.ymd(1989, 1, 5).and_hms(15, 0, 0);
[INFO] [stderr]    |                  ^^^
[INFO] [stderr] 
[INFO] [stderr] warning: use of deprecated method `chrono::Date::<Tz>::and_hms`: Use and_hms_opt() instead
[INFO] [stderr]   --> tests/lib.rs:51:34
[INFO] [stderr]    |
[INFO] [stderr] 51 |     let dt = Utc.ymd(1989, 1, 5).and_hms(15, 0, 0);
[INFO] [stderr]    |                                  ^^^^^^^
[INFO] [stderr] 
[INFO] [stderr] warning: use of deprecated method `chrono::TimeZone::ymd`: use `with_ymd_and_hms()` instead
[INFO] [stderr]   --> tests/lib.rs:58:18
[INFO] [stderr]    |
[INFO] [stderr] 58 |     let dt = Utc.ymd(1989, 1, 6).and_hms(15, 0, 0);
[INFO] [stderr]    |                  ^^^
[INFO] [stderr] 
[INFO] [stderr] warning: use of deprecated method `chrono::Date::<Tz>::and_hms`: Use and_hms_opt() instead
[INFO] [stderr]   --> tests/lib.rs:58:34
[INFO] [stderr]    |
[INFO] [stderr] 58 |     let dt = Utc.ymd(1989, 1, 6).and_hms(15, 0, 0);
[INFO] [stderr]    |                                  ^^^^^^^
[INFO] [stderr] 
[INFO] [stderr] warning: use of deprecated method `chrono::TimeZone::ymd`: use `with_ymd_and_hms()` instead
[INFO] [stderr]   --> tests/lib.rs:65:18
[INFO] [stderr]    |
[INFO] [stderr] 65 |     let dt = Utc.ymd(2019, 4, 29).and_hms(15, 0, 0);
[INFO] [stderr]    |                  ^^^
[INFO] [stderr] 
[INFO] [stderr] warning: use of deprecated method `chrono::Date::<Tz>::and_hms`: Use and_hms_opt() instead
[INFO] [stderr]   --> tests/lib.rs:65:35
[INFO] [stderr]    |
[INFO] [stderr] 65 |     let dt = Utc.ymd(2019, 4, 29).and_hms(15, 0, 0);
[INFO] [stderr]    |                                   ^^^^^^^
[INFO] [stderr] 
[INFO] [stderr] warning: use of deprecated method `chrono::TimeZone::ymd`: use `with_ymd_and_hms()` instead
[INFO] [stderr]   --> tests/lib.rs:72:18
[INFO] [stderr]    |
[INFO] [stderr] 72 |     let dt = Utc.ymd(2019, 4, 30).and_hms(15, 0, 0);
[INFO] [stderr]    |                  ^^^
[INFO] [stderr] 
[INFO] [stderr] warning: use of deprecated method `chrono::Date::<Tz>::and_hms`: Use and_hms_opt() instead
[INFO] [stderr]   --> tests/lib.rs:72:35
[INFO] [stderr]    |
[INFO] [stderr] 72 |     let dt = Utc.ymd(2019, 4, 30).and_hms(15, 0, 0);
[INFO] [stderr]    |                                   ^^^^^^^
[INFO] [stderr] 
[INFO] [stderr] warning: use of deprecated method `chrono::TimeZone::ymd`: use `with_ymd_and_hms()` instead
[INFO] [stderr]   --> tests/lib.rs:80:20
[INFO] [stderr]    |
[INFO] [stderr] 80 |     let dt = Local.ymd(1989, 1, 6).and_hms(15, 0, 0);
[INFO] [stderr]    |                    ^^^
[INFO] [stderr] 
[INFO] [stderr] warning: use of deprecated method `chrono::Date::<Tz>::and_hms`: Use and_hms_opt() instead
[INFO] [stderr]   --> tests/lib.rs:80:36
[INFO] [stderr]    |
[INFO] [stderr] 80 |     let dt = Local.ymd(1989, 1, 6).and_hms(15, 0, 0);
[INFO] [stderr]    |                                    ^^^^^^^
[INFO] [stderr] 
[INFO] [stderr] warning: `era-jp` (test "lib") generated 22 warnings
[INFO] [stderr]     Finished `test` profile [unoptimized + debuginfo] target(s) in 0.01s
[INFO] [stderr]      Running unittests src/lib.rs (/opt/rustwide/target/debug/deps/era_jp-ec895ff8af0c239e)
[INFO] [stdout] 
[INFO] [stdout] running 0 tests
[INFO] [stdout] 
[INFO] [stdout] test result: ok. 0 passed; 0 failed; 0 ignored; 0 measured; 0 filtered out; finished in 0.00s
[INFO] [stdout] 
[INFO] [stderr]      Running tests/lib.rs (/opt/rustwide/target/debug/deps/lib-cfa250c4a0139767)
[INFO] [stdout] 
[INFO] [stdout] running 1 test
[INFO] [stdout] test it_works ... FAILED
[INFO] [stdout] 
[INFO] [stdout] failures:
[INFO] [stdout] 
[INFO] [stdout] ---- it_works stdout ----
[INFO] [stdout] thread 'it_works' panicked at tests/lib.rs:81:5:
[INFO] [stdout] assertion `left == right` failed
[INFO] [stdout]   left: Heisei
[INFO] [stdout]  right: Showa
[INFO] [stdout] stack backtrace:
[INFO] [stdout]    0:     0x5702bb7d260a - std::backtrace_rs::backtrace::libunwind::trace::h207520d6e9873551
[INFO] [stdout]                                at /rustc/df4ca44d3fbc9301ee17f30f4d474e6ae4b05252/library/std/src/../../backtrace/src/backtrace/libunwind.rs:116:5
[INFO] [stdout]    1:     0x5702bb7d260a - std::backtrace_rs::backtrace::trace_unsynchronized::h2ed7433f370e3eca
[INFO] [stdout]                                at /rustc/df4ca44d3fbc9301ee17f30f4d474e6ae4b05252/library/std/src/../../backtrace/src/backtrace/mod.rs:66:5
[INFO] [stdout]    2:     0x5702bb7d260a - std::sys::backtrace::_print_fmt::h916fac51166b18d7
[INFO] [stdout]                                at /rustc/df4ca44d3fbc9301ee17f30f4d474e6ae4b05252/library/std/src/sys/backtrace.rs:66:9
[INFO] [stdout]    3:     0x5702bb7d260a - <std::sys::backtrace::BacktraceLock::print::DisplayBacktrace as core::fmt::Display>::fmt::ha0a4c9b8ce3802e6
[INFO] [stdout]                                at /rustc/df4ca44d3fbc9301ee17f30f4d474e6ae4b05252/library/std/src/sys/backtrace.rs:39:26
[INFO] [stdout]    4:     0x5702bb7f9043 - core::fmt::rt::Argument::fmt::h4cfc8587d52b3eb5
[INFO] [stdout]                                at /rustc/df4ca44d3fbc9301ee17f30f4d474e6ae4b05252/library/core/src/fmt/rt.rs:177:76
[INFO] [stdout]    5:     0x5702bb7f9043 - core::fmt::write::h522cc39e5b36ae9f
[INFO] [stdout]                                at /rustc/df4ca44d3fbc9301ee17f30f4d474e6ae4b05252/library/core/src/fmt/mod.rs:1190:21
[INFO] [stdout]    6:     0x5702bb7ceff3 - std::io::Write::write_fmt::h7d3c26752da97734
[INFO] [stdout]                                at /rustc/df4ca44d3fbc9301ee17f30f4d474e6ae4b05252/library/std/src/io/mod.rs:1839:15
[INFO] [stdout]    7:     0x5702bb7d2452 - std::sys::backtrace::BacktraceLock::print::h4b9e00b29e9c0942
[INFO] [stdout]                                at /rustc/df4ca44d3fbc9301ee17f30f4d474e6ae4b05252/library/std/src/sys/backtrace.rs:42:9
[INFO] [stdout]    8:     0x5702bb7d3a9a - std::panicking::default_hook::{{closure}}::hb59b88280d0324d9
[INFO] [stdout]                                at /rustc/df4ca44d3fbc9301ee17f30f4d474e6ae4b05252/library/std/src/panicking.rs:268:22
[INFO] [stdout]    9:     0x5702bb7d38a4 - std::panicking::default_hook::he1dd496665be4a29
[INFO] [stdout]                                at /rustc/df4ca44d3fbc9301ee17f30f4d474e6ae4b05252/library/std/src/panicking.rs:292:9
[INFO] [stdout]   10:     0x5702bb76d6b9 - <alloc::boxed::Box<F,A> as core::ops::function::Fn<Args>>::call::h4ff71de18744e1dc
[INFO] [stdout]                                at /rustc/df4ca44d3fbc9301ee17f30f4d474e6ae4b05252/library/alloc/src/boxed.rs:2468:9
[INFO] [stdout]   11:     0x5702bb76d6b9 - test::test_main::{{closure}}::hcf7c055ce117aa81
[INFO] [stdout]                                at /rustc/df4ca44d3fbc9301ee17f30f4d474e6ae4b05252/library/test/src/lib.rs:133:21
[INFO] [stdout]   12:     0x5702bb7d4198 - <alloc::boxed::Box<F,A> as core::ops::function::Fn<Args>>::call::h1d66c6bbd60c9692
[INFO] [stdout]                                at /rustc/df4ca44d3fbc9301ee17f30f4d474e6ae4b05252/library/alloc/src/boxed.rs:2468:9
[INFO] [stdout]   13:     0x5702bb7d4198 - std::panicking::rust_panic_with_hook::h2ff17fe8f26dfcf8
[INFO] [stdout]                                at /rustc/df4ca44d3fbc9301ee17f30f4d474e6ae4b05252/library/std/src/panicking.rs:809:13
[INFO] [stdout]   14:     0x5702bb7d3f5a - std::panicking::begin_panic_handler::{{closure}}::h4fad77951c07e101
[INFO] [stdout]                                at /rustc/df4ca44d3fbc9301ee17f30f4d474e6ae4b05252/library/std/src/panicking.rs:674:13
[INFO] [stdout]   15:     0x5702bb7d2ae9 - std::sys::backtrace::__rust_end_short_backtrace::hb1a25b3da5d0ea08
[INFO] [stdout]                                at /rustc/df4ca44d3fbc9301ee17f30f4d474e6ae4b05252/library/std/src/sys/backtrace.rs:170:18
[INFO] [stdout]   16:     0x5702bb7d3bec - rust_begin_unwind
[INFO] [stdout]                                at /rustc/df4ca44d3fbc9301ee17f30f4d474e6ae4b05252/library/std/src/panicking.rs:665:5
[INFO] [stdout]   17:     0x5702bb7f7a40 - core::panicking::panic_fmt::ha9db07b529f9b256
[INFO] [stdout]                                at /rustc/df4ca44d3fbc9301ee17f30f4d474e6ae4b05252/library/core/src/panicking.rs:75:14
[INFO] [stdout]   18:     0x5702bb7f7e0b - core::panicking::assert_failed_inner::h04f38944d74a80a8
[INFO] [stdout]   19:     0x5702bb72eeaa - core::panicking::assert_failed::h7c874e8091362d75
[INFO] [stdout]                                at /rustc/df4ca44d3fbc9301ee17f30f4d474e6ae4b05252/library/core/src/panicking.rs:377:5
[INFO] [stdout]   20:     0x5702bb7333e6 - lib::it_works::h01405db6ad2c0a10
[INFO] [stdout]                                at /opt/rustwide/workdir/tests/lib.rs:81:5
[INFO] [stdout]   21:     0x5702bb730e67 - lib::it_works::{{closure}}::h8d4207e4e73fc958
[INFO] [stdout]                                at /opt/rustwide/workdir/tests/lib.rs:7:14
[INFO] [stdout]   22:     0x5702bb72ec36 - core::ops::function::FnOnce::call_once::h09b42d14631d0486
[INFO] [stdout]                                at /rustc/df4ca44d3fbc9301ee17f30f4d474e6ae4b05252/library/core/src/ops/function.rs:250:5
[INFO] [stdout]   23:     0x5702bb771f8b - core::ops::function::FnOnce::call_once::h22c3ba5715e93f05
[INFO] [stdout]                                at /rustc/df4ca44d3fbc9301ee17f30f4d474e6ae4b05252/library/core/src/ops/function.rs:250:5
[INFO] [stdout]   24:     0x5702bb771f8b - test::__rust_begin_short_backtrace::h8e82d8113d0da17f
[INFO] [stdout]                                at /rustc/df4ca44d3fbc9301ee17f30f4d474e6ae4b05252/library/test/src/lib.rs:621:18
[INFO] [stdout]   25:     0x5702bb771907 - test::run_test_in_process::{{closure}}::h33235f4f20b7b7c7
[INFO] [stdout]                                at /rustc/df4ca44d3fbc9301ee17f30f4d474e6ae4b05252/library/test/src/lib.rs:644:60
[INFO] [stdout]   26:     0x5702bb771907 - <core::panic::unwind_safe::AssertUnwindSafe<F> as core::ops::function::FnOnce<()>>::call_once::hb5043206310c586f
[INFO] [stdout]                                at /rustc/df4ca44d3fbc9301ee17f30f4d474e6ae4b05252/library/core/src/panic/unwind_safe.rs:272:9
[INFO] [stdout]   27:     0x5702bb771907 - std::panicking::try::do_call::h9ad4731a60ab23e2
[INFO] [stdout]                                at /rustc/df4ca44d3fbc9301ee17f30f4d474e6ae4b05252/library/std/src/panicking.rs:557:40
[INFO] [stdout]   28:     0x5702bb771907 - std::panicking::try::h3824d23db772a716
[INFO] [stdout]                                at /rustc/df4ca44d3fbc9301ee17f30f4d474e6ae4b05252/library/std/src/panicking.rs:520:19
[INFO] [stdout]   29:     0x5702bb771907 - std::panic::catch_unwind::h5afd514605fde46b
[INFO] [stdout]                                at /rustc/df4ca44d3fbc9301ee17f30f4d474e6ae4b05252/library/std/src/panic.rs:358:14
[INFO] [stdout]   30:     0x5702bb771907 - test::run_test_in_process::h0d5cbfa7067d1720
[INFO] [stdout]                                at /rustc/df4ca44d3fbc9301ee17f30f4d474e6ae4b05252/library/test/src/lib.rs:644:27
[INFO] [stdout]   31:     0x5702bb771907 - test::run_test::{{closure}}::h708eb8872708115d
[INFO] [stdout]                                at /rustc/df4ca44d3fbc9301ee17f30f4d474e6ae4b05252/library/test/src/lib.rs:565:43
[INFO] [stdout]   32:     0x5702bb735024 - test::run_test::{{closure}}::h392c51cee94713ab
[INFO] [stdout]                                at /rustc/df4ca44d3fbc9301ee17f30f4d474e6ae4b05252/library/test/src/lib.rs:595:41
[INFO] [stdout]   33:     0x5702bb735024 - std::sys::backtrace::__rust_begin_short_backtrace::h2f40290710935a8b
[INFO] [stdout]                                at /rustc/df4ca44d3fbc9301ee17f30f4d474e6ae4b05252/library/std/src/sys/backtrace.rs:154:18
[INFO] [stdout]   34:     0x5702bb7387ce - std::thread::Builder::spawn_unchecked_::{{closure}}::{{closure}}::h3fd968d89053a903
[INFO] [stdout]                                at /rustc/df4ca44d3fbc9301ee17f30f4d474e6ae4b05252/library/std/src/thread/mod.rs:541:17
[INFO] [stdout]   35:     0x5702bb7387ce - <core::panic::unwind_safe::AssertUnwindSafe<F> as core::ops::function::FnOnce<()>>::call_once::h743f637ba4229880
[INFO] [stdout]                                at /rustc/df4ca44d3fbc9301ee17f30f4d474e6ae4b05252/library/core/src/panic/unwind_safe.rs:272:9
[INFO] [stdout]   36:     0x5702bb7387ce - std::panicking::try::do_call::h07440897322525a6
[INFO] [stdout]                                at /rustc/df4ca44d3fbc9301ee17f30f4d474e6ae4b05252/library/std/src/panicking.rs:557:40
[INFO] [stdout]   37:     0x5702bb7387ce - std::panicking::try::he5a2e00188156637
[INFO] [stdout]                                at /rustc/df4ca44d3fbc9301ee17f30f4d474e6ae4b05252/library/std/src/panicking.rs:520:19
[INFO] [stdout]   38:     0x5702bb7387ce - std::panic::catch_unwind::hbaf3cae49b3c6433
[INFO] [stdout]                                at /rustc/df4ca44d3fbc9301ee17f30f4d474e6ae4b05252/library/std/src/panic.rs:358:14
[INFO] [stdout]   39:     0x5702bb7387ce - std::thread::Builder::spawn_unchecked_::{{closure}}::h8e141ea224820bce
[INFO] [stdout]                                at /rustc/df4ca44d3fbc9301ee17f30f4d474e6ae4b05252/library/std/src/thread/mod.rs:540:30
[INFO] [stdout]   40:     0x5702bb7387ce - core::ops::function::FnOnce::call_once{{vtable.shim}}::h90d312fedd7b8ea8
[INFO] [stdout]                                at /rustc/df4ca44d3fbc9301ee17f30f4d474e6ae4b05252/library/core/src/ops/function.rs:250:5
[INFO] [stdout]   41:     0x5702bb7d826b - <alloc::boxed::Box<F,A> as core::ops::function::FnOnce<Args>>::call_once::h69aa08ddb6adb8b6
[INFO] [stdout]                                at /rustc/df4ca44d3fbc9301ee17f30f4d474e6ae4b05252/library/alloc/src/boxed.rs:2454:9
[INFO] [stdout]   42:     0x5702bb7d826b - <alloc::boxed::Box<F,A> as core::ops::function::FnOnce<Args>>::call_once::h5aa36efdb79c806f
[INFO] [stdout]                                at /rustc/df4ca44d3fbc9301ee17f30f4d474e6ae4b05252/library/alloc/src/boxed.rs:2454:9
[INFO] [stdout]   43:     0x5702bb7d826b - std::sys::pal::unix::thread::Thread::new::thread_start::h6cd80a1b4be5158d
[INFO] [stdout]                                at /rustc/df4ca44d3fbc9301ee17f30f4d474e6ae4b05252/library/std/src/sys/pal/unix/thread.rs:105:17
[INFO] [stdout]   44:     0x7d572d3d3ac3 - <unknown>
[INFO] [stdout]   45:     0x7d572d464a04 - clone
[INFO] [stdout]   46:                0x0 - <unknown>
[INFO] [stdout] 
[INFO] [stdout] 
[INFO] [stdout] failures:
[INFO] [stdout]     it_works
[INFO] [stdout] 
[INFO] [stdout] test result: FAILED. 0 passed; 1 failed; 0 ignored; 0 measured; 0 filtered out; finished in 0.01s
[INFO] [stdout] 
[INFO] [stderr] error: test failed, to rerun pass `--test lib`
[INFO] running `Command { std: "docker" "inspect" "6d0eebcc00992c57c6bd37cd42a11c85fc3dfa92ba7a06fca568940f7cfc1178", kill_on_drop: false }`
[INFO] running `Command { std: "docker" "rm" "-f" "6d0eebcc00992c57c6bd37cd42a11c85fc3dfa92ba7a06fca568940f7cfc1178", kill_on_drop: false }`
[INFO] [stdout] 6d0eebcc00992c57c6bd37cd42a11c85fc3dfa92ba7a06fca568940f7cfc1178
